[INFO] cloning repository https://github.com/KSXGitHub/egg-shell
[INFO] running `Command { std: "git" "-c" "credential.helper=" "-c" "credential.helper=/workspace/cargo-home/bin/git-credential-null" "clone" "--bare" "https://github.com/KSXGitHub/egg-shell" "/workspace/cache/git-repos/https%3A%2F%2Fgithub.com%2FKSXGitHub%2Fegg-shell", kill_on_drop: false }`
[INFO] [stderr] Cloning into bare repository '/workspace/cache/git-repos/https%3A%2F%2Fgithub.com%2FKSXGitHub%2Fegg-shell'...
[INFO] running `Command { std: "git" "rev-parse" "HEAD", kill_on_drop: false }`
[INFO] [stdout] 8f73287cea3bb2be0e5fdfdecf94430f2cc97e83
[INFO] testing KSXGitHub/egg-shell against 1.83.0 for beta-1.84.0-4-retry
[INFO] running `Command { std: "git" "clone" "/workspace/cache/git-repos/https%3A%2F%2Fgithub.com%2FKSXGitHub%2Fegg-shell" "/workspace/builds/worker-0-tc1/source", kill_on_drop: false }`
[INFO] [stderr] Cloning into '/workspace/builds/worker-0-tc1/source'...
[INFO] [stderr] done.
[INFO] validating manifest of git repo https://github.com/KSXGitHub/egg-shell on toolchain 1.83.0
[INFO] running `Command { std: CARGO_HOME="/workspace/cargo-home" RUSTUP_HOME="/workspace/rustup-home" "/workspace/cargo-home/bin/cargo" "+1.83.0" "metadata" "--manifest-path" "Cargo.toml" "--no-deps", kill_on_drop: false }`
[INFO] removed /workspace/builds/worker-0-tc1/source/rust-toolchain
[INFO] started tweaking git repo https://github.com/KSXGitHub/egg-shell
[INFO] finished tweaking git repo https://github.com/KSXGitHub/egg-shell
[INFO] tweaked toml for git repo https://github.com/KSXGitHub/egg-shell written to /workspace/builds/worker-0-tc1/source/Cargo.toml
[INFO] crate git repo https://github.com/KSXGitHub/egg-shell already has a lockfile, it will not be regenerated
[INFO] running `Command { std: CARGO_HOME="/workspace/cargo-home" RUSTUP_HOME="/workspace/rustup-home" "/workspace/cargo-home/bin/cargo" "+1.83.0" "fetch" "--manifest-path" "Cargo.toml", kill_on_drop: false }`
[INFO] [stderr] warning: virtual workspace defaulting to `resolver = "1"` despite one or more workspace members being on edition 2021 which implies `resolver = "2"`
[INFO] [stderr] note: to keep the current resolver, specify `workspace.resolver = "1"` in the workspace root's manifest
[INFO] [stderr] note: to use the edition 2021 resolver, specify `workspace.resolver = "2"` in the workspace root's manifest
[INFO] [stderr] note: for more details see https://doc.rust-lang.org/cargo/reference/resolver.html#resolver-versions
[INFO] [stderr]     Updating crates.io index
[INFO] [stderr]  Downloading crates ...
[INFO] [stderr]   Downloaded split-first-char v0.0.0
[INFO] [stderr]   Downloaded command-extra v1.0.0
[INFO] [stderr]   Downloaded exec-diff v0.1.0
[INFO] [stderr]   Downloaded toml v0.7.4
[INFO] [stderr]   Downloaded serde_spanned v0.6.2
[INFO] [stderr]   Downloaded winnow v0.4.6
[INFO] [stderr]   Downloaded cargo_toml v0.15.2
[INFO] running `Command { std: "docker" "create" "-v" "/var/lib/crater-agent-workspace/builds/worker-0-tc1/target:/opt/rustwide/target:rw,Z" "-v" "/var/lib/crater-agent-workspace/builds/worker-0-tc1/source:/opt/rustwide/workdir:ro,Z" "-v" "/var/lib/crater-agent-workspace/cargo-home:/opt/rustwide/cargo-home:ro,Z" "-v" "/var/lib/crater-agent-workspace/rustup-home:/opt/rustwide/rustup-home:ro,Z" "-e" "SOURCE_DIR=/opt/rustwide/workdir" "-e" "CARGO_TARGET_DIR=/opt/rustwide/target" "-e" "CARGO_HOME=/opt/rustwide/cargo-home" "-e" "RUSTUP_HOME=/opt/rustwide/rustup-home" "-w" "/opt/rustwide/workdir" "-m" "1610612736" "--user" "0:0" "--network" "none" "ghcr.io/rust-lang/crates-build-env/linux@sha256:f3a9d4ad9d972b27faf3965f35b62e55ba32bbce8f20bc8fe909558a86702fde" "/opt/rustwide/cargo-home/bin/cargo" "+1.83.0" "metadata" "--no-deps" "--format-version=1", kill_on_drop: false }`
[INFO] [stdout] 444720b9639dd0ca14d4675e8f4f29842d980e1a6eb274cac6a79ad057bcf87a
[INFO] running `Command { std: "docker" "start" "-a" "444720b9639dd0ca14d4675e8f4f29842d980e1a6eb274cac6a79ad057bcf87a", kill_on_drop: false }`
[INFO] running `Command { std: "docker" "inspect" "444720b9639dd0ca14d4675e8f4f29842d980e1a6eb274cac6a79ad057bcf87a", kill_on_drop: false }`
[INFO] running `Command { std: "docker" "rm" "-f" "444720b9639dd0ca14d4675e8f4f29842d980e1a6eb274cac6a79ad057bcf87a", kill_on_drop: false }`
[INFO] [stdout] 444720b9639dd0ca14d4675e8f4f29842d980e1a6eb274cac6a79ad057bcf87a
[INFO] running `Command { std: "docker" "create" "-v" "/var/lib/crater-agent-workspace/builds/worker-0-tc1/target:/opt/rustwide/target:rw,Z" "-v" "/var/lib/crater-agent-workspace/builds/worker-0-tc1/source:/opt/rustwide/workdir:ro,Z" "-v" "/var/lib/crater-agent-workspace/cargo-home:/opt/rustwide/cargo-home:ro,Z" "-v" "/var/lib/crater-agent-workspace/rustup-home:/opt/rustwide/rustup-home:ro,Z" "-e" "SOURCE_DIR=/opt/rustwide/workdir" "-e" "CARGO_TARGET_DIR=/opt/rustwide/target" "-e" "CARGO_INCREMENTAL=0" "-e" "RUST_BACKTRACE=full" "-e" "RUSTFLAGS=--cap-lints=warn" "-e" "RUSTDOCFLAGS=--cap-lints=warn" "-e" "CARGO_HOME=/opt/rustwide/cargo-home" "-e" "RUSTUP_HOME=/opt/rustwide/rustup-home" "-w" "/opt/rustwide/workdir" "-m" "1610612736" "--user" "0:0" "--network" "none" "ghcr.io/rust-lang/crates-build-env/linux@sha256:f3a9d4ad9d972b27faf3965f35b62e55ba32bbce8f20bc8fe909558a86702fde" "/opt/rustwide/cargo-home/bin/cargo" "+1.83.0" "build" "--frozen" "--message-format=json", kill_on_drop: false }`
[INFO] [stdout] edc467f4ba325893c514522e357d95c3e9f2fa0c6370f73051ac0380ee8898c7
[INFO] running `Command { std: "docker" "start" "-a" "edc467f4ba325893c514522e357d95c3e9f2fa0c6370f73051ac0380ee8898c7", kill_on_drop: false }`
[INFO] [stderr] warning: virtual workspace defaulting to `resolver = "1"` despite one or more workspace members being on edition 2021 which implies `resolver = "2"`
[INFO] [stderr] note: to keep the current resolver, specify `workspace.resolver = "1"` in the workspace root's manifest
[INFO] [stderr] note: to use the edition 2021 resolver, specify `workspace.resolver = "2"` in the workspace root's manifest
[INFO] [stderr] note: for more details see https://doc.rust-lang.org/cargo/reference/resolver.html#resolver-versions
[INFO] [stderr]    Compiling libc v0.2.141
[INFO] [stderr]    Compiling proc-macro2 v1.0.54
[INFO] [stderr]    Compiling unicode-ident v1.0.8
[INFO] [stderr]    Compiling quote v1.0.26
[INFO] [stderr]    Compiling cfg-if v1.0.0
[INFO] [stderr]    Compiling syn v1.0.109
[INFO] [stderr]    Compiling io-lifetimes v1.0.10
[INFO] [stderr]    Compiling ppv-lite86 v0.2.17
[INFO] [stderr]    Compiling rustix v0.37.13
[INFO] [stderr]    Compiling siphasher v0.3.10
[INFO] [stderr]    Compiling proc-macro-hack v0.5.20+deprecated
[INFO] [stderr]    Compiling convert_case v0.4.0
[INFO] [stderr]    Compiling linux-raw-sys v0.3.8
[INFO] [stderr]    Compiling rustversion v1.0.12
[INFO] [stderr]    Compiling bitflags v1.3.2
[INFO] [stderr]    Compiling yansi v0.5.1
[INFO] [stderr]    Compiling diff v0.1.13
[INFO] [stderr]    Compiling fastrand v1.9.0
[INFO] [stderr]    Compiling heck v0.4.1
[INFO] [stderr]    Compiling phf_shared v0.10.0
[INFO] [stderr]    Compiling pretty_assertions v1.3.0
[INFO] [stderr]    Compiling pipe-trait v0.4.0
[INFO] [stderr]    Compiling command-extra v1.0.0
[INFO] [stderr]    Compiling either v1.8.1
[INFO] [stderr]    Compiling split-first-char v0.0.0
[INFO] [stderr]    Compiling global-tests v0.0.0 (/opt/rustwide/workdir/global-tests)
[INFO] [stderr]    Compiling itertools v0.10.5
[INFO] [stderr]    Compiling getrandom v0.2.9
[INFO] [stderr]    Compiling rand_core v0.6.4
[INFO] [stderr]    Compiling rand_chacha v0.3.1
[INFO] [stderr]    Compiling rand v0.8.5
[INFO] [stderr]    Compiling phf_generator v0.10.0
[INFO] [stderr]    Compiling tempfile v3.5.0
[INFO] [stderr]    Compiling derive_more v0.99.17
[INFO] [stderr]    Compiling phf_macros v0.10.0
[INFO] [stderr]    Compiling strum_macros v0.24.3
[INFO] [stderr]    Compiling phf v0.10.1
[INFO] [stderr]    Compiling strum v0.24.1
[INFO] [stderr]    Compiling egg-common-utils v0.0.0 (/opt/rustwide/workdir/egg-common-utils)
[INFO] [stderr]    Compiling exec-diff v0.1.0
[INFO] [stderr]    Compiling egg-ast v0.0.0 (/opt/rustwide/workdir/egg-ast)
[INFO] [stdout] warning: trait `AsOrdinalIndexed` is never used
[INFO] [stdout]    --> egg-ast/src/ln_col/ordinal.rs:127:11
[INFO] [stdout]     |
[INFO] [stdout] 127 | pub trait AsOrdinalIndexed {
[INFO] [stdout]     |           ^^^^^^^^^^^^^^^^
[INFO] [stdout]     |
[INFO] [stdout]     = note: `#[warn(dead_code)]` on by default
[INFO] [stdout] 
[INFO] [stdout] 
[INFO] [stderr]    Compiling egg-grammar v0.0.0 (/opt/rustwide/workdir/egg-grammar)
[INFO] [stderr]     Finished `dev` profile [unoptimized + debuginfo] target(s) in 18.64s
[INFO] running `Command { std: "docker" "inspect" "edc467f4ba325893c514522e357d95c3e9f2fa0c6370f73051ac0380ee8898c7", kill_on_drop: false }`
[INFO] running `Command { std: "docker" "rm" "-f" "edc467f4ba325893c514522e357d95c3e9f2fa0c6370f73051ac0380ee8898c7", kill_on_drop: false }`
[INFO] [stdout] edc467f4ba325893c514522e357d95c3e9f2fa0c6370f73051ac0380ee8898c7
[INFO] running `Command { std: "docker" "create" "-v" "/var/lib/crater-agent-workspace/builds/worker-0-tc1/target:/opt/rustwide/target:rw,Z" "-v" "/var/lib/crater-agent-workspace/builds/worker-0-tc1/source:/opt/rustwide/workdir:ro,Z" "-v" "/var/lib/crater-agent-workspace/cargo-home:/opt/rustwide/cargo-home:ro,Z" "-v" "/var/lib/crater-agent-workspace/rustup-home:/opt/rustwide/rustup-home:ro,Z" "-e" "SOURCE_DIR=/opt/rustwide/workdir" "-e" "CARGO_TARGET_DIR=/opt/rustwide/target" "-e" "CARGO_INCREMENTAL=0" "-e" "RUST_BACKTRACE=full" "-e" "RUSTFLAGS=--cap-lints=warn" "-e" "RUSTDOCFLAGS=--cap-lints=warn" "-e" "CARGO_HOME=/opt/rustwide/cargo-home" "-e" "RUSTUP_HOME=/opt/rustwide/rustup-home" "-w" "/opt/rustwide/workdir" "-m" "1610612736" "--user" "0:0" "--network" "none" "ghcr.io/rust-lang/crates-build-env/linux@sha256:f3a9d4ad9d972b27faf3965f35b62e55ba32bbce8f20bc8fe909558a86702fde" "/opt/rustwide/cargo-home/bin/cargo" "+1.83.0" "test" "--frozen" "--no-run" "--message-format=json", kill_on_drop: false }`
[INFO] [stdout] 53de7a445b16b69af0967d88a6a8f7a74ff9c0966da3e290b1bf06a011fc38fd
[INFO] running `Command { std: "docker" "start" "-a" "53de7a445b16b69af0967d88a6a8f7a74ff9c0966da3e290b1bf06a011fc38fd", kill_on_drop: false }`
[INFO] [stderr] warning: virtual workspace defaulting to `resolver = "1"` despite one or more workspace members being on edition 2021 which implies `resolver = "2"`
[INFO] [stderr] note: to keep the current resolver, specify `workspace.resolver = "1"` in the workspace root's manifest
[INFO] [stderr] note: to use the edition 2021 resolver, specify `workspace.resolver = "2"` in the workspace root's manifest
[INFO] [stderr] note: for more details see https://doc.rust-lang.org/cargo/reference/resolver.html#resolver-versions
[INFO] [stderr]    Compiling syn v2.0.12
[INFO] [stderr]    Compiling serde v1.0.163
[INFO] [stderr]    Compiling autocfg v1.1.0
[INFO] [stderr]    Compiling hashbrown v0.12.3
[INFO] [stderr]    Compiling camino v1.1.4
[INFO] [stderr]    Compiling serde_json v1.0.96
[INFO] [stdout] warning: trait `AsOrdinalIndexed` is never used
[INFO] [stdout]    --> egg-ast/src/ln_col/ordinal.rs:127:11
[INFO] [stdout]     |
[INFO] [stdout] 127 | pub trait AsOrdinalIndexed {
[INFO] [stdout]     |           ^^^^^^^^^^^^^^^^
[INFO] [stdout]     |
[INFO] [stdout]     = note: `#[warn(dead_code)]` on by default
[INFO] [stdout] 
[INFO] [stdout] 
[INFO] [stderr]    Compiling semver v1.0.17
[INFO] [stderr]    Compiling thiserror v1.0.40
[INFO] [stderr]    Compiling winnow v0.4.6
[INFO] [stderr]    Compiling ryu v1.0.13
[INFO] [stderr]    Compiling itoa v1.0.6
[INFO] [stderr]    Compiling egg-common-utils v0.0.0 (/opt/rustwide/workdir/egg-common-utils)
[INFO] [stderr]    Compiling egg-ast v0.0.0 (/opt/rustwide/workdir/egg-ast)
[INFO] [stderr]    Compiling egg-grammar v0.0.0 (/opt/rustwide/workdir/egg-grammar)
[INFO] [stdout] warning: trait `AsOrdinalIndexed` is never used
[INFO] [stdout]    --> egg-ast/src/ln_col/ordinal.rs:127:11
[INFO] [stdout]     |
[INFO] [stdout] 127 | pub trait AsOrdinalIndexed {
[INFO] [stdout]     |           ^^^^^^^^^^^^^^^^
[INFO] [stdout]     |
[INFO] [stdout]     = note: `#[warn(dead_code)]` on by default
[INFO] [stdout] 
[INFO] [stdout] 
[INFO] [stderr]    Compiling indexmap v1.9.3
[INFO] [stderr]    Compiling serde_derive v1.0.163
[INFO] [stderr]    Compiling thiserror-impl v1.0.40
[INFO] [stderr]    Compiling toml_datetime v0.6.2
[INFO] [stderr]    Compiling serde_spanned v0.6.2
[INFO] [stderr]    Compiling cargo-platform v0.1.2
[INFO] [stderr]    Compiling toml_edit v0.19.10
[INFO] [stderr]    Compiling cargo_metadata v0.15.4
[INFO] [stderr]    Compiling toml v0.7.4
[INFO] [stderr]    Compiling cargo_toml v0.15.2
[INFO] [stderr]    Compiling global-tests v0.0.0 (/opt/rustwide/workdir/global-tests)
[INFO] [stderr]     Finished `test` profile [unoptimized + debuginfo] target(s) in 26.23s
[INFO] running `Command { std: "docker" "inspect" "53de7a445b16b69af0967d88a6a8f7a74ff9c0966da3e290b1bf06a011fc38fd", kill_on_drop: false }`
[INFO] running `Command { std: "docker" "rm" "-f" "53de7a445b16b69af0967d88a6a8f7a74ff9c0966da3e290b1bf06a011fc38fd", kill_on_drop: false }`
[INFO] [stdout] 53de7a445b16b69af0967d88a6a8f7a74ff9c0966da3e290b1bf06a011fc38fd
[INFO] running `Command { std: "docker" "create" "-v" "/var/lib/crater-agent-workspace/builds/worker-0-tc1/target:/opt/rustwide/target:rw,Z" "-v" "/var/lib/crater-agent-workspace/builds/worker-0-tc1/source:/opt/rustwide/workdir:ro,Z" "-v" "/var/lib/crater-agent-workspace/cargo-home:/opt/rustwide/cargo-home:ro,Z" "-v" "/var/lib/crater-agent-workspace/rustup-home:/opt/rustwide/rustup-home:ro,Z" "-e" "SOURCE_DIR=/opt/rustwide/workdir" "-e" "CARGO_TARGET_DIR=/opt/rustwide/target" "-e" "CARGO_INCREMENTAL=0" "-e" "RUST_BACKTRACE=full" "-e" "RUSTFLAGS=--cap-lints=warn" "-e" "RUSTDOCFLAGS=--cap-lints=warn" "-e" "CARGO_HOME=/opt/rustwide/cargo-home" "-e" "RUSTUP_HOME=/opt/rustwide/rustup-home" "-w" "/opt/rustwide/workdir" "-m" "1610612736" "--user" "0:0" "--network" "none" "ghcr.io/rust-lang/crates-build-env/linux@sha256:f3a9d4ad9d972b27faf3965f35b62e55ba32bbce8f20bc8fe909558a86702fde" "/opt/rustwide/cargo-home/bin/cargo" "+1.83.0" "test" "--frozen", kill_on_drop: false }`
[INFO] [stdout] 9bb582fd20611ef8d7ecd00e3bd3ea61a5c2a94f321c087294e87206dc3281ce
[INFO] running `Command { std: "docker" "start" "-a" "9bb582fd20611ef8d7ecd00e3bd3ea61a5c2a94f321c087294e87206dc3281ce", kill_on_drop: false }`
[INFO] [stderr] warning: virtual workspace defaulting to `resolver = "1"` despite one or more workspace members being on edition 2021 which implies `resolver = "2"`
[INFO] [stderr] note: to keep the current resolver, specify `workspace.resolver = "1"` in the workspace root's manifest
[INFO] [stderr] note: to use the edition 2021 resolver, specify `workspace.resolver = "2"` in the workspace root's manifest
[INFO] [stderr] note: for more details see https://doc.rust-lang.org/cargo/reference/resolver.html#resolver-versions
[INFO] [stderr] warning: trait `AsOrdinalIndexed` is never used
[INFO] [stderr]    --> egg-ast/src/ln_col/ordinal.rs:127:11
[INFO] [stderr]     |
[INFO] [stderr] 127 | pub trait AsOrdinalIndexed {
[INFO] [stderr]     |           ^^^^^^^^^^^^^^^^
[INFO] [stderr]     |
[INFO] [stderr]     = note: `#[warn(dead_code)]` on by default
[INFO] [stderr] 
[INFO] [stderr] warning: `egg-ast` (lib) generated 1 warning
[INFO] [stderr] warning: `egg-ast` (lib test) generated 1 warning (1 duplicate)
[INFO] [stderr]     Finished `test` profile [unoptimized + debuginfo] target(s) in 0.11s
[INFO] [stderr]      Running unittests src/lib.rs (/opt/rustwide/target/debug/deps/egg_ast-0fe708b6f188c48c)
[INFO] [stdout] 
[INFO] [stdout] running 1 test
[INFO] [stdout] test ln_col::ordinal::test_display ... ok
[INFO] [stdout] 
[INFO] [stdout] test result: ok. 1 passed; 0 failed; 0 ignored; 0 measured; 0 filtered out; finished in 0.00s
[INFO] [stdout] 
[INFO] [stderr]      Running unittests src/lib.rs (/opt/rustwide/target/debug/deps/egg_common_utils-b279c99cb3b0e8dd)
[INFO] [stdout] 
[INFO] [stdout] running 0 tests
[INFO] [stdout] 
[INFO] [stdout] test result: ok. 0 passed; 0 failed; 0 ignored; 0 measured; 0 filtered out; finished in 0.00s
[INFO] [stdout] 
[INFO] [stderr]      Running unittests src/lib.rs (/opt/rustwide/target/debug/deps/egg_grammar-44d127db7d475ea9)
[INFO] [stdout] 
[INFO] [stdout] running 49 tests
[INFO] [stdout] test token::ending::comment::test::negative ... ok
[INFO] [stdout] test token::ending::comment::test::positive ... ok
[INFO] [stdout] test token::ending::embed::doc::test::positive ... ok
[INFO] [stdout] test token::ending::embed::text::test::negative ... ok
[INFO] [stdout] test token::indent::item::test::convert_char_to_indent ... ok
[INFO] [stdout] test token::indent::item::test::convert_indent_to_char ... ok
[INFO] [stdout] test token::indent::item::test::display_fmt ... ok
[INFO] [stdout] test token::indent::token::test::debug_fmt ... ok
[INFO] [stdout] test token::ending::embed::doc::test::negative ... ok
[INFO] [stdout] test token::ending::embed::text::test::positive ... ok
[INFO] [stdout] test token::indent::item::test::convert_back_forth ... ok
[INFO] [stdout] test token::indent::token::test::display_fmt ... ok
[INFO] [stdout] test token::middle::number::fractional::test::negative ... ok
[INFO] [stdout] test token::middle::number::fractional::test::positive ... ok
[INFO] [stdout] test token::indent::token::test::parse_line ... ok
[INFO] [stdout] test token::middle::bracket::test::positive ... ok
[INFO] [stdout] test token::middle::number::integer::binary::test::negative ... ok
[INFO] [stdout] test token::middle::number::integer::binary::test::positive ... ok
[INFO] [stdout] test token::middle::number::integer::decimal::test::negative ... ok
[INFO] [stdout] test token::middle::number::integer::decimal::test::positive ... ok
[INFO] [stdout] test token::middle::number::integer::hexadecimal::test::negative ... ok
[INFO] [stdout] test token::middle::number::integer::hexadecimal::test::positive ... ok
[INFO] [stdout] test token::middle::number::integer::octal::test::negative ... ok
[INFO] [stdout] test token::middle::number::integer::test::negative ... ok
[INFO] [stdout] test token::middle::number::integer::test::positive ... ok
[INFO] [stdout] test token::middle::number::test::negative ... ok
[INFO] [stdout] test token::middle::operator::test::negative ... ok
[INFO] [stdout] test token::middle::operator::test::not_operator_body ... ok
[INFO] [stdout] test token::middle::number::test::positive ... ok
[INFO] [stdout] test token::middle::operator::test::positive ... ok
[INFO] [stdout] test token::middle::punctuation::test::negative ... ok
[INFO] [stdout] test token::middle::operator::test::not_operator_head ... ok
[INFO] [stdout] test token::middle::string::test::negative ... ok
[INFO] [stdout] test token::middle::token::test::number ... ok
[INFO] [stdout] test token::middle::token::test::operator ... ok
[INFO] [stdout] test token::middle::token::test::punctuation ... ok
[INFO] [stdout] test token::middle::token::test::whitespace ... ok
[INFO] [stdout] test token::middle::whitespace::test::negative ... ok
[INFO] [stdout] test token::middle::token::test::word ... ok
[INFO] [stdout] test token::middle::word::test::negative ... ok
[INFO] [stdout] test token::middle::token::test::string ... ok
[INFO] [stdout] test token::middle::whitespace::test::positive ... ok
[INFO] [stdout] test token::middle::token::test::negative ... ok
[INFO] [stdout] test token::middle::word::test::positive ... ok
[INFO] [stdout] test token::middle::number::integer::octal::test::positive ... ok
[INFO] [stdout] test token::middle::bracket::test::negative ... ok
[INFO] [stdout] test token::middle::punctuation::test::positive ... ok
[INFO] [stdout] test token::middle::string::test::positive ... ok
[INFO] [stdout] test token::middle::token::test::bracket ... ok
[INFO] [stderr]      Running tests/token_scan.rs (/opt/rustwide/target/debug/deps/token_scan-729159ec7c811fef)
[INFO] [stdout] 
[INFO] [stdout] test result: ok. 49 passed; 0 failed; 0 ignored; 0 measured; 0 filtered out; finished in 0.01s
[INFO] [stdout] 
[INFO] [stdout] 
[INFO] [stdout] running 5 tests
[INFO] [stdout] test invalid_char_nul ... ok
[INFO] [stdout] test invalid_char_heart ... ok
[INFO] [stdout] test hello_world ... ok
[INFO] [stdout] test example_fibonacci ... ok
[INFO] [stdout] test multi_line ... ok
[INFO] [stdout] 
[INFO] [stdout] test result: ok. 5 passed; 0 failed; 0 ignored; 0 measured; 0 filtered out; finished in 0.01s
[INFO] [stdout] 
[INFO] [stderr]      Running unittests lib.rs (/opt/rustwide/target/debug/deps/global_tests-8e5ca9a6e580aad9)
[INFO] [stdout] 
[INFO] [stdout] running 1 test
[INFO] [stderr] error: test failed, to rerun pass `-p global-tests --lib`
[INFO] [stdout] test rust_version::sync ... FAILED
[INFO] [stdout] 
[INFO] [stdout] failures:
[INFO] [stdout] 
[INFO] [stdout] ---- rust_version::sync stdout ----
[INFO] [stdout] [global-tests/rust_version.rs:13:5] &ws_root = "/opt/rustwide/workdir"
[INFO] [stdout] thread 'rust_version::sync' panicked at global-tests/rust_version.rs:17:10:
[INFO] [stdout] Read the rust-toolchain file: Os { code: 2, kind: NotFound, message: "No such file or directory" }
[INFO] [stdout] stack backtrace:
[INFO] [stdout]    0:     0x5cdc2c3529ca - std::backtrace_rs::backtrace::libunwind::trace::h5a5b8284f2d0c266
[INFO] [stdout]                                at /rustc/90b35a6239c3d8bdabc530a6a0816f7ff89a0aaf/library/std/src/../../backtrace/src/backtrace/libunwind.rs:116:5
[INFO] [stdout]    1:     0x5cdc2c3529ca - std::backtrace_rs::backtrace::trace_unsynchronized::h76d4f1c9b0b875e3
[INFO] [stdout]                                at /rustc/90b35a6239c3d8bdabc530a6a0816f7ff89a0aaf/library/std/src/../../backtrace/src/backtrace/mod.rs:66:5
[INFO] [stdout]    2:     0x5cdc2c3529ca - std::sys::backtrace::_print_fmt::hc4546b8364a537c6
[INFO] [stdout]                                at /rustc/90b35a6239c3d8bdabc530a6a0816f7ff89a0aaf/library/std/src/sys/backtrace.rs:66:9
[INFO] [stdout]    3:     0x5cdc2c3529ca - <std::sys::backtrace::BacktraceLock::print::DisplayBacktrace as core::fmt::Display>::fmt::h5b6bd5631a6d1f6b
[INFO] [stdout]                                at /rustc/90b35a6239c3d8bdabc530a6a0816f7ff89a0aaf/library/std/src/sys/backtrace.rs:39:26
[INFO] [stdout]    4:     0x5cdc2c3795a3 - core::fmt::rt::Argument::fmt::h270f6602a2b96f62
[INFO] [stdout]                                at /rustc/90b35a6239c3d8bdabc530a6a0816f7ff89a0aaf/library/core/src/fmt/rt.rs:177:76
[INFO] [stdout]    5:     0x5cdc2c3795a3 - core::fmt::write::h7550c97b06c86515
[INFO] [stdout]                                at /rustc/90b35a6239c3d8bdabc530a6a0816f7ff89a0aaf/library/core/src/fmt/mod.rs:1186:21
[INFO] [stdout]    6:     0x5cdc2c34f8d3 - std::io::Write::write_fmt::h509ff860e5956e5e
[INFO] [stdout]                                at /rustc/90b35a6239c3d8bdabc530a6a0816f7ff89a0aaf/library/std/src/io/mod.rs:1839:15
[INFO] [stdout]    7:     0x5cdc2c352812 - std::sys::backtrace::BacktraceLock::print::h2395ccd2c84ba3aa
[INFO] [stdout]                                at /rustc/90b35a6239c3d8bdabc530a6a0816f7ff89a0aaf/library/std/src/sys/backtrace.rs:42:9
[INFO] [stdout]    8:     0x5cdc2c353e2a - std::panicking::default_hook::{{closure}}::he19d4c7230e07961
[INFO] [stdout]                                at /rustc/90b35a6239c3d8bdabc530a6a0816f7ff89a0aaf/library/std/src/panicking.rs:268:22
[INFO] [stdout]    9:     0x5cdc2c353c34 - std::panicking::default_hook::hf614597d3c67bbdb
[INFO] [stdout]                                at /rustc/90b35a6239c3d8bdabc530a6a0816f7ff89a0aaf/library/std/src/panicking.rs:292:9
[INFO] [stdout]   10:     0x5cdc2c173659 - <alloc::boxed::Box<F,A> as core::ops::function::Fn<Args>>::call::h39b51ce4599c23d1
[INFO] [stdout]                                at /rustc/90b35a6239c3d8bdabc530a6a0816f7ff89a0aaf/library/alloc/src/boxed.rs:2468:9
[INFO] [stdout]   11:     0x5cdc2c173659 - test::test_main::{{closure}}::he977ae839a582784
[INFO] [stdout]                                at /rustc/90b35a6239c3d8bdabc530a6a0816f7ff89a0aaf/library/test/src/lib.rs:133:21
[INFO] [stdout]   12:     0x5cdc2c3544c8 - <alloc::boxed::Box<F,A> as core::ops::function::Fn<Args>>::call::h9455091b6b06f9fb
[INFO] [stdout]                                at /rustc/90b35a6239c3d8bdabc530a6a0816f7ff89a0aaf/library/alloc/src/boxed.rs:2468:9
[INFO] [stdout]   13:     0x5cdc2c3544c8 - std::panicking::rust_panic_with_hook::h8942133a8b252070
[INFO] [stdout]                                at /rustc/90b35a6239c3d8bdabc530a6a0816f7ff89a0aaf/library/std/src/panicking.rs:809:13
[INFO] [stdout]   14:     0x5cdc2c35428a - std::panicking::begin_panic_handler::{{closure}}::hb5f5963570096b29
[INFO] [stdout]                                at /rustc/90b35a6239c3d8bdabc530a6a0816f7ff89a0aaf/library/std/src/panicking.rs:674:13
[INFO] [stdout]   15:     0x5cdc2c352ea9 - std::sys::backtrace::__rust_end_short_backtrace::h6208cedc1922feda
[INFO] [stdout]                                at /rustc/90b35a6239c3d8bdabc530a6a0816f7ff89a0aaf/library/std/src/sys/backtrace.rs:170:18
[INFO] [stdout]   16:     0x5cdc2c353f1c - rust_begin_unwind
[INFO] [stdout]                                at /rustc/90b35a6239c3d8bdabc530a6a0816f7ff89a0aaf/library/std/src/panicking.rs:665:5
[INFO] [stdout]   17:     0x5cdc2bfa3b90 - core::panicking::panic_fmt::h0c3082644d1bf418
[INFO] [stdout]                                at /rustc/90b35a6239c3d8bdabc530a6a0816f7ff89a0aaf/library/core/src/panicking.rs:74:14
[INFO] [stdout]   18:     0x5cdc2bfa3fd6 - core::result::unwrap_failed::hd20b4aa073bda1e2
[INFO] [stdout]                                at /rustc/90b35a6239c3d8bdabc530a6a0816f7ff89a0aaf/library/core/src/result.rs:1700:5
[INFO] [stdout]   19:     0x5cdc2c071384 - core::result::Result<T,E>::expect::h4b3b5dac3728bb0f
[INFO] [stdout]                                at /rustc/90b35a6239c3d8bdabc530a6a0816f7ff89a0aaf/library/core/src/result.rs:1061:23
[INFO] [stdout]   20:     0x5cdc2c11dee0 - global_tests::rust_version::sync::h13feeef1a926b784
[INFO] [stdout]                                at /opt/rustwide/workdir/global-tests/rust_version.rs:14:26
[INFO] [stdout]   21:     0x5cdc2c11d9f7 - global_tests::rust_version::sync::{{closure}}::h0315e26752139554
[INFO] [stdout]                                at /opt/rustwide/workdir/global-tests/rust_version.rs:8:10
[INFO] [stdout]   22:     0x5cdc2c0fcbb6 - core::ops::function::FnOnce::call_once::h89db807d58fa11ff
[INFO] [stdout]                                at /rustc/90b35a6239c3d8bdabc530a6a0816f7ff89a0aaf/library/core/src/ops/function.rs:250:5
[INFO] [stdout]   23:     0x5cdc2c17801b - core::ops::function::FnOnce::call_once::h109cf8051a59b34e
[INFO] [stdout]                                at /rustc/90b35a6239c3d8bdabc530a6a0816f7ff89a0aaf/library/core/src/ops/function.rs:250:5
[INFO] [stdout]   24:     0x5cdc2c17801b - test::__rust_begin_short_backtrace::hf4fff89d377446ba
[INFO] [stdout]                                at /rustc/90b35a6239c3d8bdabc530a6a0816f7ff89a0aaf/library/test/src/lib.rs:621:18
[INFO] [stdout]   25:     0x5cdc2c177857 - test::run_test_in_process::{{closure}}::h0e39181dd7ee5a43
[INFO] [stdout]                                at /rustc/90b35a6239c3d8bdabc530a6a0816f7ff89a0aaf/library/test/src/lib.rs:644:60
[INFO] [stdout]   26:     0x5cdc2c177857 - <core::panic::unwind_safe::AssertUnwindSafe<F> as core::ops::function::FnOnce<()>>::call_once::hc5a66a30f0bdfd1f
[INFO] [stdout]                                at /rustc/90b35a6239c3d8bdabc530a6a0816f7ff89a0aaf/library/core/src/panic/unwind_safe.rs:272:9
[INFO] [stdout]   27:     0x5cdc2c177857 - std::panicking::try::do_call::h873b7cf639554a5e
[INFO] [stdout]                                at /rustc/90b35a6239c3d8bdabc530a6a0816f7ff89a0aaf/library/std/src/panicking.rs:557:40
[INFO] [stdout]   28:     0x5cdc2c177857 - std::panicking::try::hdb19862fad9c8bd1
[INFO] [stdout]                                at /rustc/90b35a6239c3d8bdabc530a6a0816f7ff89a0aaf/library/std/src/panicking.rs:520:19
[INFO] [stdout]   29:     0x5cdc2c177857 - std::panic::catch_unwind::h281fe732d236d260
[INFO] [stdout]                                at /rustc/90b35a6239c3d8bdabc530a6a0816f7ff89a0aaf/library/std/src/panic.rs:358:14
[INFO] [stdout]   30:     0x5cdc2c177857 - test::run_test_in_process::h949b6df8457ed338
[INFO] [stdout]                                at /rustc/90b35a6239c3d8bdabc530a6a0816f7ff89a0aaf/library/test/src/lib.rs:644:27
[INFO] [stdout]   31:     0x5cdc2c177857 - test::run_test::{{closure}}::h52c556a6d4740e10
[INFO] [stdout]                                at /rustc/90b35a6239c3d8bdabc530a6a0816f7ff89a0aaf/library/test/src/lib.rs:565:43
[INFO] [stdout]   32:     0x5cdc2c13cb34 - test::run_test::{{closure}}::h4237f6381c45ccb9
[INFO] [stdout]                                at /rustc/90b35a6239c3d8bdabc530a6a0816f7ff89a0aaf/library/test/src/lib.rs:595:41
[INFO] [stdout]   33:     0x5cdc2c13cb34 - std::sys::backtrace::__rust_begin_short_backtrace::h505c97a579eca628
[INFO] [stdout]                                at /rustc/90b35a6239c3d8bdabc530a6a0816f7ff89a0aaf/library/std/src/sys/backtrace.rs:154:18
[INFO] [stdout]   34:     0x5cdc2c1401fe - std::thread::Builder::spawn_unchecked_::{{closure}}::{{closure}}::h9e86b2e2bc107ea3
[INFO] [stdout]                                at /rustc/90b35a6239c3d8bdabc530a6a0816f7ff89a0aaf/library/std/src/thread/mod.rs:538:17
[INFO] [stdout]   35:     0x5cdc2c1401fe - <core::panic::unwind_safe::AssertUnwindSafe<F> as core::ops::function::FnOnce<()>>::call_once::h8b06ddb275ff4a25
[INFO] [stdout]                                at /rustc/90b35a6239c3d8bdabc530a6a0816f7ff89a0aaf/library/core/src/panic/unwind_safe.rs:272:9
[INFO] [stdout]   36:     0x5cdc2c1401fe - std::panicking::try::do_call::hb26ecd7cd9a9355d
[INFO] [stdout]                                at /rustc/90b35a6239c3d8bdabc530a6a0816f7ff89a0aaf/library/std/src/panicking.rs:557:40
[INFO] [stdout]   37:     0x5cdc2c1401fe - std::panicking::try::h8ddeca9d705f9069
[INFO] [stdout]                                at /rustc/90b35a6239c3d8bdabc530a6a0816f7ff89a0aaf/library/std/src/panicking.rs:520:19
[INFO] [stdout]   38:     0x5cdc2c1401fe - std::panic::catch_unwind::h49e1c33078844c46
[INFO] [stdout]                                at /rustc/90b35a6239c3d8bdabc530a6a0816f7ff89a0aaf/library/std/src/panic.rs:358:14
[INFO] [stdout]   39:     0x5cdc2c1401fe - std::thread::Builder::spawn_unchecked_::{{closure}}::h6073db6ff56ad35d
[INFO] [stdout]                                at /rustc/90b35a6239c3d8bdabc530a6a0816f7ff89a0aaf/library/std/src/thread/mod.rs:537:30
[INFO] [stdout]   40:     0x5cdc2c1401fe - core::ops::function::FnOnce::call_once{{vtable.shim}}::h2c5a5f3779c774f1
[INFO] [stdout]                                at /rustc/90b35a6239c3d8bdabc530a6a0816f7ff89a0aaf/library/core/src/ops/function.rs:250:5
[INFO] [stdout]   41:     0x5cdc2c3587bb - <alloc::boxed::Box<F,A> as core::ops::function::FnOnce<Args>>::call_once::hf75717d9f28faebf
[INFO] [stdout]                                at /rustc/90b35a6239c3d8bdabc530a6a0816f7ff89a0aaf/library/alloc/src/boxed.rs:2454:9
[INFO] [stdout]   42:     0x5cdc2c3587bb - <alloc::boxed::Box<F,A> as core::ops::function::FnOnce<Args>>::call_once::h7bd883a5f3c5f3c1
[INFO] [stdout]                                at /rustc/90b35a6239c3d8bdabc530a6a0816f7ff89a0aaf/library/alloc/src/boxed.rs:2454:9
[INFO] [stdout]   43:     0x5cdc2c3587bb - std::sys::pal::unix::thread::Thread::new::thread_start::hcc78f3943333fa94
[INFO] [stdout]                                at /rustc/90b35a6239c3d8bdabc530a6a0816f7ff89a0aaf/library/std/src/sys/pal/unix/thread.rs:105:17
[INFO] [stdout]   44:     0x7e4b825d4ac3 - <unknown>
[INFO] [stdout]   45:     0x7e4b82665a04 - clone
[INFO] [stdout]   46:                0x0 - <unknown>
[INFO] [stdout] 
[INFO] [stdout] 
[INFO] [stdout] failures:
[INFO] [stdout]     rust_version::sync
[INFO] [stdout] 
[INFO] [stdout] test result: FAILED. 0 passed; 1 failed; 0 ignored; 0 measured; 0 filtered out; finished in 0.17s
[INFO] [stdout] 
[INFO] running `Command { std: "docker" "inspect" "9bb582fd20611ef8d7ecd00e3bd3ea61a5c2a94f321c087294e87206dc3281ce", kill_on_drop: false }`
[INFO] running `Command { std: "docker" "rm" "-f" "9bb582fd20611ef8d7ecd00e3bd3ea61a5c2a94f321c087294e87206dc3281ce", kill_on_drop: false }`
[INFO] [stdout] 9bb582fd20611ef8d7ecd00e3bd3ea61a5c2a94f321c087294e87206dc3281ce
