[INFO] cloning repository https://github.com/JunbeomL22/multi-study-together
[INFO] running `Command { std: "git" "-c" "credential.helper=" "-c" "credential.helper=/workspace/cargo-home/bin/git-credential-null" "clone" "--bare" "https://github.com/JunbeomL22/multi-study-together" "/workspace/cache/git-repos/https%3A%2F%2Fgithub.com%2FJunbeomL22%2Fmulti-study-together", kill_on_drop: false }`
[INFO] [stderr] Cloning into bare repository '/workspace/cache/git-repos/https%3A%2F%2Fgithub.com%2FJunbeomL22%2Fmulti-study-together'...
[INFO] running `Command { std: "git" "rev-parse" "HEAD", kill_on_drop: false }`
[INFO] [stdout] 44a4ea3a315723a24529263daf612a63ec3a5535
[INFO] testing JunbeomL22/multi-study-together against beta-2024-12-08 for beta-1.84.0-4-retry
[INFO] running `Command { std: "git" "clone" "/workspace/cache/git-repos/https%3A%2F%2Fgithub.com%2FJunbeomL22%2Fmulti-study-together" "/workspace/builds/worker-5-tc2/source", kill_on_drop: false }`
[INFO] [stderr] Cloning into '/workspace/builds/worker-5-tc2/source'...
[INFO] [stderr] done.
[INFO] validating manifest of git repo https://github.com/JunbeomL22/multi-study-together on toolchain beta-2024-12-08
[INFO] running `Command { std: CARGO_HOME="/workspace/cargo-home" RUSTUP_HOME="/workspace/rustup-home" "/workspace/cargo-home/bin/cargo" "+beta-2024-12-08" "metadata" "--manifest-path" "Cargo.toml" "--no-deps", kill_on_drop: false }`
[INFO] started tweaking git repo https://github.com/JunbeomL22/multi-study-together
[INFO] finished tweaking git repo https://github.com/JunbeomL22/multi-study-together
[INFO] tweaked toml for git repo https://github.com/JunbeomL22/multi-study-together written to /workspace/builds/worker-5-tc2/source/Cargo.toml
[INFO] crate git repo https://github.com/JunbeomL22/multi-study-together already has a lockfile, it will not be regenerated
[INFO] running `Command { std: CARGO_HOME="/workspace/cargo-home" RUSTUP_HOME="/workspace/rustup-home" "/workspace/cargo-home/bin/cargo" "+beta-2024-12-08" "fetch" "--manifest-path" "Cargo.toml", kill_on_drop: false }`
[INFO] [stderr] warning: /workspace/builds/worker-5-tc2/source/common/Cargo.toml: unused manifest key: examples/app1
[INFO] [stderr] warning: /workspace/builds/worker-5-tc2/source/common/Cargo.toml: unused manifest key: members
[INFO] running `Command { std: "docker" "create" "-v" "/var/lib/crater-agent-workspace/builds/worker-5-tc2/target:/opt/rustwide/target:rw,Z" "-v" "/var/lib/crater-agent-workspace/builds/worker-5-tc2/source:/opt/rustwide/workdir:ro,Z" "-v" "/var/lib/crater-agent-workspace/cargo-home:/opt/rustwide/cargo-home:ro,Z" "-v" "/var/lib/crater-agent-workspace/rustup-home:/opt/rustwide/rustup-home:ro,Z" "-e" "SOURCE_DIR=/opt/rustwide/workdir" "-e" "CARGO_TARGET_DIR=/opt/rustwide/target" "-e" "CARGO_HOME=/opt/rustwide/cargo-home" "-e" "RUSTUP_HOME=/opt/rustwide/rustup-home" "-w" "/opt/rustwide/workdir" "-m" "1610612736" "--user" "0:0" "--network" "none" "ghcr.io/rust-lang/crates-build-env/linux@sha256:f3a9d4ad9d972b27faf3965f35b62e55ba32bbce8f20bc8fe909558a86702fde" "/opt/rustwide/cargo-home/bin/cargo" "+beta-2024-12-08" "metadata" "--no-deps" "--format-version=1", kill_on_drop: false }`
[INFO] [stdout] 400c7a5a63f14fdc71aa4a721818c03b30b124d684c70037806dd488023167ac
[INFO] running `Command { std: "docker" "start" "-a" "400c7a5a63f14fdc71aa4a721818c03b30b124d684c70037806dd488023167ac", kill_on_drop: false }`
[INFO] running `Command { std: "docker" "inspect" "400c7a5a63f14fdc71aa4a721818c03b30b124d684c70037806dd488023167ac", kill_on_drop: false }`
[INFO] running `Command { std: "docker" "rm" "-f" "400c7a5a63f14fdc71aa4a721818c03b30b124d684c70037806dd488023167ac", kill_on_drop: false }`
[INFO] [stdout] 400c7a5a63f14fdc71aa4a721818c03b30b124d684c70037806dd488023167ac
[INFO] running `Command { std: "docker" "create" "-v" "/var/lib/crater-agent-workspace/builds/worker-5-tc2/target:/opt/rustwide/target:rw,Z" "-v" "/var/lib/crater-agent-workspace/builds/worker-5-tc2/source:/opt/rustwide/workdir:ro,Z" "-v" "/var/lib/crater-agent-workspace/cargo-home:/opt/rustwide/cargo-home:ro,Z" "-v" "/var/lib/crater-agent-workspace/rustup-home:/opt/rustwide/rustup-home:ro,Z" "-e" "SOURCE_DIR=/opt/rustwide/workdir" "-e" "CARGO_TARGET_DIR=/opt/rustwide/target" "-e" "CARGO_INCREMENTAL=0" "-e" "RUST_BACKTRACE=full" "-e" "RUSTFLAGS=--cap-lints=warn" "-e" "RUSTDOCFLAGS=--cap-lints=warn" "-e" "CARGO_HOME=/opt/rustwide/cargo-home" "-e" "RUSTUP_HOME=/opt/rustwide/rustup-home" "-w" "/opt/rustwide/workdir" "-m" "1610612736" "--user" "0:0" "--network" "none" "ghcr.io/rust-lang/crates-build-env/linux@sha256:f3a9d4ad9d972b27faf3965f35b62e55ba32bbce8f20bc8fe909558a86702fde" "/opt/rustwide/cargo-home/bin/cargo" "+beta-2024-12-08" "build" "--frozen" "--message-format=json", kill_on_drop: false }`
[INFO] [stdout] 64a49c230f5fa388835598065b0692c25a325a47ca44d3542a8207b440a51597
[INFO] running `Command { std: "docker" "start" "-a" "64a49c230f5fa388835598065b0692c25a325a47ca44d3542a8207b440a51597", kill_on_drop: false }`
[INFO] [stderr] warning: /opt/rustwide/workdir/common/Cargo.toml: unused manifest key: examples/app1
[INFO] [stderr] warning: /opt/rustwide/workdir/common/Cargo.toml: unused manifest key: members
[INFO] [stderr]    Compiling proc-macro2 v1.0.92
[INFO] [stderr]    Compiling unicode-ident v1.0.14
[INFO] [stderr]    Compiling libc v0.2.165
[INFO] [stderr]    Compiling autocfg v1.4.0
[INFO] [stderr]    Compiling version_check v0.9.5
[INFO] [stderr]    Compiling memchr v2.7.4
[INFO] [stderr]    Compiling serde v1.0.215
[INFO] [stderr]    Compiling stable_deref_trait v1.2.0
[INFO] [stderr]    Compiling regex-syntax v0.8.5
[INFO] [stderr]    Compiling typenum v1.17.0
[INFO] [stderr]    Compiling litemap v0.7.4
[INFO] [stderr]    Compiling generic-array v0.14.7
[INFO] [stderr]    Compiling writeable v0.5.5
[INFO] [stderr]    Compiling shlex v1.3.0
[INFO] [stderr]    Compiling siphasher v0.3.11
[INFO] [stderr]    Compiling cc v1.2.1
[INFO] [stderr]    Compiling aho-corasick v1.1.3
[INFO] [stderr]    Compiling icu_locid_transform_data v1.5.0
[INFO] [stderr]    Compiling smallvec v1.13.2
[INFO] [stderr]    Compiling quote v1.0.37
[INFO] [stderr]    Compiling byteorder v1.5.0
[INFO] [stderr]    Compiling once_cell v1.20.2
[INFO] [stderr]    Compiling pin-project-lite v0.2.15
[INFO] [stderr]    Compiling syn v2.0.89
[INFO] [stderr]    Compiling rand_core v0.6.4
[INFO] [stderr]    Compiling getrandom v0.2.15
[INFO] [stderr]    Compiling icu_properties_data v1.5.0
[INFO] [stderr]    Compiling rand v0.8.5
[INFO] [stderr]    Compiling phf_shared v0.11.2
[INFO] [stderr]    Compiling slab v0.4.9
[INFO] [stderr]    Compiling block-buffer v0.10.4
[INFO] [stderr]    Compiling crypto-common v0.1.6
[INFO] [stderr]    Compiling write16 v1.0.0
[INFO] [stderr]    Compiling futures-core v0.3.31
[INFO] [stderr]    Compiling utf16_iter v1.0.5
[INFO] [stderr]    Compiling icu_normalizer_data v1.5.0
[INFO] [stderr]    Compiling subtle v2.6.1
[INFO] [stderr]    Compiling utf8_iter v1.0.4
[INFO] [stderr]    Compiling semver v1.0.23
[INFO] [stderr]    Compiling regex-automata v0.4.9
[INFO] [stderr]    Compiling digest v0.10.7
[INFO] [stderr]    Compiling ring v0.17.8
[INFO] [stderr]    Compiling tinyvec v1.8.0
[INFO] [stderr]    Compiling phf_generator v0.11.2
[INFO] [stderr]    Compiling socket2 v0.5.8
[INFO] [stderr]    Compiling mio v1.0.3
[INFO] [stderr]    Compiling signal-hook-registry v1.4.2
[INFO] [stderr]    Compiling num-traits v0.2.19
[INFO] [stderr]    Compiling no-std-net v0.6.0
[INFO] [stderr]    Compiling fnv v1.0.7
[INFO] [stderr]    Compiling spin v0.9.8
[INFO] [stderr]    Compiling futures-io v0.3.31
[INFO] [stderr]    Compiling untrusted v0.9.0
[INFO] [stderr]    Compiling bytes v1.9.0
[INFO] [stderr]    Compiling strsim v0.11.1
[INFO] [stderr]    Compiling pnet_base v0.35.0
[INFO] [stderr]    Compiling unicode-normalization v0.1.24
[INFO] [stderr]    Compiling phf_codegen v0.11.2
[INFO] [stderr]    Compiling lock_api v0.4.12
[INFO] [stderr]    Compiling time-core v0.1.2
[INFO] [stderr]    Compiling crossbeam-utils v0.8.20
[INFO] [stderr]    Compiling hashbrown v0.15.2
[INFO] [stderr]    Compiling serde_json v1.0.133
[INFO] [stderr]    Compiling itoa v1.0.14
[INFO] [stderr]    Compiling unicode-bidi v0.3.17
[INFO] [stderr]    Compiling parking_lot_core v0.9.10
[INFO] [stderr]    Compiling futures-task v0.3.31
[INFO] [stderr]    Compiling powerfmt v0.2.0
[INFO] [stderr]    Compiling syn v1.0.109
[INFO] [stderr]    Compiling radium v0.7.0
[INFO] [stderr]    Compiling thiserror v1.0.69
[INFO] [stderr]    Compiling num-conv v0.1.0
[INFO] [stderr]    Compiling indexmap v2.7.0
[INFO] [stderr]    Compiling form_urlencoded v1.2.1
[INFO] [stderr]    Compiling rustc_version v0.4.1
[INFO] [stderr]    Compiling time-macros v0.2.18
[INFO] [stderr]    Compiling regex v1.11.1
[INFO] [stderr]    Compiling tracing-core v0.1.33
[INFO] [stderr]    Compiling parse-zoneinfo v0.3.1
[INFO] [stderr]    Compiling ahash v0.8.11
[INFO] [stderr]    Compiling chrono-tz-build v0.4.0
[INFO] [stderr]    Compiling synstructure v0.13.1
[INFO] [stderr]    Compiling darling_core v0.20.10
[INFO] [stderr]    Compiling rustls v0.21.12
[INFO] [stderr]    Compiling match_cfg v0.1.0
[INFO] [stderr]    Compiling num_threads v0.1.7
[INFO] [stderr]    Compiling iana-time-zone v0.1.61
[INFO] [stderr]    Compiling ryu v1.0.18
[INFO] [stderr]    Compiling heck v0.5.0
[INFO] [stderr]    Compiling tap v1.0.1
[INFO] [stderr]    Compiling chrono-tz v0.10.0
[INFO] [stderr]    Compiling wyz v0.5.1
[INFO] [stderr]    Compiling hostname v0.3.1
[INFO] [stderr]    Compiling rustls-webpki v0.101.7
[INFO] [stderr]    Compiling sct v0.7.1
[INFO] [stderr]    Compiling rustc_version_runtime v0.3.0
[INFO] [stderr]    Compiling idna v0.4.0
[INFO] [stderr]    Compiling pnet_macros_support v0.35.0
[INFO] [stderr]    Compiling futures-channel v0.3.31
[INFO] [stderr]    Compiling pnet_sys v0.35.0
[INFO] [stderr]    Compiling libloading v0.8.5
[INFO] [stderr]    Compiling bitflags v2.6.0
[INFO] [stderr]    Compiling funty v2.0.0
[INFO] [stderr]    Compiling log v0.4.22
[INFO] [stderr]    Compiling cpufeatures v0.2.16
[INFO] [stderr]    Compiling linked-hash-map v0.5.6
[INFO] [stderr]    Compiling ipnet v2.10.1
[INFO] [stderr]    Compiling adler2 v2.0.0
[INFO] [stderr]    Compiling pkg-config v0.3.31
[INFO] [stderr]    Compiling data-encoding v2.6.0
[INFO] [stderr]    Compiling lru-cache v0.1.2
[INFO] [stderr]    Compiling miniz_oxide v0.8.0
[INFO] [stderr]    Compiling bitvec v1.0.1
[INFO] [stderr]    Compiling zerofrom-derive v0.1.5
[INFO] [stderr]    Compiling yoke-derive v0.7.5
[INFO] [stderr]    Compiling serde_derive v1.0.215
[INFO] [stderr]    Compiling zerovec-derive v0.10.3
[INFO] [stderr]    Compiling displaydoc v0.2.5
[INFO] [stderr]    Compiling icu_provider_macros v1.5.0
[INFO] [stderr]    Compiling zerocopy-derive v0.7.35
[INFO] [stderr]    Compiling zerofrom v0.1.5
[INFO] [stderr]    Compiling yoke v0.7.5
[INFO] [stderr]    Compiling tokio-macros v2.4.0
[INFO] [stderr]    Compiling futures-macro v0.3.31
[INFO] [stderr]    Compiling darling_macro v0.20.10
[INFO] [stderr]    Compiling tracing-attributes v0.1.28
[INFO] [stderr]    Compiling zerovec v0.10.4
[INFO] [stderr]    Compiling zerocopy v0.7.35
[INFO] [stderr]    Compiling tokio v1.41.1
[INFO] [stderr]    Compiling thiserror-impl v1.0.69
[INFO] [stderr]    Compiling tinystr v0.7.6
[INFO] [stderr]    Compiling icu_locid v1.5.0
[INFO] [stderr]    Compiling icu_collections v1.5.0
[INFO] [stderr]    Compiling ppv-lite86 v0.2.20
[INFO] [stderr]    Compiling icu_provider v1.5.0
[INFO] [stderr]    Compiling rand_chacha v0.3.1
[INFO] [stderr]    Compiling futures-util v0.3.31
[INFO] [stderr]    Compiling icu_locid_transform v1.5.0
[INFO] [stderr]    Compiling tracing v0.1.41
[INFO] [stderr]    Compiling darling v0.20.10
[INFO] [stderr]    Compiling async-trait v0.1.83
[INFO] [stderr]    Compiling enum-as-inner v0.6.1
[INFO] [stderr]    Compiling pnet_macros v0.35.0
[INFO] [stderr]    Compiling icu_properties v1.5.1
[INFO] [stderr]    Compiling serde_with_macros v3.11.0
[INFO] [stderr]    Compiling pcap v2.2.0
[INFO] [stderr]    Compiling pnet_packet v0.35.0
[INFO] [stderr]    Compiling raw-cpuid v11.2.0
[INFO] [stderr]    Compiling resolv-conf v0.7.0
[INFO] [stderr]    Compiling phf v0.11.2
[INFO] [stderr]    Compiling parking_lot v0.12.3
[INFO] [stderr]    Compiling icu_normalizer v1.5.0
[INFO] [stderr]    Compiling deranged v0.3.11
[INFO] [stderr]    Compiling chrono v0.4.38
[INFO] [stderr]    Compiling uuid v1.11.0
[INFO] [stderr]    Compiling ipnetwork v0.20.0
[INFO] [stderr]    Compiling idna_adapter v1.2.0
[INFO] [stderr]    Compiling idna v1.0.3
[INFO] [stderr]    Compiling time v0.3.36
[INFO] [stderr]    Compiling url v2.5.4
[INFO] [stderr]    Compiling hickory-proto v0.24.1
[INFO] [stderr]    Compiling serde_bytes v0.11.15
[INFO] [stderr]    Compiling num_cpus v1.16.0
[INFO] [stderr]    Compiling crc32fast v1.4.2
[INFO] [stderr]    Compiling convert_case v0.4.0
[INFO] [stderr]    Compiling futures-sink v0.3.31
[INFO] [stderr]    Compiling base64 v0.13.1
[INFO] [stderr]    Compiling pnet v0.35.0
[INFO] [stderr]    Compiling hex v0.4.3
[INFO] [stderr]    Compiling unicode-properties v0.1.3
[INFO] [stderr]    Compiling tokio-util v0.7.12
[INFO] [stderr]    Compiling derive_more v0.99.18
[INFO] [stderr]    Compiling stringprep v0.1.5
[INFO] [stderr]    Compiling bson v2.13.0
[INFO] [stderr]    Compiling pnet_transport v0.35.0
[INFO] [stderr]    Compiling core_affinity v0.8.1
[INFO] [stderr]    Compiling flate2 v1.0.35
[INFO] [stderr]    Compiling pnet_datalink v0.35.0
[INFO] [stderr]    Compiling tokio-rustls v0.24.1
[INFO] [stderr]    Compiling serde_with v3.11.0
[INFO] [stderr]    Compiling quanta v0.12.3
[INFO] [stderr]    Compiling futures-executor v0.3.31
[INFO] [stderr]    Compiling typed-builder v0.10.0
[INFO] [stderr]    Compiling derivative v2.2.0
[INFO] [stderr]    Compiling mongodb-internal-macros v3.1.0
[INFO] [stderr]    Compiling hickory-resolver v0.24.1
[INFO] [stderr]    Compiling sha2 v0.10.8
[INFO] [stderr]    Compiling sha-1 v0.10.1
[INFO] [stderr]    Compiling crossbeam-channel v0.5.13
[INFO] [stderr]    Compiling md-5 v0.10.6
[INFO] [stderr]    Compiling pbkdf2 v0.11.0
[INFO] [stderr]    Compiling hmac v0.12.1
[INFO] [stderr]    Compiling errno v0.2.8
[INFO] [stderr]    Compiling lazy_static v1.5.0
[INFO] [stderr]    Compiling take_mut v0.2.2
[INFO] [stderr]    Compiling webpki-roots v0.25.4
[INFO] [stderr]    Compiling encoding_rs v0.8.35
[INFO] [stderr]    Compiling mongodb v3.1.0
[INFO] [stderr]    Compiling anyhow v1.0.93
[INFO] [stderr]    Compiling flashlog v0.2.4
[INFO] [stderr]    Compiling common v0.1.0 (/opt/rustwide/workdir/common)
[INFO] [stderr]    Compiling js v0.1.0 (/opt/rustwide/workdir/js)
[INFO] [stderr]    Compiling dw v0.1.0 (/opt/rustwide/workdir/dw)
[INFO] [stderr]    Compiling app1 v0.1.0 (/opt/rustwide/workdir/common/examples/app1)
[INFO] [stderr]     Finished `dev` profile [unoptimized + debuginfo] target(s) in 3m 44s
[INFO] running `Command { std: "docker" "inspect" "64a49c230f5fa388835598065b0692c25a325a47ca44d3542a8207b440a51597", kill_on_drop: false }`
[INFO] running `Command { std: "docker" "rm" "-f" "64a49c230f5fa388835598065b0692c25a325a47ca44d3542a8207b440a51597", kill_on_drop: false }`
[INFO] [stdout] 64a49c230f5fa388835598065b0692c25a325a47ca44d3542a8207b440a51597
[INFO] running `Command { std: "docker" "create" "-v" "/var/lib/crater-agent-workspace/builds/worker-5-tc2/target:/opt/rustwide/target:rw,Z" "-v" "/var/lib/crater-agent-workspace/builds/worker-5-tc2/source:/opt/rustwide/workdir:ro,Z" "-v" "/var/lib/crater-agent-workspace/cargo-home:/opt/rustwide/cargo-home:ro,Z" "-v" "/var/lib/crater-agent-workspace/rustup-home:/opt/rustwide/rustup-home:ro,Z" "-e" "SOURCE_DIR=/opt/rustwide/workdir" "-e" "CARGO_TARGET_DIR=/opt/rustwide/target" "-e" "CARGO_INCREMENTAL=0" "-e" "RUST_BACKTRACE=full" "-e" "RUSTFLAGS=--cap-lints=warn" "-e" "RUSTDOCFLAGS=--cap-lints=warn" "-e" "CARGO_HOME=/opt/rustwide/cargo-home" "-e" "RUSTUP_HOME=/opt/rustwide/rustup-home" "-w" "/opt/rustwide/workdir" "-m" "1610612736" "--user" "0:0" "--network" "none" "ghcr.io/rust-lang/crates-build-env/linux@sha256:f3a9d4ad9d972b27faf3965f35b62e55ba32bbce8f20bc8fe909558a86702fde" "/opt/rustwide/cargo-home/bin/cargo" "+beta-2024-12-08" "test" "--frozen" "--no-run" "--message-format=json", kill_on_drop: false }`
[INFO] [stdout] f03dfe1922cb387a10963456d046c04c2b2bd5784e48b6e261a55fe744ca64e3
[INFO] running `Command { std: "docker" "start" "-a" "f03dfe1922cb387a10963456d046c04c2b2bd5784e48b6e261a55fe744ca64e3", kill_on_drop: false }`
[INFO] [stderr] warning: /opt/rustwide/workdir/common/Cargo.toml: unused manifest key: examples/app1
[INFO] [stderr] warning: /opt/rustwide/workdir/common/Cargo.toml: unused manifest key: members
[INFO] [stderr]    Compiling num-traits v0.2.19
[INFO] [stderr]    Compiling crossbeam-epoch v0.9.18
[INFO] [stderr]    Compiling rayon-core v1.12.1
[INFO] [stderr]    Compiling either v1.13.0
[INFO] [stderr]    Compiling half v2.4.1
[INFO] [stderr]    Compiling clap_lex v0.7.3
[INFO] [stderr]    Compiling ciborium-io v0.2.2
[INFO] [stderr]    Compiling plotters-backend v0.3.7
[INFO] [stderr]    Compiling regex-syntax v0.8.5
[INFO] [stderr]    Compiling anstyle v1.0.10
[INFO] [stderr]    Compiling itertools v0.10.5
[INFO] [stderr]    Compiling ciborium-ll v0.2.2
[INFO] [stderr]    Compiling plotters-svg v0.3.7
[INFO] [stderr]    Compiling crossbeam-deque v0.8.5
[INFO] [stderr]    Compiling same-file v1.0.6
[INFO] [stderr]    Compiling clap_builder v4.5.21
[INFO] [stderr]    Compiling cast v0.3.0
[INFO] [stderr]    Compiling walkdir v2.5.0
[INFO] [stderr]    Compiling ciborium v0.2.2
[INFO] [stderr]    Compiling tinytemplate v1.2.1
[INFO] [stderr]    Compiling chrono v0.4.38
[INFO] [stderr]    Compiling plotters v0.3.7
[INFO] [stderr]    Compiling is-terminal v0.4.13
[INFO] [stderr]    Compiling rustversion v1.0.18
[INFO] [stderr]    Compiling rayon v1.10.0
[INFO] [stderr]    Compiling regex-automata v0.4.9
[INFO] [stderr]    Compiling criterion-plot v0.5.0
[INFO] [stderr]    Compiling oorandom v11.1.4
[INFO] [stderr]    Compiling anes v0.1.6
[INFO] [stderr]    Compiling proc-macro2-diagnostics v0.10.1
[INFO] [stderr]    Compiling yansi v1.0.1
[INFO] [stderr]    Compiling chrono-tz v0.10.0
[INFO] [stderr]    Compiling mongodb v3.1.0
[INFO] [stderr]    Compiling clap v4.5.21
[INFO] [stderr]    Compiling strum_macros v0.26.4
[INFO] [stderr]    Compiling duplicate v2.0.0
[INFO] [stderr]    Compiling regex v1.11.1
[INFO] [stderr]    Compiling criterion v0.5.1
[INFO] [stderr]    Compiling strum v0.26.3
[INFO] [stderr]    Compiling struson v0.6.0
[INFO] [stderr]    Compiling flashlog v0.2.4
[INFO] [stderr]    Compiling common v0.1.0 (/opt/rustwide/workdir/common)
[INFO] [stderr]    Compiling dw v0.1.0 (/opt/rustwide/workdir/dw)
[INFO] [stderr]    Compiling js v0.1.0 (/opt/rustwide/workdir/js)
[INFO] [stderr]    Compiling app1 v0.1.0 (/opt/rustwide/workdir/common/examples/app1)
[INFO] [stderr]     Finished `test` profile [unoptimized + debuginfo] target(s) in 1m 43s
[INFO] running `Command { std: "docker" "inspect" "f03dfe1922cb387a10963456d046c04c2b2bd5784e48b6e261a55fe744ca64e3", kill_on_drop: false }`
[INFO] running `Command { std: "docker" "rm" "-f" "f03dfe1922cb387a10963456d046c04c2b2bd5784e48b6e261a55fe744ca64e3", kill_on_drop: false }`
[INFO] [stdout] f03dfe1922cb387a10963456d046c04c2b2bd5784e48b6e261a55fe744ca64e3
[INFO] running `Command { std: "docker" "create" "-v" "/var/lib/crater-agent-workspace/builds/worker-5-tc2/target:/opt/rustwide/target:rw,Z" "-v" "/var/lib/crater-agent-workspace/builds/worker-5-tc2/source:/opt/rustwide/workdir:ro,Z" "-v" "/var/lib/crater-agent-workspace/cargo-home:/opt/rustwide/cargo-home:ro,Z" "-v" "/var/lib/crater-agent-workspace/rustup-home:/opt/rustwide/rustup-home:ro,Z" "-e" "SOURCE_DIR=/opt/rustwide/workdir" "-e" "CARGO_TARGET_DIR=/opt/rustwide/target" "-e" "CARGO_INCREMENTAL=0" "-e" "RUST_BACKTRACE=full" "-e" "RUSTFLAGS=--cap-lints=warn" "-e" "RUSTDOCFLAGS=--cap-lints=warn" "-e" "CARGO_HOME=/opt/rustwide/cargo-home" "-e" "RUSTUP_HOME=/opt/rustwide/rustup-home" "-w" "/opt/rustwide/workdir" "-m" "1610612736" "--user" "0:0" "--network" "none" "ghcr.io/rust-lang/crates-build-env/linux@sha256:f3a9d4ad9d972b27faf3965f35b62e55ba32bbce8f20bc8fe909558a86702fde" "/opt/rustwide/cargo-home/bin/cargo" "+beta-2024-12-08" "test" "--frozen", kill_on_drop: false }`
[INFO] [stdout] eb60389dc2b465680a12a8d3e844f4f299a950b71bf0302306743616b1b5509e
[INFO] running `Command { std: "docker" "start" "-a" "eb60389dc2b465680a12a8d3e844f4f299a950b71bf0302306743616b1b5509e", kill_on_drop: false }`
[INFO] [stderr] warning: /opt/rustwide/workdir/common/Cargo.toml: unused manifest key: examples/app1
[INFO] [stderr] warning: /opt/rustwide/workdir/common/Cargo.toml: unused manifest key: members
[INFO] [stderr]     Finished `test` profile [unoptimized + debuginfo] target(s) in 0.52s
[INFO] [stderr]      Running unittests src/main.rs (/opt/rustwide/target/debug/deps/app1-20aee5d3c6c26d93)
[INFO] [stdout] 
[INFO] [stdout] running 0 tests
[INFO] [stdout] 
[INFO] [stdout] test result: ok. 0 passed; 0 failed; 0 ignored; 0 measured; 0 filtered out; finished in 0.00s
[INFO] [stdout] 
[INFO] [stderr]      Running unittests src/lib.rs (/opt/rustwide/target/debug/deps/common-594ddeef0df5c0b5)
[INFO] [stdout] 
[INFO] [stdout] running 4 tests
[INFO] [stdout] test types::timeseries::tests::test_add_timeseries ... ok
[INFO] [stdout] test types::timeseries::tests::test_add_empty_timeseries ... ok
[INFO] [stdout] test types::timeseries::tests::test_add_non_overlapping_timeseries_with_forward_fill ... ok
[INFO] [stdout] test data_types::krx_msg::tests::test_deserialized_krx_msg ... FAILED
[INFO] [stdout] 
[INFO] [stdout] failures:
[INFO] [stdout] 
[INFO] [stdout] ---- data_types::krx_msg::tests::test_deserialized_krx_msg stdout ----
[INFO] [stdout] thread 'data_types::krx_msg::tests::test_deserialized_krx_msg' panicked at common/src/data_types/krx_msg.rs:158:51:
[INFO] [stdout] called `Result::unwrap()` on an `Err` value: Os { code: 2, kind: NotFound, message: "No such file or directory" }
[INFO] [stdout] stack backtrace:
[INFO] [stdout]    0:     0x5822651dd4da - std::backtrace_rs::backtrace::libunwind::trace::h8810477743020387
[INFO] [stdout]                                at /rustc/202008a1b8de96d2e5b6bc02d379db03a877d34d/library/std/src/../../backtrace/src/backtrace/libunwind.rs:116:5
[INFO] [stdout]    1:     0x5822651dd4da - std::backtrace_rs::backtrace::trace_unsynchronized::h3aa55355dd6c54a6
[INFO] [stdout]                                at /rustc/202008a1b8de96d2e5b6bc02d379db03a877d34d/library/std/src/../../backtrace/src/backtrace/mod.rs:66:5
[INFO] [stdout]    2:     0x5822651dd4da - std::sys::backtrace::_print_fmt::h8588b0f62410823f
[INFO] [stdout]                                at /rustc/202008a1b8de96d2e5b6bc02d379db03a877d34d/library/std/src/sys/backtrace.rs:66:9
[INFO] [stdout]    3:     0x5822651dd4da - <std::sys::backtrace::BacktraceLock::print::DisplayBacktrace as core::fmt::Display>::fmt::h98c26ac25ffe89bb
[INFO] [stdout]                                at /rustc/202008a1b8de96d2e5b6bc02d379db03a877d34d/library/std/src/sys/backtrace.rs:39:26
[INFO] [stdout]    4:     0x582265204c13 - core::fmt::rt::Argument::fmt::hf95377f4aebd453b
[INFO] [stdout]                                at /rustc/202008a1b8de96d2e5b6bc02d379db03a877d34d/library/core/src/fmt/rt.rs:177:76
[INFO] [stdout]    5:     0x582265204c13 - core::fmt::write::h0dd5f6e2238c7982
[INFO] [stdout]                                at /rustc/202008a1b8de96d2e5b6bc02d379db03a877d34d/library/core/src/fmt/mod.rs:1189:21
[INFO] [stdout]    6:     0x5822651da4a3 - std::io::Write::write_fmt::h03bb0ca26e6faf8c
[INFO] [stdout]                                at /rustc/202008a1b8de96d2e5b6bc02d379db03a877d34d/library/std/src/io/mod.rs:1884:15
[INFO] [stdout]    7:     0x5822651dd322 - std::sys::backtrace::BacktraceLock::print::h5c19c1c038ee186d
[INFO] [stdout]                                at /rustc/202008a1b8de96d2e5b6bc02d379db03a877d34d/library/std/src/sys/backtrace.rs:42:9
[INFO] [stdout]    8:     0x5822651de95d - std::panicking::default_hook::{{closure}}::h77172f079a1fcb13
[INFO] [stdout]                                at /rustc/202008a1b8de96d2e5b6bc02d379db03a877d34d/library/std/src/panicking.rs:268:22
[INFO] [stdout]    9:     0x5822651de767 - std::panicking::default_hook::he5f8e3b203ccddba
[INFO] [stdout]                                at /rustc/202008a1b8de96d2e5b6bc02d379db03a877d34d/library/std/src/panicking.rs:292:9
[INFO] [stdout]   10:     0x5822650ecb37 - <alloc::boxed::Box<F,A> as core::ops::function::Fn<Args>>::call::h7a3c7b4a1ae77f2f
[INFO] [stdout]                                at /rustc/202008a1b8de96d2e5b6bc02d379db03a877d34d/library/alloc/src/boxed.rs:1986:9
[INFO] [stdout]   11:     0x5822650ecb37 - test::test_main::{{closure}}::hf0d3b69ae9b353d1
[INFO] [stdout]                                at /rustc/202008a1b8de96d2e5b6bc02d379db03a877d34d/library/test/src/lib.rs:134:21
[INFO] [stdout]   12:     0x5822651df008 - <alloc::boxed::Box<F,A> as core::ops::function::Fn<Args>>::call::h6332e82e7b189abd
[INFO] [stdout]                                at /rustc/202008a1b8de96d2e5b6bc02d379db03a877d34d/library/alloc/src/boxed.rs:1986:9
[INFO] [stdout]   13:     0x5822651df008 - std::panicking::rust_panic_with_hook::h53863d4e9018df39
[INFO] [stdout]                                at /rustc/202008a1b8de96d2e5b6bc02d379db03a877d34d/library/std/src/panicking.rs:809:13
[INFO] [stdout]   14:     0x5822651dedca - std::panicking::begin_panic_handler::{{closure}}::h67280e6fa0757873
[INFO] [stdout]                                at /rustc/202008a1b8de96d2e5b6bc02d379db03a877d34d/library/std/src/panicking.rs:674:13
[INFO] [stdout]   15:     0x5822651dd9b9 - std::sys::backtrace::__rust_end_short_backtrace::h1dac3f54d6fbbeb2
[INFO] [stdout]                                at /rustc/202008a1b8de96d2e5b6bc02d379db03a877d34d/library/std/src/sys/backtrace.rs:170:18
[INFO] [stdout]   16:     0x5822651dea5c - rust_begin_unwind
[INFO] [stdout]                                at /rustc/202008a1b8de96d2e5b6bc02d379db03a877d34d/library/std/src/panicking.rs:665:5
[INFO] [stdout]   17:     0x58226505caf0 - core::panicking::panic_fmt::h6792bd1b2bf01041
[INFO] [stdout]                                at /rustc/202008a1b8de96d2e5b6bc02d379db03a877d34d/library/core/src/panicking.rs:76:14
[INFO] [stdout]   18:     0x58226505cf36 - core::result::unwrap_failed::h05e0602ed34287c5
[INFO] [stdout]                                at /rustc/202008a1b8de96d2e5b6bc02d379db03a877d34d/library/core/src/result.rs:1699:5
[INFO] [stdout]   19:     0x5822650822df - core::result::Result<T,E>::unwrap::h804ce601acf56c32
[INFO] [stdout]                                at /rustc/202008a1b8de96d2e5b6bc02d379db03a877d34d/library/core/src/result.rs:1104:23
[INFO] [stdout]   20:     0x5822650822df - common::data_types::krx_msg::tests::test_deserialized_krx_msg::h5b6c24d2e8493306
[INFO] [stdout]                                at /opt/rustwide/workdir/common/src/data_types/krx_msg.rs:158:20
[INFO] [stdout]   21:     0x582265082177 - common::data_types::krx_msg::tests::test_deserialized_krx_msg::{{closure}}::h0c1ae1fac6611649
[INFO] [stdout]                                at /opt/rustwide/workdir/common/src/data_types/krx_msg.rs:154:39
[INFO] [stdout]   22:     0x582265071f46 - core::ops::function::FnOnce::call_once::h8d0425e6f89c63fd
[INFO] [stdout]                                at /rustc/202008a1b8de96d2e5b6bc02d379db03a877d34d/library/core/src/ops/function.rs:250:5
[INFO] [stdout]   23:     0x5822650f165b - core::ops::function::FnOnce::call_once::h871bf86719ec9aa4
[INFO] [stdout]                                at /rustc/202008a1b8de96d2e5b6bc02d379db03a877d34d/library/core/src/ops/function.rs:250:5
[INFO] [stdout]   24:     0x5822650f165b - test::__rust_begin_short_backtrace::h2167df1e2b7d76fd
[INFO] [stdout]                                at /rustc/202008a1b8de96d2e5b6bc02d379db03a877d34d/library/test/src/lib.rs:632:18
[INFO] [stdout]   25:     0x5822650f1048 - test::run_test_in_process::{{closure}}::h15d92f75a3adfb79
[INFO] [stdout]                                at /rustc/202008a1b8de96d2e5b6bc02d379db03a877d34d/library/test/src/lib.rs:655:60
[INFO] [stdout]   26:     0x5822650f1048 - <core::panic::unwind_safe::AssertUnwindSafe<F> as core::ops::function::FnOnce<()>>::call_once::hb6c8955835a8dbbb
[INFO] [stdout]                                at /rustc/202008a1b8de96d2e5b6bc02d379db03a877d34d/library/core/src/panic/unwind_safe.rs:272:9
[INFO] [stdout]   27:     0x5822650f1048 - std::panicking::try::do_call::hc79d0fc888a0bd30
[INFO] [stdout]                                at /rustc/202008a1b8de96d2e5b6bc02d379db03a877d34d/library/std/src/panicking.rs:557:40
[INFO] [stdout]   28:     0x5822650f1048 - std::panicking::try::hb8a7878e3a8589d6
[INFO] [stdout]                                at /rustc/202008a1b8de96d2e5b6bc02d379db03a877d34d/library/std/src/panicking.rs:520:19
[INFO] [stdout]   29:     0x5822650f1048 - std::panic::catch_unwind::hb8e4600ff0ff5cfa
[INFO] [stdout]                                at /rustc/202008a1b8de96d2e5b6bc02d379db03a877d34d/library/std/src/panic.rs:358:14
[INFO] [stdout]   30:     0x5822650f1048 - test::run_test_in_process::hc2900b0b18688dd6
[INFO] [stdout]                                at /rustc/202008a1b8de96d2e5b6bc02d379db03a877d34d/library/test/src/lib.rs:655:27
[INFO] [stdout]   31:     0x5822650f1048 - test::run_test::{{closure}}::hac2a9cb07be3d48d
[INFO] [stdout]                                at /rustc/202008a1b8de96d2e5b6bc02d379db03a877d34d/library/test/src/lib.rs:576:43
[INFO] [stdout]   32:     0x5822650b4aea - test::run_test::{{closure}}::h4a5b729e66a38cd8
[INFO] [stdout]                                at /rustc/202008a1b8de96d2e5b6bc02d379db03a877d34d/library/test/src/lib.rs:606:41
[INFO] [stdout]   33:     0x5822650b4aea - std::sys::backtrace::__rust_begin_short_backtrace::h0496fb742492f573
[INFO] [stdout]                                at /rustc/202008a1b8de96d2e5b6bc02d379db03a877d34d/library/std/src/sys/backtrace.rs:154:18
[INFO] [stdout]   34:     0x5822650b8464 - std::thread::Builder::spawn_unchecked_::{{closure}}::{{closure}}::hbb6d257c550a54bd
[INFO] [stdout]                                at /rustc/202008a1b8de96d2e5b6bc02d379db03a877d34d/library/std/src/thread/mod.rs:561:17
[INFO] [stdout]   35:     0x5822650b8464 - <core::panic::unwind_safe::AssertUnwindSafe<F> as core::ops::function::FnOnce<()>>::call_once::h46696fe4a6832328
[INFO] [stdout]                                at /rustc/202008a1b8de96d2e5b6bc02d379db03a877d34d/library/core/src/panic/unwind_safe.rs:272:9
[INFO] [stdout]   36:     0x5822650b8464 - std::panicking::try::do_call::h2625a51b667bfb64
[INFO] [stdout]                                at /rustc/202008a1b8de96d2e5b6bc02d379db03a877d34d/library/std/src/panicking.rs:557:40
[INFO] [stdout]   37:     0x5822650b8464 - std::panicking::try::hb956a59a1973aa4c
[INFO] [stdout]                                at /rustc/202008a1b8de96d2e5b6bc02d379db03a877d34d/library/std/src/panicking.rs:520:19
[INFO] [stdout]   38:     0x5822650b8464 - std::panic::catch_unwind::h64f3b9d1067ef6a0
[INFO] [stdout]                                at /rustc/202008a1b8de96d2e5b6bc02d379db03a877d34d/library/std/src/panic.rs:358:14
[INFO] [stdout]   39:     0x5822650b8464 - std::thread::Builder::spawn_unchecked_::{{closure}}::h42b2841295b6c0b2
[INFO] [stdout]                                at /rustc/202008a1b8de96d2e5b6bc02d379db03a877d34d/library/std/src/thread/mod.rs:559:30
[INFO] [stdout]   40:     0x5822650b8464 - core::ops::function::FnOnce::call_once{{vtable.shim}}::h6127de71b8124639
[INFO] [stdout]                                at /rustc/202008a1b8de96d2e5b6bc02d379db03a877d34d/library/core/src/ops/function.rs:250:5
[INFO] [stdout]   41:     0x5822651e2f5b - <alloc::boxed::Box<F,A> as core::ops::function::FnOnce<Args>>::call_once::h42f0ba71002a1b2c
[INFO] [stdout]                                at /rustc/202008a1b8de96d2e5b6bc02d379db03a877d34d/library/alloc/src/boxed.rs:1972:9
[INFO] [stdout]   42:     0x5822651e2f5b - <alloc::boxed::Box<F,A> as core::ops::function::FnOnce<Args>>::call_once::had9e47d7a3dcecb8
[INFO] [stdout]                                at /rustc/202008a1b8de96d2e5b6bc02d379db03a877d34d/library/alloc/src/boxed.rs:1972:9
[INFO] [stdout]   43:     0x5822651e2f5b - std::sys::pal::unix::thread::Thread::new::thread_start::h48cf765408f6f5f2
[INFO] [stdout]                                at /rustc/202008a1b8de96d2e5b6bc02d379db03a877d34d/library/std/src/sys/pal/unix/thread.rs:105:17
[INFO] [stdout]   44:     0x7cfdaa626ac3 - <unknown>
[INFO] [stdout]   45:     0x7cfdaa6b7a04 - clone
[INFO] [stdout]   46:                0x0 - <unknown>
[INFO] [stdout] 
[INFO] [stdout] 
[INFO] [stdout] failures:
[INFO] [stdout]     data_types::krx_msg::tests::test_deserialized_krx_msg
[INFO] [stdout] 
[INFO] [stdout] test result: FAILED. 3 passed; 1 failed; 0 ignored; 0 measured; 0 filtered out; finished in 0.15s
[INFO] [stdout] 
[INFO] [stderr] error: test failed, to rerun pass `-p common --lib`
[INFO] running `Command { std: "docker" "inspect" "eb60389dc2b465680a12a8d3e844f4f299a950b71bf0302306743616b1b5509e", kill_on_drop: false }`
[INFO] running `Command { std: "docker" "rm" "-f" "eb60389dc2b465680a12a8d3e844f4f299a950b71bf0302306743616b1b5509e", kill_on_drop: false }`
[INFO] [stdout] eb60389dc2b465680a12a8d3e844f4f299a950b71bf0302306743616b1b5509e
