[INFO] cloning repository https://github.com/JunbeomL22/flashlog
[INFO] running `Command { std: "git" "-c" "credential.helper=" "-c" "credential.helper=/workspace/cargo-home/bin/git-credential-null" "clone" "--bare" "https://github.com/JunbeomL22/flashlog" "/workspace/cache/git-repos/https%3A%2F%2Fgithub.com%2FJunbeomL22%2Fflashlog", kill_on_drop: false }`
[INFO] [stderr] Cloning into bare repository '/workspace/cache/git-repos/https%3A%2F%2Fgithub.com%2FJunbeomL22%2Fflashlog'...
[INFO] running `Command { std: "git" "rev-parse" "HEAD", kill_on_drop: false }`
[INFO] [stdout] be816ac16a5dff7f7a3dd62c3d97bcffcc80d66f
[INFO] testing JunbeomL22/flashlog against beta-2024-12-08 for beta-1.84.0-4-retry
[INFO] running `Command { std: "git" "clone" "/workspace/cache/git-repos/https%3A%2F%2Fgithub.com%2FJunbeomL22%2Fflashlog" "/workspace/builds/worker-0-tc2/source", kill_on_drop: false }`
[INFO] [stderr] Cloning into '/workspace/builds/worker-0-tc2/source'...
[INFO] [stderr] done.
[INFO] validating manifest of git repo https://github.com/JunbeomL22/flashlog on toolchain beta-2024-12-08
[INFO] running `Command { std: CARGO_HOME="/workspace/cargo-home" RUSTUP_HOME="/workspace/rustup-home" "/workspace/cargo-home/bin/cargo" "+beta-2024-12-08" "metadata" "--manifest-path" "Cargo.toml" "--no-deps", kill_on_drop: false }`
[INFO] started tweaking git repo https://github.com/JunbeomL22/flashlog
[INFO] finished tweaking git repo https://github.com/JunbeomL22/flashlog
[INFO] tweaked toml for git repo https://github.com/JunbeomL22/flashlog written to /workspace/builds/worker-0-tc2/source/Cargo.toml
[INFO] crate git repo https://github.com/JunbeomL22/flashlog already has a lockfile, it will not be regenerated
[INFO] running `Command { std: CARGO_HOME="/workspace/cargo-home" RUSTUP_HOME="/workspace/rustup-home" "/workspace/cargo-home/bin/cargo" "+beta-2024-12-08" "fetch" "--manifest-path" "Cargo.toml", kill_on_drop: false }`
[INFO] [stderr] warning: unused manifest key: profile.release.members
[INFO] running `Command { std: "docker" "create" "-v" "/var/lib/crater-agent-workspace/builds/worker-0-tc2/target:/opt/rustwide/target:rw,Z" "-v" "/var/lib/crater-agent-workspace/builds/worker-0-tc2/source:/opt/rustwide/workdir:ro,Z" "-v" "/var/lib/crater-agent-workspace/cargo-home:/opt/rustwide/cargo-home:ro,Z" "-v" "/var/lib/crater-agent-workspace/rustup-home:/opt/rustwide/rustup-home:ro,Z" "-e" "SOURCE_DIR=/opt/rustwide/workdir" "-e" "CARGO_TARGET_DIR=/opt/rustwide/target" "-e" "CARGO_HOME=/opt/rustwide/cargo-home" "-e" "RUSTUP_HOME=/opt/rustwide/rustup-home" "-w" "/opt/rustwide/workdir" "-m" "1610612736" "--user" "0:0" "--network" "none" "ghcr.io/rust-lang/crates-build-env/linux@sha256:f3a9d4ad9d972b27faf3965f35b62e55ba32bbce8f20bc8fe909558a86702fde" "/opt/rustwide/cargo-home/bin/cargo" "+beta-2024-12-08" "metadata" "--no-deps" "--format-version=1", kill_on_drop: false }`
[INFO] [stdout] 37e44f80c24879545f56ef9488103156c28b189fe74a2d345d9c1337c9b6fe10
[INFO] running `Command { std: "docker" "start" "-a" "37e44f80c24879545f56ef9488103156c28b189fe74a2d345d9c1337c9b6fe10", kill_on_drop: false }`
[INFO] running `Command { std: "docker" "inspect" "37e44f80c24879545f56ef9488103156c28b189fe74a2d345d9c1337c9b6fe10", kill_on_drop: false }`
[INFO] running `Command { std: "docker" "rm" "-f" "37e44f80c24879545f56ef9488103156c28b189fe74a2d345d9c1337c9b6fe10", kill_on_drop: false }`
[INFO] [stdout] 37e44f80c24879545f56ef9488103156c28b189fe74a2d345d9c1337c9b6fe10
[INFO] running `Command { std: "docker" "create" "-v" "/var/lib/crater-agent-workspace/builds/worker-0-tc2/target:/opt/rustwide/target:rw,Z" "-v" "/var/lib/crater-agent-workspace/builds/worker-0-tc2/source:/opt/rustwide/workdir:ro,Z" "-v" "/var/lib/crater-agent-workspace/cargo-home:/opt/rustwide/cargo-home:ro,Z" "-v" "/var/lib/crater-agent-workspace/rustup-home:/opt/rustwide/rustup-home:ro,Z" "-e" "SOURCE_DIR=/opt/rustwide/workdir" "-e" "CARGO_TARGET_DIR=/opt/rustwide/target" "-e" "CARGO_INCREMENTAL=0" "-e" "RUST_BACKTRACE=full" "-e" "RUSTFLAGS=--cap-lints=warn" "-e" "RUSTDOCFLAGS=--cap-lints=warn" "-e" "CARGO_HOME=/opt/rustwide/cargo-home" "-e" "RUSTUP_HOME=/opt/rustwide/rustup-home" "-w" "/opt/rustwide/workdir" "-m" "1610612736" "--user" "0:0" "--network" "none" "ghcr.io/rust-lang/crates-build-env/linux@sha256:f3a9d4ad9d972b27faf3965f35b62e55ba32bbce8f20bc8fe909558a86702fde" "/opt/rustwide/cargo-home/bin/cargo" "+beta-2024-12-08" "build" "--frozen" "--message-format=json", kill_on_drop: false }`
[INFO] [stdout] 7db3e7d8a0462de61258c4ff8358facc47f08dd64295173592a0b60932a73648
[INFO] running `Command { std: "docker" "start" "-a" "7db3e7d8a0462de61258c4ff8358facc47f08dd64295173592a0b60932a73648", kill_on_drop: false }`
[INFO] [stderr] warning: unused manifest key: profile.release.members
[INFO] [stderr]    Compiling proc-macro2 v1.0.86
[INFO] [stderr]    Compiling unicode-ident v1.0.13
[INFO] [stderr]    Compiling siphasher v0.3.11
[INFO] [stderr]    Compiling regex-syntax v0.8.4
[INFO] [stderr]    Compiling serde v1.0.210
[INFO] [stderr]    Compiling rand_core v0.6.4
[INFO] [stderr]    Compiling libc v0.2.158
[INFO] [stderr]    Compiling autocfg v1.3.0
[INFO] [stderr]    Compiling crossbeam-utils v0.8.20
[INFO] [stderr]    Compiling serde_json v1.0.128
[INFO] [stderr]    Compiling itoa v1.0.11
[INFO] [stderr]    Compiling adler2 v2.0.0
[INFO] [stderr]    Compiling num-conv v0.1.0
[INFO] [stderr]    Compiling time-core v0.1.2
[INFO] [stderr]    Compiling bitflags v2.6.0
[INFO] [stderr]    Compiling iana-time-zone v0.1.60
[INFO] [stderr]    Compiling powerfmt v0.2.0
[INFO] [stderr]    Compiling miniz_oxide v0.8.0
[INFO] [stderr]    Compiling crc32fast v1.4.2
[INFO] [stderr]    Compiling once_cell v1.20.0
[INFO] [stderr]    Compiling num_threads v0.1.7
[INFO] [stderr]    Compiling phf_shared v0.11.2
[INFO] [stderr]    Compiling rand v0.8.5
[INFO] [stderr]    Compiling raw-cpuid v11.1.0
[INFO] [stderr]    Compiling time-macros v0.2.18
[INFO] [stderr]    Compiling ryu v1.0.18
[INFO] [stderr]    Compiling memchr v2.7.4
[INFO] [stderr]    Compiling lazy_static v1.5.0
[INFO] [stderr]    Compiling phf v0.11.2
[INFO] [stderr]    Compiling num-traits v0.2.19
[INFO] [stderr]    Compiling flate2 v1.0.35
[INFO] [stderr]    Compiling phf_generator v0.11.2
[INFO] [stderr]    Compiling phf_codegen v0.11.2
[INFO] [stderr]    Compiling crossbeam-channel v0.5.13
[INFO] [stderr]    Compiling quote v1.0.37
[INFO] [stderr]    Compiling syn v2.0.77
[INFO] [stderr]    Compiling num_cpus v1.16.0
[INFO] [stderr]    Compiling quanta v0.12.3
[INFO] [stderr]    Compiling regex-automata v0.4.7
[INFO] [stderr]    Compiling core_affinity v0.8.1
[INFO] [stderr]    Compiling serde_derive v1.0.210
[INFO] [stderr]    Compiling regex v1.10.6
[INFO] [stderr]    Compiling parse-zoneinfo v0.3.1
[INFO] [stderr]    Compiling chrono-tz-build v0.4.0
[INFO] [stderr]    Compiling chrono-tz v0.10.0
[INFO] [stderr]    Compiling deranged v0.3.11
[INFO] [stderr]    Compiling chrono v0.4.38
[INFO] [stderr]    Compiling time v0.3.36
[INFO] [stderr]    Compiling flashlog v0.2.4 (/opt/rustwide/workdir)
[INFO] [stdout] warning: use of deprecated struct `lazy_string::LazyString`: now the string interpolation in flash_xxx! macros is inherently lazy
[INFO] [stdout]   --> src/lazy_string.rs:11:6
[INFO] [stdout]    |
[INFO] [stdout] 11 | impl LazyString {
[INFO] [stdout]    |      ^^^^^^^^^^
[INFO] [stdout]    |
[INFO] [stdout]    = note: `#[warn(deprecated)]` on by default
[INFO] [stdout] 
[INFO] [stdout] 
[INFO] [stdout] warning: use of deprecated struct `lazy_string::LazyString`: now the string interpolation in flash_xxx! macros is inherently lazy
[INFO] [stdout]   --> src/lazy_string.rs:23:16
[INFO] [stdout]    |
[INFO] [stdout] 23 | impl Deref for LazyString {
[INFO] [stdout]    |                ^^^^^^^^^^
[INFO] [stdout] 
[INFO] [stdout] 
[INFO] [stdout] warning: use of deprecated struct `lazy_string::LazyString`: now the string interpolation in flash_xxx! macros is inherently lazy
[INFO] [stdout]   --> src/lazy_string.rs:31:20
[INFO] [stdout]    |
[INFO] [stdout] 31 | impl Serialize for LazyString {
[INFO] [stdout]    |                    ^^^^^^^^^^
[INFO] [stdout] 
[INFO] [stdout] 
[INFO] [stdout] warning: use of deprecated struct `lazy_string::LazyString`: now the string interpolation in flash_xxx! macros is inherently lazy
[INFO] [stdout]   --> src/lazy_string.rs:41:32
[INFO] [stdout]    |
[INFO] [stdout] 41 | impl<'de> Deserialize<'de> for LazyString {
[INFO] [stdout]    |                                ^^^^^^^^^^
[INFO] [stdout] 
[INFO] [stdout] 
[INFO] [stdout] warning: use of deprecated struct `lazy_string::LazyString`: now the string interpolation in flash_xxx! macros is inherently lazy
[INFO] [stdout]   --> src/lazy_string.rs:16:9
[INFO] [stdout]    |
[INFO] [stdout] 16 |         LazyString {
[INFO] [stdout]    |         ^^^^^^^^^^
[INFO] [stdout] 
[INFO] [stdout] 
[INFO] [stdout] warning: use of deprecated struct `lazy_string::LazyString`: now the string interpolation in flash_xxx! macros is inherently lazy
[INFO] [stdout]   --> src/lazy_string.rs:47:12
[INFO] [stdout]    |
[INFO] [stdout] 47 |         Ok(LazyString::new(move || s.clone()))
[INFO] [stdout]    |            ^^^^^^^^^^
[INFO] [stdout] 
[INFO] [stdout] 
[INFO] [stdout] warning: use of deprecated field `lazy_string::LazyString::cell`: now the string interpolation in flash_xxx! macros is inherently lazy
[INFO] [stdout]   --> src/lazy_string.rs:17:13
[INFO] [stdout]    |
[INFO] [stdout] 17 |             cell: OnceCell::new(),
[INFO] [stdout]    |             ^^^^^^^^^^^^^^^^^^^^^
[INFO] [stdout] 
[INFO] [stdout] 
[INFO] [stdout] warning: use of deprecated field `lazy_string::LazyString::initializer`: now the string interpolation in flash_xxx! macros is inherently lazy
[INFO] [stdout]   --> src/lazy_string.rs:18:13
[INFO] [stdout]    |
[INFO] [stdout] 18 |             initializer: Box::new(f),
[INFO] [stdout]    |             ^^^^^^^^^^^^^^^^^^^^^^^^
[INFO] [stdout] 
[INFO] [stdout] 
[INFO] [stdout] warning: use of deprecated field `lazy_string::LazyString::cell`: now the string interpolation in flash_xxx! macros is inherently lazy
[INFO] [stdout]   --> src/lazy_string.rs:27:9
[INFO] [stdout]    |
[INFO] [stdout] 27 |         self.cell.get_or_init(|| (self.initializer)())
[INFO] [stdout]    |         ^^^^^^^^^
[INFO] [stdout] 
[INFO] [stdout] 
[INFO] [stdout] warning: use of deprecated field `lazy_string::LazyString::initializer`: now the string interpolation in flash_xxx! macros is inherently lazy
[INFO] [stdout]   --> src/lazy_string.rs:27:34
[INFO] [stdout]    |
[INFO] [stdout] 27 |         self.cell.get_or_init(|| (self.initializer)())
[INFO] [stdout]    |                                  ^^^^^^^^^^^^^^^^^^
[INFO] [stdout] 
[INFO] [stdout] 
[INFO] [stderr]     Finished `dev` profile [unoptimized + debuginfo] target(s) in 29.31s
[INFO] running `Command { std: "docker" "inspect" "7db3e7d8a0462de61258c4ff8358facc47f08dd64295173592a0b60932a73648", kill_on_drop: false }`
[INFO] running `Command { std: "docker" "rm" "-f" "7db3e7d8a0462de61258c4ff8358facc47f08dd64295173592a0b60932a73648", kill_on_drop: false }`
[INFO] [stdout] 7db3e7d8a0462de61258c4ff8358facc47f08dd64295173592a0b60932a73648
[INFO] running `Command { std: "docker" "create" "-v" "/var/lib/crater-agent-workspace/builds/worker-0-tc2/target:/opt/rustwide/target:rw,Z" "-v" "/var/lib/crater-agent-workspace/builds/worker-0-tc2/source:/opt/rustwide/workdir:ro,Z" "-v" "/var/lib/crater-agent-workspace/cargo-home:/opt/rustwide/cargo-home:ro,Z" "-v" "/var/lib/crater-agent-workspace/rustup-home:/opt/rustwide/rustup-home:ro,Z" "-e" "SOURCE_DIR=/opt/rustwide/workdir" "-e" "CARGO_TARGET_DIR=/opt/rustwide/target" "-e" "CARGO_INCREMENTAL=0" "-e" "RUST_BACKTRACE=full" "-e" "RUSTFLAGS=--cap-lints=warn" "-e" "RUSTDOCFLAGS=--cap-lints=warn" "-e" "CARGO_HOME=/opt/rustwide/cargo-home" "-e" "RUSTUP_HOME=/opt/rustwide/rustup-home" "-w" "/opt/rustwide/workdir" "-m" "1610612736" "--user" "0:0" "--network" "none" "ghcr.io/rust-lang/crates-build-env/linux@sha256:f3a9d4ad9d972b27faf3965f35b62e55ba32bbce8f20bc8fe909558a86702fde" "/opt/rustwide/cargo-home/bin/cargo" "+beta-2024-12-08" "test" "--frozen" "--no-run" "--message-format=json", kill_on_drop: false }`
[INFO] [stdout] 475ac0eeb80aa3a0b853601709e3078e53fef3946172087e7273cb0f76b3504b
[INFO] running `Command { std: "docker" "start" "-a" "475ac0eeb80aa3a0b853601709e3078e53fef3946172087e7273cb0f76b3504b", kill_on_drop: false }`
[INFO] [stderr] warning: unused manifest key: profile.release.members
[INFO] [stderr]    Compiling either v1.13.0
[INFO] [stderr]    Compiling rayon-core v1.12.1
[INFO] [stderr]    Compiling num-traits v0.2.19
[INFO] [stderr]    Compiling half v2.4.1
[INFO] [stderr]    Compiling clap_lex v0.7.3
[INFO] [stderr]    Compiling plotters-backend v0.3.7
[INFO] [stderr]    Compiling ciborium-io v0.2.2
[INFO] [stderr]    Compiling regex-syntax v0.8.4
[INFO] [stderr]    Compiling crossbeam-epoch v0.9.18
[INFO] [stderr]    Compiling anstyle v1.0.10
[INFO] [stderr]    Compiling cast v0.3.0
[INFO] [stderr]    Compiling anyhow v1.0.89
[INFO] [stderr]    Compiling tinytemplate v1.2.1
[INFO] [stderr]    Compiling walkdir v2.5.0
[INFO] [stderr]    Compiling is-terminal v0.4.13
[INFO] [stderr]    Compiling oorandom v11.1.4
[INFO] [stderr]    Compiling anes v0.1.6
[INFO] [stderr]    Compiling itertools v0.10.5
[INFO] [stderr]    Compiling clap_builder v4.5.21
[INFO] [stderr]    Compiling ciborium-ll v0.2.2
[INFO] [stderr]    Compiling plotters-svg v0.3.7
[INFO] [stderr]    Compiling crossbeam-deque v0.8.5
[INFO] [stderr]    Compiling ciborium v0.2.2
[INFO] [stderr]    Compiling rayon v1.10.0
[INFO] [stderr]    Compiling regex-automata v0.4.7
[INFO] [stderr]    Compiling chrono v0.4.38
[INFO] [stderr]    Compiling plotters v0.3.7
[INFO] [stderr]    Compiling criterion-plot v0.5.0
[INFO] [stderr]    Compiling regex v1.10.6
[INFO] [stderr]    Compiling chrono-tz v0.10.0
[INFO] [stderr]    Compiling clap v4.5.21
[INFO] [stderr]    Compiling criterion v0.5.1
[INFO] [stderr]    Compiling flashlog v0.2.4 (/opt/rustwide/workdir)
[INFO] [stdout] warning: use of deprecated struct `lazy_string::LazyString`: now the string interpolation in flash_xxx! macros is inherently lazy
[INFO] [stdout]   --> src/lazy_string.rs:11:6
[INFO] [stdout]    |
[INFO] [stdout] 11 | impl LazyString {
[INFO] [stdout]    |      ^^^^^^^^^^
[INFO] [stdout]    |
[INFO] [stdout]    = note: `#[warn(deprecated)]` on by default
[INFO] [stdout] 
[INFO] [stdout] 
[INFO] [stdout] warning: use of deprecated struct `lazy_string::LazyString`: now the string interpolation in flash_xxx! macros is inherently lazy
[INFO] [stdout]   --> src/lazy_string.rs:23:16
[INFO] [stdout]    |
[INFO] [stdout] 23 | impl Deref for LazyString {
[INFO] [stdout]    |                ^^^^^^^^^^
[INFO] [stdout] 
[INFO] [stdout] 
[INFO] [stdout] warning: use of deprecated struct `lazy_string::LazyString`: now the string interpolation in flash_xxx! macros is inherently lazy
[INFO] [stdout]   --> src/lazy_string.rs:31:20
[INFO] [stdout]    |
[INFO] [stdout] 31 | impl Serialize for LazyString {
[INFO] [stdout]    |                    ^^^^^^^^^^
[INFO] [stdout] 
[INFO] [stdout] 
[INFO] [stdout] warning: use of deprecated struct `lazy_string::LazyString`: now the string interpolation in flash_xxx! macros is inherently lazy
[INFO] [stdout]   --> src/lazy_string.rs:41:32
[INFO] [stdout]    |
[INFO] [stdout] 41 | impl<'de> Deserialize<'de> for LazyString {
[INFO] [stdout]    |                                ^^^^^^^^^^
[INFO] [stdout] 
[INFO] [stdout] 
[INFO] [stdout] warning: use of deprecated struct `lazy_string::LazyString`: now the string interpolation in flash_xxx! macros is inherently lazy
[INFO] [stdout]   --> src/lazy_string.rs:16:9
[INFO] [stdout]    |
[INFO] [stdout] 16 |         LazyString {
[INFO] [stdout]    |         ^^^^^^^^^^
[INFO] [stdout] 
[INFO] [stdout] 
[INFO] [stdout] warning: use of deprecated struct `lazy_string::LazyString`: now the string interpolation in flash_xxx! macros is inherently lazy
[INFO] [stdout]   --> src/lazy_string.rs:47:12
[INFO] [stdout]    |
[INFO] [stdout] 47 |         Ok(LazyString::new(move || s.clone()))
[INFO] [stdout]    |            ^^^^^^^^^^
[INFO] [stdout] 
[INFO] [stdout] 
[INFO] [stdout] warning: use of deprecated field `lazy_string::LazyString::cell`: now the string interpolation in flash_xxx! macros is inherently lazy
[INFO] [stdout]   --> src/lazy_string.rs:17:13
[INFO] [stdout]    |
[INFO] [stdout] 17 |             cell: OnceCell::new(),
[INFO] [stdout]    |             ^^^^^^^^^^^^^^^^^^^^^
[INFO] [stdout] 
[INFO] [stdout] 
[INFO] [stdout] warning: use of deprecated field `lazy_string::LazyString::initializer`: now the string interpolation in flash_xxx! macros is inherently lazy
[INFO] [stdout]   --> src/lazy_string.rs:18:13
[INFO] [stdout]    |
[INFO] [stdout] 18 |             initializer: Box::new(f),
[INFO] [stdout]    |             ^^^^^^^^^^^^^^^^^^^^^^^^
[INFO] [stdout] 
[INFO] [stdout] 
[INFO] [stdout] warning: use of deprecated field `lazy_string::LazyString::cell`: now the string interpolation in flash_xxx! macros is inherently lazy
[INFO] [stdout]   --> src/lazy_string.rs:27:9
[INFO] [stdout]    |
[INFO] [stdout] 27 |         self.cell.get_or_init(|| (self.initializer)())
[INFO] [stdout]    |         ^^^^^^^^^
[INFO] [stdout] 
[INFO] [stdout] 
[INFO] [stdout] warning: use of deprecated field `lazy_string::LazyString::initializer`: now the string interpolation in flash_xxx! macros is inherently lazy
[INFO] [stdout]   --> src/lazy_string.rs:27:34
[INFO] [stdout]    |
[INFO] [stdout] 27 |         self.cell.get_or_init(|| (self.initializer)())
[INFO] [stdout]    |                                  ^^^^^^^^^^^^^^^^^^
[INFO] [stdout] 
[INFO] [stdout] 
[INFO] [stdout] warning: use of deprecated macro `info`: Use flashlog::flash_info! instead
[INFO] [stdout]    --> src/logger.rs:668:9
[INFO] [stdout]     |
[INFO] [stdout] 668 |         info!("warm up");
[INFO] [stdout]     |         ^^^^
[INFO] [stdout]     |
[INFO] [stdout]     = note: `#[warn(deprecated)]` on by default
[INFO] [stdout] 
[INFO] [stdout] 
[INFO] [stdout] warning: use of deprecated macro `info`: Use flashlog::flash_info! instead
[INFO] [stdout]    --> src/logger.rs:669:9
[INFO] [stdout]     |
[INFO] [stdout] 669 |         info!("warm up");
[INFO] [stdout]     |         ^^^^
[INFO] [stdout] 
[INFO] [stdout] 
[INFO] [stdout] warning: use of deprecated macro `info`: Use flashlog::flash_info! instead
[INFO] [stdout]    --> src/logger.rs:670:9
[INFO] [stdout]     |
[INFO] [stdout] 670 |         info!("warm up");
[INFO] [stdout]     |         ^^^^
[INFO] [stdout] 
[INFO] [stdout] 
[INFO] [stdout] warning: use of deprecated macro `flushing_log_info`: Use flashlog::flush! instead
[INFO] [stdout]    --> src/logger.rs:692:9
[INFO] [stdout]     |
[INFO] [stdout] 692 |         flushing_log_info!(
[INFO] [stdout]     |         ^^^^^^^^^^^^^^^^^
[INFO] [stdout] 
[INFO] [stdout] 
[INFO] [stdout] warning: use of deprecated macro `info`: Use flashlog::flash_info! instead
[INFO] [stdout]    --> src/logger.rs:678:13
[INFO] [stdout]     |
[INFO] [stdout] 678 |             info!("test");
[INFO] [stdout]     |             ^^^^
[INFO] [stdout] 
[INFO] [stdout] 
[INFO] [stdout] warning: use of deprecated struct `lazy_string::LazyString`: now the string interpolation in flash_xxx! macros is inherently lazy
[INFO] [stdout]   --> src/lazy_string.rs:11:6
[INFO] [stdout]    |
[INFO] [stdout] 11 | impl LazyString {
[INFO] [stdout]    |      ^^^^^^^^^^
[INFO] [stdout] 
[INFO] [stdout] 
[INFO] [stdout] warning: use of deprecated struct `lazy_string::LazyString`: now the string interpolation in flash_xxx! macros is inherently lazy
[INFO] [stdout]   --> src/lazy_string.rs:23:16
[INFO] [stdout]    |
[INFO] [stdout] 23 | impl Deref for LazyString {
[INFO] [stdout]    |                ^^^^^^^^^^
[INFO] [stdout] 
[INFO] [stdout] 
[INFO] [stdout] warning: use of deprecated struct `lazy_string::LazyString`: now the string interpolation in flash_xxx! macros is inherently lazy
[INFO] [stdout]   --> src/lazy_string.rs:31:20
[INFO] [stdout]    |
[INFO] [stdout] 31 | impl Serialize for LazyString {
[INFO] [stdout]    |                    ^^^^^^^^^^
[INFO] [stdout] 
[INFO] [stdout] 
[INFO] [stdout] warning: use of deprecated struct `lazy_string::LazyString`: now the string interpolation in flash_xxx! macros is inherently lazy
[INFO] [stdout]   --> src/lazy_string.rs:41:32
[INFO] [stdout]    |
[INFO] [stdout] 41 | impl<'de> Deserialize<'de> for LazyString {
[INFO] [stdout]    |                                ^^^^^^^^^^
[INFO] [stdout] 
[INFO] [stdout] 
[INFO] [stdout] warning: use of deprecated struct `lazy_string::LazyString`: now the string interpolation in flash_xxx! macros is inherently lazy
[INFO] [stdout]   --> src/lazy_string.rs:16:9
[INFO] [stdout]    |
[INFO] [stdout] 16 |         LazyString {
[INFO] [stdout]    |         ^^^^^^^^^^
[INFO] [stdout] 
[INFO] [stdout] 
[INFO] [stdout] warning: use of deprecated struct `lazy_string::LazyString`: now the string interpolation in flash_xxx! macros is inherently lazy
[INFO] [stdout]   --> src/lazy_string.rs:47:12
[INFO] [stdout]    |
[INFO] [stdout] 47 |         Ok(LazyString::new(move || s.clone()))
[INFO] [stdout]    |            ^^^^^^^^^^
[INFO] [stdout] 
[INFO] [stdout] 
[INFO] [stdout] warning: use of deprecated struct `lazy_string::LazyString`: now the string interpolation in flash_xxx! macros is inherently lazy
[INFO] [stdout]   --> src/lazy_string.rs:57:27
[INFO] [stdout]    |
[INFO] [stdout] 57 |         let lazy_string = LazyString::new(|| format!("{} {} {}", 1, 2, 3));
[INFO] [stdout]    |                           ^^^^^^^^^^
[INFO] [stdout] 
[INFO] [stdout] 
[INFO] [stdout] warning: use of deprecated field `lazy_string::LazyString::cell`: now the string interpolation in flash_xxx! macros is inherently lazy
[INFO] [stdout]   --> src/lazy_string.rs:17:13
[INFO] [stdout]    |
[INFO] [stdout] 17 |             cell: OnceCell::new(),
[INFO] [stdout]    |             ^^^^^^^^^^^^^^^^^^^^^
[INFO] [stdout] 
[INFO] [stdout] 
[INFO] [stdout] warning: use of deprecated field `lazy_string::LazyString::initializer`: now the string interpolation in flash_xxx! macros is inherently lazy
[INFO] [stdout]   --> src/lazy_string.rs:18:13
[INFO] [stdout]    |
[INFO] [stdout] 18 |             initializer: Box::new(f),
[INFO] [stdout]    |             ^^^^^^^^^^^^^^^^^^^^^^^^
[INFO] [stdout] 
[INFO] [stdout] 
[INFO] [stdout] warning: use of deprecated field `lazy_string::LazyString::cell`: now the string interpolation in flash_xxx! macros is inherently lazy
[INFO] [stdout]   --> src/lazy_string.rs:27:9
[INFO] [stdout]    |
[INFO] [stdout] 27 |         self.cell.get_or_init(|| (self.initializer)())
[INFO] [stdout]    |         ^^^^^^^^^
[INFO] [stdout] 
[INFO] [stdout] 
[INFO] [stdout] warning: use of deprecated field `lazy_string::LazyString::initializer`: now the string interpolation in flash_xxx! macros is inherently lazy
[INFO] [stdout]   --> src/lazy_string.rs:27:34
[INFO] [stdout]    |
[INFO] [stdout] 27 |         self.cell.get_or_init(|| (self.initializer)())
[INFO] [stdout]    |                                  ^^^^^^^^^^^^^^^^^^
[INFO] [stdout] 
[INFO] [stdout] 
[INFO] [stderr]     Finished `test` profile [unoptimized + debuginfo] target(s) in 24.34s
[INFO] running `Command { std: "docker" "inspect" "475ac0eeb80aa3a0b853601709e3078e53fef3946172087e7273cb0f76b3504b", kill_on_drop: false }`
[INFO] running `Command { std: "docker" "rm" "-f" "475ac0eeb80aa3a0b853601709e3078e53fef3946172087e7273cb0f76b3504b", kill_on_drop: false }`
[INFO] [stdout] 475ac0eeb80aa3a0b853601709e3078e53fef3946172087e7273cb0f76b3504b
[INFO] running `Command { std: "docker" "create" "-v" "/var/lib/crater-agent-workspace/builds/worker-0-tc2/target:/opt/rustwide/target:rw,Z" "-v" "/var/lib/crater-agent-workspace/builds/worker-0-tc2/source:/opt/rustwide/workdir:ro,Z" "-v" "/var/lib/crater-agent-workspace/cargo-home:/opt/rustwide/cargo-home:ro,Z" "-v" "/var/lib/crater-agent-workspace/rustup-home:/opt/rustwide/rustup-home:ro,Z" "-e" "SOURCE_DIR=/opt/rustwide/workdir" "-e" "CARGO_TARGET_DIR=/opt/rustwide/target" "-e" "CARGO_INCREMENTAL=0" "-e" "RUST_BACKTRACE=full" "-e" "RUSTFLAGS=--cap-lints=warn" "-e" "RUSTDOCFLAGS=--cap-lints=warn" "-e" "CARGO_HOME=/opt/rustwide/cargo-home" "-e" "RUSTUP_HOME=/opt/rustwide/rustup-home" "-w" "/opt/rustwide/workdir" "-m" "1610612736" "--user" "0:0" "--network" "none" "ghcr.io/rust-lang/crates-build-env/linux@sha256:f3a9d4ad9d972b27faf3965f35b62e55ba32bbce8f20bc8fe909558a86702fde" "/opt/rustwide/cargo-home/bin/cargo" "+beta-2024-12-08" "test" "--frozen", kill_on_drop: false }`
[INFO] [stdout] f7b21368dcabd855b208fe12fc66501b4f4564d512ab728bf2ab126952b482f5
[INFO] running `Command { std: "docker" "start" "-a" "f7b21368dcabd855b208fe12fc66501b4f4564d512ab728bf2ab126952b482f5", kill_on_drop: false }`
[INFO] [stderr] warning: unused manifest key: profile.release.members
[INFO] [stderr] warning: use of deprecated struct `lazy_string::LazyString`: now the string interpolation in flash_xxx! macros is inherently lazy
[INFO] [stderr]   --> src/lazy_string.rs:11:6
[INFO] [stderr]    |
[INFO] [stderr] 11 | impl LazyString {
[INFO] [stderr]    |      ^^^^^^^^^^
[INFO] [stderr]    |
[INFO] [stderr]    = note: `#[warn(deprecated)]` on by default
[INFO] [stderr] 
[INFO] [stderr] warning: use of deprecated struct `lazy_string::LazyString`: now the string interpolation in flash_xxx! macros is inherently lazy
[INFO] [stderr]   --> src/lazy_string.rs:23:16
[INFO] [stderr]    |
[INFO] [stderr] 23 | impl Deref for LazyString {
[INFO] [stderr]    |                ^^^^^^^^^^
[INFO] [stderr] 
[INFO] [stderr] warning: use of deprecated struct `lazy_string::LazyString`: now the string interpolation in flash_xxx! macros is inherently lazy
[INFO] [stderr]   --> src/lazy_string.rs:31:20
[INFO] [stderr]    |
[INFO] [stderr] 31 | impl Serialize for LazyString {
[INFO] [stderr]    |                    ^^^^^^^^^^
[INFO] [stderr] 
[INFO] [stderr] warning: use of deprecated struct `lazy_string::LazyString`: now the string interpolation in flash_xxx! macros is inherently lazy
[INFO] [stderr]   --> src/lazy_string.rs:41:32
[INFO] [stderr]    |
[INFO] [stderr] 41 | impl<'de> Deserialize<'de> for LazyString {
[INFO] [stderr]    |                                ^^^^^^^^^^
[INFO] [stderr] 
[INFO] [stderr] warning: use of deprecated struct `lazy_string::LazyString`: now the string interpolation in flash_xxx! macros is inherently lazy
[INFO] [stderr]   --> src/lazy_string.rs:16:9
[INFO] [stderr]    |
[INFO] [stderr] 16 |         LazyString {
[INFO] [stderr]    |         ^^^^^^^^^^
[INFO] [stderr] 
[INFO] [stderr] warning: use of deprecated struct `lazy_string::LazyString`: now the string interpolation in flash_xxx! macros is inherently lazy
[INFO] [stderr]   --> src/lazy_string.rs:47:12
[INFO] [stderr]    |
[INFO] [stderr] 47 |         Ok(LazyString::new(move || s.clone()))
[INFO] [stderr]    |            ^^^^^^^^^^
[INFO] [stderr] 
[INFO] [stderr] warning: use of deprecated field `lazy_string::LazyString::cell`: now the string interpolation in flash_xxx! macros is inherently lazy
[INFO] [stderr]   --> src/lazy_string.rs:17:13
[INFO] [stderr]    |
[INFO] [stderr] 17 |             cell: OnceCell::new(),
[INFO] [stderr]    |             ^^^^^^^^^^^^^^^^^^^^^
[INFO] [stderr] 
[INFO] [stderr] warning: use of deprecated field `lazy_string::LazyString::initializer`: now the string interpolation in flash_xxx! macros is inherently lazy
[INFO] [stderr]   --> src/lazy_string.rs:18:13
[INFO] [stderr]    |
[INFO] [stderr] 18 |             initializer: Box::new(f),
[INFO] [stderr]    |             ^^^^^^^^^^^^^^^^^^^^^^^^
[INFO] [stderr] 
[INFO] [stderr] warning: use of deprecated field `lazy_string::LazyString::cell`: now the string interpolation in flash_xxx! macros is inherently lazy
[INFO] [stderr]   --> src/lazy_string.rs:27:9
[INFO] [stderr]    |
[INFO] [stderr] 27 |         self.cell.get_or_init(|| (self.initializer)())
[INFO] [stderr]    |         ^^^^^^^^^
[INFO] [stderr] 
[INFO] [stderr] warning: use of deprecated field `lazy_string::LazyString::initializer`: now the string interpolation in flash_xxx! macros is inherently lazy
[INFO] [stderr]   --> src/lazy_string.rs:27:34
[INFO] [stderr]    |
[INFO] [stderr] 27 |         self.cell.get_or_init(|| (self.initializer)())
[INFO] [stderr]    |                                  ^^^^^^^^^^^^^^^^^^
[INFO] [stderr] 
[INFO] [stderr] warning: `flashlog` (lib) generated 10 warnings
[INFO] [stderr] warning: use of deprecated macro `info`: Use flashlog::flash_info! instead
[INFO] [stderr]    --> src/logger.rs:668:9
[INFO] [stderr]     |
[INFO] [stderr] 668 |         info!("warm up");
[INFO] [stderr]     |         ^^^^
[INFO] [stderr]     |
[INFO] [stderr]     = note: `#[warn(deprecated)]` on by default
[INFO] [stderr] 
[INFO] [stderr] warning: use of deprecated macro `info`: Use flashlog::flash_info! instead
[INFO] [stderr]    --> src/logger.rs:669:9
[INFO] [stderr]     |
[INFO] [stderr] 669 |         info!("warm up");
[INFO] [stderr]     |         ^^^^
[INFO] [stderr] 
[INFO] [stderr] warning: use of deprecated macro `info`: Use flashlog::flash_info! instead
[INFO] [stderr]    --> src/logger.rs:670:9
[INFO] [stderr]     |
[INFO] [stderr] 670 |         info!("warm up");
[INFO] [stderr]     |         ^^^^
[INFO] [stderr] 
[INFO] [stderr] warning: use of deprecated macro `flushing_log_info`: Use flashlog::flush! instead
[INFO] [stderr]    --> src/logger.rs:692:9
[INFO] [stderr]     |
[INFO] [stderr] 692 |         flushing_log_info!(
[INFO] [stderr]     |         ^^^^^^^^^^^^^^^^^
[INFO] [stderr] 
[INFO] [stderr] warning: use of deprecated macro `info`: Use flashlog::flash_info! instead
[INFO] [stderr]    --> src/logger.rs:678:13
[INFO] [stderr]     |
[INFO] [stderr] 678 |             info!("test");
[INFO] [stderr]     |             ^^^^
[INFO] [stderr] 
[INFO] [stderr] warning: use of deprecated struct `lazy_string::LazyString`: now the string interpolation in flash_xxx! macros is inherently lazy
[INFO] [stderr]   --> src/lazy_string.rs:11:6
[INFO] [stderr]    |
[INFO] [stderr] 11 | impl LazyString {
[INFO] [stderr]    |      ^^^^^^^^^^
[INFO] [stderr] 
[INFO] [stderr] warning: use of deprecated struct `lazy_string::LazyString`: now the string interpolation in flash_xxx! macros is inherently lazy
[INFO] [stderr]   --> src/lazy_string.rs:57:27
[INFO] [stderr]    |
[INFO] [stderr] 57 |         let lazy_string = LazyString::new(|| format!("{} {} {}", 1, 2, 3));
[INFO] [stderr]    |                           ^^^^^^^^^^
[INFO] [stderr] 
[INFO] [stderr] warning: `flashlog` (lib test) generated 16 warnings (9 duplicates)
[INFO] [stderr]     Finished `test` profile [unoptimized + debuginfo] target(s) in 0.11s
[INFO] [stderr]      Running unittests src/lib.rs (/opt/rustwide/target/debug/deps/flashlog-4a20acafc237f8d8)
[INFO] [stdout] 
[INFO] [stdout] running 5 tests
[INFO] [stdout] test lazy_string::tests::test_lazy_string ... ok
[INFO] [stdout] test logger::tests::test_logger ... ok
[INFO] [stdout] test timer::tests::test_get_unix_nano ... ok
[INFO] [stdout] test timer::tests::test_time_components_from_unix_nano ... ok
[INFO] [stdout] test logger_v2::tests::test_logger ... FAILED
[INFO] [stdout] 
[INFO] [stdout] failures:
[INFO] [stdout] 
[INFO] [stdout] ---- logger_v2::tests::test_logger stdout ----
[INFO] [stdout] thread 'logger_v2::tests::test_logger' panicked at src/logger_v2.rs:320:9:
[INFO] [stdout] called `Result::unwrap()` on an `Err` value: "Disconnected(..)"
[INFO] [stdout] stack backtrace:
[INFO] [stdout]    0:     0x6243b1cdd93a - std::backtrace_rs::backtrace::libunwind::trace::h8810477743020387
[INFO] [stdout]                                at /rustc/202008a1b8de96d2e5b6bc02d379db03a877d34d/library/std/src/../../backtrace/src/backtrace/libunwind.rs:116:5
[INFO] [stdout]    1:     0x6243b1cdd93a - std::backtrace_rs::backtrace::trace_unsynchronized::h3aa55355dd6c54a6
[INFO] [stdout]                                at /rustc/202008a1b8de96d2e5b6bc02d379db03a877d34d/library/std/src/../../backtrace/src/backtrace/mod.rs:66:5
[INFO] [stdout]    2:     0x6243b1cdd93a - std::sys::backtrace::_print_fmt::h8588b0f62410823f
[INFO] [stdout]                                at /rustc/202008a1b8de96d2e5b6bc02d379db03a877d34d/library/std/src/sys/backtrace.rs:66:9
[INFO] [stdout]    3:     0x6243b1cdd93a - <std::sys::backtrace::BacktraceLock::print::DisplayBacktrace as core::fmt::Display>::fmt::h98c26ac25ffe89bb
[INFO] [stdout]                                at /rustc/202008a1b8de96d2e5b6bc02d379db03a877d34d/library/std/src/sys/backtrace.rs:39:26
[INFO] [stdout]    4:     0x6243b1d03ea3 - core::fmt::rt::Argument::fmt::hf95377f4aebd453b
[INFO] [stdout]                                at /rustc/202008a1b8de96d2e5b6bc02d379db03a877d34d/library/core/src/fmt/rt.rs:177:76
[INFO] [stdout]    5:     0x6243b1d03ea3 - core::fmt::write::h0dd5f6e2238c7982
[INFO] [stdout]                                at /rustc/202008a1b8de96d2e5b6bc02d379db03a877d34d/library/core/src/fmt/mod.rs:1189:21
[INFO] [stdout]    6:     0x6243b1cda033 - std::io::Write::write_fmt::h03bb0ca26e6faf8c
[INFO] [stdout]                                at /rustc/202008a1b8de96d2e5b6bc02d379db03a877d34d/library/std/src/io/mod.rs:1884:15
[INFO] [stdout]    7:     0x6243b1cdd782 - std::sys::backtrace::BacktraceLock::print::h5c19c1c038ee186d
[INFO] [stdout]                                at /rustc/202008a1b8de96d2e5b6bc02d379db03a877d34d/library/std/src/sys/backtrace.rs:42:9
[INFO] [stdout]    8:     0x6243b1cdedbd - std::panicking::default_hook::{{closure}}::h77172f079a1fcb13
[INFO] [stdout]                                at /rustc/202008a1b8de96d2e5b6bc02d379db03a877d34d/library/std/src/panicking.rs:268:22
[INFO] [stdout]    9:     0x6243b1cdebc7 - std::panicking::default_hook::he5f8e3b203ccddba
[INFO] [stdout]                                at /rustc/202008a1b8de96d2e5b6bc02d379db03a877d34d/library/std/src/panicking.rs:292:9
[INFO] [stdout]   10:     0x6243b1c38da7 - <alloc::boxed::Box<F,A> as core::ops::function::Fn<Args>>::call::h7a3c7b4a1ae77f2f
[INFO] [stdout]                                at /rustc/202008a1b8de96d2e5b6bc02d379db03a877d34d/library/alloc/src/boxed.rs:1986:9
[INFO] [stdout]   11:     0x6243b1c38da7 - test::test_main::{{closure}}::hf0d3b69ae9b353d1
[INFO] [stdout]                                at /rustc/202008a1b8de96d2e5b6bc02d379db03a877d34d/library/test/src/lib.rs:134:21
[INFO] [stdout]   12:     0x6243b1cdf468 - <alloc::boxed::Box<F,A> as core::ops::function::Fn<Args>>::call::h6332e82e7b189abd
[INFO] [stdout]                                at /rustc/202008a1b8de96d2e5b6bc02d379db03a877d34d/library/alloc/src/boxed.rs:1986:9
[INFO] [stdout]   13:     0x6243b1cdf468 - std::panicking::rust_panic_with_hook::h53863d4e9018df39
[INFO] [stdout]                                at /rustc/202008a1b8de96d2e5b6bc02d379db03a877d34d/library/std/src/panicking.rs:809:13
[INFO] [stdout]   14:     0x6243b1cdf22a - std::panicking::begin_panic_handler::{{closure}}::h67280e6fa0757873
[INFO] [stdout]                                at /rustc/202008a1b8de96d2e5b6bc02d379db03a877d34d/library/std/src/panicking.rs:674:13
[INFO] [stdout]   15:     0x6243b1cdde19 - std::sys::backtrace::__rust_end_short_backtrace::h1dac3f54d6fbbeb2
[INFO] [stdout]                                at /rustc/202008a1b8de96d2e5b6bc02d379db03a877d34d/library/std/src/sys/backtrace.rs:170:18
[INFO] [stdout]   16:     0x6243b1cdeebc - rust_begin_unwind
[INFO] [stdout]                                at /rustc/202008a1b8de96d2e5b6bc02d379db03a877d34d/library/std/src/panicking.rs:665:5
[INFO] [stdout]   17:     0x6243b1b55260 - core::panicking::panic_fmt::h6792bd1b2bf01041
[INFO] [stdout]                                at /rustc/202008a1b8de96d2e5b6bc02d379db03a877d34d/library/core/src/panicking.rs:76:14
[INFO] [stdout]   18:     0x6243b1b556a6 - core::result::unwrap_failed::h05e0602ed34287c5
[INFO] [stdout]                                at /rustc/202008a1b8de96d2e5b6bc02d379db03a877d34d/library/core/src/result.rs:1699:5
[INFO] [stdout]   19:     0x6243b1b56e40 - core::result::Result<T,E>::unwrap::h8b57bc75484798d9
[INFO] [stdout]                                at /rustc/202008a1b8de96d2e5b6bc02d379db03a877d34d/library/core/src/result.rs:1104:23
[INFO] [stdout]   20:     0x6243b1b56e40 - flashlog::logger_v2::tests::test_logger::h097b9a8e9cc8d122
[INFO] [stdout]                                at /opt/rustwide/workdir/src/logger_v2.rs:222:13
[INFO] [stdout]   21:     0x6243b1b55e07 - flashlog::logger_v2::tests::test_logger::{{closure}}::hfb15945ab13ecae1
[INFO] [stdout]                                at /opt/rustwide/workdir/src/logger_v2.rs:310:25
[INFO] [stdout]   22:     0x6243b1baf246 - core::ops::function::FnOnce::call_once::h999ab8c31fa993e8
[INFO] [stdout]                                at /rustc/202008a1b8de96d2e5b6bc02d379db03a877d34d/library/core/src/ops/function.rs:250:5
[INFO] [stdout]   23:     0x6243b1c3d8cb - core::ops::function::FnOnce::call_once::h871bf86719ec9aa4
[INFO] [stdout]                                at /rustc/202008a1b8de96d2e5b6bc02d379db03a877d34d/library/core/src/ops/function.rs:250:5
[INFO] [stdout]   24:     0x6243b1c3d8cb - test::__rust_begin_short_backtrace::h2167df1e2b7d76fd
[INFO] [stdout]                                at /rustc/202008a1b8de96d2e5b6bc02d379db03a877d34d/library/test/src/lib.rs:632:18
[INFO] [stdout]   25:     0x6243b1c3d2b8 - test::run_test_in_process::{{closure}}::h15d92f75a3adfb79
[INFO] [stdout]                                at /rustc/202008a1b8de96d2e5b6bc02d379db03a877d34d/library/test/src/lib.rs:655:60
[INFO] [stdout]   26:     0x6243b1c3d2b8 - <core::panic::unwind_safe::AssertUnwindSafe<F> as core::ops::function::FnOnce<()>>::call_once::hb6c8955835a8dbbb
[INFO] [stdout]                                at /rustc/202008a1b8de96d2e5b6bc02d379db03a877d34d/library/core/src/panic/unwind_safe.rs:272:9
[INFO] [stdout]   27:     0x6243b1c3d2b8 - std::panicking::try::do_call::hc79d0fc888a0bd30
[INFO] [stdout]                                at /rustc/202008a1b8de96d2e5b6bc02d379db03a877d34d/library/std/src/panicking.rs:557:40
[INFO] [stdout]   28:     0x6243b1c3d2b8 - std::panicking::try::hb8a7878e3a8589d6
[INFO] [stdout]                                at /rustc/202008a1b8de96d2e5b6bc02d379db03a877d34d/library/std/src/panicking.rs:520:19
[INFO] [stdout]   29:     0x6243b1c3d2b8 - std::panic::catch_unwind::hb8e4600ff0ff5cfa
[INFO] [stdout]                                at /rustc/202008a1b8de96d2e5b6bc02d379db03a877d34d/library/std/src/panic.rs:358:14
[INFO] [stdout]   30:     0x6243b1c3d2b8 - test::run_test_in_process::hc2900b0b18688dd6
[INFO] [stdout]                                at /rustc/202008a1b8de96d2e5b6bc02d379db03a877d34d/library/test/src/lib.rs:655:27
[INFO] [stdout]   31:     0x6243b1c3d2b8 - test::run_test::{{closure}}::hac2a9cb07be3d48d
[INFO] [stdout]                                at /rustc/202008a1b8de96d2e5b6bc02d379db03a877d34d/library/test/src/lib.rs:576:43
[INFO] [stdout]   32:     0x6243b1c00d5a - test::run_test::{{closure}}::h4a5b729e66a38cd8
[INFO] [stdout]                                at /rustc/202008a1b8de96d2e5b6bc02d379db03a877d34d/library/test/src/lib.rs:606:41
[INFO] [stdout]   33:     0x6243b1c00d5a - std::sys::backtrace::__rust_begin_short_backtrace::h0496fb742492f573
[INFO] [stdout]                                at /rustc/202008a1b8de96d2e5b6bc02d379db03a877d34d/library/std/src/sys/backtrace.rs:154:18
[INFO] [stdout]   34:     0x6243b1c046d4 - std::thread::Builder::spawn_unchecked_::{{closure}}::{{closure}}::hbb6d257c550a54bd
[INFO] [stdout]                                at /rustc/202008a1b8de96d2e5b6bc02d379db03a877d34d/library/std/src/thread/mod.rs:561:17
[INFO] [stdout]   35:     0x6243b1c046d4 - <core::panic::unwind_safe::AssertUnwindSafe<F> as core::ops::function::FnOnce<()>>::call_once::h46696fe4a6832328
[INFO] [stdout]                                at /rustc/202008a1b8de96d2e5b6bc02d379db03a877d34d/library/core/src/panic/unwind_safe.rs:272:9
[INFO] [stdout]   36:     0x6243b1c046d4 - std::panicking::try::do_call::h2625a51b667bfb64
[INFO] [stdout]                                at /rustc/202008a1b8de96d2e5b6bc02d379db03a877d34d/library/std/src/panicking.rs:557:40
[INFO] [stdout]   37:     0x6243b1c046d4 - std::panicking::try::hb956a59a1973aa4c
[INFO] [stdout]                                at /rustc/202008a1b8de96d2e5b6bc02d379db03a877d34d/library/std/src/panicking.rs:520:19
[INFO] [stdout]   38:     0x6243b1c046d4 - std::panic::catch_unwind::h64f3b9d1067ef6a0
[INFO] [stdout]                                at /rustc/202008a1b8de96d2e5b6bc02d379db03a877d34d/library/std/src/panic.rs:358:14
[INFO] [stdout]   39:     0x6243b1c046d4 - std::thread::Builder::spawn_unchecked_::{{closure}}::h42b2841295b6c0b2
[INFO] [stdout]                                at /rustc/202008a1b8de96d2e5b6bc02d379db03a877d34d/library/std/src/thread/mod.rs:559:30
[INFO] [stdout]   40:     0x6243b1c046d4 - core::ops::function::FnOnce::call_once{{vtable.shim}}::h6127de71b8124639
[INFO] [stdout]                                at /rustc/202008a1b8de96d2e5b6bc02d379db03a877d34d/library/core/src/ops/function.rs:250:5
[INFO] [stdout]   41:     0x6243b1ce3bbb - <alloc::boxed::Box<F,A> as core::ops::function::FnOnce<Args>>::call_once::h42f0ba71002a1b2c
[INFO] [stdout]                                at /rustc/202008a1b8de96d2e5b6bc02d379db03a877d34d/library/alloc/src/boxed.rs:1972:9
[INFO] [stdout]   42:     0x6243b1ce3bbb - <alloc::boxed::Box<F,A> as core::ops::function::FnOnce<Args>>::call_once::had9e47d7a3dcecb8
[INFO] [stdout]                                at /rustc/202008a1b8de96d2e5b6bc02d379db03a877d34d/library/alloc/src/boxed.rs:1972:9
[INFO] [stdout]   43:     0x6243b1ce3bbb - std::sys::pal::unix::thread::Thread::new::thread_start::h48cf765408f6f5f2
[INFO] [stdout]                                at /rustc/202008a1b8de96d2e5b6bc02d379db03a877d34d/library/std/src/sys/pal/unix/thread.rs:105:17
[INFO] [stdout]   44:     0x76834a7e1ac3 - <unknown>
[INFO] [stdout]   45:     0x76834a872a04 - clone
[INFO] [stdout]   46:                0x0 - <unknown>
[INFO] [stdout] 
[INFO] [stdout] 
[INFO] [stdout] failures:
[INFO] [stdout]     logger_v2::tests::test_logger
[INFO] [stdout] 
[INFO] [stdout] test result: FAILED. 4 passed; 1 failed; 0 ignored; 0 measured; 0 filtered out; finished in 0.05s
[INFO] [stdout] 
[INFO] [stderr] error: test failed, to rerun pass `--lib`
[INFO] running `Command { std: "docker" "inspect" "f7b21368dcabd855b208fe12fc66501b4f4564d512ab728bf2ab126952b482f5", kill_on_drop: false }`
[INFO] running `Command { std: "docker" "rm" "-f" "f7b21368dcabd855b208fe12fc66501b4f4564d512ab728bf2ab126952b482f5", kill_on_drop: false }`
[INFO] [stdout] f7b21368dcabd855b208fe12fc66501b4f4564d512ab728bf2ab126952b482f5
