[INFO] cloning repository https://github.com/JonathanBrouwer/exhaustive
[INFO] running `Command { std: "git" "-c" "credential.helper=" "-c" "credential.helper=/workspace/cargo-home/bin/git-credential-null" "clone" "--bare" "https://github.com/JonathanBrouwer/exhaustive" "/workspace/cache/git-repos/https%3A%2F%2Fgithub.com%2FJonathanBrouwer%2Fexhaustive", kill_on_drop: false }`
[INFO] [stderr] Cloning into bare repository '/workspace/cache/git-repos/https%3A%2F%2Fgithub.com%2FJonathanBrouwer%2Fexhaustive'...
[INFO] running `Command { std: "git" "rev-parse" "HEAD", kill_on_drop: false }`
[INFO] [stdout] e6534e3804c25f38192b6ba5e9752e15bfaeeec8
[INFO] testing JonathanBrouwer/exhaustive against beta-2024-12-08 for beta-1.84.0-4-retry
[INFO] running `Command { std: "git" "clone" "/workspace/cache/git-repos/https%3A%2F%2Fgithub.com%2FJonathanBrouwer%2Fexhaustive" "/workspace/builds/worker-1-tc2/source", kill_on_drop: false }`
[INFO] [stderr] Cloning into '/workspace/builds/worker-1-tc2/source'...
[INFO] [stderr] done.
[INFO] validating manifest of git repo https://github.com/JonathanBrouwer/exhaustive on toolchain beta-2024-12-08
[INFO] running `Command { std: CARGO_HOME="/workspace/cargo-home" RUSTUP_HOME="/workspace/rustup-home" "/workspace/cargo-home/bin/cargo" "+beta-2024-12-08" "metadata" "--manifest-path" "Cargo.toml" "--no-deps", kill_on_drop: false }`
[INFO] started tweaking git repo https://github.com/JonathanBrouwer/exhaustive
[INFO] finished tweaking git repo https://github.com/JonathanBrouwer/exhaustive
[INFO] tweaked toml for git repo https://github.com/JonathanBrouwer/exhaustive written to /workspace/builds/worker-1-tc2/source/Cargo.toml
[INFO] running `Command { std: CARGO_HOME="/workspace/cargo-home" RUSTUP_HOME="/workspace/rustup-home" "/workspace/cargo-home/bin/cargo" "+beta-2024-12-08" "generate-lockfile" "--manifest-path" "Cargo.toml", kill_on_drop: false }`
[INFO] [stderr]     Updating crates.io index
[INFO] [stderr]      Locking 5 packages to latest compatible versions
[INFO] running `Command { std: CARGO_HOME="/workspace/cargo-home" RUSTUP_HOME="/workspace/rustup-home" "/workspace/cargo-home/bin/cargo" "+beta-2024-12-08" "fetch" "--manifest-path" "Cargo.toml", kill_on_drop: false }`
[INFO] running `Command { std: "docker" "create" "-v" "/var/lib/crater-agent-workspace/builds/worker-1-tc2/target:/opt/rustwide/target:rw,Z" "-v" "/var/lib/crater-agent-workspace/builds/worker-1-tc2/source:/opt/rustwide/workdir:ro,Z" "-v" "/var/lib/crater-agent-workspace/cargo-home:/opt/rustwide/cargo-home:ro,Z" "-v" "/var/lib/crater-agent-workspace/rustup-home:/opt/rustwide/rustup-home:ro,Z" "-e" "SOURCE_DIR=/opt/rustwide/workdir" "-e" "CARGO_TARGET_DIR=/opt/rustwide/target" "-e" "CARGO_HOME=/opt/rustwide/cargo-home" "-e" "RUSTUP_HOME=/opt/rustwide/rustup-home" "-w" "/opt/rustwide/workdir" "-m" "1610612736" "--user" "0:0" "--network" "none" "ghcr.io/rust-lang/crates-build-env/linux@sha256:f3a9d4ad9d972b27faf3965f35b62e55ba32bbce8f20bc8fe909558a86702fde" "/opt/rustwide/cargo-home/bin/cargo" "+beta-2024-12-08" "metadata" "--no-deps" "--format-version=1", kill_on_drop: false }`
[INFO] [stdout] 5e2791d2f4e05bf71df4c1f39d838fcc62cbcf85648f1982bbc7132503d93e90
[INFO] running `Command { std: "docker" "start" "-a" "5e2791d2f4e05bf71df4c1f39d838fcc62cbcf85648f1982bbc7132503d93e90", kill_on_drop: false }`
[INFO] running `Command { std: "docker" "inspect" "5e2791d2f4e05bf71df4c1f39d838fcc62cbcf85648f1982bbc7132503d93e90", kill_on_drop: false }`
[INFO] running `Command { std: "docker" "rm" "-f" "5e2791d2f4e05bf71df4c1f39d838fcc62cbcf85648f1982bbc7132503d93e90", kill_on_drop: false }`
[INFO] [stdout] 5e2791d2f4e05bf71df4c1f39d838fcc62cbcf85648f1982bbc7132503d93e90
[INFO] running `Command { std: "docker" "create" "-v" "/var/lib/crater-agent-workspace/builds/worker-1-tc2/target:/opt/rustwide/target:rw,Z" "-v" "/var/lib/crater-agent-workspace/builds/worker-1-tc2/source:/opt/rustwide/workdir:ro,Z" "-v" "/var/lib/crater-agent-workspace/cargo-home:/opt/rustwide/cargo-home:ro,Z" "-v" "/var/lib/crater-agent-workspace/rustup-home:/opt/rustwide/rustup-home:ro,Z" "-e" "SOURCE_DIR=/opt/rustwide/workdir" "-e" "CARGO_TARGET_DIR=/opt/rustwide/target" "-e" "CARGO_INCREMENTAL=0" "-e" "RUST_BACKTRACE=full" "-e" "RUSTFLAGS=--cap-lints=warn" "-e" "RUSTDOCFLAGS=--cap-lints=warn" "-e" "CARGO_HOME=/opt/rustwide/cargo-home" "-e" "RUSTUP_HOME=/opt/rustwide/rustup-home" "-w" "/opt/rustwide/workdir" "-m" "1610612736" "--user" "0:0" "--network" "none" "ghcr.io/rust-lang/crates-build-env/linux@sha256:f3a9d4ad9d972b27faf3965f35b62e55ba32bbce8f20bc8fe909558a86702fde" "/opt/rustwide/cargo-home/bin/cargo" "+beta-2024-12-08" "build" "--frozen" "--message-format=json", kill_on_drop: false }`
[INFO] [stdout] 9147d10f6337dc8e72681fecb405431384749c6cb61deb51d91103ff60e0b6cb
[INFO] running `Command { std: "docker" "start" "-a" "9147d10f6337dc8e72681fecb405431384749c6cb61deb51d91103ff60e0b6cb", kill_on_drop: false }`
[INFO] [stderr]    Compiling proc-macro2 v1.0.92
[INFO] [stderr]    Compiling quote v1.0.37
[INFO] [stderr]    Compiling syn v2.0.90
[INFO] [stderr]    Compiling exhaustive_macros v0.2.2 (/opt/rustwide/workdir/exhaustive_macros)
[INFO] [stderr]    Compiling exhaustive v0.2.2 (/opt/rustwide/workdir)
[INFO] [stderr]     Finished `dev` profile [unoptimized + debuginfo] target(s) in 8.08s
[INFO] running `Command { std: "docker" "inspect" "9147d10f6337dc8e72681fecb405431384749c6cb61deb51d91103ff60e0b6cb", kill_on_drop: false }`
[INFO] running `Command { std: "docker" "rm" "-f" "9147d10f6337dc8e72681fecb405431384749c6cb61deb51d91103ff60e0b6cb", kill_on_drop: false }`
[INFO] [stdout] 9147d10f6337dc8e72681fecb405431384749c6cb61deb51d91103ff60e0b6cb
[INFO] running `Command { std: "docker" "create" "-v" "/var/lib/crater-agent-workspace/builds/worker-1-tc2/target:/opt/rustwide/target:rw,Z" "-v" "/var/lib/crater-agent-workspace/builds/worker-1-tc2/source:/opt/rustwide/workdir:ro,Z" "-v" "/var/lib/crater-agent-workspace/cargo-home:/opt/rustwide/cargo-home:ro,Z" "-v" "/var/lib/crater-agent-workspace/rustup-home:/opt/rustwide/rustup-home:ro,Z" "-e" "SOURCE_DIR=/opt/rustwide/workdir" "-e" "CARGO_TARGET_DIR=/opt/rustwide/target" "-e" "CARGO_INCREMENTAL=0" "-e" "RUST_BACKTRACE=full" "-e" "RUSTFLAGS=--cap-lints=warn" "-e" "RUSTDOCFLAGS=--cap-lints=warn" "-e" "CARGO_HOME=/opt/rustwide/cargo-home" "-e" "RUSTUP_HOME=/opt/rustwide/rustup-home" "-w" "/opt/rustwide/workdir" "-m" "1610612736" "--user" "0:0" "--network" "none" "ghcr.io/rust-lang/crates-build-env/linux@sha256:f3a9d4ad9d972b27faf3965f35b62e55ba32bbce8f20bc8fe909558a86702fde" "/opt/rustwide/cargo-home/bin/cargo" "+beta-2024-12-08" "test" "--frozen" "--no-run" "--message-format=json", kill_on_drop: false }`
[INFO] [stdout] c119d1bbfb79cfa13f316bd004f8ecebc44119cc2e2b47e9b1b4803c0ed2606d
[INFO] running `Command { std: "docker" "start" "-a" "c119d1bbfb79cfa13f316bd004f8ecebc44119cc2e2b47e9b1b4803c0ed2606d", kill_on_drop: false }`
[INFO] [stderr]    Compiling exhaustive v0.2.2 (/opt/rustwide/workdir)
[INFO] [stderr]     Finished `test` profile [unoptimized + debuginfo] target(s) in 1.02s
[INFO] running `Command { std: "docker" "inspect" "c119d1bbfb79cfa13f316bd004f8ecebc44119cc2e2b47e9b1b4803c0ed2606d", kill_on_drop: false }`
[INFO] running `Command { std: "docker" "rm" "-f" "c119d1bbfb79cfa13f316bd004f8ecebc44119cc2e2b47e9b1b4803c0ed2606d", kill_on_drop: false }`
[INFO] [stdout] c119d1bbfb79cfa13f316bd004f8ecebc44119cc2e2b47e9b1b4803c0ed2606d
[INFO] running `Command { std: "docker" "create" "-v" "/var/lib/crater-agent-workspace/builds/worker-1-tc2/target:/opt/rustwide/target:rw,Z" "-v" "/var/lib/crater-agent-workspace/builds/worker-1-tc2/source:/opt/rustwide/workdir:ro,Z" "-v" "/var/lib/crater-agent-workspace/cargo-home:/opt/rustwide/cargo-home:ro,Z" "-v" "/var/lib/crater-agent-workspace/rustup-home:/opt/rustwide/rustup-home:ro,Z" "-e" "SOURCE_DIR=/opt/rustwide/workdir" "-e" "CARGO_TARGET_DIR=/opt/rustwide/target" "-e" "CARGO_INCREMENTAL=0" "-e" "RUST_BACKTRACE=full" "-e" "RUSTFLAGS=--cap-lints=warn" "-e" "RUSTDOCFLAGS=--cap-lints=warn" "-e" "CARGO_HOME=/opt/rustwide/cargo-home" "-e" "RUSTUP_HOME=/opt/rustwide/rustup-home" "-w" "/opt/rustwide/workdir" "-m" "1610612736" "--user" "0:0" "--network" "none" "ghcr.io/rust-lang/crates-build-env/linux@sha256:f3a9d4ad9d972b27faf3965f35b62e55ba32bbce8f20bc8fe909558a86702fde" "/opt/rustwide/cargo-home/bin/cargo" "+beta-2024-12-08" "test" "--frozen", kill_on_drop: false }`
[INFO] [stdout] f394a252e204f0356ec5b049ea319799a33212c5e8d737e5492cb17d2d468a21
[INFO] running `Command { std: "docker" "start" "-a" "f394a252e204f0356ec5b049ea319799a33212c5e8d737e5492cb17d2d468a21", kill_on_drop: false }`
[INFO] [stderr]     Finished `test` profile [unoptimized + debuginfo] target(s) in 0.03s
[INFO] [stderr]      Running unittests src/lib.rs (/opt/rustwide/target/debug/deps/exhaustive-9fc1ac6f1027ec97)
[INFO] [stdout] 
[INFO] [stdout] running 0 tests
[INFO] [stdout] 
[INFO] [stdout] test result: ok. 0 passed; 0 failed; 0 ignored; 0 measured; 0 filtered out; finished in 0.00s
[INFO] [stdout] 
[INFO] [stderr]      Running tests/tests.rs (/opt/rustwide/target/debug/deps/tests-f91fddd7fa255e1c)
[INFO] [stdout] 
[INFO] [stdout] running 4 tests
[INFO] [stdout] test test_vec_unit ... ok
[INFO] [stdout] test test_bool ... ok
[INFO] [stdout] test test_larger ... ok
[INFO] [stdout] test test_vec_bool ... ok
[INFO] [stdout] 
[INFO] [stdout] test result: ok. 4 passed; 0 failed; 0 ignored; 0 measured; 0 filtered out; finished in 0.02s
[INFO] [stdout] 
[INFO] [stderr]    Doc-tests exhaustive
[INFO] [stdout] 
[INFO] [stdout] running 5 tests
[INFO] [stdout] test src/lib.rs - (line 39) ... FAILED
[INFO] [stdout] test src/lib.rs - (line 62) ... FAILED
[INFO] [stdout] test src/lib.rs - (line 82) ... FAILED
[INFO] [stdout] test src/lib.rs - (line 68) ... FAILED
[INFO] [stdout] test src/lib.rs - (line 14) ... FAILED
[INFO] [stdout] 
[INFO] [stdout] failures:
[INFO] [stdout] 
[INFO] [stdout] ---- src/lib.rs - (line 39) stdout ----
[INFO] [stdout] error: expected statement after outer attribute
[INFO] [stdout]  --> src/lib.rs:41:1
[INFO] [stdout]   |
[INFO] [stdout] 5 | #[exhaustive_test(20)]
[INFO] [stdout]   | ^^^^^^^^^^^^^^^^^^^^^^
[INFO] [stdout] 
[INFO] [stdout] error: aborting due to 1 previous error
[INFO] [stdout] 
[INFO] [stdout] Couldn't compile the test.
[INFO] [stdout] ---- src/lib.rs - (line 62) stdout ----
[INFO] [stdout] error[E0412]: cannot find type `DataSourceTaker` in this scope
[INFO] [stdout]  --> src/lib.rs:64:25
[INFO] [stdout]   |
[INFO] [stdout] 4 |     fn generate(u: &mut DataSourceTaker) -> Result<Self>;
[INFO] [stdout]   |                         ^^^^^^^^^^^^^^^ not found in this scope
[INFO] [stdout]   |
[INFO] [stdout] help: consider importing this struct
[INFO] [stdout]   |
[INFO] [stdout] 2 + use exhaustive::DataSourceTaker;
[INFO] [stdout]   |
[INFO] [stdout] 
[INFO] [stdout] error[E0107]: enum takes 2 generic arguments but 1 generic argument was supplied
[INFO] [stdout]  --> src/lib.rs:64:45
[INFO] [stdout]   |
[INFO] [stdout] 4 |     fn generate(u: &mut DataSourceTaker) -> Result<Self>;
[INFO] [stdout]   |                                             ^^^^^^ ---- supplied 1 generic argument
[INFO] [stdout]   |                                             |
[INFO] [stdout]   |                                             expected 2 generic arguments
[INFO] [stdout]   |
[INFO] [stdout] help: add missing generic argument
[INFO] [stdout]   |
[INFO] [stdout] 4 |     fn generate(u: &mut DataSourceTaker) -> Result<Self, E>;
[INFO] [stdout]   |                                                        +++
[INFO] [stdout] 
[INFO] [stdout] error: aborting due to 2 previous errors
[INFO] [stdout] 
[INFO] [stdout] Some errors have detailed explanations: E0107, E0412.
[INFO] [stdout] For more information about an error, try `rustc --explain E0107`.
[INFO] [stdout] Couldn't compile the test.
[INFO] [stdout] ---- src/lib.rs - (line 82) stdout ----
[INFO] [stdout] error: free function without a body
[INFO] [stdout]  --> src/lib.rs:84:1
[INFO] [stdout]   |
[INFO] [stdout] 5 | fn iter_exhaustive(max_choices: Option<usize>) -> impl Iterator<Item=Self>;
[INFO] [stdout]   | ^^^^^^^^^^^^^^^^^^^^^^^^^^^^^^^^^^^^^^^^^^^^^^^^^^^^^^^^^^^^^^^^^^^^^^^^^^-
[INFO] [stdout]   |                                                                           |
[INFO] [stdout]   |                                                                           help: provide a definition for the function: `{ <body> }`
[INFO] [stdout] 
[INFO] [stdout] error[E0411]: cannot find type `Self` in this scope
[INFO] [stdout]  --> src/lib.rs:84:70
[INFO] [stdout]   |
[INFO] [stdout] 5 | fn iter_exhaustive(max_choices: Option<usize>) -> impl Iterator<Item=Self>;
[INFO] [stdout]   |    --------------- `Self` not allowed in a function                  ^^^^ `Self` is only available in impls, traits, and type definitions
[INFO] [stdout] 
[INFO] [stdout] error: aborting due to 2 previous errors
[INFO] [stdout] 
[INFO] [stdout] For more information about this error, try `rustc --explain E0411`.
[INFO] [stdout] Couldn't compile the test.
[INFO] [stdout] ---- src/lib.rs - (line 68) stdout ----
[INFO] [stdout] error: free function without a body
[INFO] [stdout]  --> src/lib.rs:69:1
[INFO] [stdout]   |
[INFO] [stdout] 3 | fn choice(&mut self, range: usize) -> Result<usize>;
[INFO] [stdout]   | ^^^^^^^^^^^^^^^^^^^^^^^^^^^^^^^^^^^^^^^^^^^^^^^^^^^-
[INFO] [stdout]   |                                                    |
[INFO] [stdout]   |                                                    help: provide a definition for the function: `{ <body> }`
[INFO] [stdout] 
[INFO] [stdout] error: `self` parameter is only allowed in associated functions
[INFO] [stdout]  --> src/lib.rs:69:11
[INFO] [stdout]   |
[INFO] [stdout] 3 | fn choice(&mut self, range: usize) -> Result<usize>;
[INFO] [stdout]   |           ^^^^^^^^^ not semantically valid as function parameter
[INFO] [stdout]   |
[INFO] [stdout]   = note: associated functions are those in `impl` or `trait` definitions
[INFO] [stdout] 
[INFO] [stdout] error: free function without a body
[INFO] [stdout]  --> src/lib.rs:70:1
[INFO] [stdout]   |
[INFO] [stdout] 4 | fn iter_of<T: Exhaustive>(&mut self) -> Result<DataSourceTakerIter<T>>;
[INFO] [stdout]   | ^^^^^^^^^^^^^^^^^^^^^^^^^^^^^^^^^^^^^^^^^^^^^^^^^^^^^^^^^^^^^^^^^^^^^^-
[INFO] [stdout]   |                                                                       |
[INFO] [stdout]   |                                                                       help: provide a definition for the function: `{ <body> }`
[INFO] [stdout] 
[INFO] [stdout] error: `self` parameter is only allowed in associated functions
[INFO] [stdout]  --> src/lib.rs:70:27
[INFO] [stdout]   |
[INFO] [stdout] 4 | fn iter_of<T: Exhaustive>(&mut self) -> Result<DataSourceTakerIter<T>>;
[INFO] [stdout]   |                           ^^^^^^^^^ not semantically valid as function parameter
[INFO] [stdout]   |
[INFO] [stdout]   = note: associated functions are those in `impl` or `trait` definitions
[INFO] [stdout] 
[INFO] [stdout] error[E0405]: cannot find trait `Exhaustive` in this scope
[INFO] [stdout]  --> src/lib.rs:70:15
[INFO] [stdout]   |
[INFO] [stdout] 4 | fn iter_of<T: Exhaustive>(&mut self) -> Result<DataSourceTakerIter<T>>;
[INFO] [stdout]   |               ^^^^^^^^^^ not found in this scope
[INFO] [stdout]   |
[INFO] [stdout] help: consider importing this trait
[INFO] [stdout]   |
[INFO] [stdout] 2 + use exhaustive::Exhaustive;
[INFO] [stdout]   |
[INFO] [stdout] 
[INFO] [stdout] error[E0412]: cannot find type `DataSourceTakerIter` in this scope
[INFO] [stdout]  --> src/lib.rs:70:48
[INFO] [stdout]   |
[INFO] [stdout] 4 | fn iter_of<T: Exhaustive>(&mut self) -> Result<DataSourceTakerIter<T>>;
[INFO] [stdout]   |                                                ^^^^^^^^^^^^^^^^^^^ not found in this scope
[INFO] [stdout]   |
[INFO] [stdout] help: consider importing this struct
[INFO] [stdout]   |
[INFO] [stdout] 2 + use exhaustive::DataSourceTakerIter;
[INFO] [stdout]   |
[INFO] [stdout] 
[INFO] [stdout] error[E0107]: enum takes 2 generic arguments but 1 generic argument was supplied
[INFO] [stdout]  --> src/lib.rs:69:39
[INFO] [stdout]   |
[INFO] [stdout] 3 | fn choice(&mut self, range: usize) -> Result<usize>;
[INFO] [stdout]   |                                       ^^^^^^ ----- supplied 1 generic argument
[INFO] [stdout]   |                                       |
[INFO] [stdout]   |                                       expected 2 generic arguments
[INFO] [stdout]   |
[INFO] [stdout] help: add missing generic argument
[INFO] [stdout]   |
[INFO] [stdout] 3 | fn choice(&mut self, range: usize) -> Result<usize, E>;
[INFO] [stdout]   |                                                   +++
[INFO] [stdout] 
[INFO] [stdout] error: aborting due to 7 previous errors
[INFO] [stdout] 
[INFO] [stdout] Some errors have detailed explanations: E0107, E0405, E0412.
[INFO] [stdout] For more information about an error, try `rustc --explain E0107`.
[INFO] [stdout] Couldn't compile the test.
[INFO] [stdout] ---- src/lib.rs - (line 14) stdout ----
[INFO] [stdout] error: cannot find attribute `exhaustive_test` in this scope
[INFO] [stdout]   --> src/lib.rs:21:3
[INFO] [stdout]    |
[INFO] [stdout] 10 | #[exhaustive_test]
[INFO] [stdout]    |   ^^^^^^^^^^^^^^^
[INFO] [stdout]    |
[INFO] [stdout] help: consider importing one of these attribute macros
[INFO] [stdout]    |
[INFO] [stdout] 2  + use exhaustive::exhaustive_test;
[INFO] [stdout]    |
[INFO] [stdout] 2  + use exhaustive_macros::exhaustive_test;
[INFO] [stdout]    |
[INFO] [stdout] 
[INFO] [stdout] error: cannot find derive macro `Exhaustive` in this scope
[INFO] [stdout]  --> src/lib.rs:18:17
[INFO] [stdout]   |
[INFO] [stdout] 7 | #[derive(Debug, Exhaustive)]
[INFO] [stdout]   |                 ^^^^^^^^^^
[INFO] [stdout]   |
[INFO] [stdout] help: consider importing one of these derive macros
[INFO] [stdout]   |
[INFO] [stdout] 2 + use exhaustive::Exhaustive;
[INFO] [stdout]   |
[INFO] [stdout] 2 + use exhaustive_macros::Exhaustive;
[INFO] [stdout]   |
[INFO] [stdout] 
[INFO] [stdout] error: cannot find derive macro `Exhaustive` in this scope
[INFO] [stdout]  --> src/lib.rs:16:17
[INFO] [stdout]   |
[INFO] [stdout] 5 | #[derive(Debug, Exhaustive)]
[INFO] [stdout]   |                 ^^^^^^^^^^
[INFO] [stdout]   |
[INFO] [stdout] help: consider importing one of these derive macros
[INFO] [stdout]   |
[INFO] [stdout] 2 + use exhaustive::Exhaustive;
[INFO] [stdout]   |
[INFO] [stdout] 2 + use exhaustive_macros::Exhaustive;
[INFO] [stdout]   |
[INFO] [stdout] 
[INFO] [stdout] error: aborting due to 3 previous errors
[INFO] [stdout] 
[INFO] [stdout] Couldn't compile the test.
[INFO] [stdout] 
[INFO] [stdout] failures:
[INFO] [stdout]     src/lib.rs - (line 14)
[INFO] [stdout]     src/lib.rs - (line 39)
[INFO] [stdout]     src/lib.rs - (line 62)
[INFO] [stdout]     src/lib.rs - (line 68)
[INFO] [stdout]     src/lib.rs - (line 82)
[INFO] [stdout] 
[INFO] [stdout] test result: FAILED. 0 passed; 5 failed; 0 ignored; 0 measured; 0 filtered out; finished in 0.29s
[INFO] [stdout] 
[INFO] [stderr] error: doctest failed, to rerun pass `--doc`
[INFO] running `Command { std: "docker" "inspect" "f394a252e204f0356ec5b049ea319799a33212c5e8d737e5492cb17d2d468a21", kill_on_drop: false }`
[INFO] running `Command { std: "docker" "rm" "-f" "f394a252e204f0356ec5b049ea319799a33212c5e8d737e5492cb17d2d468a21", kill_on_drop: false }`
[INFO] [stdout] f394a252e204f0356ec5b049ea319799a33212c5e8d737e5492cb17d2d468a21
