[INFO] cloning repository https://github.com/JonaLoeffler/aoc
[INFO] running `Command { std: "git" "-c" "credential.helper=" "-c" "credential.helper=/workspace/cargo-home/bin/git-credential-null" "clone" "--bare" "https://github.com/JonaLoeffler/aoc" "/workspace/cache/git-repos/https%3A%2F%2Fgithub.com%2FJonaLoeffler%2Faoc", kill_on_drop: false }`
[INFO] [stderr] Cloning into bare repository '/workspace/cache/git-repos/https%3A%2F%2Fgithub.com%2FJonaLoeffler%2Faoc'...
[INFO] running `Command { std: "git" "rev-parse" "HEAD", kill_on_drop: false }`
[INFO] [stdout] 61ac21cf9ab60c7581fe74be641dfc02f80e7fe0
[INFO] testing JonaLoeffler/aoc against beta-2024-12-08 for beta-1.84.0-4-retry
[INFO] running `Command { std: "git" "clone" "/workspace/cache/git-repos/https%3A%2F%2Fgithub.com%2FJonaLoeffler%2Faoc" "/workspace/builds/worker-3-tc2/source", kill_on_drop: false }`
[INFO] [stderr] Cloning into '/workspace/builds/worker-3-tc2/source'...
[INFO] [stderr] done.
[INFO] validating manifest of git repo https://github.com/JonaLoeffler/aoc on toolchain beta-2024-12-08
[INFO] running `Command { std: CARGO_HOME="/workspace/cargo-home" RUSTUP_HOME="/workspace/rustup-home" "/workspace/cargo-home/bin/cargo" "+beta-2024-12-08" "metadata" "--manifest-path" "Cargo.toml" "--no-deps", kill_on_drop: false }`
[INFO] removed /workspace/builds/worker-3-tc2/source/rust-toolchain
[INFO] started tweaking git repo https://github.com/JonaLoeffler/aoc
[INFO] finished tweaking git repo https://github.com/JonaLoeffler/aoc
[INFO] tweaked toml for git repo https://github.com/JonaLoeffler/aoc written to /workspace/builds/worker-3-tc2/source/Cargo.toml
[INFO] crate git repo https://github.com/JonaLoeffler/aoc already has a lockfile, it will not be regenerated
[INFO] running `Command { std: CARGO_HOME="/workspace/cargo-home" RUSTUP_HOME="/workspace/rustup-home" "/workspace/cargo-home/bin/cargo" "+beta-2024-12-08" "fetch" "--manifest-path" "Cargo.toml", kill_on_drop: false }`
[INFO] running `Command { std: "docker" "create" "-v" "/var/lib/crater-agent-workspace/builds/worker-3-tc2/target:/opt/rustwide/target:rw,Z" "-v" "/var/lib/crater-agent-workspace/builds/worker-3-tc2/source:/opt/rustwide/workdir:ro,Z" "-v" "/var/lib/crater-agent-workspace/cargo-home:/opt/rustwide/cargo-home:ro,Z" "-v" "/var/lib/crater-agent-workspace/rustup-home:/opt/rustwide/rustup-home:ro,Z" "-e" "SOURCE_DIR=/opt/rustwide/workdir" "-e" "CARGO_TARGET_DIR=/opt/rustwide/target" "-e" "CARGO_HOME=/opt/rustwide/cargo-home" "-e" "RUSTUP_HOME=/opt/rustwide/rustup-home" "-w" "/opt/rustwide/workdir" "-m" "1610612736" "--user" "0:0" "--network" "none" "ghcr.io/rust-lang/crates-build-env/linux@sha256:f3a9d4ad9d972b27faf3965f35b62e55ba32bbce8f20bc8fe909558a86702fde" "/opt/rustwide/cargo-home/bin/cargo" "+beta-2024-12-08" "metadata" "--no-deps" "--format-version=1", kill_on_drop: false }`
[INFO] [stdout] f6b401d0b0fe7090b6d43a794c2850a6fb7d725e083e8c966709cea21aaa4f96
[INFO] running `Command { std: "docker" "start" "-a" "f6b401d0b0fe7090b6d43a794c2850a6fb7d725e083e8c966709cea21aaa4f96", kill_on_drop: false }`
[INFO] running `Command { std: "docker" "inspect" "f6b401d0b0fe7090b6d43a794c2850a6fb7d725e083e8c966709cea21aaa4f96", kill_on_drop: false }`
[INFO] running `Command { std: "docker" "rm" "-f" "f6b401d0b0fe7090b6d43a794c2850a6fb7d725e083e8c966709cea21aaa4f96", kill_on_drop: false }`
[INFO] [stdout] f6b401d0b0fe7090b6d43a794c2850a6fb7d725e083e8c966709cea21aaa4f96
[INFO] running `Command { std: "docker" "create" "-v" "/var/lib/crater-agent-workspace/builds/worker-3-tc2/target:/opt/rustwide/target:rw,Z" "-v" "/var/lib/crater-agent-workspace/builds/worker-3-tc2/source:/opt/rustwide/workdir:ro,Z" "-v" "/var/lib/crater-agent-workspace/cargo-home:/opt/rustwide/cargo-home:ro,Z" "-v" "/var/lib/crater-agent-workspace/rustup-home:/opt/rustwide/rustup-home:ro,Z" "-e" "SOURCE_DIR=/opt/rustwide/workdir" "-e" "CARGO_TARGET_DIR=/opt/rustwide/target" "-e" "CARGO_INCREMENTAL=0" "-e" "RUST_BACKTRACE=full" "-e" "RUSTFLAGS=--cap-lints=warn" "-e" "RUSTDOCFLAGS=--cap-lints=warn" "-e" "CARGO_HOME=/opt/rustwide/cargo-home" "-e" "RUSTUP_HOME=/opt/rustwide/rustup-home" "-w" "/opt/rustwide/workdir" "-m" "1610612736" "--user" "0:0" "--network" "none" "ghcr.io/rust-lang/crates-build-env/linux@sha256:f3a9d4ad9d972b27faf3965f35b62e55ba32bbce8f20bc8fe909558a86702fde" "/opt/rustwide/cargo-home/bin/cargo" "+beta-2024-12-08" "build" "--frozen" "--message-format=json", kill_on_drop: false }`
[INFO] [stdout] 392362e3699fb2e5c6bc2116e23797cb25949bf1a7ab66b26a251de31b53087f
[INFO] running `Command { std: "docker" "start" "-a" "392362e3699fb2e5c6bc2116e23797cb25949bf1a7ab66b26a251de31b53087f", kill_on_drop: false }`
[INFO] [stderr]    Compiling autocfg v1.1.0
[INFO] [stderr]    Compiling proc-macro2 v1.0.70
[INFO] [stderr]    Compiling unicode-ident v1.0.12
[INFO] [stderr]    Compiling utf8parse v0.2.1
[INFO] [stderr]    Compiling anstyle-query v1.0.2
[INFO] [stderr]    Compiling anstyle v1.0.4
[INFO] [stderr]    Compiling colorchoice v1.0.0
[INFO] [stderr]    Compiling strsim v0.10.0
[INFO] [stderr]    Compiling anstyle-parse v0.2.3
[INFO] [stderr]    Compiling clap_lex v0.6.0
[INFO] [stderr]    Compiling equivalent v1.0.1
[INFO] [stderr]    Compiling hashbrown v0.14.3
[INFO] [stderr]    Compiling heck v0.4.1
[INFO] [stderr]    Compiling anstream v0.6.5
[INFO] [stderr]    Compiling fixedbitset v0.4.2
[INFO] [stderr]    Compiling either v1.9.0
[INFO] [stderr]    Compiling iana-time-zone v0.1.58
[INFO] [stderr]    Compiling num-traits v0.2.17
[INFO] [stderr]    Compiling num-integer v0.1.45
[INFO] [stderr]    Compiling num-bigint v0.4.4
[INFO] [stderr]    Compiling num-rational v0.4.1
[INFO] [stderr]    Compiling num-iter v0.1.43
[INFO] [stderr]    Compiling clap_builder v4.4.11
[INFO] [stderr]    Compiling itertools v0.12.0
[INFO] [stderr]    Compiling indexmap v2.1.0
[INFO] [stderr]    Compiling iter-progress v0.8.0
[INFO] [stderr]    Compiling quote v1.0.33
[INFO] [stderr]    Compiling syn v2.0.41
[INFO] [stderr]    Compiling petgraph v0.6.4
[INFO] [stderr]    Compiling num-complex v0.4.4
[INFO] [stderr]    Compiling chrono v0.4.31
[INFO] [stderr]    Compiling parse_int v0.6.0
[INFO] [stderr]    Compiling num v0.4.1
[INFO] [stderr]    Compiling clap_derive v4.4.7
[INFO] [stderr]    Compiling clap v4.4.11
[INFO] [stderr]    Compiling aoc v0.1.0 (/opt/rustwide/workdir)
[INFO] [stdout] warning: unreachable statement
[INFO] [stdout]    --> src/aoc2023/aoc21/mod.rs:134:17
[INFO] [stdout]     |
[INFO] [stdout] 132 |                 return *pattern.last().unwrap() as usize;
[INFO] [stdout]     |                 ---------------------------------------- any code following this expression is unreachable
[INFO] [stdout] 133 |
[INFO] [stdout] 134 |                 let remaining = (steps - step) / grid.len();
[INFO] [stdout]     |                 ^^^^^^^^^^^^^^^^^^^^^^^^^^^^^^^^^^^^^^^^^^^^ unreachable statement
[INFO] [stdout]     |
[INFO] [stdout]     = note: `#[warn(unreachable_code)]` on by default
[INFO] [stdout] 
[INFO] [stdout] 
[INFO] [stdout] warning: value assigned to `res` is never read
[INFO] [stdout]    --> src/aoc2023/aoc21/mod.rs:126:17
[INFO] [stdout]     |
[INFO] [stdout] 126 |                 res = res.windows(2).map(|w| w[1] - w[0]).collect();
[INFO] [stdout]     |                 ^^^
[INFO] [stdout]     |
[INFO] [stdout]     = help: maybe it is overwritten before being read?
[INFO] [stdout]     = note: `#[warn(unused_assignments)]` on by default
[INFO] [stdout] 
[INFO] [stdout] 
[INFO] [stdout] warning: function `remove_smudge` is never used
[INFO] [stdout]   --> src/aoc2023/aoc13/mod.rs:57:4
[INFO] [stdout]    |
[INFO] [stdout] 57 | fn remove_smudge() {
[INFO] [stdout]    |    ^^^^^^^^^^^^^
[INFO] [stdout]    |
[INFO] [stdout]    = note: `#[warn(dead_code)]` on by default
[INFO] [stdout] 
[INFO] [stdout] 
[INFO] [stderr]     Finished `dev` profile [unoptimized + debuginfo] target(s) in 35.32s
[INFO] running `Command { std: "docker" "inspect" "392362e3699fb2e5c6bc2116e23797cb25949bf1a7ab66b26a251de31b53087f", kill_on_drop: false }`
[INFO] running `Command { std: "docker" "rm" "-f" "392362e3699fb2e5c6bc2116e23797cb25949bf1a7ab66b26a251de31b53087f", kill_on_drop: false }`
[INFO] [stdout] 392362e3699fb2e5c6bc2116e23797cb25949bf1a7ab66b26a251de31b53087f
[INFO] running `Command { std: "docker" "create" "-v" "/var/lib/crater-agent-workspace/builds/worker-3-tc2/target:/opt/rustwide/target:rw,Z" "-v" "/var/lib/crater-agent-workspace/builds/worker-3-tc2/source:/opt/rustwide/workdir:ro,Z" "-v" "/var/lib/crater-agent-workspace/cargo-home:/opt/rustwide/cargo-home:ro,Z" "-v" "/var/lib/crater-agent-workspace/rustup-home:/opt/rustwide/rustup-home:ro,Z" "-e" "SOURCE_DIR=/opt/rustwide/workdir" "-e" "CARGO_TARGET_DIR=/opt/rustwide/target" "-e" "CARGO_INCREMENTAL=0" "-e" "RUST_BACKTRACE=full" "-e" "RUSTFLAGS=--cap-lints=warn" "-e" "RUSTDOCFLAGS=--cap-lints=warn" "-e" "CARGO_HOME=/opt/rustwide/cargo-home" "-e" "RUSTUP_HOME=/opt/rustwide/rustup-home" "-w" "/opt/rustwide/workdir" "-m" "1610612736" "--user" "0:0" "--network" "none" "ghcr.io/rust-lang/crates-build-env/linux@sha256:f3a9d4ad9d972b27faf3965f35b62e55ba32bbce8f20bc8fe909558a86702fde" "/opt/rustwide/cargo-home/bin/cargo" "+beta-2024-12-08" "test" "--frozen" "--no-run" "--message-format=json", kill_on_drop: false }`
[INFO] [stdout] 770263d1d0643b2365935a4df5a1f1eb2c6ffac2e76c85eec14d590a9cb41c60
[INFO] running `Command { std: "docker" "start" "-a" "770263d1d0643b2365935a4df5a1f1eb2c6ffac2e76c85eec14d590a9cb41c60", kill_on_drop: false }`
[INFO] [stderr]    Compiling aoc v0.1.0 (/opt/rustwide/workdir)
[INFO] [stdout] warning: unreachable statement
[INFO] [stdout]    --> src/aoc2023/aoc21/mod.rs:134:17
[INFO] [stdout]     |
[INFO] [stdout] 132 |                 return *pattern.last().unwrap() as usize;
[INFO] [stdout]     |                 ---------------------------------------- any code following this expression is unreachable
[INFO] [stdout] 133 |
[INFO] [stdout] 134 |                 let remaining = (steps - step) / grid.len();
[INFO] [stdout]     |                 ^^^^^^^^^^^^^^^^^^^^^^^^^^^^^^^^^^^^^^^^^^^^ unreachable statement
[INFO] [stdout]     |
[INFO] [stdout]     = note: `#[warn(unreachable_code)]` on by default
[INFO] [stdout] 
[INFO] [stdout] 
[INFO] [stdout] warning: value assigned to `res` is never read
[INFO] [stdout]    --> src/aoc2023/aoc21/mod.rs:126:17
[INFO] [stdout]     |
[INFO] [stdout] 126 |                 res = res.windows(2).map(|w| w[1] - w[0]).collect();
[INFO] [stdout]     |                 ^^^
[INFO] [stdout]     |
[INFO] [stdout]     = help: maybe it is overwritten before being read?
[INFO] [stdout]     = note: `#[warn(unused_assignments)]` on by default
[INFO] [stdout] 
[INFO] [stdout] 
[INFO] [stdout] warning: function `remove_smudge` is never used
[INFO] [stdout]   --> src/aoc2023/aoc13/mod.rs:57:4
[INFO] [stdout]    |
[INFO] [stdout] 57 | fn remove_smudge() {
[INFO] [stdout]    |    ^^^^^^^^^^^^^
[INFO] [stdout]    |
[INFO] [stdout]    = note: `#[warn(dead_code)]` on by default
[INFO] [stdout] 
[INFO] [stdout] 
[INFO] [stderr]     Finished `test` profile [unoptimized + debuginfo] target(s) in 2.62s
[INFO] running `Command { std: "docker" "inspect" "770263d1d0643b2365935a4df5a1f1eb2c6ffac2e76c85eec14d590a9cb41c60", kill_on_drop: false }`
[INFO] running `Command { std: "docker" "rm" "-f" "770263d1d0643b2365935a4df5a1f1eb2c6ffac2e76c85eec14d590a9cb41c60", kill_on_drop: false }`
[INFO] [stdout] 770263d1d0643b2365935a4df5a1f1eb2c6ffac2e76c85eec14d590a9cb41c60
[INFO] running `Command { std: "docker" "create" "-v" "/var/lib/crater-agent-workspace/builds/worker-3-tc2/target:/opt/rustwide/target:rw,Z" "-v" "/var/lib/crater-agent-workspace/builds/worker-3-tc2/source:/opt/rustwide/workdir:ro,Z" "-v" "/var/lib/crater-agent-workspace/cargo-home:/opt/rustwide/cargo-home:ro,Z" "-v" "/var/lib/crater-agent-workspace/rustup-home:/opt/rustwide/rustup-home:ro,Z" "-e" "SOURCE_DIR=/opt/rustwide/workdir" "-e" "CARGO_TARGET_DIR=/opt/rustwide/target" "-e" "CARGO_INCREMENTAL=0" "-e" "RUST_BACKTRACE=full" "-e" "RUSTFLAGS=--cap-lints=warn" "-e" "RUSTDOCFLAGS=--cap-lints=warn" "-e" "CARGO_HOME=/opt/rustwide/cargo-home" "-e" "RUSTUP_HOME=/opt/rustwide/rustup-home" "-w" "/opt/rustwide/workdir" "-m" "1610612736" "--user" "0:0" "--network" "none" "ghcr.io/rust-lang/crates-build-env/linux@sha256:f3a9d4ad9d972b27faf3965f35b62e55ba32bbce8f20bc8fe909558a86702fde" "/opt/rustwide/cargo-home/bin/cargo" "+beta-2024-12-08" "test" "--frozen", kill_on_drop: false }`
[INFO] [stdout] 81beb3b18713505b21c02cbf447e8ae370d9e7850e55fd509aff9bd40ada73d6
[INFO] running `Command { std: "docker" "start" "-a" "81beb3b18713505b21c02cbf447e8ae370d9e7850e55fd509aff9bd40ada73d6", kill_on_drop: false }`
[INFO] [stderr] warning: unreachable statement
[INFO] [stderr]    --> src/aoc2023/aoc21/mod.rs:134:17
[INFO] [stderr]     |
[INFO] [stderr] 132 |                 return *pattern.last().unwrap() as usize;
[INFO] [stderr]     |                 ---------------------------------------- any code following this expression is unreachable
[INFO] [stderr] 133 |
[INFO] [stderr] 134 |                 let remaining = (steps - step) / grid.len();
[INFO] [stderr]     |                 ^^^^^^^^^^^^^^^^^^^^^^^^^^^^^^^^^^^^^^^^^^^^ unreachable statement
[INFO] [stderr]     |
[INFO] [stderr]     = note: `#[warn(unreachable_code)]` on by default
[INFO] [stderr] 
[INFO] [stderr] warning: value assigned to `res` is never read
[INFO] [stderr]    --> src/aoc2023/aoc21/mod.rs:126:17
[INFO] [stderr]     |
[INFO] [stderr] 126 |                 res = res.windows(2).map(|w| w[1] - w[0]).collect();
[INFO] [stderr]     |                 ^^^
[INFO] [stderr]     |
[INFO] [stderr]     = help: maybe it is overwritten before being read?
[INFO] [stderr]     = note: `#[warn(unused_assignments)]` on by default
[INFO] [stderr] 
[INFO] [stderr] warning: function `remove_smudge` is never used
[INFO] [stderr]   --> src/aoc2023/aoc13/mod.rs:57:4
[INFO] [stderr]    |
[INFO] [stderr] 57 | fn remove_smudge() {
[INFO] [stderr]    |    ^^^^^^^^^^^^^
[INFO] [stderr]    |
[INFO] [stderr]    = note: `#[warn(dead_code)]` on by default
[INFO] [stderr] 
[INFO] [stderr] warning: `aoc` (bin "aoc" test) generated 3 warnings
[INFO] [stderr]     Finished `test` profile [unoptimized + debuginfo] target(s) in 0.08s
[INFO] [stderr]      Running unittests src/main.rs (/opt/rustwide/target/debug/deps/aoc-753298001e0992ad)
[INFO] [stdout] 
[INFO] [stdout] running 16 tests
[INFO] [stdout] test aoc2021::aoc01::tests::test_two ... ok
[INFO] [stdout] test aoc2021::aoc01::tests::test_one ... ok
[INFO] [stdout] test aoc2023::aoc10::tests::test_replace_outer ... ok
[INFO] [stdout] test aoc2021::aoc02::tests::test_one ... ok
[INFO] [stdout] test aoc2021::aoc02::tests::test_two ... ok
[INFO] [stdout] test aoc2023::aoc10::tests::test_fill_inner ... ok
[INFO] [stdout] test aoc2021::aoc03::tests::test_one ... ok
[INFO] [stdout] test aoc2023::aoc12::tests::test_both ... ok
[INFO] [stdout] test aoc2023::aoc12::tests::test_build_recursive ... ok
[INFO] [stdout] test aoc2023::aoc12::tests::test_fits_constraints ... ok
[INFO] [stdout] test aoc2023::aoc15::tests::test_hash ... ok
[INFO] [stdout] test aoc2023::aoc21::tests::test_clamp_to_size ... ok
[INFO] [stdout] test aoc2021::aoc04::tests::test_one ... ok
[INFO] [stdout] test aoc2021::aoc03::tests::test_two ... ok
[INFO] [stdout] test aoc2021::aoc04::tests::test_two ... ok
[INFO] [stdout] test aoc2023::aoc21::tests::test_two ... FAILED
[INFO] [stdout] 
[INFO] [stdout] failures:
[INFO] [stdout] 
[INFO] [stdout] ---- aoc2023::aoc21::tests::test_two stdout ----
[INFO] [stdout] [src/aoc2023/aoc21/mod.rs:87:13] &pattern = [
[INFO] [stdout]     2,
[INFO] [stdout] ]
[INFO] [stdout] [src/aoc2023/aoc21/mod.rs:90:13] &res = []
[INFO] [stdout] [src/aoc2023/aoc21/mod.rs:94:13] &res = []
[INFO] [stdout] [src/aoc2023/aoc21/mod.rs:98:13] &res = []
[INFO] [stdout] found zero in second diff 0:0
[INFO] [stdout] [src/aoc2023/aoc21/mod.rs:87:13] &pattern = [
[INFO] [stdout]     2,
[INFO] [stdout] ]
[INFO] [stdout] [src/aoc2023/aoc21/mod.rs:90:13] &res = []
[INFO] [stdout] [src/aoc2023/aoc21/mod.rs:94:13] &res = []
[INFO] [stdout] [src/aoc2023/aoc21/mod.rs:98:13] &res = []
[INFO] [stdout] found zero in second diff 0:0
[INFO] [stdout] [src/aoc2023/aoc21/mod.rs:87:13] &pattern = [
[INFO] [stdout]     2,
[INFO] [stdout] ]
[INFO] [stdout] [src/aoc2023/aoc21/mod.rs:90:13] &res = []
[INFO] [stdout] [src/aoc2023/aoc21/mod.rs:94:13] &res = []
[INFO] [stdout] [src/aoc2023/aoc21/mod.rs:98:13] &res = []
[INFO] [stdout] found zero in second diff 0:0
[INFO] [stdout] [src/aoc2023/aoc21/mod.rs:87:13] &pattern = [
[INFO] [stdout]     2,
[INFO] [stdout]     74,
[INFO] [stdout] ]
[INFO] [stdout] [src/aoc2023/aoc21/mod.rs:90:13] &res = [
[INFO] [stdout]     72,
[INFO] [stdout] ]
[INFO] [stdout] [src/aoc2023/aoc21/mod.rs:94:13] &res = []
[INFO] [stdout] [src/aoc2023/aoc21/mod.rs:98:13] &res = []
[INFO] [stdout] found zero in second diff 0:0
[INFO] [stdout] [src/aoc2023/aoc21/mod.rs:87:13] &pattern = [
[INFO] [stdout]     2,
[INFO] [stdout]     74,
[INFO] [stdout]     294,
[INFO] [stdout] ]
[INFO] [stdout] [src/aoc2023/aoc21/mod.rs:90:13] &res = [
[INFO] [stdout]     72,
[INFO] [stdout]     220,
[INFO] [stdout] ]
[INFO] [stdout] [src/aoc2023/aoc21/mod.rs:94:13] &res = [
[INFO] [stdout]     148,
[INFO] [stdout] ]
[INFO] [stdout] [src/aoc2023/aoc21/mod.rs:98:13] &res = []
[INFO] [stdout] found zero in second diff 0:0
[INFO] [stdout] [src/aoc2023/aoc21/mod.rs:87:13] &pattern = [
[INFO] [stdout]     2,
[INFO] [stdout]     74,
[INFO] [stdout]     294,
[INFO] [stdout]     689,
[INFO] [stdout] ]
[INFO] [stdout] [src/aoc2023/aoc21/mod.rs:90:13] &res = [
[INFO] [stdout]     72,
[INFO] [stdout]     220,
[INFO] [stdout]     395,
[INFO] [stdout] ]
[INFO] [stdout] [src/aoc2023/aoc21/mod.rs:94:13] &res = [
[INFO] [stdout]     148,
[INFO] [stdout]     175,
[INFO] [stdout] ]
[INFO] [stdout] [src/aoc2023/aoc21/mod.rs:98:13] &res = [
[INFO] [stdout]     27,
[INFO] [stdout] ]
[INFO] [stdout] found zero in second diff 0:1
[INFO] [stdout] [src/aoc2023/aoc21/mod.rs:87:13] &pattern = [
[INFO] [stdout]     2,
[INFO] [stdout]     74,
[INFO] [stdout]     294,
[INFO] [stdout]     689,
[INFO] [stdout]     1256,
[INFO] [stdout] ]
[INFO] [stdout] [src/aoc2023/aoc21/mod.rs:90:13] &res = [
[INFO] [stdout]     72,
[INFO] [stdout]     220,
[INFO] [stdout]     395,
[INFO] [stdout]     567,
[INFO] [stdout] ]
[INFO] [stdout] [src/aoc2023/aoc21/mod.rs:94:13] &res = [
[INFO] [stdout]     148,
[INFO] [stdout]     175,
[INFO] [stdout]     172,
[INFO] [stdout] ]
[INFO] [stdout] [src/aoc2023/aoc21/mod.rs:98:13] &res = [
[INFO] [stdout]     27,
[INFO] [stdout]     -3,
[INFO] [stdout] ]
[INFO] [stdout] found zero in second diff 0:2
[INFO] [stdout] [src/aoc2023/aoc21/mod.rs:87:13] &pattern = [
[INFO] [stdout]     2,
[INFO] [stdout] ]
[INFO] [stdout] [src/aoc2023/aoc21/mod.rs:90:13] &res = []
[INFO] [stdout] [src/aoc2023/aoc21/mod.rs:94:13] &res = []
[INFO] [stdout] [src/aoc2023/aoc21/mod.rs:98:13] &res = []
[INFO] [stdout] found zero in second diff 0:0
[INFO] [stdout] [src/aoc2023/aoc21/mod.rs:87:13] &pattern = [
[INFO] [stdout]     2,
[INFO] [stdout]     74,
[INFO] [stdout] ]
[INFO] [stdout] [src/aoc2023/aoc21/mod.rs:90:13] &res = [
[INFO] [stdout]     72,
[INFO] [stdout] ]
[INFO] [stdout] [src/aoc2023/aoc21/mod.rs:94:13] &res = []
[INFO] [stdout] [src/aoc2023/aoc21/mod.rs:98:13] &res = []
[INFO] [stdout] found zero in second diff 0:0
[INFO] [stdout] [src/aoc2023/aoc21/mod.rs:87:13] &pattern = [
[INFO] [stdout]     2,
[INFO] [stdout]     74,
[INFO] [stdout]     294,
[INFO] [stdout] ]
[INFO] [stdout] [src/aoc2023/aoc21/mod.rs:90:13] &res = [
[INFO] [stdout]     72,
[INFO] [stdout]     220,
[INFO] [stdout] ]
[INFO] [stdout] [src/aoc2023/aoc21/mod.rs:94:13] &res = [
[INFO] [stdout]     148,
[INFO] [stdout] ]
[INFO] [stdout] [src/aoc2023/aoc21/mod.rs:98:13] &res = []
[INFO] [stdout] found zero in second diff 0:0
[INFO] [stdout] [src/aoc2023/aoc21/mod.rs:87:13] &pattern = [
[INFO] [stdout]     2,
[INFO] [stdout]     74,
[INFO] [stdout]     294,
[INFO] [stdout]     689,
[INFO] [stdout] ]
[INFO] [stdout] [src/aoc2023/aoc21/mod.rs:90:13] &res = [
[INFO] [stdout]     72,
[INFO] [stdout]     220,
[INFO] [stdout]     395,
[INFO] [stdout] ]
[INFO] [stdout] [src/aoc2023/aoc21/mod.rs:94:13] &res = [
[INFO] [stdout]     148,
[INFO] [stdout]     175,
[INFO] [stdout] ]
[INFO] [stdout] [src/aoc2023/aoc21/mod.rs:98:13] &res = [
[INFO] [stdout]     27,
[INFO] [stdout] ]
[INFO] [stdout] found zero in second diff 0:1
[INFO] [stdout] [src/aoc2023/aoc21/mod.rs:87:13] &pattern = [
[INFO] [stdout]     2,
[INFO] [stdout]     74,
[INFO] [stdout]     294,
[INFO] [stdout]     689,
[INFO] [stdout]     1256,
[INFO] [stdout] ]
[INFO] [stdout] [src/aoc2023/aoc21/mod.rs:90:13] &res = [
[INFO] [stdout]     72,
[INFO] [stdout]     220,
[INFO] [stdout]     395,
[INFO] [stdout]     567,
[INFO] [stdout] ]
[INFO] [stdout] [src/aoc2023/aoc21/mod.rs:94:13] &res = [
[INFO] [stdout]     148,
[INFO] [stdout]     175,
[INFO] [stdout]     172,
[INFO] [stdout] ]
[INFO] [stdout] [src/aoc2023/aoc21/mod.rs:98:13] &res = [
[INFO] [stdout]     27,
[INFO] [stdout]     -3,
[INFO] [stdout] ]
[INFO] [stdout] found zero in second diff 0:2
[INFO] [stdout] [src/aoc2023/aoc21/mod.rs:87:13] &pattern = [
[INFO] [stdout]     2,
[INFO] [stdout]     74,
[INFO] [stdout]     294,
[INFO] [stdout]     689,
[INFO] [stdout]     1256,
[INFO] [stdout]     1988,
[INFO] [stdout] ]
[INFO] [stdout] [src/aoc2023/aoc21/mod.rs:90:13] &res = [
[INFO] [stdout]     72,
[INFO] [stdout]     220,
[INFO] [stdout]     395,
[INFO] [stdout]     567,
[INFO] [stdout]     732,
[INFO] [stdout] ]
[INFO] [stdout] [src/aoc2023/aoc21/mod.rs:94:13] &res = [
[INFO] [stdout]     148,
[INFO] [stdout]     175,
[INFO] [stdout]     172,
[INFO] [stdout]     165,
[INFO] [stdout] ]
[INFO] [stdout] [src/aoc2023/aoc21/mod.rs:98:13] &res = [
[INFO] [stdout]     27,
[INFO] [stdout]     -3,
[INFO] [stdout]     -7,
[INFO] [stdout] ]
[INFO] [stdout] found zero in second diff 0:3
[INFO] [stdout] [src/aoc2023/aoc21/mod.rs:87:13] &pattern = [
[INFO] [stdout]     2,
[INFO] [stdout]     74,
[INFO] [stdout]     294,
[INFO] [stdout]     689,
[INFO] [stdout]     1256,
[INFO] [stdout]     1988,
[INFO] [stdout]     2882,
[INFO] [stdout] ]
[INFO] [stdout] [src/aoc2023/aoc21/mod.rs:90:13] &res = [
[INFO] [stdout]     72,
[INFO] [stdout]     220,
[INFO] [stdout]     395,
[INFO] [stdout]     567,
[INFO] [stdout]     732,
[INFO] [stdout]     894,
[INFO] [stdout] ]
[INFO] [stdout] [src/aoc2023/aoc21/mod.rs:94:13] &res = [
[INFO] [stdout]     148,
[INFO] [stdout]     175,
[INFO] [stdout]     172,
[INFO] [stdout]     165,
[INFO] [stdout]     162,
[INFO] [stdout] ]
[INFO] [stdout] [src/aoc2023/aoc21/mod.rs:98:13] &res = [
[INFO] [stdout]     27,
[INFO] [stdout]     -3,
[INFO] [stdout]     -7,
[INFO] [stdout]     -3,
[INFO] [stdout] ]
[INFO] [stdout] found zero in second diff 0:4
[INFO] [stdout] [src/aoc2023/aoc21/mod.rs:87:13] &pattern = [
[INFO] [stdout]     2,
[INFO] [stdout]     74,
[INFO] [stdout]     294,
[INFO] [stdout]     689,
[INFO] [stdout]     1256,
[INFO] [stdout]     1988,
[INFO] [stdout]     2882,
[INFO] [stdout]     3938,
[INFO] [stdout] ]
[INFO] [stdout] [src/aoc2023/aoc21/mod.rs:90:13] &res = [
[INFO] [stdout]     72,
[INFO] [stdout]     220,
[INFO] [stdout]     395,
[INFO] [stdout]     567,
[INFO] [stdout]     732,
[INFO] [stdout]     894,
[INFO] [stdout]     1056,
[INFO] [stdout] ]
[INFO] [stdout] [src/aoc2023/aoc21/mod.rs:94:13] &res = [
[INFO] [stdout]     148,
[INFO] [stdout]     175,
[INFO] [stdout]     172,
[INFO] [stdout]     165,
[INFO] [stdout]     162,
[INFO] [stdout]     162,
[INFO] [stdout] ]
[INFO] [stdout] [src/aoc2023/aoc21/mod.rs:98:13] &res = [
[INFO] [stdout]     27,
[INFO] [stdout]     -3,
[INFO] [stdout]     -7,
[INFO] [stdout]     -3,
[INFO] [stdout]     0,
[INFO] [stdout] ]
[INFO] [stdout] found zero in second diff 1:4
[INFO] [stdout] thread 'aoc2023::aoc21::tests::test_two' panicked at src/aoc2023/aoc21/mod.rs:162:9:
[INFO] [stdout] assertion `left == right` failed
[INFO] [stdout]   left: 6536
[INFO] [stdout]  right: 3938
[INFO] [stdout] stack backtrace:
[INFO] [stdout]    0:     0x5b5dd4d83bea - std::backtrace_rs::backtrace::libunwind::trace::h8810477743020387
[INFO] [stdout]                                at /rustc/202008a1b8de96d2e5b6bc02d379db03a877d34d/library/std/src/../../backtrace/src/backtrace/libunwind.rs:116:5
[INFO] [stdout]    1:     0x5b5dd4d83bea - std::backtrace_rs::backtrace::trace_unsynchronized::h3aa55355dd6c54a6
[INFO] [stdout]                                at /rustc/202008a1b8de96d2e5b6bc02d379db03a877d34d/library/std/src/../../backtrace/src/backtrace/mod.rs:66:5
[INFO] [stdout]    2:     0x5b5dd4d83bea - std::sys::backtrace::_print_fmt::h8588b0f62410823f
[INFO] [stdout]                                at /rustc/202008a1b8de96d2e5b6bc02d379db03a877d34d/library/std/src/sys/backtrace.rs:66:9
[INFO] [stdout]    3:     0x5b5dd4d83bea - <std::sys::backtrace::BacktraceLock::print::DisplayBacktrace as core::fmt::Display>::fmt::h98c26ac25ffe89bb
[INFO] [stdout]                                at /rustc/202008a1b8de96d2e5b6bc02d379db03a877d34d/library/std/src/sys/backtrace.rs:39:26
[INFO] [stdout]    4:     0x5b5dd4daa1c3 - core::fmt::rt::Argument::fmt::hf95377f4aebd453b
[INFO] [stdout]                                at /rustc/202008a1b8de96d2e5b6bc02d379db03a877d34d/library/core/src/fmt/rt.rs:177:76
[INFO] [stdout]    5:     0x5b5dd4daa1c3 - core::fmt::write::h0dd5f6e2238c7982
[INFO] [stdout]                                at /rustc/202008a1b8de96d2e5b6bc02d379db03a877d34d/library/core/src/fmt/mod.rs:1189:21
[INFO] [stdout]    6:     0x5b5dd4d80d83 - std::io::Write::write_fmt::h03bb0ca26e6faf8c
[INFO] [stdout]                                at /rustc/202008a1b8de96d2e5b6bc02d379db03a877d34d/library/std/src/io/mod.rs:1884:15
[INFO] [stdout]    7:     0x5b5dd4d83a32 - std::sys::backtrace::BacktraceLock::print::h5c19c1c038ee186d
[INFO] [stdout]                                at /rustc/202008a1b8de96d2e5b6bc02d379db03a877d34d/library/std/src/sys/backtrace.rs:42:9
[INFO] [stdout]    8:     0x5b5dd4d8506d - std::panicking::default_hook::{{closure}}::h77172f079a1fcb13
[INFO] [stdout]                                at /rustc/202008a1b8de96d2e5b6bc02d379db03a877d34d/library/std/src/panicking.rs:268:22
[INFO] [stdout]    9:     0x5b5dd4d84e77 - std::panicking::default_hook::he5f8e3b203ccddba
[INFO] [stdout]                                at /rustc/202008a1b8de96d2e5b6bc02d379db03a877d34d/library/std/src/panicking.rs:292:9
[INFO] [stdout]   10:     0x5b5dd4d372e7 - <alloc::boxed::Box<F,A> as core::ops::function::Fn<Args>>::call::h7a3c7b4a1ae77f2f
[INFO] [stdout]                                at /rustc/202008a1b8de96d2e5b6bc02d379db03a877d34d/library/alloc/src/boxed.rs:1986:9
[INFO] [stdout]   11:     0x5b5dd4d372e7 - test::test_main::{{closure}}::hf0d3b69ae9b353d1
[INFO] [stdout]                                at /rustc/202008a1b8de96d2e5b6bc02d379db03a877d34d/library/test/src/lib.rs:134:21
[INFO] [stdout]   12:     0x5b5dd4d85718 - <alloc::boxed::Box<F,A> as core::ops::function::Fn<Args>>::call::h6332e82e7b189abd
[INFO] [stdout]                                at /rustc/202008a1b8de96d2e5b6bc02d379db03a877d34d/library/alloc/src/boxed.rs:1986:9
[INFO] [stdout]   13:     0x5b5dd4d85718 - std::panicking::rust_panic_with_hook::h53863d4e9018df39
[INFO] [stdout]                                at /rustc/202008a1b8de96d2e5b6bc02d379db03a877d34d/library/std/src/panicking.rs:809:13
[INFO] [stdout]   14:     0x5b5dd4d854da - std::panicking::begin_panic_handler::{{closure}}::h67280e6fa0757873
[INFO] [stdout]                                at /rustc/202008a1b8de96d2e5b6bc02d379db03a877d34d/library/std/src/panicking.rs:674:13
[INFO] [stdout]   15:     0x5b5dd4d840c9 - std::sys::backtrace::__rust_end_short_backtrace::h1dac3f54d6fbbeb2
[INFO] [stdout]                                at /rustc/202008a1b8de96d2e5b6bc02d379db03a877d34d/library/std/src/sys/backtrace.rs:170:18
[INFO] [stdout]   16:     0x5b5dd4d8516c - rust_begin_unwind
[INFO] [stdout]                                at /rustc/202008a1b8de96d2e5b6bc02d379db03a877d34d/library/std/src/panicking.rs:665:5
[INFO] [stdout]   17:     0x5b5dd4cccab0 - core::panicking::panic_fmt::h6792bd1b2bf01041
[INFO] [stdout]                                at /rustc/202008a1b8de96d2e5b6bc02d379db03a877d34d/library/core/src/panicking.rs:76:14
[INFO] [stdout]   18:     0x5b5dd4ccce7b - core::panicking::assert_failed_inner::hf2c17e6d30928787
[INFO] [stdout]   19:     0x5b5dd4d4669f - core::panicking::assert_failed::hb06bd525e562fdd8
[INFO] [stdout]                                at /rustc/202008a1b8de96d2e5b6bc02d379db03a877d34d/library/core/src/panicking.rs:373:5
[INFO] [stdout]   20:     0x5b5dd4cf3637 - aoc::aoc2023::aoc21::tests::test_two::h2f00d99584d22094
[INFO] [stdout]                                at /opt/rustwide/workdir/src/aoc2023/aoc21/mod.rs:162:9
[INFO] [stdout]   21:     0x5b5dd4cf3277 - aoc::aoc2023::aoc21::tests::test_two::{{closure}}::h5f68a3ec81632b8f
[INFO] [stdout]                                at /opt/rustwide/workdir/src/aoc2023/aoc21/mod.rs:158:18
[INFO] [stdout]   22:     0x5b5dd4cf5426 - core::ops::function::FnOnce::call_once::h2aec5de017404c44
[INFO] [stdout]                                at /rustc/202008a1b8de96d2e5b6bc02d379db03a877d34d/library/core/src/ops/function.rs:250:5
[INFO] [stdout]   23:     0x5b5dd4d3be0b - core::ops::function::FnOnce::call_once::h871bf86719ec9aa4
[INFO] [stdout]                                at /rustc/202008a1b8de96d2e5b6bc02d379db03a877d34d/library/core/src/ops/function.rs:250:5
[INFO] [stdout]   24:     0x5b5dd4d3be0b - test::__rust_begin_short_backtrace::h2167df1e2b7d76fd
[INFO] [stdout]                                at /rustc/202008a1b8de96d2e5b6bc02d379db03a877d34d/library/test/src/lib.rs:632:18
[INFO] [stdout]   25:     0x5b5dd4d3b7f8 - test::run_test_in_process::{{closure}}::h15d92f75a3adfb79
[INFO] [stdout]                                at /rustc/202008a1b8de96d2e5b6bc02d379db03a877d34d/library/test/src/lib.rs:655:60
[INFO] [stdout]   26:     0x5b5dd4d3b7f8 - <core::panic::unwind_safe::AssertUnwindSafe<F> as core::ops::function::FnOnce<()>>::call_once::hb6c8955835a8dbbb
[INFO] [stdout]                                at /rustc/202008a1b8de96d2e5b6bc02d379db03a877d34d/library/core/src/panic/unwind_safe.rs:272:9
[INFO] [stdout]   27:     0x5b5dd4d3b7f8 - std::panicking::try::do_call::hc79d0fc888a0bd30
[INFO] [stdout]                                at /rustc/202008a1b8de96d2e5b6bc02d379db03a877d34d/library/std/src/panicking.rs:557:40
[INFO] [stdout]   28:     0x5b5dd4d3b7f8 - std::panicking::try::hb8a7878e3a8589d6
[INFO] [stdout]                                at /rustc/202008a1b8de96d2e5b6bc02d379db03a877d34d/library/std/src/panicking.rs:520:19
[INFO] [stdout]   29:     0x5b5dd4d3b7f8 - std::panic::catch_unwind::hb8e4600ff0ff5cfa
[INFO] [stdout]                                at /rustc/202008a1b8de96d2e5b6bc02d379db03a877d34d/library/std/src/panic.rs:358:14
[INFO] [stdout]   30:     0x5b5dd4d3b7f8 - test::run_test_in_process::hc2900b0b18688dd6
[INFO] [stdout]                                at /rustc/202008a1b8de96d2e5b6bc02d379db03a877d34d/library/test/src/lib.rs:655:27
[INFO] [stdout]   31:     0x5b5dd4d3b7f8 - test::run_test::{{closure}}::hac2a9cb07be3d48d
[INFO] [stdout]                                at /rustc/202008a1b8de96d2e5b6bc02d379db03a877d34d/library/test/src/lib.rs:576:43
[INFO] [stdout]   32:     0x5b5dd4cff29a - test::run_test::{{closure}}::h4a5b729e66a38cd8
[INFO] [stdout]                                at /rustc/202008a1b8de96d2e5b6bc02d379db03a877d34d/library/test/src/lib.rs:606:41
[INFO] [stdout]   33:     0x5b5dd4cff29a - std::sys::backtrace::__rust_begin_short_backtrace::h0496fb742492f573
[INFO] [stdout]                                at /rustc/202008a1b8de96d2e5b6bc02d379db03a877d34d/library/std/src/sys/backtrace.rs:154:18
[INFO] [stdout]   34:     0x5b5dd4d02c14 - std::thread::Builder::spawn_unchecked_::{{closure}}::{{closure}}::hbb6d257c550a54bd
[INFO] [stdout]                                at /rustc/202008a1b8de96d2e5b6bc02d379db03a877d34d/library/std/src/thread/mod.rs:561:17
[INFO] [stdout]   35:     0x5b5dd4d02c14 - <core::panic::unwind_safe::AssertUnwindSafe<F> as core::ops::function::FnOnce<()>>::call_once::h46696fe4a6832328
[INFO] [stdout]                                at /rustc/202008a1b8de96d2e5b6bc02d379db03a877d34d/library/core/src/panic/unwind_safe.rs:272:9
[INFO] [stdout]   36:     0x5b5dd4d02c14 - std::panicking::try::do_call::h2625a51b667bfb64
[INFO] [stdout]                                at /rustc/202008a1b8de96d2e5b6bc02d379db03a877d34d/library/std/src/panicking.rs:557:40
[INFO] [stdout]   37:     0x5b5dd4d02c14 - std::panicking::try::hb956a59a1973aa4c
[INFO] [stdout]                                at /rustc/202008a1b8de96d2e5b6bc02d379db03a877d34d/library/std/src/panicking.rs:520:19
[INFO] [stdout]   38:     0x5b5dd4d02c14 - std::panic::catch_unwind::h64f3b9d1067ef6a0
[INFO] [stdout]                                at /rustc/202008a1b8de96d2e5b6bc02d379db03a877d34d/library/std/src/panic.rs:358:14
[INFO] [stdout]   39:     0x5b5dd4d02c14 - std::thread::Builder::spawn_unchecked_::{{closure}}::h42b2841295b6c0b2
[INFO] [stdout]                                at /rustc/202008a1b8de96d2e5b6bc02d379db03a877d34d/library/std/src/thread/mod.rs:559:30
[INFO] [stdout]   40:     0x5b5dd4d02c14 - core::ops::function::FnOnce::call_once{{vtable.shim}}::h6127de71b8124639
[INFO] [stdout]                                at /rustc/202008a1b8de96d2e5b6bc02d379db03a877d34d/library/core/src/ops/function.rs:250:5
[INFO] [stdout]   41:     0x5b5dd4d8965b - <alloc::boxed::Box<F,A> as core::ops::function::FnOnce<Args>>::call_once::h42f0ba71002a1b2c
[INFO] [stdout]                                at /rustc/202008a1b8de96d2e5b6bc02d379db03a877d34d/library/alloc/src/boxed.rs:1972:9
[INFO] [stdout]   42:     0x5b5dd4d8965b - <alloc::boxed::Box<F,A> as core::ops::function::FnOnce<Args>>::call_once::had9e47d7a3dcecb8
[INFO] [stdout]                                at /rustc/202008a1b8de96d2e5b6bc02d379db03a877d34d/library/alloc/src/boxed.rs:1972:9
[INFO] [stdout]   43:     0x5b5dd4d8965b - std::sys::pal::unix::thread::Thread::new::thread_start::h48cf765408f6f5f2
[INFO] [stdout]                                at /rustc/202008a1b8de96d2e5b6bc02d379db03a877d34d/library/std/src/sys/pal/unix/thread.rs:105:17
[INFO] [stdout]   44:     0x7cbc79ad8ac3 - <unknown>
[INFO] [stdout]   45:     0x7cbc79b69a04 - clone
[INFO] [stdout]   46:                0x0 - <unknown>
[INFO] [stdout] 
[INFO] [stdout] 
[INFO] [stdout] failures:
[INFO] [stdout]     aoc2023::aoc21::tests::test_two
[INFO] [stdout] 
[INFO] [stdout] test result: FAILED. 15 passed; 1 failed; 0 ignored; 0 measured; 0 filtered out; finished in 0.63s
[INFO] [stdout] 
[INFO] [stderr] error: test failed, to rerun pass `--bin aoc`
[INFO] running `Command { std: "docker" "inspect" "81beb3b18713505b21c02cbf447e8ae370d9e7850e55fd509aff9bd40ada73d6", kill_on_drop: false }`
[INFO] running `Command { std: "docker" "rm" "-f" "81beb3b18713505b21c02cbf447e8ae370d9e7850e55fd509aff9bd40ada73d6", kill_on_drop: false }`
[INFO] [stdout] 81beb3b18713505b21c02cbf447e8ae370d9e7850e55fd509aff9bd40ada73d6
