[INFO] cloning repository https://github.com/JoeyEamigh/concord4-rs
[INFO] running `Command { std: "git" "-c" "credential.helper=" "-c" "credential.helper=/workspace/cargo-home/bin/git-credential-null" "clone" "--bare" "https://github.com/JoeyEamigh/concord4-rs" "/workspace/cache/git-repos/https%3A%2F%2Fgithub.com%2FJoeyEamigh%2Fconcord4-rs", kill_on_drop: false }`
[INFO] [stderr] Cloning into bare repository '/workspace/cache/git-repos/https%3A%2F%2Fgithub.com%2FJoeyEamigh%2Fconcord4-rs'...
[INFO] running `Command { std: "git" "rev-parse" "HEAD", kill_on_drop: false }`
[INFO] [stdout] 2ae9927daa0111f93a3df5bc91c9de68183ed335
[INFO] testing JoeyEamigh/concord4-rs against beta-2024-12-08 for beta-1.84.0-4-retry
[INFO] running `Command { std: "git" "clone" "/workspace/cache/git-repos/https%3A%2F%2Fgithub.com%2FJoeyEamigh%2Fconcord4-rs" "/workspace/builds/worker-1-tc2/source", kill_on_drop: false }`
[INFO] [stderr] Cloning into '/workspace/builds/worker-1-tc2/source'...
[INFO] [stderr] done.
[INFO] validating manifest of git repo https://github.com/JoeyEamigh/concord4-rs on toolchain beta-2024-12-08
[INFO] running `Command { std: CARGO_HOME="/workspace/cargo-home" RUSTUP_HOME="/workspace/rustup-home" "/workspace/cargo-home/bin/cargo" "+beta-2024-12-08" "metadata" "--manifest-path" "Cargo.toml" "--no-deps", kill_on_drop: false }`
[INFO] started tweaking git repo https://github.com/JoeyEamigh/concord4-rs
[INFO] finished tweaking git repo https://github.com/JoeyEamigh/concord4-rs
[INFO] tweaked toml for git repo https://github.com/JoeyEamigh/concord4-rs written to /workspace/builds/worker-1-tc2/source/Cargo.toml
[INFO] crate git repo https://github.com/JoeyEamigh/concord4-rs already has a lockfile, it will not be regenerated
[INFO] running `Command { std: CARGO_HOME="/workspace/cargo-home" RUSTUP_HOME="/workspace/rustup-home" "/workspace/cargo-home/bin/cargo" "+beta-2024-12-08" "fetch" "--manifest-path" "Cargo.toml", kill_on_drop: false }`
[INFO] [stderr]     Updating crates.io index
[INFO] [stderr]      Locking 41 packages to latest compatible versions
[INFO] [stderr]       Adding crossbeam-utils v0.8.20
[INFO] [stderr]       Adding dashmap v6.1.0
[INFO] [stderr]     Updating futures v0.3.28 -> v0.3.31
[INFO] [stderr]     Updating futures-channel v0.3.28 -> v0.3.31
[INFO] [stderr]     Updating futures-core v0.3.28 -> v0.3.31
[INFO] [stderr]     Updating futures-executor v0.3.28 -> v0.3.31
[INFO] [stderr]     Updating futures-io v0.3.28 -> v0.3.31
[INFO] [stderr]     Updating futures-macro v0.3.28 -> v0.3.31
[INFO] [stderr]     Updating futures-sink v0.3.28 -> v0.3.31
[INFO] [stderr]     Updating futures-task v0.3.28 -> v0.3.31
[INFO] [stderr]     Updating futures-util v0.3.28 -> v0.3.31
[INFO] [stderr]     Updating hashbrown v0.12.3 -> v0.14.5
[INFO] [stderr]     Updating hermit-abi v0.3.3 -> v0.3.9
[INFO] [stderr]       Adding itoa v1.0.14
[INFO] [stderr]       Adding mio v1.0.2 (available: v1.0.3)
[INFO] [stderr]     Updating proc-macro2 v1.0.69 -> v1.0.92
[INFO] [stderr]     Updating quote v1.0.33 -> v1.0.37
[INFO] [stderr]       Adding ryu v1.0.18
[INFO] [stderr]       Adding serde v1.0.216
[INFO] [stderr]       Adding serde_derive v1.0.216
[INFO] [stderr]       Adding serde_json v1.0.133
[INFO] [stderr]     Updating socket2 v0.5.4 -> v0.5.5 (available: v0.5.8)
[INFO] [stderr]     Updating syn v2.0.38 -> v2.0.90
[INFO] [stderr]       Adding thiserror v1.0.69 (available: v2.0.7)
[INFO] [stderr]       Adding thiserror-impl v1.0.69
[INFO] [stderr]     Updating tokio v1.33.0 -> v1.42.0
[INFO] [stderr]     Updating tokio-macros v2.1.0 -> v2.4.0
[INFO] [stderr]     Updating tokio-util v0.7.9 -> v0.7.13
[INFO] [stderr]     Updating tracing v0.1.37 -> v0.1.41
[INFO] [stderr]     Updating tracing-attributes v0.1.26 -> v0.1.28
[INFO] [stderr]     Updating tracing-core v0.1.31 -> v0.1.33
[INFO] [stderr]       Adding windows-sys v0.52.0
[INFO] [stderr]       Adding windows-targets v0.52.6
[INFO] [stderr]       Adding windows_aarch64_gnullvm v0.52.6
[INFO] [stderr]       Adding windows_aarch64_msvc v0.52.6
[INFO] [stderr]       Adding windows_i686_gnu v0.52.6
[INFO] [stderr]       Adding windows_i686_gnullvm v0.52.6
[INFO] [stderr]       Adding windows_i686_msvc v0.52.6
[INFO] [stderr]       Adding windows_x86_64_gnu v0.52.6
[INFO] [stderr]       Adding windows_x86_64_gnullvm v0.52.6
[INFO] [stderr]       Adding windows_x86_64_msvc v0.52.6
[INFO] running `Command { std: "docker" "create" "-v" "/var/lib/crater-agent-workspace/builds/worker-1-tc2/target:/opt/rustwide/target:rw,Z" "-v" "/var/lib/crater-agent-workspace/builds/worker-1-tc2/source:/opt/rustwide/workdir:ro,Z" "-v" "/var/lib/crater-agent-workspace/cargo-home:/opt/rustwide/cargo-home:ro,Z" "-v" "/var/lib/crater-agent-workspace/rustup-home:/opt/rustwide/rustup-home:ro,Z" "-e" "SOURCE_DIR=/opt/rustwide/workdir" "-e" "CARGO_TARGET_DIR=/opt/rustwide/target" "-e" "CARGO_HOME=/opt/rustwide/cargo-home" "-e" "RUSTUP_HOME=/opt/rustwide/rustup-home" "-w" "/opt/rustwide/workdir" "-m" "1610612736" "--user" "0:0" "--network" "none" "ghcr.io/rust-lang/crates-build-env/linux@sha256:f3a9d4ad9d972b27faf3965f35b62e55ba32bbce8f20bc8fe909558a86702fde" "/opt/rustwide/cargo-home/bin/cargo" "+beta-2024-12-08" "metadata" "--no-deps" "--format-version=1", kill_on_drop: false }`
[INFO] [stdout] 0c8be87f5a44977850a0134d333e9cb6ee1e869cf2a7f07fecd45fad982b7b58
[INFO] running `Command { std: "docker" "start" "-a" "0c8be87f5a44977850a0134d333e9cb6ee1e869cf2a7f07fecd45fad982b7b58", kill_on_drop: false }`
[INFO] running `Command { std: "docker" "inspect" "0c8be87f5a44977850a0134d333e9cb6ee1e869cf2a7f07fecd45fad982b7b58", kill_on_drop: false }`
[INFO] running `Command { std: "docker" "rm" "-f" "0c8be87f5a44977850a0134d333e9cb6ee1e869cf2a7f07fecd45fad982b7b58", kill_on_drop: false }`
[INFO] [stdout] 0c8be87f5a44977850a0134d333e9cb6ee1e869cf2a7f07fecd45fad982b7b58
[INFO] running `Command { std: "docker" "create" "-v" "/var/lib/crater-agent-workspace/builds/worker-1-tc2/target:/opt/rustwide/target:rw,Z" "-v" "/var/lib/crater-agent-workspace/builds/worker-1-tc2/source:/opt/rustwide/workdir:ro,Z" "-v" "/var/lib/crater-agent-workspace/cargo-home:/opt/rustwide/cargo-home:ro,Z" "-v" "/var/lib/crater-agent-workspace/rustup-home:/opt/rustwide/rustup-home:ro,Z" "-e" "SOURCE_DIR=/opt/rustwide/workdir" "-e" "CARGO_TARGET_DIR=/opt/rustwide/target" "-e" "CARGO_INCREMENTAL=0" "-e" "RUST_BACKTRACE=full" "-e" "RUSTFLAGS=--cap-lints=warn" "-e" "RUSTDOCFLAGS=--cap-lints=warn" "-e" "CARGO_HOME=/opt/rustwide/cargo-home" "-e" "RUSTUP_HOME=/opt/rustwide/rustup-home" "-w" "/opt/rustwide/workdir" "-m" "1610612736" "--user" "0:0" "--network" "none" "ghcr.io/rust-lang/crates-build-env/linux@sha256:f3a9d4ad9d972b27faf3965f35b62e55ba32bbce8f20bc8fe909558a86702fde" "/opt/rustwide/cargo-home/bin/cargo" "+beta-2024-12-08" "build" "--frozen" "--message-format=json", kill_on_drop: false }`
[INFO] [stdout] 9ef8ad4ecf99c725c358f692998cc6865657917f6111348fc97be30cbf8e4799
[INFO] running `Command { std: "docker" "start" "-a" "9ef8ad4ecf99c725c358f692998cc6865657917f6111348fc97be30cbf8e4799", kill_on_drop: false }`
[INFO] [stderr]    Compiling proc-macro2 v1.0.92
[INFO] [stderr]    Compiling libc v0.2.149
[INFO] [stderr]    Compiling pin-project-lite v0.2.13
[INFO] [stderr]    Compiling slab v0.4.9
[INFO] [stderr]    Compiling futures-core v0.3.31
[INFO] [stderr]    Compiling futures-sink v0.3.31
[INFO] [stderr]    Compiling scopeguard v1.2.0
[INFO] [stderr]    Compiling memchr v2.6.4
[INFO] [stderr]    Compiling futures-task v0.3.31
[INFO] [stderr]    Compiling futures-io v0.3.31
[INFO] [stderr]    Compiling lock_api v0.4.10
[INFO] [stderr]    Compiling once_cell v1.18.0
[INFO] [stderr]    Compiling parking_lot_core v0.9.8
[INFO] [stderr]    Compiling log v0.4.20
[INFO] [stderr]    Compiling bitflags v2.0.2
[INFO] [stderr]    Compiling thiserror v1.0.69
[INFO] [stderr]    Compiling smallvec v1.11.1
[INFO] [stderr]    Compiling bytes v1.5.0
[INFO] [stderr]    Compiling futures-channel v0.3.31
[INFO] [stderr]    Compiling tracing-core v0.1.33
[INFO] [stderr]    Compiling quote v1.0.37
[INFO] [stderr]    Compiling syn v2.0.90
[INFO] [stderr]    Compiling socket2 v0.5.5
[INFO] [stderr]    Compiling nix v0.26.4
[INFO] [stderr]    Compiling mio v1.0.2
[INFO] [stderr]    Compiling mio v0.8.8
[INFO] [stderr]    Compiling dashmap v6.1.0
[INFO] [stderr]    Compiling futures-macro v0.3.31
[INFO] [stderr]    Compiling tokio-macros v2.4.0
[INFO] [stderr]    Compiling thiserror-impl v1.0.69
[INFO] [stderr]    Compiling tracing-attributes v0.1.28
[INFO] [stderr]    Compiling tokio v1.42.0
[INFO] [stderr]    Compiling serialport v4.2.2
[INFO] [stderr]    Compiling mio-serial v5.0.5
[INFO] [stderr]    Compiling futures-util v0.3.31
[INFO] [stderr]    Compiling tracing v0.1.41
[INFO] [stderr]    Compiling tokio-util v0.7.13
[INFO] [stderr]    Compiling futures-executor v0.3.31
[INFO] [stderr]    Compiling futures v0.3.31
[INFO] [stderr]    Compiling tokio-serial v5.4.4
[INFO] [stderr]    Compiling concord4 v0.2.0 (/opt/rustwide/workdir)
[INFO] [stdout] warning: fields `partition_number` and `area_number` are never read
[INFO] [stdout]     --> src/equipment.rs:1202:3
[INFO] [stdout]      |
[INFO] [stdout] 1201 | pub struct SirenStop {
[INFO] [stdout]      |            --------- fields in this struct
[INFO] [stdout] 1202 |   partition_number: u8,
[INFO] [stdout]      |   ^^^^^^^^^^^^^^^^
[INFO] [stdout] 1203 |   area_number: u8,
[INFO] [stdout]      |   ^^^^^^^^^^^
[INFO] [stdout]      |
[INFO] [stdout]      = note: `SirenStop` has derived impls for the traits `Clone` and `Debug`, but these are intentionally ignored during dead code analysis
[INFO] [stdout]      = note: `#[warn(dead_code)]` on by default
[INFO] [stdout] 
[INFO] [stdout] 
[INFO] [stderr]     Finished `dev` profile [unoptimized + debuginfo] target(s) in 22.78s
[INFO] running `Command { std: "docker" "inspect" "9ef8ad4ecf99c725c358f692998cc6865657917f6111348fc97be30cbf8e4799", kill_on_drop: false }`
[INFO] running `Command { std: "docker" "rm" "-f" "9ef8ad4ecf99c725c358f692998cc6865657917f6111348fc97be30cbf8e4799", kill_on_drop: false }`
[INFO] [stdout] 9ef8ad4ecf99c725c358f692998cc6865657917f6111348fc97be30cbf8e4799
[INFO] running `Command { std: "docker" "create" "-v" "/var/lib/crater-agent-workspace/builds/worker-1-tc2/target:/opt/rustwide/target:rw,Z" "-v" "/var/lib/crater-agent-workspace/builds/worker-1-tc2/source:/opt/rustwide/workdir:ro,Z" "-v" "/var/lib/crater-agent-workspace/cargo-home:/opt/rustwide/cargo-home:ro,Z" "-v" "/var/lib/crater-agent-workspace/rustup-home:/opt/rustwide/rustup-home:ro,Z" "-e" "SOURCE_DIR=/opt/rustwide/workdir" "-e" "CARGO_TARGET_DIR=/opt/rustwide/target" "-e" "CARGO_INCREMENTAL=0" "-e" "RUST_BACKTRACE=full" "-e" "RUSTFLAGS=--cap-lints=warn" "-e" "RUSTDOCFLAGS=--cap-lints=warn" "-e" "CARGO_HOME=/opt/rustwide/cargo-home" "-e" "RUSTUP_HOME=/opt/rustwide/rustup-home" "-w" "/opt/rustwide/workdir" "-m" "1610612736" "--user" "0:0" "--network" "none" "ghcr.io/rust-lang/crates-build-env/linux@sha256:f3a9d4ad9d972b27faf3965f35b62e55ba32bbce8f20bc8fe909558a86702fde" "/opt/rustwide/cargo-home/bin/cargo" "+beta-2024-12-08" "test" "--frozen" "--no-run" "--message-format=json", kill_on_drop: false }`
[INFO] [stdout] b7585d319950ee7937dc8ac3252959d106fcdb5807e33449e575e7a85ae3e34a
[INFO] running `Command { std: "docker" "start" "-a" "b7585d319950ee7937dc8ac3252959d106fcdb5807e33449e575e7a85ae3e34a", kill_on_drop: false }`
[INFO] [stderr]    Compiling concord4 v0.2.0 (/opt/rustwide/workdir)
[INFO] [stdout] warning: fields `partition_number` and `area_number` are never read
[INFO] [stdout]     --> src/equipment.rs:1202:3
[INFO] [stdout]      |
[INFO] [stdout] 1201 | pub struct SirenStop {
[INFO] [stdout]      |            --------- fields in this struct
[INFO] [stdout] 1202 |   partition_number: u8,
[INFO] [stdout]      |   ^^^^^^^^^^^^^^^^
[INFO] [stdout] 1203 |   area_number: u8,
[INFO] [stdout]      |   ^^^^^^^^^^^
[INFO] [stdout]      |
[INFO] [stdout]      = note: `SirenStop` has derived impls for the traits `Clone` and `Debug`, but these are intentionally ignored during dead code analysis
[INFO] [stdout]      = note: `#[warn(dead_code)]` on by default
[INFO] [stdout] 
[INFO] [stdout] 
[INFO] [stdout] warning: fields `partition_number` and `area_number` are never read
[INFO] [stdout]     --> src/equipment.rs:1202:3
[INFO] [stdout]      |
[INFO] [stdout] 1201 | pub struct SirenStop {
[INFO] [stdout]      |            --------- fields in this struct
[INFO] [stdout] 1202 |   partition_number: u8,
[INFO] [stdout]      |   ^^^^^^^^^^^^^^^^
[INFO] [stdout] 1203 |   area_number: u8,
[INFO] [stdout]      |   ^^^^^^^^^^^
[INFO] [stdout]      |
[INFO] [stdout]      = note: `SirenStop` has derived impls for the traits `Clone` and `Debug`, but these are intentionally ignored during dead code analysis
[INFO] [stdout]      = note: `#[warn(dead_code)]` on by default
[INFO] [stdout] 
[INFO] [stdout] 
[INFO] [stderr]     Finished `test` profile [unoptimized + debuginfo] target(s) in 1.31s
[INFO] running `Command { std: "docker" "inspect" "b7585d319950ee7937dc8ac3252959d106fcdb5807e33449e575e7a85ae3e34a", kill_on_drop: false }`
[INFO] running `Command { std: "docker" "rm" "-f" "b7585d319950ee7937dc8ac3252959d106fcdb5807e33449e575e7a85ae3e34a", kill_on_drop: false }`
[INFO] [stdout] b7585d319950ee7937dc8ac3252959d106fcdb5807e33449e575e7a85ae3e34a
[INFO] running `Command { std: "docker" "create" "-v" "/var/lib/crater-agent-workspace/builds/worker-1-tc2/target:/opt/rustwide/target:rw,Z" "-v" "/var/lib/crater-agent-workspace/builds/worker-1-tc2/source:/opt/rustwide/workdir:ro,Z" "-v" "/var/lib/crater-agent-workspace/cargo-home:/opt/rustwide/cargo-home:ro,Z" "-v" "/var/lib/crater-agent-workspace/rustup-home:/opt/rustwide/rustup-home:ro,Z" "-e" "SOURCE_DIR=/opt/rustwide/workdir" "-e" "CARGO_TARGET_DIR=/opt/rustwide/target" "-e" "CARGO_INCREMENTAL=0" "-e" "RUST_BACKTRACE=full" "-e" "RUSTFLAGS=--cap-lints=warn" "-e" "RUSTDOCFLAGS=--cap-lints=warn" "-e" "CARGO_HOME=/opt/rustwide/cargo-home" "-e" "RUSTUP_HOME=/opt/rustwide/rustup-home" "-w" "/opt/rustwide/workdir" "-m" "1610612736" "--user" "0:0" "--network" "none" "ghcr.io/rust-lang/crates-build-env/linux@sha256:f3a9d4ad9d972b27faf3965f35b62e55ba32bbce8f20bc8fe909558a86702fde" "/opt/rustwide/cargo-home/bin/cargo" "+beta-2024-12-08" "test" "--frozen", kill_on_drop: false }`
[INFO] [stdout] 2d4308bd2efa8326c8d496ae2aaf694f7f8abbfd252393479a063c423314d982
[INFO] running `Command { std: "docker" "start" "-a" "2d4308bd2efa8326c8d496ae2aaf694f7f8abbfd252393479a063c423314d982", kill_on_drop: false }`
[INFO] [stderr] warning: fields `partition_number` and `area_number` are never read
[INFO] [stderr]     --> src/equipment.rs:1202:3
[INFO] [stderr]      |
[INFO] [stderr] 1201 | pub struct SirenStop {
[INFO] [stderr]      |            --------- fields in this struct
[INFO] [stderr] 1202 |   partition_number: u8,
[INFO] [stderr]      |   ^^^^^^^^^^^^^^^^
[INFO] [stderr] 1203 |   area_number: u8,
[INFO] [stderr]      |   ^^^^^^^^^^^
[INFO] [stderr]      |
[INFO] [stderr]      = note: `SirenStop` has derived impls for the traits `Clone` and `Debug`, but these are intentionally ignored during dead code analysis
[INFO] [stderr]      = note: `#[warn(dead_code)]` on by default
[INFO] [stderr] 
[INFO] [stderr] warning: `concord4` (lib) generated 1 warning
[INFO] [stderr] warning: `concord4` (lib test) generated 1 warning (1 duplicate)
[INFO] [stderr]     Finished `test` profile [unoptimized + debuginfo] target(s) in 0.09s
[INFO] [stderr]      Running unittests src/lib.rs (/opt/rustwide/target/debug/deps/concord4-9db38f78fe02a025)
[INFO] [stdout] 
[INFO] [stdout] running 0 tests
[INFO] [stdout] 
[INFO] [stderr]    Doc-tests concord4
[INFO] [stdout] test result: ok. 0 passed; 0 failed; 0 ignored; 0 measured; 0 filtered out; finished in 0.00s
[INFO] [stdout] 
[INFO] [stdout] 
[INFO] [stdout] running 6 tests
[INFO] [stdout] test src/lib.rs - Concord4::recv (line 79) - compile ... FAILED
[INFO] [stdout] test src/lib.rs - Concord4::open (line 42) - compile ... FAILED
[INFO] [stdout] test src/lib.rs - Concord4::toggle_chime (line 150) - compile ... FAILED
[INFO] [stdout] test src/lib.rs - Concord4::send (line 61) - compile ... FAILED
[INFO] [stdout] test src/lib.rs - Concord4::disarm (line 131) - compile ... FAILED
[INFO] [stdout] test src/lib.rs - Concord4::arm (line 103) - compile ... FAILED
[INFO] [stdout] 
[INFO] [stdout] failures:
[INFO] [stdout] 
[INFO] [stdout] ---- src/lib.rs - Concord4::recv (line 79) stdout ----
[INFO] [stdout] error[E0425]: cannot find value `client` in this scope
[INFO] [stdout]  --> src/lib.rs:80:15
[INFO] [stdout]   |
[INFO] [stdout] 3 | let message = client.recv().await.expect("could not receive message");
[INFO] [stdout]   |               ^^^^^^ not found in this scope
[INFO] [stdout] 
[INFO] [stdout] error[E0728]: `await` is only allowed inside `async` functions and blocks
[INFO] [stdout]  --> src/lib.rs:80:29
[INFO] [stdout]   |
[INFO] [stdout] 2 | fn main() { #[allow(non_snake_case)] fn _doctest_main_src_lib_rs_79_0() {
[INFO] [stdout]   |                                      ---------------------------------- this is not `async`
[INFO] [stdout] 3 | let message = client.recv().await.expect("could not receive message");
[INFO] [stdout]   |                             ^^^^^ only allowed inside `async` functions and blocks
[INFO] [stdout] 
[INFO] [stdout] error: aborting due to 2 previous errors
[INFO] [stdout] 
[INFO] [stdout] Some errors have detailed explanations: E0425, E0728.
[INFO] [stdout] For more information about an error, try `rustc --explain E0425`.
[INFO] [stdout] Couldn't compile the test.
[INFO] [stdout] ---- src/lib.rs - Concord4::open (line 42) stdout ----
[INFO] [stdout] error[E0433]: failed to resolve: use of undeclared type `Concord4`
[INFO] [stdout]  --> src/lib.rs:43:18
[INFO] [stdout]   |
[INFO] [stdout] 3 | let mut client = Concord4::open("/dev/ttyUSB0").await;
[INFO] [stdout]   |                  ^^^^^^^^ use of undeclared type `Concord4`
[INFO] [stdout]   |
[INFO] [stdout] help: consider importing this struct
[INFO] [stdout]   |
[INFO] [stdout] 2 + use concord4::Concord4;
[INFO] [stdout]   |
[INFO] [stdout] 
[INFO] [stdout] error[E0728]: `await` is only allowed inside `async` functions and blocks
[INFO] [stdout]  --> src/lib.rs:43:49
[INFO] [stdout]   |
[INFO] [stdout] 2 | fn main() { #[allow(non_snake_case)] fn _doctest_main_src_lib_rs_42_0() {
[INFO] [stderr] error: doctest failed, to rerun pass `--doc`
[INFO] [stdout]   |                                      ---------------------------------- this is not `async`
[INFO] [stdout] 3 | let mut client = Concord4::open("/dev/ttyUSB0").await;
[INFO] [stdout]   |                                                 ^^^^^ only allowed inside `async` functions and blocks
[INFO] [stdout] 
[INFO] [stdout] error: aborting due to 2 previous errors
[INFO] [stdout] 
[INFO] [stdout] Some errors have detailed explanations: E0433, E0728.
[INFO] [stdout] For more information about an error, try `rustc --explain E0433`.
[INFO] [stdout] Couldn't compile the test.
[INFO] [stdout] ---- src/lib.rs - Concord4::toggle_chime (line 150) stdout ----
[INFO] [stdout] error[E0425]: cannot find value `client` in this scope
[INFO] [stdout]  --> src/lib.rs:151:1
[INFO] [stdout]   |
[INFO] [stdout] 3 | client.toggle_chime(Some(1)).await.expect("could not toggle chime");
[INFO] [stdout]   | ^^^^^^ not found in this scope
[INFO] [stdout] 
[INFO] [stdout] error[E0728]: `await` is only allowed inside `async` functions and blocks
[INFO] [stdout]  --> src/lib.rs:151:30
[INFO] [stdout]   |
[INFO] [stdout] 2 | fn main() { #[allow(non_snake_case)] fn _doctest_main_src_lib_rs_150_0() {
[INFO] [stdout]   |                                      ----------------------------------- this is not `async`
[INFO] [stdout] 3 | client.toggle_chime(Some(1)).await.expect("could not toggle chime");
[INFO] [stdout]   |                              ^^^^^ only allowed inside `async` functions and blocks
[INFO] [stdout] 
[INFO] [stdout] error: aborting due to 2 previous errors
[INFO] [stdout] 
[INFO] [stdout] Some errors have detailed explanations: E0425, E0728.
[INFO] [stdout] For more information about an error, try `rustc --explain E0425`.
[INFO] [stdout] Couldn't compile the test.
[INFO] [stdout] ---- src/lib.rs - Concord4::send (line 61) stdout ----
[INFO] [stdout] error[E0425]: cannot find value `client` in this scope
[INFO] [stdout]  --> src/lib.rs:62:1
[INFO] [stdout]   |
[INFO] [stdout] 3 | client.send(SendableMessage::List(ListRequest::AllData)).await.expect("could not send command");
[INFO] [stdout]   | ^^^^^^ not found in this scope
[INFO] [stdout] 
[INFO] [stdout] error[E0433]: failed to resolve: use of undeclared type `SendableMessage`
[INFO] [stdout]  --> src/lib.rs:62:13
[INFO] [stdout]   |
[INFO] [stdout] 3 | client.send(SendableMessage::List(ListRequest::AllData)).await.expect("could not send command");
[INFO] [stdout]   |             ^^^^^^^^^^^^^^^ use of undeclared type `SendableMessage`
[INFO] [stdout]   |
[INFO] [stdout] help: consider importing this enum
[INFO] [stdout]   |
[INFO] [stdout] 2 + use concord4::SendableMessage;
[INFO] [stdout]   |
[INFO] [stdout] 
[INFO] [stdout] error[E0433]: failed to resolve: use of undeclared type `ListRequest`
[INFO] [stdout]  --> src/lib.rs:62:35
[INFO] [stdout]   |
[INFO] [stdout] 3 | client.send(SendableMessage::List(ListRequest::AllData)).await.expect("could not send command");
[INFO] [stdout]   |                                   ^^^^^^^^^^^ use of undeclared type `ListRequest`
[INFO] [stdout]   |
[INFO] [stdout] help: consider importing this enum
[INFO] [stdout]   |
[INFO] [stdout] 2 + use concord4::ListRequest;
[INFO] [stdout]   |
[INFO] [stdout] 
[INFO] [stdout] error[E0728]: `await` is only allowed inside `async` functions and blocks
[INFO] [stdout]  --> src/lib.rs:62:58
[INFO] [stdout]   |
[INFO] [stdout] 2 | fn main() { #[allow(non_snake_case)] fn _doctest_main_src_lib_rs_61_0() {
[INFO] [stdout]   |                                      ---------------------------------- this is not `async`
[INFO] [stdout] 3 | client.send(SendableMessage::List(ListRequest::AllData)).await.expect("could not send command");
[INFO] [stdout]   |                                                          ^^^^^ only allowed inside `async` functions and blocks
[INFO] [stdout] 
[INFO] [stdout] error: aborting due to 4 previous errors
[INFO] [stdout] 
[INFO] [stdout] Some errors have detailed explanations: E0425, E0433, E0728.
[INFO] [stdout] For more information about an error, try `rustc --explain E0425`.
[INFO] [stdout] Couldn't compile the test.
[INFO] [stdout] ---- src/lib.rs - Concord4::disarm (line 131) stdout ----
[INFO] [stdout] error[E0425]: cannot find value `client` in this scope
[INFO] [stdout]  --> src/lib.rs:132:1
[INFO] [stdout]   |
[INFO] [stdout] 3 | client.disarm(DisarmOptions {
[INFO] [stdout]   | ^^^^^^ not found in this scope
[INFO] [stdout] 
[INFO] [stdout] error[E0422]: cannot find struct, variant or union type `DisarmOptions` in this scope
[INFO] [stdout]  --> src/lib.rs:132:15
[INFO] [stdout]   |
[INFO] [stdout] 3 | client.disarm(DisarmOptions {
[INFO] [stdout]   |               ^^^^^^^^^^^^^ not found in this scope
[INFO] [stdout]   |
[INFO] [stdout] help: consider importing this struct
[INFO] [stdout]   |
[INFO] [stdout] 2 + use concord4::DisarmOptions;
[INFO] [stdout]   |
[INFO] [stdout] 
[INFO] [stdout] error[E0433]: failed to resolve: use of undeclared type `Keypress`
[INFO] [stdout]  --> src/lib.rs:133:10
[INFO] [stdout]   |
[INFO] [stdout] 4 |   code: [Keypress::One, Keypress::Two, Keypress::Three, Keypress::Four],
[INFO] [stdout]   |          ^^^^^^^^ use of undeclared type `Keypress`
[INFO] [stdout]   |
[INFO] [stdout] help: consider importing this enum
[INFO] [stdout]   |
[INFO] [stdout] 2 + use concord4::Keypress;
[INFO] [stdout]   |
[INFO] [stdout] 
[INFO] [stdout] error[E0433]: failed to resolve: use of undeclared type `Keypress`
[INFO] [stdout]  --> src/lib.rs:133:25
[INFO] [stdout]   |
[INFO] [stdout] 4 |   code: [Keypress::One, Keypress::Two, Keypress::Three, Keypress::Four],
[INFO] [stdout]   |                         ^^^^^^^^ use of undeclared type `Keypress`
[INFO] [stdout]   |
[INFO] [stdout] help: consider importing this enum
[INFO] [stdout]   |
[INFO] [stdout] 2 + use concord4::Keypress;
[INFO] [stdout]   |
[INFO] [stdout] 
[INFO] [stdout] error[E0433]: failed to resolve: use of undeclared type `Keypress`
[INFO] [stdout]  --> src/lib.rs:133:40
[INFO] [stdout]   |
[INFO] [stdout] 4 |   code: [Keypress::One, Keypress::Two, Keypress::Three, Keypress::Four],
[INFO] [stdout]   |                                        ^^^^^^^^ use of undeclared type `Keypress`
[INFO] [stdout]   |
[INFO] [stdout] help: consider importing this enum
[INFO] [stdout]   |
[INFO] [stdout] 2 + use concord4::Keypress;
[INFO] [stdout]   |
[INFO] [stdout] 
[INFO] [stdout] error[E0433]: failed to resolve: use of undeclared type `Keypress`
[INFO] [stdout]  --> src/lib.rs:133:57
[INFO] [stdout]   |
[INFO] [stdout] 4 |   code: [Keypress::One, Keypress::Two, Keypress::Three, Keypress::Four],
[INFO] [stdout]   |                                                         ^^^^^^^^ use of undeclared type `Keypress`
[INFO] [stdout]   |
[INFO] [stdout] help: consider importing this enum
[INFO] [stdout]   |
[INFO] [stdout] 2 + use concord4::Keypress;
[INFO] [stdout]   |
[INFO] [stdout] 
[INFO] [stdout] error[E0728]: `await` is only allowed inside `async` functions and blocks
[INFO] [stdout]  --> src/lib.rs:135:4
[INFO] [stdout]   |
[INFO] [stdout] 2 | fn main() { #[allow(non_snake_case)] fn _doctest_main_src_lib_rs_131_0() {
[INFO] [stdout]   |                                      ----------------------------------- this is not `async`
[INFO] [stdout] ...
[INFO] [stdout] 6 | }).await.expect("could not disarm alarm");
[INFO] [stdout]   |    ^^^^^ only allowed inside `async` functions and blocks
[INFO] [stdout] 
[INFO] [stdout] error: aborting due to 7 previous errors
[INFO] [stdout] 
[INFO] [stdout] Some errors have detailed explanations: E0422, E0425, E0433, E0728.
[INFO] [stdout] For more information about an error, try `rustc --explain E0422`.
[INFO] [stdout] Couldn't compile the test.
[INFO] [stdout] ---- src/lib.rs - Concord4::arm (line 103) stdout ----
[INFO] [stdout] error[E0425]: cannot find value `client` in this scope
[INFO] [stdout]  --> src/lib.rs:104:1
[INFO] [stdout]   |
[INFO] [stdout] 3 | client.arm(ArmOptions {
[INFO] [stdout]   | ^^^^^^ not found in this scope
[INFO] [stdout] 
[INFO] [stdout] error[E0422]: cannot find struct, variant or union type `ArmOptions` in this scope
[INFO] [stdout]  --> src/lib.rs:104:12
[INFO] [stdout]   |
[INFO] [stdout] 3 | client.arm(ArmOptions {
[INFO] [stdout]   |            ^^^^^^^^^^ not found in this scope
[INFO] [stdout]   |
[INFO] [stdout] help: consider importing this struct
[INFO] [stdout]   |
[INFO] [stdout] 2 + use concord4::ArmOptions;
[INFO] [stdout]   |
[INFO] [stdout] 
[INFO] [stdout] error[E0433]: failed to resolve: use of undeclared type `ArmMode`
[INFO] [stdout]  --> src/lib.rs:105:9
[INFO] [stdout]   |
[INFO] [stdout] 4 |   mode: ArmMode::Stay,
[INFO] [stdout]   |         ^^^^^^^ use of undeclared type `ArmMode`
[INFO] [stdout]   |
[INFO] [stdout] help: consider importing this enum
[INFO] [stdout]   |
[INFO] [stdout] 2 + use concord4::ArmMode;
[INFO] [stdout]   |
[INFO] [stdout] 
[INFO] [stdout] error[E0433]: failed to resolve: use of undeclared type `Keypress`
[INFO] [stdout]  --> src/lib.rs:106:10
[INFO] [stdout]   |
[INFO] [stdout] 5 |   code: [Keypress::One, Keypress::Two, Keypress::Three, Keypress::Four],
[INFO] [stdout]   |          ^^^^^^^^ use of undeclared type `Keypress`
[INFO] [stdout]   |
[INFO] [stdout] help: consider importing this enum
[INFO] [stdout]   |
[INFO] [stdout] 2 + use concord4::Keypress;
[INFO] [stdout]   |
[INFO] [stdout] 
[INFO] [stdout] error[E0433]: failed to resolve: use of undeclared type `Keypress`
[INFO] [stdout]  --> src/lib.rs:106:25
[INFO] [stdout]   |
[INFO] [stdout] 5 |   code: [Keypress::One, Keypress::Two, Keypress::Three, Keypress::Four],
[INFO] [stdout]   |                         ^^^^^^^^ use of undeclared type `Keypress`
[INFO] [stdout]   |
[INFO] [stdout] help: consider importing this enum
[INFO] [stdout]   |
[INFO] [stdout] 2 + use concord4::Keypress;
[INFO] [stdout]   |
[INFO] [stdout] 
[INFO] [stdout] error[E0433]: failed to resolve: use of undeclared type `Keypress`
[INFO] [stdout]  --> src/lib.rs:106:40
[INFO] [stdout]   |
[INFO] [stdout] 5 |   code: [Keypress::One, Keypress::Two, Keypress::Three, Keypress::Four],
[INFO] [stdout]   |                                        ^^^^^^^^ use of undeclared type `Keypress`
[INFO] [stdout]   |
[INFO] [stdout] help: consider importing this enum
[INFO] [stdout]   |
[INFO] [stdout] 2 + use concord4::Keypress;
[INFO] [stdout]   |
[INFO] [stdout] 
[INFO] [stdout] error[E0433]: failed to resolve: use of undeclared type `Keypress`
[INFO] [stdout]  --> src/lib.rs:106:57
[INFO] [stdout]   |
[INFO] [stdout] 5 |   code: [Keypress::One, Keypress::Two, Keypress::Three, Keypress::Four],
[INFO] [stdout]   |                                                         ^^^^^^^^ use of undeclared type `Keypress`
[INFO] [stdout]   |
[INFO] [stdout] help: consider importing this enum
[INFO] [stdout]   |
[INFO] [stdout] 2 + use concord4::Keypress;
[INFO] [stdout]   |
[INFO] [stdout] 
[INFO] [stdout] error[E0433]: failed to resolve: use of undeclared type `ArmLevel`
[INFO] [stdout]  --> src/lib.rs:107:15
[INFO] [stdout]   |
[INFO] [stdout] 6 |   level: Some(ArmLevel::Instant),
[INFO] [stdout]   |               ^^^^^^^^ use of undeclared type `ArmLevel`
[INFO] [stdout]   |
[INFO] [stdout] help: consider importing this enum
[INFO] [stdout]   |
[INFO] [stdout] 2 + use concord4::ArmLevel;
[INFO] [stdout]   |
[INFO] [stdout] 
[INFO] [stdout] error[E0728]: `await` is only allowed inside `async` functions and blocks
[INFO] [stdout]  --> src/lib.rs:109:4
[INFO] [stdout]   |
[INFO] [stdout] 2 | fn main() { #[allow(non_snake_case)] fn _doctest_main_src_lib_rs_103_0() {
[INFO] [stdout]   |                                      ----------------------------------- this is not `async`
[INFO] [stdout] ...
[INFO] [stdout] 8 | }).await.expect("could not arm alarm");
[INFO] [stdout]   |    ^^^^^ only allowed inside `async` functions and blocks
[INFO] [stdout] 
[INFO] [stdout] error: aborting due to 9 previous errors
[INFO] [stdout] 
[INFO] [stdout] Some errors have detailed explanations: E0422, E0425, E0433, E0728.
[INFO] [stdout] For more information about an error, try `rustc --explain E0422`.
[INFO] [stdout] Couldn't compile the test.
[INFO] [stdout] 
[INFO] [stdout] failures:
[INFO] [stdout]     src/lib.rs - Concord4::arm (line 103)
[INFO] [stdout]     src/lib.rs - Concord4::disarm (line 131)
[INFO] [stdout]     src/lib.rs - Concord4::open (line 42)
[INFO] [stdout]     src/lib.rs - Concord4::recv (line 79)
[INFO] [stdout]     src/lib.rs - Concord4::send (line 61)
[INFO] [stdout]     src/lib.rs - Concord4::toggle_chime (line 150)
[INFO] [stdout] 
[INFO] [stdout] test result: FAILED. 0 passed; 6 failed; 0 ignored; 0 measured; 0 filtered out; finished in 0.33s
[INFO] [stdout] 
[INFO] running `Command { std: "docker" "inspect" "2d4308bd2efa8326c8d496ae2aaf694f7f8abbfd252393479a063c423314d982", kill_on_drop: false }`
[INFO] running `Command { std: "docker" "rm" "-f" "2d4308bd2efa8326c8d496ae2aaf694f7f8abbfd252393479a063c423314d982", kill_on_drop: false }`
[INFO] [stdout] 2d4308bd2efa8326c8d496ae2aaf694f7f8abbfd252393479a063c423314d982
