[INFO] cloning repository https://github.com/Jkrish1011/trading-engine-rust
[INFO] running `Command { std: "git" "-c" "credential.helper=" "-c" "credential.helper=/workspace/cargo-home/bin/git-credential-null" "clone" "--bare" "https://github.com/Jkrish1011/trading-engine-rust" "/workspace/cache/git-repos/https%3A%2F%2Fgithub.com%2FJkrish1011%2Ftrading-engine-rust", kill_on_drop: false }`
[INFO] [stderr] Cloning into bare repository '/workspace/cache/git-repos/https%3A%2F%2Fgithub.com%2FJkrish1011%2Ftrading-engine-rust'...
[INFO] running `Command { std: "git" "rev-parse" "HEAD", kill_on_drop: false }`
[INFO] [stdout] 4244590756ad54c3034b9c902ab431829089fa83
[INFO] testing Jkrish1011/trading-engine-rust against 1.83.0 for beta-1.84.0-4-retry
[INFO] running `Command { std: "git" "clone" "/workspace/cache/git-repos/https%3A%2F%2Fgithub.com%2FJkrish1011%2Ftrading-engine-rust" "/workspace/builds/worker-4-tc1/source", kill_on_drop: false }`
[INFO] [stderr] Cloning into '/workspace/builds/worker-4-tc1/source'...
[INFO] [stderr] done.
[INFO] validating manifest of git repo https://github.com/Jkrish1011/trading-engine-rust on toolchain 1.83.0
[INFO] running `Command { std: CARGO_HOME="/workspace/cargo-home" RUSTUP_HOME="/workspace/rustup-home" "/workspace/cargo-home/bin/cargo" "+1.83.0" "metadata" "--manifest-path" "Cargo.toml" "--no-deps", kill_on_drop: false }`
[INFO] started tweaking git repo https://github.com/Jkrish1011/trading-engine-rust
[INFO] finished tweaking git repo https://github.com/Jkrish1011/trading-engine-rust
[INFO] tweaked toml for git repo https://github.com/Jkrish1011/trading-engine-rust written to /workspace/builds/worker-4-tc1/source/Cargo.toml
[INFO] crate git repo https://github.com/Jkrish1011/trading-engine-rust already has a lockfile, it will not be regenerated
[INFO] running `Command { std: CARGO_HOME="/workspace/cargo-home" RUSTUP_HOME="/workspace/rustup-home" "/workspace/cargo-home/bin/cargo" "+1.83.0" "fetch" "--manifest-path" "Cargo.toml", kill_on_drop: false }`
[INFO] [stderr]     Updating crates.io index
[INFO] [stderr]  Downloading crates ...
[INFO] [stderr]   Downloaded rust_decimal_macros v1.36.0
[INFO] running `Command { std: "docker" "create" "-v" "/var/lib/crater-agent-workspace/builds/worker-4-tc1/target:/opt/rustwide/target:rw,Z" "-v" "/var/lib/crater-agent-workspace/builds/worker-4-tc1/source:/opt/rustwide/workdir:ro,Z" "-v" "/var/lib/crater-agent-workspace/cargo-home:/opt/rustwide/cargo-home:ro,Z" "-v" "/var/lib/crater-agent-workspace/rustup-home:/opt/rustwide/rustup-home:ro,Z" "-e" "SOURCE_DIR=/opt/rustwide/workdir" "-e" "CARGO_TARGET_DIR=/opt/rustwide/target" "-e" "CARGO_HOME=/opt/rustwide/cargo-home" "-e" "RUSTUP_HOME=/opt/rustwide/rustup-home" "-w" "/opt/rustwide/workdir" "-m" "1610612736" "--user" "0:0" "--network" "none" "ghcr.io/rust-lang/crates-build-env/linux@sha256:f3a9d4ad9d972b27faf3965f35b62e55ba32bbce8f20bc8fe909558a86702fde" "/opt/rustwide/cargo-home/bin/cargo" "+1.83.0" "metadata" "--no-deps" "--format-version=1", kill_on_drop: false }`
[INFO] [stdout] 9ecd563e4d7fe83c80995636f83ec506bbc44750a0ce2ea3171c1b370b122fdc
[INFO] running `Command { std: "docker" "start" "-a" "9ecd563e4d7fe83c80995636f83ec506bbc44750a0ce2ea3171c1b370b122fdc", kill_on_drop: false }`
[INFO] running `Command { std: "docker" "inspect" "9ecd563e4d7fe83c80995636f83ec506bbc44750a0ce2ea3171c1b370b122fdc", kill_on_drop: false }`
[INFO] running `Command { std: "docker" "rm" "-f" "9ecd563e4d7fe83c80995636f83ec506bbc44750a0ce2ea3171c1b370b122fdc", kill_on_drop: false }`
[INFO] [stdout] 9ecd563e4d7fe83c80995636f83ec506bbc44750a0ce2ea3171c1b370b122fdc
[INFO] running `Command { std: "docker" "create" "-v" "/var/lib/crater-agent-workspace/builds/worker-4-tc1/target:/opt/rustwide/target:rw,Z" "-v" "/var/lib/crater-agent-workspace/builds/worker-4-tc1/source:/opt/rustwide/workdir:ro,Z" "-v" "/var/lib/crater-agent-workspace/cargo-home:/opt/rustwide/cargo-home:ro,Z" "-v" "/var/lib/crater-agent-workspace/rustup-home:/opt/rustwide/rustup-home:ro,Z" "-e" "SOURCE_DIR=/opt/rustwide/workdir" "-e" "CARGO_TARGET_DIR=/opt/rustwide/target" "-e" "CARGO_INCREMENTAL=0" "-e" "RUST_BACKTRACE=full" "-e" "RUSTFLAGS=--cap-lints=warn" "-e" "RUSTDOCFLAGS=--cap-lints=warn" "-e" "CARGO_HOME=/opt/rustwide/cargo-home" "-e" "RUSTUP_HOME=/opt/rustwide/rustup-home" "-w" "/opt/rustwide/workdir" "-m" "1610612736" "--user" "0:0" "--network" "none" "ghcr.io/rust-lang/crates-build-env/linux@sha256:f3a9d4ad9d972b27faf3965f35b62e55ba32bbce8f20bc8fe909558a86702fde" "/opt/rustwide/cargo-home/bin/cargo" "+1.83.0" "build" "--frozen" "--message-format=json", kill_on_drop: false }`
[INFO] [stdout] bbd2619ae374b66e0b12ce1fbbde18f18bcc815b98e586f6838ad098029c92ce
[INFO] running `Command { std: "docker" "start" "-a" "bbd2619ae374b66e0b12ce1fbbde18f18bcc815b98e586f6838ad098029c92ce", kill_on_drop: false }`
[INFO] [stderr]    Compiling autocfg v1.3.0
[INFO] [stderr]    Compiling proc-macro2 v1.0.86
[INFO] [stderr]    Compiling rust_decimal v1.36.0
[INFO] [stderr]    Compiling serde v1.0.209
[INFO] [stderr]    Compiling arrayvec v0.7.6
[INFO] [stderr]    Compiling num-traits v0.2.19
[INFO] [stderr]    Compiling quote v1.0.37
[INFO] [stderr]    Compiling rust_decimal_macros v1.36.0
[INFO] [stderr]    Compiling trading-engine v0.1.0 (/opt/rustwide/workdir)
[INFO] [stdout] warning: unused variable: `limits`
[INFO] [stdout]    --> src/matching_engine/orderbook.rs:116:13
[INFO] [stdout]     |
[INFO] [stdout] 116 |         let limits = match market_order.bid_or_ask {
[INFO] [stdout]     |             ^^^^^^ help: if this is intentional, prefix it with an underscore: `_limits`
[INFO] [stdout]     |
[INFO] [stdout]     = note: `#[warn(unused_variables)]` on by default
[INFO] [stdout] 
[INFO] [stdout] 
[INFO] [stdout] warning: unused variable: `eth_pair`
[INFO] [stdout]   --> src/main.rs:23:9
[INFO] [stdout]    |
[INFO] [stdout] 23 |     let eth_pair: TradingPair = TradingPair::new("ETH".to_string(), "USD".to_string());
[INFO] [stdout]    |         ^^^^^^^^ help: if this is intentional, prefix it with an underscore: `_eth_pair`
[INFO] [stdout] 
[INFO] [stdout] 
[INFO] [stdout] warning: type `Limit` is more private than the item `OrderBook::ask_limits`
[INFO] [stdout]   --> src/matching_engine/orderbook.rs:98:5
[INFO] [stdout]    |
[INFO] [stdout] 98 |     pub fn ask_limits(&mut self) -> Vec<&mut Limit> {
[INFO] [stdout]    |     ^^^^^^^^^^^^^^^^^^^^^^^^^^^^^^^^^^^^^^^^^^^^^^^ method `OrderBook::ask_limits` is reachable at visibility `pub(crate)`
[INFO] [stdout]    |
[INFO] [stdout] note: but type `Limit` is only usable at visibility `pub(self)`
[INFO] [stdout]   --> src/matching_engine/orderbook.rs:14:1
[INFO] [stdout]    |
[INFO] [stdout] 14 | struct Limit {
[INFO] [stdout]    | ^^^^^^^^^^^^
[INFO] [stdout]    = note: `#[warn(private_interfaces)]` on by default
[INFO] [stdout] 
[INFO] [stdout] 
[INFO] [stdout] warning: type `Limit` is more private than the item `OrderBook::bid_limits`
[INFO] [stdout]    --> src/matching_engine/orderbook.rs:106:5
[INFO] [stdout]     |
[INFO] [stdout] 106 |     pub fn bid_limits(&mut self) -> Vec<&mut Limit> {
[INFO] [stdout]     |     ^^^^^^^^^^^^^^^^^^^^^^^^^^^^^^^^^^^^^^^^^^^^^^^ method `OrderBook::bid_limits` is reachable at visibility `pub(crate)`
[INFO] [stdout]     |
[INFO] [stdout] note: but type `Limit` is only usable at visibility `pub(self)`
[INFO] [stdout]    --> src/matching_engine/orderbook.rs:14:1
[INFO] [stdout]     |
[INFO] [stdout] 14  | struct Limit {
[INFO] [stdout]     | ^^^^^^^^^^^^
[INFO] [stdout] 
[INFO] [stdout] 
[INFO] [stderr]     Finished `dev` profile [unoptimized + debuginfo] target(s) in 6.70s
[INFO] running `Command { std: "docker" "inspect" "bbd2619ae374b66e0b12ce1fbbde18f18bcc815b98e586f6838ad098029c92ce", kill_on_drop: false }`
[INFO] running `Command { std: "docker" "rm" "-f" "bbd2619ae374b66e0b12ce1fbbde18f18bcc815b98e586f6838ad098029c92ce", kill_on_drop: false }`
[INFO] [stdout] bbd2619ae374b66e0b12ce1fbbde18f18bcc815b98e586f6838ad098029c92ce
[INFO] running `Command { std: "docker" "create" "-v" "/var/lib/crater-agent-workspace/builds/worker-4-tc1/target:/opt/rustwide/target:rw,Z" "-v" "/var/lib/crater-agent-workspace/builds/worker-4-tc1/source:/opt/rustwide/workdir:ro,Z" "-v" "/var/lib/crater-agent-workspace/cargo-home:/opt/rustwide/cargo-home:ro,Z" "-v" "/var/lib/crater-agent-workspace/rustup-home:/opt/rustwide/rustup-home:ro,Z" "-e" "SOURCE_DIR=/opt/rustwide/workdir" "-e" "CARGO_TARGET_DIR=/opt/rustwide/target" "-e" "CARGO_INCREMENTAL=0" "-e" "RUST_BACKTRACE=full" "-e" "RUSTFLAGS=--cap-lints=warn" "-e" "RUSTDOCFLAGS=--cap-lints=warn" "-e" "CARGO_HOME=/opt/rustwide/cargo-home" "-e" "RUSTUP_HOME=/opt/rustwide/rustup-home" "-w" "/opt/rustwide/workdir" "-m" "1610612736" "--user" "0:0" "--network" "none" "ghcr.io/rust-lang/crates-build-env/linux@sha256:f3a9d4ad9d972b27faf3965f35b62e55ba32bbce8f20bc8fe909558a86702fde" "/opt/rustwide/cargo-home/bin/cargo" "+1.83.0" "test" "--frozen" "--no-run" "--message-format=json", kill_on_drop: false }`
[INFO] [stdout] e4a9cd51fb962099eaee8f5498c7758abbd3982836ef88c2a72b6bea4d0e1cc4
[INFO] running `Command { std: "docker" "start" "-a" "e4a9cd51fb962099eaee8f5498c7758abbd3982836ef88c2a72b6bea4d0e1cc4", kill_on_drop: false }`
[INFO] [stderr]    Compiling trading-engine v0.1.0 (/opt/rustwide/workdir)
[INFO] [stdout] warning: unused variable: `limits`
[INFO] [stdout]    --> src/matching_engine/orderbook.rs:116:13
[INFO] [stdout]     |
[INFO] [stdout] 116 |         let limits = match market_order.bid_or_ask {
[INFO] [stdout]     |             ^^^^^^ help: if this is intentional, prefix it with an underscore: `_limits`
[INFO] [stdout]     |
[INFO] [stdout]     = note: `#[warn(unused_variables)]` on by default
[INFO] [stdout] 
[INFO] [stdout] 
[INFO] [stdout] warning: unused variable: `eth_pair`
[INFO] [stdout]   --> src/main.rs:23:9
[INFO] [stdout]    |
[INFO] [stdout] 23 |     let eth_pair: TradingPair = TradingPair::new("ETH".to_string(), "USD".to_string());
[INFO] [stdout]    |         ^^^^^^^^ help: if this is intentional, prefix it with an underscore: `_eth_pair`
[INFO] [stdout] 
[INFO] [stdout] 
[INFO] [stdout] warning: type `orderbook::Limit` is more private than the item `orderbook::OrderBook::ask_limits`
[INFO] [stdout]   --> src/matching_engine/orderbook.rs:98:5
[INFO] [stdout]    |
[INFO] [stdout] 98 |     pub fn ask_limits(&mut self) -> Vec<&mut Limit> {
[INFO] [stdout]    |     ^^^^^^^^^^^^^^^^^^^^^^^^^^^^^^^^^^^^^^^^^^^^^^^ method `orderbook::OrderBook::ask_limits` is reachable at visibility `pub(crate)`
[INFO] [stdout]    |
[INFO] [stdout] note: but type `orderbook::Limit` is only usable at visibility `pub(self)`
[INFO] [stdout]   --> src/matching_engine/orderbook.rs:14:1
[INFO] [stdout]    |
[INFO] [stdout] 14 | struct Limit {
[INFO] [stdout]    | ^^^^^^^^^^^^
[INFO] [stdout]    = note: `#[warn(private_interfaces)]` on by default
[INFO] [stdout] 
[INFO] [stdout] 
[INFO] [stdout] warning: type `orderbook::Limit` is more private than the item `orderbook::OrderBook::bid_limits`
[INFO] [stdout]    --> src/matching_engine/orderbook.rs:106:5
[INFO] [stdout]     |
[INFO] [stdout] 106 |     pub fn bid_limits(&mut self) -> Vec<&mut Limit> {
[INFO] [stdout]     |     ^^^^^^^^^^^^^^^^^^^^^^^^^^^^^^^^^^^^^^^^^^^^^^^ method `orderbook::OrderBook::bid_limits` is reachable at visibility `pub(crate)`
[INFO] [stdout]     |
[INFO] [stdout] note: but type `orderbook::Limit` is only usable at visibility `pub(self)`
[INFO] [stdout]    --> src/matching_engine/orderbook.rs:14:1
[INFO] [stdout]     |
[INFO] [stdout] 14  | struct Limit {
[INFO] [stdout]     | ^^^^^^^^^^^^
[INFO] [stdout] 
[INFO] [stdout] 
[INFO] [stderr]     Finished `test` profile [unoptimized + debuginfo] target(s) in 0.80s
[INFO] running `Command { std: "docker" "inspect" "e4a9cd51fb962099eaee8f5498c7758abbd3982836ef88c2a72b6bea4d0e1cc4", kill_on_drop: false }`
[INFO] running `Command { std: "docker" "rm" "-f" "e4a9cd51fb962099eaee8f5498c7758abbd3982836ef88c2a72b6bea4d0e1cc4", kill_on_drop: false }`
[INFO] [stdout] e4a9cd51fb962099eaee8f5498c7758abbd3982836ef88c2a72b6bea4d0e1cc4
[INFO] running `Command { std: "docker" "create" "-v" "/var/lib/crater-agent-workspace/builds/worker-4-tc1/target:/opt/rustwide/target:rw,Z" "-v" "/var/lib/crater-agent-workspace/builds/worker-4-tc1/source:/opt/rustwide/workdir:ro,Z" "-v" "/var/lib/crater-agent-workspace/cargo-home:/opt/rustwide/cargo-home:ro,Z" "-v" "/var/lib/crater-agent-workspace/rustup-home:/opt/rustwide/rustup-home:ro,Z" "-e" "SOURCE_DIR=/opt/rustwide/workdir" "-e" "CARGO_TARGET_DIR=/opt/rustwide/target" "-e" "CARGO_INCREMENTAL=0" "-e" "RUST_BACKTRACE=full" "-e" "RUSTFLAGS=--cap-lints=warn" "-e" "RUSTDOCFLAGS=--cap-lints=warn" "-e" "CARGO_HOME=/opt/rustwide/cargo-home" "-e" "RUSTUP_HOME=/opt/rustwide/rustup-home" "-w" "/opt/rustwide/workdir" "-m" "1610612736" "--user" "0:0" "--network" "none" "ghcr.io/rust-lang/crates-build-env/linux@sha256:f3a9d4ad9d972b27faf3965f35b62e55ba32bbce8f20bc8fe909558a86702fde" "/opt/rustwide/cargo-home/bin/cargo" "+1.83.0" "test" "--frozen", kill_on_drop: false }`
[INFO] [stdout] 83509dee35839fc1c944e0a773570934e70dd9a5893952dd1f8df8af0ff6bf9b
[INFO] running `Command { std: "docker" "start" "-a" "83509dee35839fc1c944e0a773570934e70dd9a5893952dd1f8df8af0ff6bf9b", kill_on_drop: false }`
[INFO] [stderr] warning: unused variable: `limits`
[INFO] [stderr]    --> src/matching_engine/orderbook.rs:116:13
[INFO] [stderr]     |
[INFO] [stderr] 116 |         let limits = match market_order.bid_or_ask {
[INFO] [stderr]     |             ^^^^^^ help: if this is intentional, prefix it with an underscore: `_limits`
[INFO] [stderr]     |
[INFO] [stderr]     = note: `#[warn(unused_variables)]` on by default
[INFO] [stderr] 
[INFO] [stderr] warning: unused variable: `eth_pair`
[INFO] [stderr]   --> src/main.rs:23:9
[INFO] [stderr]    |
[INFO] [stderr] 23 |     let eth_pair: TradingPair = TradingPair::new("ETH".to_string(), "USD".to_string());
[INFO] [stderr]    |         ^^^^^^^^ help: if this is intentional, prefix it with an underscore: `_eth_pair`
[INFO] [stderr] 
[INFO] [stderr] warning: type `orderbook::Limit` is more private than the item `orderbook::OrderBook::ask_limits`
[INFO] [stderr]   --> src/matching_engine/orderbook.rs:98:5
[INFO] [stderr]    |
[INFO] [stderr] 98 |     pub fn ask_limits(&mut self) -> Vec<&mut Limit> {
[INFO] [stderr]    |     ^^^^^^^^^^^^^^^^^^^^^^^^^^^^^^^^^^^^^^^^^^^^^^^ method `orderbook::OrderBook::ask_limits` is reachable at visibility `pub(crate)`
[INFO] [stderr]    |
[INFO] [stderr] note: but type `orderbook::Limit` is only usable at visibility `pub(self)`
[INFO] [stderr]   --> src/matching_engine/orderbook.rs:14:1
[INFO] [stderr]    |
[INFO] [stderr] 14 | struct Limit {
[INFO] [stderr]    | ^^^^^^^^^^^^
[INFO] [stderr]    = note: `#[warn(private_interfaces)]` on by default
[INFO] [stderr] 
[INFO] [stderr] warning: type `orderbook::Limit` is more private than the item `orderbook::OrderBook::bid_limits`
[INFO] [stderr]    --> src/matching_engine/orderbook.rs:106:5
[INFO] [stderr]     |
[INFO] [stderr] 106 |     pub fn bid_limits(&mut self) -> Vec<&mut Limit> {
[INFO] [stderr]     |     ^^^^^^^^^^^^^^^^^^^^^^^^^^^^^^^^^^^^^^^^^^^^^^^ method `orderbook::OrderBook::bid_limits` is reachable at visibility `pub(crate)`
[INFO] [stderr]     |
[INFO] [stderr] note: but type `orderbook::Limit` is only usable at visibility `pub(self)`
[INFO] [stderr]    --> src/matching_engine/orderbook.rs:14:1
[INFO] [stderr]     |
[INFO] [stderr] 14  | struct Limit {
[INFO] [stderr]     | ^^^^^^^^^^^^
[INFO] [stderr] 
[INFO] [stderr] warning: `trading-engine` (bin "trading-engine" test) generated 4 warnings
[INFO] [stderr]     Finished `test` profile [unoptimized + debuginfo] target(s) in 0.07s
[INFO] [stderr]      Running unittests src/main.rs (/opt/rustwide/target/debug/deps/trading_engine-7665217a154c2332)
[INFO] [stdout] 
[INFO] [stdout] running 4 tests
[INFO] [stdout] test matching_engine::orderbook::tests::limit_order_multi_fill ... ok
[INFO] [stdout] test matching_engine::orderbook::tests::limit_order_single_fill ... ok
[INFO] [stdout] test matching_engine::orderbook::tests::limit_total_volume ... ok
[INFO] [stdout] test matching_engine::orderbook::tests::orderbook_fill_market_order_ask ... FAILED
[INFO] [stdout] 
[INFO] [stdout] failures:
[INFO] [stdout] 
[INFO] [stdout] ---- matching_engine::orderbook::tests::orderbook_fill_market_order_ask stdout ----
[INFO] [stdout] info::from-ask-to-create-new-limit
[INFO] [stdout] info::from-ask-to-create-new-limit
[INFO] [stdout] info::from-ask-to-create-new-limit
[INFO] [stdout] info::from-ask-to-create-new-limit
[INFO] [stdout] info::from-ask-to-create-new-limit
[INFO] [stdout] thread 'matching_engine::orderbook::tests::orderbook_fill_market_order_ask' panicked at src/matching_engine/orderbook.rs:181:9:
[INFO] [stdout] assertion `left == right` failed
[INFO] [stdout]   left: false
[INFO] [stdout]  right: true
[INFO] [stdout] stack backtrace:
[INFO] [stdout]    0:     0x61759a36edea - std::backtrace_rs::backtrace::libunwind::trace::h5a5b8284f2d0c266
[INFO] [stdout]                                at /rustc/90b35a6239c3d8bdabc530a6a0816f7ff89a0aaf/library/std/src/../../backtrace/src/backtrace/libunwind.rs:116:5
[INFO] [stdout]    1:     0x61759a36edea - std::backtrace_rs::backtrace::trace_unsynchronized::h76d4f1c9b0b875e3
[INFO] [stdout]                                at /rustc/90b35a6239c3d8bdabc530a6a0816f7ff89a0aaf/library/std/src/../../backtrace/src/backtrace/mod.rs:66:5
[INFO] [stdout]    2:     0x61759a36edea - std::sys::backtrace::_print_fmt::hc4546b8364a537c6
[INFO] [stdout]                                at /rustc/90b35a6239c3d8bdabc530a6a0816f7ff89a0aaf/library/std/src/sys/backtrace.rs:66:9
[INFO] [stdout]    3:     0x61759a36edea - <std::sys::backtrace::BacktraceLock::print::DisplayBacktrace as core::fmt::Display>::fmt::h5b6bd5631a6d1f6b
[INFO] [stdout]                                at /rustc/90b35a6239c3d8bdabc530a6a0816f7ff89a0aaf/library/std/src/sys/backtrace.rs:39:26
[INFO] [stdout]    4:     0x61759a3944f3 - core::fmt::rt::Argument::fmt::h270f6602a2b96f62
[INFO] [stdout]                                at /rustc/90b35a6239c3d8bdabc530a6a0816f7ff89a0aaf/library/core/src/fmt/rt.rs:177:76
[INFO] [stdout]    5:     0x61759a3944f3 - core::fmt::write::h7550c97b06c86515
[INFO] [stdout]                                at /rustc/90b35a6239c3d8bdabc530a6a0816f7ff89a0aaf/library/core/src/fmt/mod.rs:1186:21
[INFO] [stdout]    6:     0x61759a36bfb3 - std::io::Write::write_fmt::h509ff860e5956e5e
[INFO] [stdout]                                at /rustc/90b35a6239c3d8bdabc530a6a0816f7ff89a0aaf/library/std/src/io/mod.rs:1839:15
[INFO] [stdout]    7:     0x61759a36ec32 - std::sys::backtrace::BacktraceLock::print::h2395ccd2c84ba3aa
[INFO] [stdout]                                at /rustc/90b35a6239c3d8bdabc530a6a0816f7ff89a0aaf/library/std/src/sys/backtrace.rs:42:9
[INFO] [stdout]    8:     0x61759a37024a - std::panicking::default_hook::{{closure}}::he19d4c7230e07961
[INFO] [stdout]                                at /rustc/90b35a6239c3d8bdabc530a6a0816f7ff89a0aaf/library/std/src/panicking.rs:268:22
[INFO] [stdout]    9:     0x61759a370054 - std::panicking::default_hook::hf614597d3c67bbdb
[INFO] [stdout]                                at /rustc/90b35a6239c3d8bdabc530a6a0816f7ff89a0aaf/library/std/src/panicking.rs:292:9
[INFO] [stdout]   10:     0x61759a3353a9 - <alloc::boxed::Box<F,A> as core::ops::function::Fn<Args>>::call::h39b51ce4599c23d1
[INFO] [stdout]                                at /rustc/90b35a6239c3d8bdabc530a6a0816f7ff89a0aaf/library/alloc/src/boxed.rs:2468:9
[INFO] [stdout]   11:     0x61759a3353a9 - test::test_main::{{closure}}::he977ae839a582784
[INFO] [stdout]                                at /rustc/90b35a6239c3d8bdabc530a6a0816f7ff89a0aaf/library/test/src/lib.rs:133:21
[INFO] [stdout]   12:     0x61759a3708e8 - <alloc::boxed::Box<F,A> as core::ops::function::Fn<Args>>::call::h9455091b6b06f9fb
[INFO] [stdout]                                at /rustc/90b35a6239c3d8bdabc530a6a0816f7ff89a0aaf/library/alloc/src/boxed.rs:2468:9
[INFO] [stdout]   13:     0x61759a3708e8 - std::panicking::rust_panic_with_hook::h8942133a8b252070
[INFO] [stdout]                                at /rustc/90b35a6239c3d8bdabc530a6a0816f7ff89a0aaf/library/std/src/panicking.rs:809:13
[INFO] [stdout]   14:     0x61759a3706aa - std::panicking::begin_panic_handler::{{closure}}::hb5f5963570096b29
[INFO] [stdout]                                at /rustc/90b35a6239c3d8bdabc530a6a0816f7ff89a0aaf/library/std/src/panicking.rs:674:13
[INFO] [stdout]   15:     0x61759a36f2c9 - std::sys::backtrace::__rust_end_short_backtrace::h6208cedc1922feda
[INFO] [stdout]                                at /rustc/90b35a6239c3d8bdabc530a6a0816f7ff89a0aaf/library/std/src/sys/backtrace.rs:170:18
[INFO] [stdout]   16:     0x61759a37033c - rust_begin_unwind
[INFO] [stdout]                                at /rustc/90b35a6239c3d8bdabc530a6a0816f7ff89a0aaf/library/std/src/panicking.rs:665:5
[INFO] [stdout]   17:     0x61759a2e7aa0 - core::panicking::panic_fmt::h0c3082644d1bf418
[INFO] [stdout]                                at /rustc/90b35a6239c3d8bdabc530a6a0816f7ff89a0aaf/library/core/src/panicking.rs:74:14
[INFO] [stdout]   18:     0x61759a2e7dcb - core::panicking::assert_failed_inner::h2ddf1fcc067fa858
[INFO] [stdout]   19:     0x61759a2f7dec - core::panicking::assert_failed::h4e43cfb44a1075a7
[INFO] [stdout]                                at /rustc/90b35a6239c3d8bdabc530a6a0816f7ff89a0aaf/library/core/src/panicking.rs:367:5
[INFO] [stdout]   20:     0x61759a2fc41a - trading_engine::matching_engine::orderbook::tests::orderbook_fill_market_order_ask::hdb8cf8ae474b627e
[INFO] [stdout]                                at /opt/rustwide/workdir/src/matching_engine/orderbook.rs:181:9
[INFO] [stdout]   21:     0x61759a2fbf17 - trading_engine::matching_engine::orderbook::tests::orderbook_fill_market_order_ask::{{closure}}::h7f762564cde0312e
[INFO] [stdout]                                at /opt/rustwide/workdir/src/matching_engine/orderbook.rs:162:41
[INFO] [stdout]   22:     0x61759a2f6936 - core::ops::function::FnOnce::call_once::h53d7dd685c19bbde
[INFO] [stdout]                                at /rustc/90b35a6239c3d8bdabc530a6a0816f7ff89a0aaf/library/core/src/ops/function.rs:250:5
[INFO] [stdout]   23:     0x61759a339d6b - core::ops::function::FnOnce::call_once::h109cf8051a59b34e
[INFO] [stdout]                                at /rustc/90b35a6239c3d8bdabc530a6a0816f7ff89a0aaf/library/core/src/ops/function.rs:250:5
[INFO] [stdout]   24:     0x61759a339d6b - test::__rust_begin_short_backtrace::hf4fff89d377446ba
[INFO] [stdout]                                at /rustc/90b35a6239c3d8bdabc530a6a0816f7ff89a0aaf/library/test/src/lib.rs:621:18
[INFO] [stdout]   25:     0x61759a3395a7 - test::run_test_in_process::{{closure}}::h0e39181dd7ee5a43
[INFO] [stdout]                                at /rustc/90b35a6239c3d8bdabc530a6a0816f7ff89a0aaf/library/test/src/lib.rs:644:60
[INFO] [stdout]   26:     0x61759a3395a7 - <core::panic::unwind_safe::AssertUnwindSafe<F> as core::ops::function::FnOnce<()>>::call_once::hc5a66a30f0bdfd1f
[INFO] [stdout]                                at /rustc/90b35a6239c3d8bdabc530a6a0816f7ff89a0aaf/library/core/src/panic/unwind_safe.rs:272:9
[INFO] [stdout]   27:     0x61759a3395a7 - std::panicking::try::do_call::h873b7cf639554a5e
[INFO] [stdout]                                at /rustc/90b35a6239c3d8bdabc530a6a0816f7ff89a0aaf/library/std/src/panicking.rs:557:40
[INFO] [stdout]   28:     0x61759a3395a7 - std::panicking::try::hdb19862fad9c8bd1
[INFO] [stdout]                                at /rustc/90b35a6239c3d8bdabc530a6a0816f7ff89a0aaf/library/std/src/panicking.rs:520:19
[INFO] [stdout]   29:     0x61759a3395a7 - std::panic::catch_unwind::h281fe732d236d260
[INFO] [stdout]                                at /rustc/90b35a6239c3d8bdabc530a6a0816f7ff89a0aaf/library/std/src/panic.rs:358:14
[INFO] [stdout]   30:     0x61759a3395a7 - test::run_test_in_process::h949b6df8457ed338
[INFO] [stdout]                                at /rustc/90b35a6239c3d8bdabc530a6a0816f7ff89a0aaf/library/test/src/lib.rs:644:27
[INFO] [stdout]   31:     0x61759a3395a7 - test::run_test::{{closure}}::h52c556a6d4740e10
[INFO] [stdout]                                at /rustc/90b35a6239c3d8bdabc530a6a0816f7ff89a0aaf/library/test/src/lib.rs:565:43
[INFO] [stdout]   32:     0x61759a2fe884 - test::run_test::{{closure}}::h4237f6381c45ccb9
[INFO] [stdout]                                at /rustc/90b35a6239c3d8bdabc530a6a0816f7ff89a0aaf/library/test/src/lib.rs:595:41
[INFO] [stdout]   33:     0x61759a2fe884 - std::sys::backtrace::__rust_begin_short_backtrace::h505c97a579eca628
[INFO] [stdout]                                at /rustc/90b35a6239c3d8bdabc530a6a0816f7ff89a0aaf/library/std/src/sys/backtrace.rs:154:18
[INFO] [stdout]   34:     0x61759a301f4e - std::thread::Builder::spawn_unchecked_::{{closure}}::{{closure}}::h9e86b2e2bc107ea3
[INFO] [stdout]                                at /rustc/90b35a6239c3d8bdabc530a6a0816f7ff89a0aaf/library/std/src/thread/mod.rs:538:17
[INFO] [stdout]   35:     0x61759a301f4e - <core::panic::unwind_safe::AssertUnwindSafe<F> as core::ops::function::FnOnce<()>>::call_once::h8b06ddb275ff4a25
[INFO] [stdout]                                at /rustc/90b35a6239c3d8bdabc530a6a0816f7ff89a0aaf/library/core/src/panic/unwind_safe.rs:272:9
[INFO] [stdout]   36:     0x61759a301f4e - std::panicking::try::do_call::hb26ecd7cd9a9355d
[INFO] [stdout]                                at /rustc/90b35a6239c3d8bdabc530a6a0816f7ff89a0aaf/library/std/src/panicking.rs:557:40
[INFO] [stdout]   37:     0x61759a301f4e - std::panicking::try::h8ddeca9d705f9069
[INFO] [stdout]                                at /rustc/90b35a6239c3d8bdabc530a6a0816f7ff89a0aaf/library/std/src/panicking.rs:520:19
[INFO] [stdout]   38:     0x61759a301f4e - std::panic::catch_unwind::h49e1c33078844c46
[INFO] [stdout]                                at /rustc/90b35a6239c3d8bdabc530a6a0816f7ff89a0aaf/library/std/src/panic.rs:358:14
[INFO] [stdout]   39:     0x61759a301f4e - std::thread::Builder::spawn_unchecked_::{{closure}}::h6073db6ff56ad35d
[INFO] [stdout]                                at /rustc/90b35a6239c3d8bdabc530a6a0816f7ff89a0aaf/library/std/src/thread/mod.rs:537:30
[INFO] [stdout]   40:     0x61759a301f4e - core::ops::function::FnOnce::call_once{{vtable.shim}}::h2c5a5f3779c774f1
[INFO] [stdout]                                at /rustc/90b35a6239c3d8bdabc530a6a0816f7ff89a0aaf/library/core/src/ops/function.rs:250:5
[INFO] [stdout]   41:     0x61759a37463b - <alloc::boxed::Box<F,A> as core::ops::function::FnOnce<Args>>::call_once::hf75717d9f28faebf
[INFO] [stdout]                                at /rustc/90b35a6239c3d8bdabc530a6a0816f7ff89a0aaf/library/alloc/src/boxed.rs:2454:9
[INFO] [stdout]   42:     0x61759a37463b - <alloc::boxed::Box<F,A> as core::ops::function::FnOnce<Args>>::call_once::h7bd883a5f3c5f3c1
[INFO] [stdout]                                at /rustc/90b35a6239c3d8bdabc530a6a0816f7ff89a0aaf/library/alloc/src/boxed.rs:2454:9
[INFO] [stdout]   43:     0x61759a37463b - std::sys::pal::unix::thread::Thread::new::thread_start::hcc78f3943333fa94
[INFO] [stdout]                                at /rustc/90b35a6239c3d8bdabc530a6a0816f7ff89a0aaf/library/std/src/sys/pal/unix/thread.rs:105:17
[INFO] [stdout]   44:     0x7d9c5d368ac3 - <unknown>
[INFO] [stdout]   45:     0x7d9c5d3f9a04 - clone
[INFO] [stdout]   46:                0x0 - <unknown>
[INFO] [stdout] 
[INFO] [stdout] 
[INFO] [stdout] failures:
[INFO] [stdout]     matching_engine::orderbook::tests::orderbook_fill_market_order_ask
[INFO] [stdout] 
[INFO] [stdout] test result: FAILED. 3 passed; 1 failed; 0 ignored; 0 measured; 0 filtered out; finished in 0.03s
[INFO] [stdout] 
[INFO] [stderr] error: test failed, to rerun pass `--bin trading-engine`
[INFO] running `Command { std: "docker" "inspect" "83509dee35839fc1c944e0a773570934e70dd9a5893952dd1f8df8af0ff6bf9b", kill_on_drop: false }`
[INFO] running `Command { std: "docker" "rm" "-f" "83509dee35839fc1c944e0a773570934e70dd9a5893952dd1f8df8af0ff6bf9b", kill_on_drop: false }`
[INFO] [stdout] 83509dee35839fc1c944e0a773570934e70dd9a5893952dd1f8df8af0ff6bf9b
