[INFO] cloning repository https://github.com/JeromeSchmied/fit2gpx-rs
[INFO] running `Command { std: "git" "-c" "credential.helper=" "-c" "credential.helper=/workspace/cargo-home/bin/git-credential-null" "clone" "--bare" "https://github.com/JeromeSchmied/fit2gpx-rs" "/workspace/cache/git-repos/https%3A%2F%2Fgithub.com%2FJeromeSchmied%2Ffit2gpx-rs", kill_on_drop: false }`
[INFO] [stderr] Cloning into bare repository '/workspace/cache/git-repos/https%3A%2F%2Fgithub.com%2FJeromeSchmied%2Ffit2gpx-rs'...
[INFO] running `Command { std: "git" "rev-parse" "HEAD", kill_on_drop: false }`
[INFO] [stdout] 2cb0b6807db567be18cd52fd29bd2ebec4484d6d
[INFO] testing JeromeSchmied/fit2gpx-rs against beta-2024-12-08 for beta-1.84.0-4-retry
[INFO] running `Command { std: "git" "clone" "/workspace/cache/git-repos/https%3A%2F%2Fgithub.com%2FJeromeSchmied%2Ffit2gpx-rs" "/workspace/builds/worker-2-tc2/source", kill_on_drop: false }`
[INFO] [stderr] Cloning into '/workspace/builds/worker-2-tc2/source'...
[INFO] [stderr] done.
[INFO] validating manifest of git repo https://github.com/JeromeSchmied/fit2gpx-rs on toolchain beta-2024-12-08
[INFO] running `Command { std: CARGO_HOME="/workspace/cargo-home" RUSTUP_HOME="/workspace/rustup-home" "/workspace/cargo-home/bin/cargo" "+beta-2024-12-08" "metadata" "--manifest-path" "Cargo.toml" "--no-deps", kill_on_drop: false }`
[INFO] started tweaking git repo https://github.com/JeromeSchmied/fit2gpx-rs
[INFO] finished tweaking git repo https://github.com/JeromeSchmied/fit2gpx-rs
[INFO] tweaked toml for git repo https://github.com/JeromeSchmied/fit2gpx-rs written to /workspace/builds/worker-2-tc2/source/Cargo.toml
[INFO] crate git repo https://github.com/JeromeSchmied/fit2gpx-rs already has a lockfile, it will not be regenerated
[INFO] running `Command { std: CARGO_HOME="/workspace/cargo-home" RUSTUP_HOME="/workspace/rustup-home" "/workspace/cargo-home/bin/cargo" "+beta-2024-12-08" "fetch" "--manifest-path" "Cargo.toml", kill_on_drop: false }`
[INFO] running `Command { std: "docker" "create" "-v" "/var/lib/crater-agent-workspace/builds/worker-2-tc2/target:/opt/rustwide/target:rw,Z" "-v" "/var/lib/crater-agent-workspace/builds/worker-2-tc2/source:/opt/rustwide/workdir:ro,Z" "-v" "/var/lib/crater-agent-workspace/cargo-home:/opt/rustwide/cargo-home:ro,Z" "-v" "/var/lib/crater-agent-workspace/rustup-home:/opt/rustwide/rustup-home:ro,Z" "-e" "SOURCE_DIR=/opt/rustwide/workdir" "-e" "CARGO_TARGET_DIR=/opt/rustwide/target" "-e" "CARGO_HOME=/opt/rustwide/cargo-home" "-e" "RUSTUP_HOME=/opt/rustwide/rustup-home" "-w" "/opt/rustwide/workdir" "-m" "1610612736" "--user" "0:0" "--network" "none" "ghcr.io/rust-lang/crates-build-env/linux@sha256:f3a9d4ad9d972b27faf3965f35b62e55ba32bbce8f20bc8fe909558a86702fde" "/opt/rustwide/cargo-home/bin/cargo" "+beta-2024-12-08" "metadata" "--no-deps" "--format-version=1", kill_on_drop: false }`
[INFO] [stdout] af030871d0544d3ee6368572594ec05c582799d6e3bea345fba09cd576e38f9d
[INFO] running `Command { std: "docker" "start" "-a" "af030871d0544d3ee6368572594ec05c582799d6e3bea345fba09cd576e38f9d", kill_on_drop: false }`
[INFO] running `Command { std: "docker" "inspect" "af030871d0544d3ee6368572594ec05c582799d6e3bea345fba09cd576e38f9d", kill_on_drop: false }`
[INFO] running `Command { std: "docker" "rm" "-f" "af030871d0544d3ee6368572594ec05c582799d6e3bea345fba09cd576e38f9d", kill_on_drop: false }`
[INFO] [stdout] af030871d0544d3ee6368572594ec05c582799d6e3bea345fba09cd576e38f9d
[INFO] running `Command { std: "docker" "create" "-v" "/var/lib/crater-agent-workspace/builds/worker-2-tc2/target:/opt/rustwide/target:rw,Z" "-v" "/var/lib/crater-agent-workspace/builds/worker-2-tc2/source:/opt/rustwide/workdir:ro,Z" "-v" "/var/lib/crater-agent-workspace/cargo-home:/opt/rustwide/cargo-home:ro,Z" "-v" "/var/lib/crater-agent-workspace/rustup-home:/opt/rustwide/rustup-home:ro,Z" "-e" "SOURCE_DIR=/opt/rustwide/workdir" "-e" "CARGO_TARGET_DIR=/opt/rustwide/target" "-e" "CARGO_INCREMENTAL=0" "-e" "RUST_BACKTRACE=full" "-e" "RUSTFLAGS=--cap-lints=warn" "-e" "RUSTDOCFLAGS=--cap-lints=warn" "-e" "CARGO_HOME=/opt/rustwide/cargo-home" "-e" "RUSTUP_HOME=/opt/rustwide/rustup-home" "-w" "/opt/rustwide/workdir" "-m" "1610612736" "--user" "0:0" "--network" "none" "ghcr.io/rust-lang/crates-build-env/linux@sha256:f3a9d4ad9d972b27faf3965f35b62e55ba32bbce8f20bc8fe909558a86702fde" "/opt/rustwide/cargo-home/bin/cargo" "+beta-2024-12-08" "build" "--frozen" "--message-format=json", kill_on_drop: false }`
[INFO] [stdout] f86045c5c98d8ab9b03262c8994b3151cac80ffdf100a17b53184b3d32f03344
[INFO] running `Command { std: "docker" "start" "-a" "f86045c5c98d8ab9b03262c8994b3151cac80ffdf100a17b53184b3d32f03344", kill_on_drop: false }`
[INFO] [stderr]    Compiling proc-macro2 v1.0.86
[INFO] [stderr]    Compiling unicode-ident v1.0.13
[INFO] [stderr]    Compiling crossbeam-utils v0.8.20
[INFO] [stderr]    Compiling libm v0.2.8
[INFO] [stderr]    Compiling itoa v1.0.11
[INFO] [stderr]    Compiling serde v1.0.210
[INFO] [stderr]    Compiling colorchoice v1.0.2
[INFO] [stderr]    Compiling anstyle v1.0.8
[INFO] [stderr]    Compiling thiserror v1.0.64
[INFO] [stderr]    Compiling powerfmt v0.2.0
[INFO] [stderr]    Compiling anstyle-query v1.1.1
[INFO] [stderr]    Compiling rayon-core v1.12.1
[INFO] [stderr]    Compiling memchr v2.7.4
[INFO] [stderr]    Compiling is_terminal_polyfill v1.70.1
[INFO] [stderr]    Compiling num-traits v0.2.19
[INFO] [stderr]    Compiling anstyle-parse v0.2.5
[INFO] [stderr]    Compiling num-conv v0.1.0
[INFO] [stderr]    Compiling time-core v0.1.2
[INFO] [stderr]    Compiling strsim v0.11.1
[INFO] [stderr]    Compiling clap_lex v0.7.2
[INFO] [stderr]    Compiling ryu v1.0.18
[INFO] [stderr]    Compiling anstream v0.6.15
[INFO] [stderr]    Compiling either v1.13.0
[INFO] [stderr]    Compiling byteorder v1.5.0
[INFO] [stderr]    Compiling deranged v0.3.11
[INFO] [stderr]    Compiling xml-rs v0.8.22
[INFO] [stderr]    Compiling srtm_reader v0.3.0 (https://github.com/jeromeschmied/srtm_reader#22cf10e0)
[INFO] [stderr]    Compiling clap_builder v4.5.18
[INFO] [stderr]    Compiling csv-core v0.1.11
[INFO] [stderr]    Compiling crossbeam-epoch v0.9.18
[INFO] [stderr]    Compiling quote v1.0.37
[INFO] [stderr]    Compiling crossbeam-deque v0.8.5
[INFO] [stderr]    Compiling time v0.3.36
[INFO] [stderr]    Compiling syn v2.0.77
[INFO] [stderr]    Compiling geo-types v0.7.13
[INFO] [stderr]    Compiling rayon v1.10.0
[INFO] [stderr]    Compiling csv v1.3.0
[INFO] [stderr]    Compiling fit_file v0.6.0
[INFO] [stderr]    Compiling thiserror-impl v1.0.64
[INFO] [stderr]    Compiling clap_derive v4.5.18
[INFO] [stderr]    Compiling gpx v0.10.0
[INFO] [stderr]    Compiling clap v4.5.18
[INFO] [stderr]    Compiling fit2gpx v0.4.0 (/opt/rustwide/workdir)
[INFO] [stderr]     Finished `dev` profile [unoptimized + debuginfo] target(s) in 8.35s
[INFO] running `Command { std: "docker" "inspect" "f86045c5c98d8ab9b03262c8994b3151cac80ffdf100a17b53184b3d32f03344", kill_on_drop: false }`
[INFO] running `Command { std: "docker" "rm" "-f" "f86045c5c98d8ab9b03262c8994b3151cac80ffdf100a17b53184b3d32f03344", kill_on_drop: false }`
[INFO] [stdout] f86045c5c98d8ab9b03262c8994b3151cac80ffdf100a17b53184b3d32f03344
[INFO] running `Command { std: "docker" "create" "-v" "/var/lib/crater-agent-workspace/builds/worker-2-tc2/target:/opt/rustwide/target:rw,Z" "-v" "/var/lib/crater-agent-workspace/builds/worker-2-tc2/source:/opt/rustwide/workdir:ro,Z" "-v" "/var/lib/crater-agent-workspace/cargo-home:/opt/rustwide/cargo-home:ro,Z" "-v" "/var/lib/crater-agent-workspace/rustup-home:/opt/rustwide/rustup-home:ro,Z" "-e" "SOURCE_DIR=/opt/rustwide/workdir" "-e" "CARGO_TARGET_DIR=/opt/rustwide/target" "-e" "CARGO_INCREMENTAL=0" "-e" "RUST_BACKTRACE=full" "-e" "RUSTFLAGS=--cap-lints=warn" "-e" "RUSTDOCFLAGS=--cap-lints=warn" "-e" "CARGO_HOME=/opt/rustwide/cargo-home" "-e" "RUSTUP_HOME=/opt/rustwide/rustup-home" "-w" "/opt/rustwide/workdir" "-m" "1610612736" "--user" "0:0" "--network" "none" "ghcr.io/rust-lang/crates-build-env/linux@sha256:f3a9d4ad9d972b27faf3965f35b62e55ba32bbce8f20bc8fe909558a86702fde" "/opt/rustwide/cargo-home/bin/cargo" "+beta-2024-12-08" "test" "--frozen" "--no-run" "--message-format=json", kill_on_drop: false }`
[INFO] [stdout] bbddb0c1bf6db81c01ef4c39c8b1271671000c182e242c0cc65f9a329b11f8ff
[INFO] running `Command { std: "docker" "start" "-a" "bbddb0c1bf6db81c01ef4c39c8b1271671000c182e242c0cc65f9a329b11f8ff", kill_on_drop: false }`
[INFO] [stderr]    Compiling fit2gpx v0.4.0 (/opt/rustwide/workdir)
[INFO] [stderr]     Finished `test` profile [unoptimized + debuginfo] target(s) in 0.89s
[INFO] running `Command { std: "docker" "inspect" "bbddb0c1bf6db81c01ef4c39c8b1271671000c182e242c0cc65f9a329b11f8ff", kill_on_drop: false }`
[INFO] running `Command { std: "docker" "rm" "-f" "bbddb0c1bf6db81c01ef4c39c8b1271671000c182e242c0cc65f9a329b11f8ff", kill_on_drop: false }`
[INFO] [stdout] bbddb0c1bf6db81c01ef4c39c8b1271671000c182e242c0cc65f9a329b11f8ff
[INFO] running `Command { std: "docker" "create" "-v" "/var/lib/crater-agent-workspace/builds/worker-2-tc2/target:/opt/rustwide/target:rw,Z" "-v" "/var/lib/crater-agent-workspace/builds/worker-2-tc2/source:/opt/rustwide/workdir:ro,Z" "-v" "/var/lib/crater-agent-workspace/cargo-home:/opt/rustwide/cargo-home:ro,Z" "-v" "/var/lib/crater-agent-workspace/rustup-home:/opt/rustwide/rustup-home:ro,Z" "-e" "SOURCE_DIR=/opt/rustwide/workdir" "-e" "CARGO_TARGET_DIR=/opt/rustwide/target" "-e" "CARGO_INCREMENTAL=0" "-e" "RUST_BACKTRACE=full" "-e" "RUSTFLAGS=--cap-lints=warn" "-e" "RUSTDOCFLAGS=--cap-lints=warn" "-e" "CARGO_HOME=/opt/rustwide/cargo-home" "-e" "RUSTUP_HOME=/opt/rustwide/rustup-home" "-w" "/opt/rustwide/workdir" "-m" "1610612736" "--user" "0:0" "--network" "none" "ghcr.io/rust-lang/crates-build-env/linux@sha256:f3a9d4ad9d972b27faf3965f35b62e55ba32bbce8f20bc8fe909558a86702fde" "/opt/rustwide/cargo-home/bin/cargo" "+beta-2024-12-08" "test" "--frozen", kill_on_drop: false }`
[INFO] [stdout] 66cfe4db5ed0f7bf45481f8887b36e57f3581544665d4ac8b81aad8094502a25
[INFO] running `Command { std: "docker" "start" "-a" "66cfe4db5ed0f7bf45481f8887b36e57f3581544665d4ac8b81aad8094502a25", kill_on_drop: false }`
[INFO] [stderr]     Finished `test` profile [unoptimized + debuginfo] target(s) in 0.07s
[INFO] [stderr]      Running unittests src/lib.rs (/opt/rustwide/target/debug/deps/fit2gpx-20377d6effdfeeb5)
[INFO] [stdout] 
[INFO] [stdout] running 0 tests
[INFO] [stdout] 
[INFO] [stderr]      Running unittests src/main.rs (/opt/rustwide/target/debug/deps/fit2gpx-1e47e218b59c0375)
[INFO] [stdout] test result: ok. 0 passed; 0 failed; 0 ignored; 0 measured; 0 filtered out; finished in 0.00s
[INFO] [stdout] 
[INFO] [stderr]    Doc-tests fit2gpx
[INFO] [stdout] 
[INFO] [stdout] running 0 tests
[INFO] [stdout] 
[INFO] [stdout] test result: ok. 0 passed; 0 failed; 0 ignored; 0 measured; 0 filtered out; finished in 0.00s
[INFO] [stdout] 
[INFO] [stdout] 
[INFO] [stdout] running 1 test
[INFO] [stdout] test src/elevation.rs - elevation::add_elev_unchecked (line 78) ... FAILED
[INFO] [stdout] 
[INFO] [stdout] failures:
[INFO] [stdout] 
[INFO] [stdout] ---- src/elevation.rs - elevation::add_elev_unchecked (line 78) stdout ----
[INFO] [stdout] error[E0433]: failed to resolve: could not find `FitContext` in `fit2gpx`
[INFO] [stdout]  --> src/elevation.rs:82:24
[INFO] [stdout]   |
[INFO] [stdout] 7 | let mut fit = fit2gpx::FitContext::from_file("evening walk.gpx").unwrap();
[INFO] [stdout]   |                        ^^^^^^^^^^ could not find `FitContext` in `fit2gpx`
[INFO] [stdout] 
[INFO] [stdout] error[E0425]: cannot find function `needed_tiles` in this scope
[INFO] [stdout]   --> src/elevation.rs:85:20
[INFO] [stdout]    |
[INFO] [stdout] 10 | let needed_tiles = needed_tiles(&needed_tile_coords, elev_data_dir);
[INFO] [stdout]    |                    ^^^^^^^^^^^^ not found in this scope
[INFO] [stdout] 
[INFO] [stdout] error: aborting due to 2 previous errors
[INFO] [stdout] 
[INFO] [stdout] Some errors have detailed explanations: E0425, E0433.
[INFO] [stdout] For more information about an error, try `rustc --explain E0425`.
[INFO] [stdout] Couldn't compile the test.
[INFO] [stdout] 
[INFO] [stdout] failures:
[INFO] [stdout]     src/elevation.rs - elevation::add_elev_unchecked (line 78)
[INFO] [stdout] 
[INFO] [stdout] test result: FAILED. 0 passed; 1 failed; 0 ignored; 0 measured; 0 filtered out; finished in 0.10s
[INFO] [stdout] 
[INFO] [stderr] error: doctest failed, to rerun pass `--doc`
[INFO] running `Command { std: "docker" "inspect" "66cfe4db5ed0f7bf45481f8887b36e57f3581544665d4ac8b81aad8094502a25", kill_on_drop: false }`
[INFO] running `Command { std: "docker" "rm" "-f" "66cfe4db5ed0f7bf45481f8887b36e57f3581544665d4ac8b81aad8094502a25", kill_on_drop: false }`
[INFO] [stdout] 66cfe4db5ed0f7bf45481f8887b36e57f3581544665d4ac8b81aad8094502a25
