[INFO] cloning repository https://github.com/Jedsek/tupley
[INFO] running `Command { std: "git" "-c" "credential.helper=" "-c" "credential.helper=/workspace/cargo-home/bin/git-credential-null" "clone" "--bare" "https://github.com/Jedsek/tupley" "/workspace/cache/git-repos/https%3A%2F%2Fgithub.com%2FJedsek%2Ftupley", kill_on_drop: false }`
[INFO] [stderr] Cloning into bare repository '/workspace/cache/git-repos/https%3A%2F%2Fgithub.com%2FJedsek%2Ftupley'...
[INFO] running `Command { std: "git" "rev-parse" "HEAD", kill_on_drop: false }`
[INFO] [stdout] fe30e83924b15ba010fedc0c12fafff276bd62c2
[INFO] testing Jedsek/tupley against 1.83.0 for beta-1.84.0-4-retry
[INFO] running `Command { std: "git" "clone" "/workspace/cache/git-repos/https%3A%2F%2Fgithub.com%2FJedsek%2Ftupley" "/workspace/builds/worker-0-tc1/source", kill_on_drop: false }`
[INFO] [stderr] Cloning into '/workspace/builds/worker-0-tc1/source'...
[INFO] [stderr] done.
[INFO] validating manifest of git repo https://github.com/Jedsek/tupley on toolchain 1.83.0
[INFO] running `Command { std: CARGO_HOME="/workspace/cargo-home" RUSTUP_HOME="/workspace/rustup-home" "/workspace/cargo-home/bin/cargo" "+1.83.0" "metadata" "--manifest-path" "Cargo.toml" "--no-deps", kill_on_drop: false }`
[INFO] started tweaking git repo https://github.com/Jedsek/tupley
[INFO] finished tweaking git repo https://github.com/Jedsek/tupley
[INFO] tweaked toml for git repo https://github.com/Jedsek/tupley written to /workspace/builds/worker-0-tc1/source/Cargo.toml
[INFO] crate git repo https://github.com/Jedsek/tupley already has a lockfile, it will not be regenerated
[INFO] running `Command { std: CARGO_HOME="/workspace/cargo-home" RUSTUP_HOME="/workspace/rustup-home" "/workspace/cargo-home/bin/cargo" "+1.83.0" "fetch" "--manifest-path" "Cargo.toml", kill_on_drop: false }`
[INFO] running `Command { std: "docker" "create" "-v" "/var/lib/crater-agent-workspace/builds/worker-0-tc1/target:/opt/rustwide/target:rw,Z" "-v" "/var/lib/crater-agent-workspace/builds/worker-0-tc1/source:/opt/rustwide/workdir:ro,Z" "-v" "/var/lib/crater-agent-workspace/cargo-home:/opt/rustwide/cargo-home:ro,Z" "-v" "/var/lib/crater-agent-workspace/rustup-home:/opt/rustwide/rustup-home:ro,Z" "-e" "SOURCE_DIR=/opt/rustwide/workdir" "-e" "CARGO_TARGET_DIR=/opt/rustwide/target" "-e" "CARGO_HOME=/opt/rustwide/cargo-home" "-e" "RUSTUP_HOME=/opt/rustwide/rustup-home" "-w" "/opt/rustwide/workdir" "-m" "1610612736" "--user" "0:0" "--network" "none" "ghcr.io/rust-lang/crates-build-env/linux@sha256:f3a9d4ad9d972b27faf3965f35b62e55ba32bbce8f20bc8fe909558a86702fde" "/opt/rustwide/cargo-home/bin/cargo" "+1.83.0" "metadata" "--no-deps" "--format-version=1", kill_on_drop: false }`
[INFO] [stdout] 22328bc157b0fbe92e6ba7262a29922d954326444f6bf01d496005c07f9c7a56
[INFO] running `Command { std: "docker" "start" "-a" "22328bc157b0fbe92e6ba7262a29922d954326444f6bf01d496005c07f9c7a56", kill_on_drop: false }`
[INFO] running `Command { std: "docker" "inspect" "22328bc157b0fbe92e6ba7262a29922d954326444f6bf01d496005c07f9c7a56", kill_on_drop: false }`
[INFO] running `Command { std: "docker" "rm" "-f" "22328bc157b0fbe92e6ba7262a29922d954326444f6bf01d496005c07f9c7a56", kill_on_drop: false }`
[INFO] [stdout] 22328bc157b0fbe92e6ba7262a29922d954326444f6bf01d496005c07f9c7a56
[INFO] running `Command { std: "docker" "create" "-v" "/var/lib/crater-agent-workspace/builds/worker-0-tc1/target:/opt/rustwide/target:rw,Z" "-v" "/var/lib/crater-agent-workspace/builds/worker-0-tc1/source:/opt/rustwide/workdir:ro,Z" "-v" "/var/lib/crater-agent-workspace/cargo-home:/opt/rustwide/cargo-home:ro,Z" "-v" "/var/lib/crater-agent-workspace/rustup-home:/opt/rustwide/rustup-home:ro,Z" "-e" "SOURCE_DIR=/opt/rustwide/workdir" "-e" "CARGO_TARGET_DIR=/opt/rustwide/target" "-e" "CARGO_INCREMENTAL=0" "-e" "RUST_BACKTRACE=full" "-e" "RUSTFLAGS=--cap-lints=warn" "-e" "RUSTDOCFLAGS=--cap-lints=warn" "-e" "CARGO_HOME=/opt/rustwide/cargo-home" "-e" "RUSTUP_HOME=/opt/rustwide/rustup-home" "-w" "/opt/rustwide/workdir" "-m" "1610612736" "--user" "0:0" "--network" "none" "ghcr.io/rust-lang/crates-build-env/linux@sha256:f3a9d4ad9d972b27faf3965f35b62e55ba32bbce8f20bc8fe909558a86702fde" "/opt/rustwide/cargo-home/bin/cargo" "+1.83.0" "build" "--frozen" "--message-format=json", kill_on_drop: false }`
[INFO] [stdout] 4bafcc07d24bf4fdd80e7abf5ffff48b690d7261756cf3b4c13c0f8bf150e15b
[INFO] running `Command { std: "docker" "start" "-a" "4bafcc07d24bf4fdd80e7abf5ffff48b690d7261756cf3b4c13c0f8bf150e15b", kill_on_drop: false }`
[INFO] [stderr]    Compiling tupley v0.1.1 (/opt/rustwide/workdir)
[INFO] [stderr]     Finished `dev` profile [unoptimized + debuginfo] target(s) in 0.18s
[INFO] running `Command { std: "docker" "inspect" "4bafcc07d24bf4fdd80e7abf5ffff48b690d7261756cf3b4c13c0f8bf150e15b", kill_on_drop: false }`
[INFO] running `Command { std: "docker" "rm" "-f" "4bafcc07d24bf4fdd80e7abf5ffff48b690d7261756cf3b4c13c0f8bf150e15b", kill_on_drop: false }`
[INFO] [stdout] 4bafcc07d24bf4fdd80e7abf5ffff48b690d7261756cf3b4c13c0f8bf150e15b
[INFO] running `Command { std: "docker" "create" "-v" "/var/lib/crater-agent-workspace/builds/worker-0-tc1/target:/opt/rustwide/target:rw,Z" "-v" "/var/lib/crater-agent-workspace/builds/worker-0-tc1/source:/opt/rustwide/workdir:ro,Z" "-v" "/var/lib/crater-agent-workspace/cargo-home:/opt/rustwide/cargo-home:ro,Z" "-v" "/var/lib/crater-agent-workspace/rustup-home:/opt/rustwide/rustup-home:ro,Z" "-e" "SOURCE_DIR=/opt/rustwide/workdir" "-e" "CARGO_TARGET_DIR=/opt/rustwide/target" "-e" "CARGO_INCREMENTAL=0" "-e" "RUST_BACKTRACE=full" "-e" "RUSTFLAGS=--cap-lints=warn" "-e" "RUSTDOCFLAGS=--cap-lints=warn" "-e" "CARGO_HOME=/opt/rustwide/cargo-home" "-e" "RUSTUP_HOME=/opt/rustwide/rustup-home" "-w" "/opt/rustwide/workdir" "-m" "1610612736" "--user" "0:0" "--network" "none" "ghcr.io/rust-lang/crates-build-env/linux@sha256:f3a9d4ad9d972b27faf3965f35b62e55ba32bbce8f20bc8fe909558a86702fde" "/opt/rustwide/cargo-home/bin/cargo" "+1.83.0" "test" "--frozen" "--no-run" "--message-format=json", kill_on_drop: false }`
[INFO] [stdout] f2859bc77f9221b223c4a961a605149c345f7899dc911127f4c93e0df3610596
[INFO] running `Command { std: "docker" "start" "-a" "f2859bc77f9221b223c4a961a605149c345f7899dc911127f4c93e0df3610596", kill_on_drop: false }`
[INFO] [stderr]    Compiling tupley v0.1.1 (/opt/rustwide/workdir)
[INFO] [stderr]     Finished `test` profile [unoptimized + debuginfo] target(s) in 0.82s
[INFO] running `Command { std: "docker" "inspect" "f2859bc77f9221b223c4a961a605149c345f7899dc911127f4c93e0df3610596", kill_on_drop: false }`
[INFO] running `Command { std: "docker" "rm" "-f" "f2859bc77f9221b223c4a961a605149c345f7899dc911127f4c93e0df3610596", kill_on_drop: false }`
[INFO] [stdout] f2859bc77f9221b223c4a961a605149c345f7899dc911127f4c93e0df3610596
[INFO] running `Command { std: "docker" "create" "-v" "/var/lib/crater-agent-workspace/builds/worker-0-tc1/target:/opt/rustwide/target:rw,Z" "-v" "/var/lib/crater-agent-workspace/builds/worker-0-tc1/source:/opt/rustwide/workdir:ro,Z" "-v" "/var/lib/crater-agent-workspace/cargo-home:/opt/rustwide/cargo-home:ro,Z" "-v" "/var/lib/crater-agent-workspace/rustup-home:/opt/rustwide/rustup-home:ro,Z" "-e" "SOURCE_DIR=/opt/rustwide/workdir" "-e" "CARGO_TARGET_DIR=/opt/rustwide/target" "-e" "CARGO_INCREMENTAL=0" "-e" "RUST_BACKTRACE=full" "-e" "RUSTFLAGS=--cap-lints=warn" "-e" "RUSTDOCFLAGS=--cap-lints=warn" "-e" "CARGO_HOME=/opt/rustwide/cargo-home" "-e" "RUSTUP_HOME=/opt/rustwide/rustup-home" "-w" "/opt/rustwide/workdir" "-m" "1610612736" "--user" "0:0" "--network" "none" "ghcr.io/rust-lang/crates-build-env/linux@sha256:f3a9d4ad9d972b27faf3965f35b62e55ba32bbce8f20bc8fe909558a86702fde" "/opt/rustwide/cargo-home/bin/cargo" "+1.83.0" "test" "--frozen", kill_on_drop: false }`
[INFO] [stdout] 0092458ca80a4fcc2b89c2fa8b1d79c72530ac9f2990bca639f4b5d059b11c8d
[INFO] running `Command { std: "docker" "start" "-a" "0092458ca80a4fcc2b89c2fa8b1d79c72530ac9f2990bca639f4b5d059b11c8d", kill_on_drop: false }`
[INFO] [stderr]     Finished `test` profile [unoptimized + debuginfo] target(s) in 0.02s
[INFO] [stderr]      Running unittests src/lib.rs (/opt/rustwide/target/debug/deps/tupley-a2566769bc14dfa3)
[INFO] [stdout] 
[INFO] [stdout] running 8 tests
[INFO] [stdout] test tests::tuple_pattern ... ok
[INFO] [stdout] test tests::tuple_push ... ok
[INFO] [stdout] test tests::tuple_add ... ok
[INFO] [stdout] test tests::tuple_type ... ok
[INFO] [stdout] test tests::tuple_new ... ok
[INFO] [stdout] test tests::tuple_as_to ... ok
[INFO] [stdout] test tests::tuple_len ... ok
[INFO] [stdout] test tests::tuple_is_empty ... ok
[INFO] [stdout] 
[INFO] [stdout] test result: ok. 8 passed; 0 failed; 0 ignored; 0 measured; 0 filtered out; finished in 0.02s
[INFO] [stdout] 
[INFO] [stderr]    Doc-tests tupley
[INFO] [stdout] 
[INFO] [stdout] running 14 tests
[INFO] [stdout] test src/../README.md - (line 153) ... ok
[INFO] [stdout] test src/../README.md - (line 202) ... ok
[INFO] [stdout] test src/../README.md - (line 36) ... ok
[INFO] [stdout] test src/../README.md - (line 12) ... ok
[INFO] [stdout] test src/../README.md - (line 180) ... ok
[INFO] [stdout] test src/../README.md - (line 105) ... ok
[INFO] [stdout] test src/../README.md - (line 136) ... ok
[INFO] [stdout] test src/../README.md - (line 49) ... ok
[INFO] [stdout] test src/tuple.rs - tuple::len (line 21) ... FAILED
[INFO] [stdout] test src/../README.md - (line 80) ... ok
[INFO] [stdout] test src/macros.rs - macros::tup (line 7) ... ok
[INFO] [stdout] test src/../README.md - (line 66) ... ok
[INFO] [stdout] test src/macros.rs - macros::tup_pat (line 37) ... ok
[INFO] [stdout] test src/macros.rs - macros::tup_t (line 82) ... ok
[INFO] [stdout] 
[INFO] [stdout] failures:
[INFO] [stdout] 
[INFO] [stdout] ---- src/tuple.rs - tuple::len (line 21) stdout ----
[INFO] [stdout] error[E0277]: the trait bound `tupley::tuple::Tuple<{integer}, tupley::tuple::Unit>: tupley::tuple::TupleLenRange<1, 3>` is not satisfied
[INFO] [stdout]   --> src/tuple.rs:33:18
[INFO] [stdout]    |
[INFO] [stdout] 15 |     len_in_range(t1);  // Yes
[INFO] [stdout]    |     ------------ ^^ the trait `tupley::tuple::TupleLenRange<1, 3>` is not implemented for `tupley::tuple::Tuple<{integer}, tupley::tuple::Unit>`
[INFO] [stdout]    |     |
[INFO] [stdout]    |     required by a bound introduced by this call
[INFO] [stdout]    |
[INFO] [stdout] note: required by a bound in `len_in_range`
[INFO] [stdout]   --> src/tuple.rs:27:24
[INFO] [stdout]    |
[INFO] [stdout] 9  |     fn len_in_range<T: TupleLenRange<1, 3>>(_: T) {}
[INFO] [stdout]    |                        ^^^^^^^^^^^^^^^^^^^ required by this bound in `len_in_range`
[INFO] [stdout] 
[INFO] [stdout] error[E0277]: the trait bound `tupley::tuple::Tuple<{integer}, tupley::tuple::Tuple<{integer}, tupley::tuple::Unit>>: tupley::tuple::TupleLenRange<1, 3>` is not satisfied
[INFO] [stdout]   --> src/tuple.rs:34:18
[INFO] [stdout]    |
[INFO] [stdout] 16 |     len_in_range(t2);  // Yes
[INFO] [stdout]    |     ------------ ^^ the trait `tupley::tuple::TupleLenRange<1, 3>` is not implemented for `tupley::tuple::Tuple<{integer}, tupley::tuple::Tuple<{integer}, tupley::tuple::Unit>>`
[INFO] [stdout]    |     |
[INFO] [stdout]    |     required by a bound introduced by this call
[INFO] [stdout]    |
[INFO] [stdout] note: required by a bound in `len_in_range`
[INFO] [stdout]   --> src/tuple.rs:27:24
[INFO] [stdout]    |
[INFO] [stdout] 9  |     fn len_in_range<T: TupleLenRange<1, 3>>(_: T) {}
[INFO] [stdout]    |                        ^^^^^^^^^^^^^^^^^^^ required by this bound in `len_in_range`
[INFO] [stdout] 
[INFO] [stdout] error: aborting due to 2 previous errors
[INFO] [stdout] 
[INFO] [stdout] For more information about this error, try `rustc --explain E0277`.
[INFO] [stdout] Couldn't compile the test.
[INFO] [stdout] 
[INFO] [stdout] failures:
[INFO] [stdout]     src/tuple.rs - tuple::len (line 21)
[INFO] [stdout] 
[INFO] [stdout] test result: FAILED. 13 passed; 1 failed; 0 ignored; 0 measured; 0 filtered out; finished in 2.44s
[INFO] [stdout] 
[INFO] [stderr] error: doctest failed, to rerun pass `--doc`
[INFO] running `Command { std: "docker" "inspect" "0092458ca80a4fcc2b89c2fa8b1d79c72530ac9f2990bca639f4b5d059b11c8d", kill_on_drop: false }`
[INFO] running `Command { std: "docker" "rm" "-f" "0092458ca80a4fcc2b89c2fa8b1d79c72530ac9f2990bca639f4b5d059b11c8d", kill_on_drop: false }`
[INFO] [stdout] 0092458ca80a4fcc2b89c2fa8b1d79c72530ac9f2990bca639f4b5d059b11c8d
