[INFO] cloning repository https://github.com/Jayshua/simple-pcf
[INFO] running `Command { std: "git" "-c" "credential.helper=" "-c" "credential.helper=/workspace/cargo-home/bin/git-credential-null" "clone" "--bare" "https://github.com/Jayshua/simple-pcf" "/workspace/cache/git-repos/https%3A%2F%2Fgithub.com%2FJayshua%2Fsimple-pcf", kill_on_drop: false }`
[INFO] [stderr] Cloning into bare repository '/workspace/cache/git-repos/https%3A%2F%2Fgithub.com%2FJayshua%2Fsimple-pcf'...
[INFO] running `Command { std: "git" "rev-parse" "HEAD", kill_on_drop: false }`
[INFO] [stdout] b4b954b473af6d8cf1d63839c9a1e90af38f77f5
[INFO] testing Jayshua/simple-pcf against 1.83.0 for beta-1.84.0-4-retry
[INFO] running `Command { std: "git" "clone" "/workspace/cache/git-repos/https%3A%2F%2Fgithub.com%2FJayshua%2Fsimple-pcf" "/workspace/builds/worker-2-tc1/source", kill_on_drop: false }`
[INFO] [stderr] Cloning into '/workspace/builds/worker-2-tc1/source'...
[INFO] [stderr] done.
[INFO] validating manifest of git repo https://github.com/Jayshua/simple-pcf on toolchain 1.83.0
[INFO] running `Command { std: CARGO_HOME="/workspace/cargo-home" RUSTUP_HOME="/workspace/rustup-home" "/workspace/cargo-home/bin/cargo" "+1.83.0" "metadata" "--manifest-path" "Cargo.toml" "--no-deps", kill_on_drop: false }`
[INFO] started tweaking git repo https://github.com/Jayshua/simple-pcf
[INFO] finished tweaking git repo https://github.com/Jayshua/simple-pcf
[INFO] tweaked toml for git repo https://github.com/Jayshua/simple-pcf written to /workspace/builds/worker-2-tc1/source/Cargo.toml
[INFO] crate git repo https://github.com/Jayshua/simple-pcf already has a lockfile, it will not be regenerated
[INFO] running `Command { std: CARGO_HOME="/workspace/cargo-home" RUSTUP_HOME="/workspace/rustup-home" "/workspace/cargo-home/bin/cargo" "+1.83.0" "fetch" "--manifest-path" "Cargo.toml", kill_on_drop: false }`
[INFO] running `Command { std: "docker" "create" "-v" "/var/lib/crater-agent-workspace/builds/worker-2-tc1/target:/opt/rustwide/target:rw,Z" "-v" "/var/lib/crater-agent-workspace/builds/worker-2-tc1/source:/opt/rustwide/workdir:ro,Z" "-v" "/var/lib/crater-agent-workspace/cargo-home:/opt/rustwide/cargo-home:ro,Z" "-v" "/var/lib/crater-agent-workspace/rustup-home:/opt/rustwide/rustup-home:ro,Z" "-e" "SOURCE_DIR=/opt/rustwide/workdir" "-e" "CARGO_TARGET_DIR=/opt/rustwide/target" "-e" "CARGO_HOME=/opt/rustwide/cargo-home" "-e" "RUSTUP_HOME=/opt/rustwide/rustup-home" "-w" "/opt/rustwide/workdir" "-m" "1610612736" "--user" "0:0" "--network" "none" "ghcr.io/rust-lang/crates-build-env/linux@sha256:f3a9d4ad9d972b27faf3965f35b62e55ba32bbce8f20bc8fe909558a86702fde" "/opt/rustwide/cargo-home/bin/cargo" "+1.83.0" "metadata" "--no-deps" "--format-version=1", kill_on_drop: false }`
[INFO] [stdout] 1ccfc6fefcedfcca14aee0276fda6ca91427839e1df2237be3d06602eb5775b9
[INFO] running `Command { std: "docker" "start" "-a" "1ccfc6fefcedfcca14aee0276fda6ca91427839e1df2237be3d06602eb5775b9", kill_on_drop: false }`
[INFO] running `Command { std: "docker" "inspect" "1ccfc6fefcedfcca14aee0276fda6ca91427839e1df2237be3d06602eb5775b9", kill_on_drop: false }`
[INFO] running `Command { std: "docker" "rm" "-f" "1ccfc6fefcedfcca14aee0276fda6ca91427839e1df2237be3d06602eb5775b9", kill_on_drop: false }`
[INFO] [stdout] 1ccfc6fefcedfcca14aee0276fda6ca91427839e1df2237be3d06602eb5775b9
[INFO] running `Command { std: "docker" "create" "-v" "/var/lib/crater-agent-workspace/builds/worker-2-tc1/target:/opt/rustwide/target:rw,Z" "-v" "/var/lib/crater-agent-workspace/builds/worker-2-tc1/source:/opt/rustwide/workdir:ro,Z" "-v" "/var/lib/crater-agent-workspace/cargo-home:/opt/rustwide/cargo-home:ro,Z" "-v" "/var/lib/crater-agent-workspace/rustup-home:/opt/rustwide/rustup-home:ro,Z" "-e" "SOURCE_DIR=/opt/rustwide/workdir" "-e" "CARGO_TARGET_DIR=/opt/rustwide/target" "-e" "CARGO_INCREMENTAL=0" "-e" "RUST_BACKTRACE=full" "-e" "RUSTFLAGS=--cap-lints=warn" "-e" "RUSTDOCFLAGS=--cap-lints=warn" "-e" "CARGO_HOME=/opt/rustwide/cargo-home" "-e" "RUSTUP_HOME=/opt/rustwide/rustup-home" "-w" "/opt/rustwide/workdir" "-m" "1610612736" "--user" "0:0" "--network" "none" "ghcr.io/rust-lang/crates-build-env/linux@sha256:f3a9d4ad9d972b27faf3965f35b62e55ba32bbce8f20bc8fe909558a86702fde" "/opt/rustwide/cargo-home/bin/cargo" "+1.83.0" "build" "--frozen" "--message-format=json", kill_on_drop: false }`
[INFO] [stdout] 1d5cb34705791a0b003b619c7ebe335eac4af0030f507610444e7705087d939b
[INFO] running `Command { std: "docker" "start" "-a" "1d5cb34705791a0b003b619c7ebe335eac4af0030f507610444e7705087d939b", kill_on_drop: false }`
[INFO] [stderr]    Compiling simple-pcf v0.1.1 (/opt/rustwide/workdir)
[INFO] [stderr]     Finished `dev` profile [unoptimized + debuginfo] target(s) in 0.22s
[INFO] running `Command { std: "docker" "inspect" "1d5cb34705791a0b003b619c7ebe335eac4af0030f507610444e7705087d939b", kill_on_drop: false }`
[INFO] running `Command { std: "docker" "rm" "-f" "1d5cb34705791a0b003b619c7ebe335eac4af0030f507610444e7705087d939b", kill_on_drop: false }`
[INFO] [stdout] 1d5cb34705791a0b003b619c7ebe335eac4af0030f507610444e7705087d939b
[INFO] running `Command { std: "docker" "create" "-v" "/var/lib/crater-agent-workspace/builds/worker-2-tc1/target:/opt/rustwide/target:rw,Z" "-v" "/var/lib/crater-agent-workspace/builds/worker-2-tc1/source:/opt/rustwide/workdir:ro,Z" "-v" "/var/lib/crater-agent-workspace/cargo-home:/opt/rustwide/cargo-home:ro,Z" "-v" "/var/lib/crater-agent-workspace/rustup-home:/opt/rustwide/rustup-home:ro,Z" "-e" "SOURCE_DIR=/opt/rustwide/workdir" "-e" "CARGO_TARGET_DIR=/opt/rustwide/target" "-e" "CARGO_INCREMENTAL=0" "-e" "RUST_BACKTRACE=full" "-e" "RUSTFLAGS=--cap-lints=warn" "-e" "RUSTDOCFLAGS=--cap-lints=warn" "-e" "CARGO_HOME=/opt/rustwide/cargo-home" "-e" "RUSTUP_HOME=/opt/rustwide/rustup-home" "-w" "/opt/rustwide/workdir" "-m" "1610612736" "--user" "0:0" "--network" "none" "ghcr.io/rust-lang/crates-build-env/linux@sha256:f3a9d4ad9d972b27faf3965f35b62e55ba32bbce8f20bc8fe909558a86702fde" "/opt/rustwide/cargo-home/bin/cargo" "+1.83.0" "test" "--frozen" "--no-run" "--message-format=json", kill_on_drop: false }`
[INFO] [stdout] 359f1df53a3c18d10ed5cab4537a2f8107fab94e7dde083b41ede2d7a0f63790
[INFO] running `Command { std: "docker" "start" "-a" "359f1df53a3c18d10ed5cab4537a2f8107fab94e7dde083b41ede2d7a0f63790", kill_on_drop: false }`
[INFO] [stderr]    Compiling simple-pcf v0.1.1 (/opt/rustwide/workdir)
[INFO] [stderr]     Finished `test` profile [unoptimized + debuginfo] target(s) in 0.48s
[INFO] running `Command { std: "docker" "inspect" "359f1df53a3c18d10ed5cab4537a2f8107fab94e7dde083b41ede2d7a0f63790", kill_on_drop: false }`
[INFO] running `Command { std: "docker" "rm" "-f" "359f1df53a3c18d10ed5cab4537a2f8107fab94e7dde083b41ede2d7a0f63790", kill_on_drop: false }`
[INFO] [stdout] 359f1df53a3c18d10ed5cab4537a2f8107fab94e7dde083b41ede2d7a0f63790
[INFO] running `Command { std: "docker" "create" "-v" "/var/lib/crater-agent-workspace/builds/worker-2-tc1/target:/opt/rustwide/target:rw,Z" "-v" "/var/lib/crater-agent-workspace/builds/worker-2-tc1/source:/opt/rustwide/workdir:ro,Z" "-v" "/var/lib/crater-agent-workspace/cargo-home:/opt/rustwide/cargo-home:ro,Z" "-v" "/var/lib/crater-agent-workspace/rustup-home:/opt/rustwide/rustup-home:ro,Z" "-e" "SOURCE_DIR=/opt/rustwide/workdir" "-e" "CARGO_TARGET_DIR=/opt/rustwide/target" "-e" "CARGO_INCREMENTAL=0" "-e" "RUST_BACKTRACE=full" "-e" "RUSTFLAGS=--cap-lints=warn" "-e" "RUSTDOCFLAGS=--cap-lints=warn" "-e" "CARGO_HOME=/opt/rustwide/cargo-home" "-e" "RUSTUP_HOME=/opt/rustwide/rustup-home" "-w" "/opt/rustwide/workdir" "-m" "1610612736" "--user" "0:0" "--network" "none" "ghcr.io/rust-lang/crates-build-env/linux@sha256:f3a9d4ad9d972b27faf3965f35b62e55ba32bbce8f20bc8fe909558a86702fde" "/opt/rustwide/cargo-home/bin/cargo" "+1.83.0" "test" "--frozen", kill_on_drop: false }`
[INFO] [stdout] 0179a2753eaee5d7ecdffecf3d02d102da8bbc97434437eb11d4167986b76dd1
[INFO] running `Command { std: "docker" "start" "-a" "0179a2753eaee5d7ecdffecf3d02d102da8bbc97434437eb11d4167986b76dd1", kill_on_drop: false }`
[INFO] [stderr]     Finished `test` profile [unoptimized + debuginfo] target(s) in 0.01s
[INFO] [stderr]      Running unittests src/lib.rs (/opt/rustwide/target/debug/deps/simple_pcf-450d9f18658ccd42)
[INFO] [stdout] 
[INFO] [stdout] running 0 tests
[INFO] [stdout] 
[INFO] [stdout] test result: ok. 0 passed; 0 failed; 0 ignored; 0 measured; 0 filtered out; finished in 0.00s
[INFO] [stdout] 
[INFO] [stderr]    Doc-tests simple_pcf
[INFO] [stdout] 
[INFO] [stdout] running 1 test
[INFO] [stdout] test src/lib.rs - Pcf<'a>::iter_unicode_entries (line 138) ... FAILED
[INFO] [stdout] 
[INFO] [stdout] failures:
[INFO] [stdout] 
[INFO] [stdout] ---- src/lib.rs - Pcf<'a>::iter_unicode_entries (line 138) stdout ----
[INFO] [stdout] error[E0425]: cannot find value `pcf` in this scope
[INFO] [stdout]  --> src/lib.rs:139:26
[INFO] [stdout]   |
[INFO] [stdout] 3 | let glyph_lookup_table = pcf.iter_unicode_entries().unwrap()
[INFO] [stdout]   |                          ^^^ not found in this scope
[INFO] [stdout] 
[INFO] [stdout] error: aborting due to 1 previous error
[INFO] [stdout] 
[INFO] [stdout] For more information about this error, try `rustc --explain E0425`.
[INFO] [stdout] Couldn't compile the test.
[INFO] [stdout] 
[INFO] [stdout] failures:
[INFO] [stdout]     src/lib.rs - Pcf<'a>::iter_unicode_entries (line 138)
[INFO] [stdout] 
[INFO] [stdout] test result: FAILED. 0 passed; 1 failed; 0 ignored; 0 measured; 0 filtered out; finished in 0.07s
[INFO] [stdout] 
[INFO] [stderr] error: doctest failed, to rerun pass `--doc`
[INFO] running `Command { std: "docker" "inspect" "0179a2753eaee5d7ecdffecf3d02d102da8bbc97434437eb11d4167986b76dd1", kill_on_drop: false }`
[INFO] running `Command { std: "docker" "rm" "-f" "0179a2753eaee5d7ecdffecf3d02d102da8bbc97434437eb11d4167986b76dd1", kill_on_drop: false }`
[INFO] [stdout] 0179a2753eaee5d7ecdffecf3d02d102da8bbc97434437eb11d4167986b76dd1
