[INFO] cloning repository https://github.com/JasonkayZK/easy-utils
[INFO] running `Command { std: "git" "-c" "credential.helper=" "-c" "credential.helper=/workspace/cargo-home/bin/git-credential-null" "clone" "--bare" "https://github.com/JasonkayZK/easy-utils" "/workspace/cache/git-repos/https%3A%2F%2Fgithub.com%2FJasonkayZK%2Feasy-utils", kill_on_drop: false }`
[INFO] [stderr] Cloning into bare repository '/workspace/cache/git-repos/https%3A%2F%2Fgithub.com%2FJasonkayZK%2Feasy-utils'...
[INFO] running `Command { std: "git" "rev-parse" "HEAD", kill_on_drop: false }`
[INFO] [stdout] 23de19b40547828ce4199a7b782afb6ae28b1437
[INFO] testing JasonkayZK/easy-utils against 1.83.0 for beta-1.84.0-4-retry
[INFO] running `Command { std: "git" "clone" "/workspace/cache/git-repos/https%3A%2F%2Fgithub.com%2FJasonkayZK%2Feasy-utils" "/workspace/builds/worker-4-tc1/source", kill_on_drop: false }`
[INFO] [stderr] Cloning into '/workspace/builds/worker-4-tc1/source'...
[INFO] [stderr] done.
[INFO] validating manifest of git repo https://github.com/JasonkayZK/easy-utils on toolchain 1.83.0
[INFO] running `Command { std: CARGO_HOME="/workspace/cargo-home" RUSTUP_HOME="/workspace/rustup-home" "/workspace/cargo-home/bin/cargo" "+1.83.0" "metadata" "--manifest-path" "Cargo.toml" "--no-deps", kill_on_drop: false }`
[INFO] started tweaking git repo https://github.com/JasonkayZK/easy-utils
[INFO] finished tweaking git repo https://github.com/JasonkayZK/easy-utils
[INFO] tweaked toml for git repo https://github.com/JasonkayZK/easy-utils written to /workspace/builds/worker-4-tc1/source/Cargo.toml
[INFO] crate git repo https://github.com/JasonkayZK/easy-utils already has a lockfile, it will not be regenerated
[INFO] running `Command { std: CARGO_HOME="/workspace/cargo-home" RUSTUP_HOME="/workspace/rustup-home" "/workspace/cargo-home/bin/cargo" "+1.83.0" "fetch" "--manifest-path" "Cargo.toml", kill_on_drop: false }`
[INFO] [stderr]  Downloading crates ...
[INFO] [stderr]   Downloaded libc v0.2.97
[INFO] running `Command { std: "docker" "create" "-v" "/var/lib/crater-agent-workspace/builds/worker-4-tc1/target:/opt/rustwide/target:rw,Z" "-v" "/var/lib/crater-agent-workspace/builds/worker-4-tc1/source:/opt/rustwide/workdir:ro,Z" "-v" "/var/lib/crater-agent-workspace/cargo-home:/opt/rustwide/cargo-home:ro,Z" "-v" "/var/lib/crater-agent-workspace/rustup-home:/opt/rustwide/rustup-home:ro,Z" "-e" "SOURCE_DIR=/opt/rustwide/workdir" "-e" "CARGO_TARGET_DIR=/opt/rustwide/target" "-e" "CARGO_HOME=/opt/rustwide/cargo-home" "-e" "RUSTUP_HOME=/opt/rustwide/rustup-home" "-w" "/opt/rustwide/workdir" "-m" "1610612736" "--user" "0:0" "--network" "none" "ghcr.io/rust-lang/crates-build-env/linux@sha256:f3a9d4ad9d972b27faf3965f35b62e55ba32bbce8f20bc8fe909558a86702fde" "/opt/rustwide/cargo-home/bin/cargo" "+1.83.0" "metadata" "--no-deps" "--format-version=1", kill_on_drop: false }`
[INFO] [stdout] 860fe1c2287fdaa86e59c0394675b0baf58b11abb534da0a9b07ccdef5b39609
[INFO] running `Command { std: "docker" "start" "-a" "860fe1c2287fdaa86e59c0394675b0baf58b11abb534da0a9b07ccdef5b39609", kill_on_drop: false }`
[INFO] running `Command { std: "docker" "inspect" "860fe1c2287fdaa86e59c0394675b0baf58b11abb534da0a9b07ccdef5b39609", kill_on_drop: false }`
[INFO] running `Command { std: "docker" "rm" "-f" "860fe1c2287fdaa86e59c0394675b0baf58b11abb534da0a9b07ccdef5b39609", kill_on_drop: false }`
[INFO] [stdout] 860fe1c2287fdaa86e59c0394675b0baf58b11abb534da0a9b07ccdef5b39609
[INFO] running `Command { std: "docker" "create" "-v" "/var/lib/crater-agent-workspace/builds/worker-4-tc1/target:/opt/rustwide/target:rw,Z" "-v" "/var/lib/crater-agent-workspace/builds/worker-4-tc1/source:/opt/rustwide/workdir:ro,Z" "-v" "/var/lib/crater-agent-workspace/cargo-home:/opt/rustwide/cargo-home:ro,Z" "-v" "/var/lib/crater-agent-workspace/rustup-home:/opt/rustwide/rustup-home:ro,Z" "-e" "SOURCE_DIR=/opt/rustwide/workdir" "-e" "CARGO_TARGET_DIR=/opt/rustwide/target" "-e" "CARGO_INCREMENTAL=0" "-e" "RUST_BACKTRACE=full" "-e" "RUSTFLAGS=--cap-lints=warn" "-e" "RUSTDOCFLAGS=--cap-lints=warn" "-e" "CARGO_HOME=/opt/rustwide/cargo-home" "-e" "RUSTUP_HOME=/opt/rustwide/rustup-home" "-w" "/opt/rustwide/workdir" "-m" "1610612736" "--user" "0:0" "--network" "none" "ghcr.io/rust-lang/crates-build-env/linux@sha256:f3a9d4ad9d972b27faf3965f35b62e55ba32bbce8f20bc8fe909558a86702fde" "/opt/rustwide/cargo-home/bin/cargo" "+1.83.0" "build" "--frozen" "--message-format=json", kill_on_drop: false }`
[INFO] [stdout] 381333792f84d94b825e5fbb00669efda48bed0f9e4974afc3baa6e6a9ff9924
[INFO] running `Command { std: "docker" "start" "-a" "381333792f84d94b825e5fbb00669efda48bed0f9e4974afc3baa6e6a9ff9924", kill_on_drop: false }`
[INFO] [stderr]    Compiling libc v0.2.97
[INFO] [stderr]    Compiling cfg-if v1.0.0
[INFO] [stderr]    Compiling ppv-lite86 v0.2.10
[INFO] [stderr]    Compiling getrandom v0.2.3
[INFO] [stderr]    Compiling rand_core v0.6.2
[INFO] [stderr]    Compiling rand_chacha v0.3.1
[INFO] [stderr]    Compiling rand v0.8.3
[INFO] [stderr]    Compiling easy-utils v0.0.1 (/opt/rustwide/workdir)
[INFO] [stderr]     Finished `dev` profile [unoptimized + debuginfo] target(s) in 3.97s
[INFO] running `Command { std: "docker" "inspect" "381333792f84d94b825e5fbb00669efda48bed0f9e4974afc3baa6e6a9ff9924", kill_on_drop: false }`
[INFO] running `Command { std: "docker" "rm" "-f" "381333792f84d94b825e5fbb00669efda48bed0f9e4974afc3baa6e6a9ff9924", kill_on_drop: false }`
[INFO] [stdout] 381333792f84d94b825e5fbb00669efda48bed0f9e4974afc3baa6e6a9ff9924
[INFO] running `Command { std: "docker" "create" "-v" "/var/lib/crater-agent-workspace/builds/worker-4-tc1/target:/opt/rustwide/target:rw,Z" "-v" "/var/lib/crater-agent-workspace/builds/worker-4-tc1/source:/opt/rustwide/workdir:ro,Z" "-v" "/var/lib/crater-agent-workspace/cargo-home:/opt/rustwide/cargo-home:ro,Z" "-v" "/var/lib/crater-agent-workspace/rustup-home:/opt/rustwide/rustup-home:ro,Z" "-e" "SOURCE_DIR=/opt/rustwide/workdir" "-e" "CARGO_TARGET_DIR=/opt/rustwide/target" "-e" "CARGO_INCREMENTAL=0" "-e" "RUST_BACKTRACE=full" "-e" "RUSTFLAGS=--cap-lints=warn" "-e" "RUSTDOCFLAGS=--cap-lints=warn" "-e" "CARGO_HOME=/opt/rustwide/cargo-home" "-e" "RUSTUP_HOME=/opt/rustwide/rustup-home" "-w" "/opt/rustwide/workdir" "-m" "1610612736" "--user" "0:0" "--network" "none" "ghcr.io/rust-lang/crates-build-env/linux@sha256:f3a9d4ad9d972b27faf3965f35b62e55ba32bbce8f20bc8fe909558a86702fde" "/opt/rustwide/cargo-home/bin/cargo" "+1.83.0" "test" "--frozen" "--no-run" "--message-format=json", kill_on_drop: false }`
[INFO] [stdout] 2e546b40de914dd06f0f2bfd369eb88f6575e3893a44ad1525ec84fdba2a67fb
[INFO] running `Command { std: "docker" "start" "-a" "2e546b40de914dd06f0f2bfd369eb88f6575e3893a44ad1525ec84fdba2a67fb", kill_on_drop: false }`
[INFO] [stderr]    Compiling easy-utils v0.0.1 (/opt/rustwide/workdir)
[INFO] [stderr]     Finished `test` profile [unoptimized + debuginfo] target(s) in 0.61s
[INFO] running `Command { std: "docker" "inspect" "2e546b40de914dd06f0f2bfd369eb88f6575e3893a44ad1525ec84fdba2a67fb", kill_on_drop: false }`
[INFO] running `Command { std: "docker" "rm" "-f" "2e546b40de914dd06f0f2bfd369eb88f6575e3893a44ad1525ec84fdba2a67fb", kill_on_drop: false }`
[INFO] [stdout] 2e546b40de914dd06f0f2bfd369eb88f6575e3893a44ad1525ec84fdba2a67fb
[INFO] running `Command { std: "docker" "create" "-v" "/var/lib/crater-agent-workspace/builds/worker-4-tc1/target:/opt/rustwide/target:rw,Z" "-v" "/var/lib/crater-agent-workspace/builds/worker-4-tc1/source:/opt/rustwide/workdir:ro,Z" "-v" "/var/lib/crater-agent-workspace/cargo-home:/opt/rustwide/cargo-home:ro,Z" "-v" "/var/lib/crater-agent-workspace/rustup-home:/opt/rustwide/rustup-home:ro,Z" "-e" "SOURCE_DIR=/opt/rustwide/workdir" "-e" "CARGO_TARGET_DIR=/opt/rustwide/target" "-e" "CARGO_INCREMENTAL=0" "-e" "RUST_BACKTRACE=full" "-e" "RUSTFLAGS=--cap-lints=warn" "-e" "RUSTDOCFLAGS=--cap-lints=warn" "-e" "CARGO_HOME=/opt/rustwide/cargo-home" "-e" "RUSTUP_HOME=/opt/rustwide/rustup-home" "-w" "/opt/rustwide/workdir" "-m" "1610612736" "--user" "0:0" "--network" "none" "ghcr.io/rust-lang/crates-build-env/linux@sha256:f3a9d4ad9d972b27faf3965f35b62e55ba32bbce8f20bc8fe909558a86702fde" "/opt/rustwide/cargo-home/bin/cargo" "+1.83.0" "test" "--frozen", kill_on_drop: false }`
[INFO] [stdout] e883e9b26c12c4aa68bed3ad8ba0181fac98326feecfa5256ee525817d2536a0
[INFO] running `Command { std: "docker" "start" "-a" "e883e9b26c12c4aa68bed3ad8ba0181fac98326feecfa5256ee525817d2536a0", kill_on_drop: false }`
[INFO] [stderr]     Finished `test` profile [unoptimized + debuginfo] target(s) in 0.03s
[INFO] [stderr]      Running unittests src/lib.rs (/opt/rustwide/target/debug/deps/easy_utils-746a5245583d0399)
[INFO] [stdout] 
[INFO] [stdout] running 2 tests
[INFO] [stdout] test random::tests::get_random_alphanumeric_string_test ... ok
[INFO] [stdout] test random::tests::get_random_charset_string_test ... ok
[INFO] [stdout] 
[INFO] [stdout] test result: ok. 2 passed; 0 failed; 0 ignored; 0 measured; 0 filtered out; finished in 0.00s
[INFO] [stdout] 
[INFO] [stderr]    Doc-tests easy_utils
[INFO] [stdout] 
[INFO] [stdout] running 2 tests
[INFO] [stdout] test src/random.rs - random::get_random_alphanumeric_string (line 33) ... FAILED
[INFO] [stdout] test src/random.rs - random::get_random_charset_string (line 8) ... FAILED
[INFO] [stdout] 
[INFO] [stdout] failures:
[INFO] [stdout] 
[INFO] [stdout] ---- src/random.rs - random::get_random_alphanumeric_string (line 33) stdout ----
[INFO] [stdout] error[E0433]: failed to resolve: use of undeclared crate or module `rust_utils`
[INFO] [stdout]  --> src/random.rs:38:16
[INFO] [stdout]   |
[INFO] [stdout] 7 | let password = rust_utils::random::get_random_alphanumeric_string(PASSWORD_LEN);
[INFO] [stdout]   |                ^^^^^^^^^^ use of undeclared crate or module `rust_utils`
[INFO] [stdout]   |
[INFO] [stdout] help: there is a crate or module with a similar name
[INFO] [stdout]   |
[INFO] [stdout] 7 | let password = easy_utils::random::get_random_alphanumeric_string(PASSWORD_LEN);
[INFO] [stdout]   |                ~~~~~~~~~~
[INFO] [stdout] help: consider importing this module
[INFO] [stdout]   |
[INFO] [stdout] 2 + use easy_utils::random;
[INFO] [stdout]   |
[INFO] [stdout] help: if you import `random`, refer to it directly
[INFO] [stdout]   |
[INFO] [stdout] 7 - let password = rust_utils::random::get_random_alphanumeric_string(PASSWORD_LEN);
[INFO] [stdout] 7 + let password = random::get_random_alphanumeric_string(PASSWORD_LEN);
[INFO] [stdout]   |
[INFO] [stdout] 
[INFO] [stdout] error: aborting due to 1 previous error
[INFO] [stdout] 
[INFO] [stdout] For more information about this error, try `rustc --explain E0433`.
[INFO] [stdout] Couldn't compile the test.
[INFO] [stdout] ---- src/random.rs - random::get_random_charset_string (line 8) stdout ----
[INFO] [stdout] error[E0433]: failed to resolve: use of undeclared crate or module `rust_utils`
[INFO] [stdout]  --> src/random.rs:13:16
[INFO] [stdout]   |
[INFO] [stdout] 7 | let password = rust_utils::random::get_random_charset_string(PASSWORD_LEN, CHARSET);
[INFO] [stdout]   |                ^^^^^^^^^^ use of undeclared crate or module `rust_utils`
[INFO] [stdout]   |
[INFO] [stdout] help: there is a crate or module with a similar name
[INFO] [stdout]   |
[INFO] [stdout] 7 | let password = easy_utils::random::get_random_charset_string(PASSWORD_LEN, CHARSET);
[INFO] [stdout]   |                ~~~~~~~~~~
[INFO] [stdout] help: consider importing this module
[INFO] [stdout]   |
[INFO] [stdout] 2 + use easy_utils::random;
[INFO] [stdout]   |
[INFO] [stdout] help: if you import `random`, refer to it directly
[INFO] [stdout]   |
[INFO] [stdout] 7 - let password = rust_utils::random::get_random_charset_string(PASSWORD_LEN, CHARSET);
[INFO] [stdout] 7 + let password = random::get_random_charset_string(PASSWORD_LEN, CHARSET);
[INFO] [stdout]   |
[INFO] [stdout] 
[INFO] [stdout] error: aborting due to 1 previous error
[INFO] [stdout] 
[INFO] [stdout] For more information about this error, try `rustc --explain E0433`.
[INFO] [stdout] Couldn't compile the test.
[INFO] [stdout] 
[INFO] [stdout] failures:
[INFO] [stdout]     src/random.rs - random::get_random_alphanumeric_string (line 33)
[INFO] [stdout]     src/random.rs - random::get_random_charset_string (line 8)
[INFO] [stdout] 
[INFO] [stdout] test result: FAILED. 0 passed; 2 failed; 0 ignored; 0 measured; 0 filtered out; finished in 0.23s
[INFO] [stdout] 
[INFO] [stderr] error: doctest failed, to rerun pass `--doc`
[INFO] running `Command { std: "docker" "inspect" "e883e9b26c12c4aa68bed3ad8ba0181fac98326feecfa5256ee525817d2536a0", kill_on_drop: false }`
[INFO] running `Command { std: "docker" "rm" "-f" "e883e9b26c12c4aa68bed3ad8ba0181fac98326feecfa5256ee525817d2536a0", kill_on_drop: false }`
[INFO] [stdout] e883e9b26c12c4aa68bed3ad8ba0181fac98326feecfa5256ee525817d2536a0
