[INFO] cloning repository https://github.com/JasonCubed132/AOC2022
[INFO] running `Command { std: "git" "-c" "credential.helper=" "-c" "credential.helper=/workspace/cargo-home/bin/git-credential-null" "clone" "--bare" "https://github.com/JasonCubed132/AOC2022" "/workspace/cache/git-repos/https%3A%2F%2Fgithub.com%2FJasonCubed132%2FAOC2022", kill_on_drop: false }`
[INFO] [stderr] Cloning into bare repository '/workspace/cache/git-repos/https%3A%2F%2Fgithub.com%2FJasonCubed132%2FAOC2022'...
[INFO] running `Command { std: "git" "rev-parse" "HEAD", kill_on_drop: false }`
[INFO] [stdout] cc7d9430dfb7187ba5956e2c34a2f458d5b4c8e3
[INFO] testing JasonCubed132/AOC2022 against 1.83.0 for beta-1.84.0-4-retry
[INFO] running `Command { std: "git" "clone" "/workspace/cache/git-repos/https%3A%2F%2Fgithub.com%2FJasonCubed132%2FAOC2022" "/workspace/builds/worker-7-tc1/source", kill_on_drop: false }`
[INFO] [stderr] Cloning into '/workspace/builds/worker-7-tc1/source'...
[INFO] [stderr] done.
[INFO] validating manifest of git repo https://github.com/JasonCubed132/AOC2022 on toolchain 1.83.0
[INFO] running `Command { std: CARGO_HOME="/workspace/cargo-home" RUSTUP_HOME="/workspace/rustup-home" "/workspace/cargo-home/bin/cargo" "+1.83.0" "metadata" "--manifest-path" "Cargo.toml" "--no-deps", kill_on_drop: false }`
[INFO] started tweaking git repo https://github.com/JasonCubed132/AOC2022
[INFO] finished tweaking git repo https://github.com/JasonCubed132/AOC2022
[INFO] tweaked toml for git repo https://github.com/JasonCubed132/AOC2022 written to /workspace/builds/worker-7-tc1/source/Cargo.toml
[INFO] crate git repo https://github.com/JasonCubed132/AOC2022 already has a lockfile, it will not be regenerated
[INFO] running `Command { std: CARGO_HOME="/workspace/cargo-home" RUSTUP_HOME="/workspace/rustup-home" "/workspace/cargo-home/bin/cargo" "+1.83.0" "fetch" "--manifest-path" "Cargo.toml", kill_on_drop: false }`
[INFO] [stderr]     Updating crates.io index
[INFO] [stderr]  Downloading crates ...
[INFO] [stderr]   Downloaded rstest v0.15.0
[INFO] [stderr]   Downloaded left-pad v1.0.1
[INFO] [stderr]   Downloaded rstest_macros v0.14.0
[INFO] [stderr]   Downloaded clap v4.0.30
[INFO] [stderr]   Downloaded rustix v0.36.5
[INFO] running `Command { std: "docker" "create" "-v" "/var/lib/crater-agent-workspace/builds/worker-7-tc1/target:/opt/rustwide/target:rw,Z" "-v" "/var/lib/crater-agent-workspace/builds/worker-7-tc1/source:/opt/rustwide/workdir:ro,Z" "-v" "/var/lib/crater-agent-workspace/cargo-home:/opt/rustwide/cargo-home:ro,Z" "-v" "/var/lib/crater-agent-workspace/rustup-home:/opt/rustwide/rustup-home:ro,Z" "-e" "SOURCE_DIR=/opt/rustwide/workdir" "-e" "CARGO_TARGET_DIR=/opt/rustwide/target" "-e" "CARGO_HOME=/opt/rustwide/cargo-home" "-e" "RUSTUP_HOME=/opt/rustwide/rustup-home" "-w" "/opt/rustwide/workdir" "-m" "1610612736" "--user" "0:0" "--network" "none" "ghcr.io/rust-lang/crates-build-env/linux@sha256:f3a9d4ad9d972b27faf3965f35b62e55ba32bbce8f20bc8fe909558a86702fde" "/opt/rustwide/cargo-home/bin/cargo" "+1.83.0" "metadata" "--no-deps" "--format-version=1", kill_on_drop: false }`
[INFO] [stdout] f45a23bb158dae9ecbf6b5d2a8abb9e722dacc082ac868da75fa071f778ec0d4
[INFO] running `Command { std: "docker" "start" "-a" "f45a23bb158dae9ecbf6b5d2a8abb9e722dacc082ac868da75fa071f778ec0d4", kill_on_drop: false }`
[INFO] running `Command { std: "docker" "inspect" "f45a23bb158dae9ecbf6b5d2a8abb9e722dacc082ac868da75fa071f778ec0d4", kill_on_drop: false }`
[INFO] running `Command { std: "docker" "rm" "-f" "f45a23bb158dae9ecbf6b5d2a8abb9e722dacc082ac868da75fa071f778ec0d4", kill_on_drop: false }`
[INFO] [stdout] f45a23bb158dae9ecbf6b5d2a8abb9e722dacc082ac868da75fa071f778ec0d4
[INFO] running `Command { std: "docker" "create" "-v" "/var/lib/crater-agent-workspace/builds/worker-7-tc1/target:/opt/rustwide/target:rw,Z" "-v" "/var/lib/crater-agent-workspace/builds/worker-7-tc1/source:/opt/rustwide/workdir:ro,Z" "-v" "/var/lib/crater-agent-workspace/cargo-home:/opt/rustwide/cargo-home:ro,Z" "-v" "/var/lib/crater-agent-workspace/rustup-home:/opt/rustwide/rustup-home:ro,Z" "-e" "SOURCE_DIR=/opt/rustwide/workdir" "-e" "CARGO_TARGET_DIR=/opt/rustwide/target" "-e" "CARGO_INCREMENTAL=0" "-e" "RUST_BACKTRACE=full" "-e" "RUSTFLAGS=--cap-lints=warn" "-e" "RUSTDOCFLAGS=--cap-lints=warn" "-e" "CARGO_HOME=/opt/rustwide/cargo-home" "-e" "RUSTUP_HOME=/opt/rustwide/rustup-home" "-w" "/opt/rustwide/workdir" "-m" "1610612736" "--user" "0:0" "--network" "none" "ghcr.io/rust-lang/crates-build-env/linux@sha256:f3a9d4ad9d972b27faf3965f35b62e55ba32bbce8f20bc8fe909558a86702fde" "/opt/rustwide/cargo-home/bin/cargo" "+1.83.0" "build" "--frozen" "--message-format=json", kill_on_drop: false }`
[INFO] [stdout] 716e773ecfe42669ce3691b139330798de30b2dc18056b483f8f1b5a44c49aaa
[INFO] running `Command { std: "docker" "start" "-a" "716e773ecfe42669ce3691b139330798de30b2dc18056b483f8f1b5a44c49aaa", kill_on_drop: false }`
[INFO] [stderr]    Compiling autocfg v1.1.0
[INFO] [stderr]    Compiling version_check v0.9.4
[INFO] [stderr]    Compiling proc-macro2 v1.0.49
[INFO] [stderr]    Compiling unicode-ident v1.0.6
[INFO] [stderr]    Compiling quote v1.0.23
[INFO] [stderr]    Compiling libc v0.2.138
[INFO] [stderr]    Compiling io-lifetimes v1.0.3
[INFO] [stderr]    Compiling syn v1.0.107
[INFO] [stderr]    Compiling memchr v2.5.0
[INFO] [stderr]    Compiling rustix v0.36.5
[INFO] [stderr]    Compiling proc-macro-error-attr v1.0.4
[INFO] [stderr]    Compiling proc-macro-error v1.0.4
[INFO] [stderr]    Compiling num-traits v0.2.15
[INFO] [stderr]    Compiling num-integer v0.1.45
[INFO] [stderr]    Compiling num-bigint v0.4.3
[INFO] [stderr]    Compiling num-rational v0.4.1
[INFO] [stderr]    Compiling indexmap v1.9.2
[INFO] [stderr]    Compiling num-iter v0.1.43
[INFO] [stderr]    Compiling bitflags v1.3.2
[INFO] [stderr]    Compiling linux-raw-sys v0.1.4
[INFO] [stderr]    Compiling heck v0.4.0
[INFO] [stderr]    Compiling hashbrown v0.12.3
[INFO] [stderr]    Compiling anyhow v1.0.68
[INFO] [stderr]    Compiling os_str_bytes v6.4.1
[INFO] [stderr]    Compiling aho-corasick v0.7.20
[INFO] [stderr]    Compiling clap_lex v0.3.0
[INFO] [stderr]    Compiling either v1.8.0
[INFO] [stderr]    Compiling num-complex v0.4.2
[INFO] [stderr]    Compiling strength_reduce v0.2.4
[INFO] [stderr]    Compiling regex-syntax v0.6.28
[INFO] [stderr]    Compiling is-terminal v0.4.2
[INFO] [stderr]    Compiling once_cell v1.16.0
[INFO] [stderr]    Compiling termcolor v1.1.3
[INFO] [stderr]    Compiling strsim v0.10.0
[INFO] [stderr]    Compiling fixedbitset v0.4.2
[INFO] [stderr]    Compiling petgraph v0.6.2
[INFO] [stderr]    Compiling transpose v0.2.2
[INFO] [stderr]    Compiling itertools v0.10.5
[INFO] [stderr]    Compiling left-pad v1.0.1
[INFO] [stderr]    Compiling regex v1.7.0
[INFO] [stderr]    Compiling num v0.4.0
[INFO] [stderr]    Compiling clap_derive v4.0.21
[INFO] [stderr]    Compiling clap v4.0.30
[INFO] [stderr]    Compiling aoc2022 v0.1.0 (/opt/rustwide/workdir)
[INFO] [stdout] warning: unused import: `anyhow`
[INFO] [stdout]  --> src/solutions/day08.rs:2:14
[INFO] [stdout]   |
[INFO] [stdout] 2 | use anyhow::{anyhow, Result};
[INFO] [stdout]   |              ^^^^^^
[INFO] [stdout]   |
[INFO] [stdout]   = note: `#[warn(unused_imports)]` on by default
[INFO] [stdout] 
[INFO] [stdout] 
[INFO] [stdout] warning: unused import: `anyhow`
[INFO] [stdout]  --> src/solutions/day09.rs:2:14
[INFO] [stdout]   |
[INFO] [stdout] 2 | use anyhow::{anyhow, Result};
[INFO] [stdout]   |              ^^^^^^
[INFO] [stdout] 
[INFO] [stdout] 
[INFO] [stdout] warning: unused import: `integer`
[INFO] [stdout]  --> src/solutions/day11.rs:4:11
[INFO] [stdout]   |
[INFO] [stdout] 4 | use num::{integer, Integer};
[INFO] [stdout]   |           ^^^^^^^
[INFO] [stdout] 
[INFO] [stdout] 
[INFO] [stdout] warning: unused import: `path`
[INFO] [stdout]  --> src/solutions/day12.rs:1:34
[INFO] [stdout]   |
[INFO] [stdout] 1 | use std::{collections::VecDeque, path};
[INFO] [stdout]   |                                  ^^^^
[INFO] [stdout] 
[INFO] [stdout] 
[INFO] [stdout] warning: unused import: `anyhow`
[INFO] [stdout]  --> src/solutions/day12.rs:4:14
[INFO] [stdout]   |
[INFO] [stdout] 4 | use anyhow::{anyhow, Result};
[INFO] [stdout]   |              ^^^^^^
[INFO] [stdout] 
[INFO] [stdout] 
[INFO] [stdout] warning: unused import: `anyhow`
[INFO] [stdout]  --> src/solutions/day13.rs:4:14
[INFO] [stdout]   |
[INFO] [stdout] 4 | use anyhow::{anyhow, Result};
[INFO] [stdout]   |              ^^^^^^
[INFO] [stdout] 
[INFO] [stdout] 
[INFO] [stdout] warning: unused import: `cell`
[INFO] [stdout]  --> src/solutions/day15.rs:2:5
[INFO] [stdout]   |
[INFO] [stdout] 2 |     cell,
[INFO] [stdout]   |     ^^^^
[INFO] [stdout] 
[INFO] [stdout] 
[INFO] [stdout] warning: unused import: `anyhow`
[INFO] [stdout]  --> src/solutions/day16.rs:4:14
[INFO] [stdout]   |
[INFO] [stdout] 4 | use anyhow::{anyhow, Result};
[INFO] [stdout]   |              ^^^^^^
[INFO] [stdout] 
[INFO] [stdout] 
[INFO] [stdout] warning: unused variable: `min_x`
[INFO] [stdout]    --> src/solutions/day15.rs:188:23
[INFO] [stdout]     |
[INFO] [stdout] 188 |         let (data, _, min_x, min_y, max_x, max_y) = input.clone();
[INFO] [stdout]     |                       ^^^^^ help: if this is intentional, prefix it with an underscore: `_min_x`
[INFO] [stdout]     |
[INFO] [stdout]     = note: `#[warn(unused_variables)]` on by default
[INFO] [stdout] 
[INFO] [stdout] 
[INFO] [stdout] warning: unused variable: `max_x`
[INFO] [stdout]    --> src/solutions/day15.rs:188:37
[INFO] [stdout]     |
[INFO] [stdout] 188 |         let (data, _, min_x, min_y, max_x, max_y) = input.clone();
[INFO] [stdout]     |                                     ^^^^^ help: if this is intentional, prefix it with an underscore: `_max_x`
[INFO] [stdout] 
[INFO] [stdout] 
[INFO] [stdout] warning: unused variable: `input`
[INFO] [stdout]   --> src/solutions/day16.rs:62:14
[INFO] [stdout]    |
[INFO] [stdout] 62 |     fn part1(input: &mut (HashMap<String, i32>, HashMap<String, Vec<String>>)) -> Result<i32> {
[INFO] [stdout]    |              ^^^^^ help: if this is intentional, prefix it with an underscore: `_input`
[INFO] [stdout] 
[INFO] [stdout] 
[INFO] [stdout] warning: unused variable: `input`
[INFO] [stdout]   --> src/solutions/day16.rs:67:9
[INFO] [stdout]    |
[INFO] [stdout] 67 |         input: &mut (HashMap<String, i32>, HashMap<String, Vec<String>>),
[INFO] [stdout]    |         ^^^^^ help: if this is intentional, prefix it with an underscore: `_input`
[INFO] [stdout] 
[INFO] [stdout] 
[INFO] [stderr]     Finished `dev` profile [unoptimized + debuginfo] target(s) in 44.98s
[INFO] running `Command { std: "docker" "inspect" "716e773ecfe42669ce3691b139330798de30b2dc18056b483f8f1b5a44c49aaa", kill_on_drop: false }`
[INFO] running `Command { std: "docker" "rm" "-f" "716e773ecfe42669ce3691b139330798de30b2dc18056b483f8f1b5a44c49aaa", kill_on_drop: false }`
[INFO] [stdout] 716e773ecfe42669ce3691b139330798de30b2dc18056b483f8f1b5a44c49aaa
[INFO] running `Command { std: "docker" "create" "-v" "/var/lib/crater-agent-workspace/builds/worker-7-tc1/target:/opt/rustwide/target:rw,Z" "-v" "/var/lib/crater-agent-workspace/builds/worker-7-tc1/source:/opt/rustwide/workdir:ro,Z" "-v" "/var/lib/crater-agent-workspace/cargo-home:/opt/rustwide/cargo-home:ro,Z" "-v" "/var/lib/crater-agent-workspace/rustup-home:/opt/rustwide/rustup-home:ro,Z" "-e" "SOURCE_DIR=/opt/rustwide/workdir" "-e" "CARGO_TARGET_DIR=/opt/rustwide/target" "-e" "CARGO_INCREMENTAL=0" "-e" "RUST_BACKTRACE=full" "-e" "RUSTFLAGS=--cap-lints=warn" "-e" "RUSTDOCFLAGS=--cap-lints=warn" "-e" "CARGO_HOME=/opt/rustwide/cargo-home" "-e" "RUSTUP_HOME=/opt/rustwide/rustup-home" "-w" "/opt/rustwide/workdir" "-m" "1610612736" "--user" "0:0" "--network" "none" "ghcr.io/rust-lang/crates-build-env/linux@sha256:f3a9d4ad9d972b27faf3965f35b62e55ba32bbce8f20bc8fe909558a86702fde" "/opt/rustwide/cargo-home/bin/cargo" "+1.83.0" "test" "--frozen" "--no-run" "--message-format=json", kill_on_drop: false }`
[INFO] [stdout] 44b9b8f6d65f41e97b3341b9e81c94f838991f01a4cdd3a8341829d3bd503aaf
[INFO] running `Command { std: "docker" "start" "-a" "44b9b8f6d65f41e97b3341b9e81c94f838991f01a4cdd3a8341829d3bd503aaf", kill_on_drop: false }`
[INFO] [stderr]    Compiling syn v1.0.107
[INFO] [stderr]    Compiling semver v1.0.16
[INFO] [stderr]    Compiling futures-core v0.3.25
[INFO] [stderr]    Compiling slab v0.4.7
[INFO] [stderr]    Compiling futures-channel v0.3.25
[INFO] [stderr]    Compiling futures-task v0.3.25
[INFO] [stderr]    Compiling futures-sink v0.3.25
[INFO] [stderr]    Compiling futures-util v0.3.25
[INFO] [stderr]    Compiling futures-io v0.3.25
[INFO] [stderr]    Compiling pin-project-lite v0.2.9
[INFO] [stderr]    Compiling pin-utils v0.1.0
[INFO] [stderr]    Compiling cfg-if v1.0.0
[INFO] [stderr]    Compiling futures-timer v3.0.2
[INFO] [stderr]    Compiling rustc_version v0.4.0
[INFO] [stderr]    Compiling rstest_macros v0.14.0
[INFO] [stderr]    Compiling proc-macro-error v1.0.4
[INFO] [stderr]    Compiling futures-macro v0.3.25
[INFO] [stderr]    Compiling clap_derive v4.0.21
[INFO] [stderr]    Compiling clap v4.0.30
[INFO] [stderr]    Compiling futures-executor v0.3.25
[INFO] [stderr]    Compiling futures v0.3.25
[INFO] [stderr]    Compiling rstest v0.15.0
[INFO] [stderr]    Compiling aoc2022 v0.1.0 (/opt/rustwide/workdir)
[INFO] [stdout] warning: unused import: `anyhow`
[INFO] [stdout]  --> src/solutions/day08.rs:2:14
[INFO] [stdout]   |
[INFO] [stdout] 2 | use anyhow::{anyhow, Result};
[INFO] [stdout]   |              ^^^^^^
[INFO] [stdout]   |
[INFO] [stdout]   = note: `#[warn(unused_imports)]` on by default
[INFO] [stdout] 
[INFO] [stdout] 
[INFO] [stdout] warning: unused import: `anyhow`
[INFO] [stdout]  --> src/solutions/day09.rs:2:14
[INFO] [stdout]   |
[INFO] [stdout] 2 | use anyhow::{anyhow, Result};
[INFO] [stdout]   |              ^^^^^^
[INFO] [stdout] 
[INFO] [stdout] 
[INFO] [stdout] warning: unused import: `integer`
[INFO] [stdout]  --> src/solutions/day11.rs:4:11
[INFO] [stdout]   |
[INFO] [stdout] 4 | use num::{integer, Integer};
[INFO] [stdout]   |           ^^^^^^^
[INFO] [stdout] 
[INFO] [stdout] 
[INFO] [stdout] warning: unused import: `path`
[INFO] [stdout]  --> src/solutions/day12.rs:1:34
[INFO] [stdout]   |
[INFO] [stdout] 1 | use std::{collections::VecDeque, path};
[INFO] [stdout]   |                                  ^^^^
[INFO] [stdout] 
[INFO] [stdout] 
[INFO] [stdout] warning: unused import: `anyhow`
[INFO] [stdout]  --> src/solutions/day12.rs:4:14
[INFO] [stdout]   |
[INFO] [stdout] 4 | use anyhow::{anyhow, Result};
[INFO] [stdout]   |              ^^^^^^
[INFO] [stdout] 
[INFO] [stdout] 
[INFO] [stdout] warning: unused import: `anyhow`
[INFO] [stdout]  --> src/solutions/day13.rs:4:14
[INFO] [stdout]   |
[INFO] [stdout] 4 | use anyhow::{anyhow, Result};
[INFO] [stdout]   |              ^^^^^^
[INFO] [stdout] 
[INFO] [stdout] 
[INFO] [stdout] warning: unused import: `cell`
[INFO] [stdout]  --> src/solutions/day15.rs:2:5
[INFO] [stdout]   |
[INFO] [stdout] 2 |     cell,
[INFO] [stdout]   |     ^^^^
[INFO] [stdout] 
[INFO] [stdout] 
[INFO] [stdout] warning: unused import: `anyhow`
[INFO] [stdout]  --> src/solutions/day16.rs:4:14
[INFO] [stdout]   |
[INFO] [stdout] 4 | use anyhow::{anyhow, Result};
[INFO] [stdout]   |              ^^^^^^
[INFO] [stdout] 
[INFO] [stdout] 
[INFO] [stdout] warning: unused variable: `min_x`
[INFO] [stdout]    --> src/solutions/day15.rs:188:23
[INFO] [stdout]     |
[INFO] [stdout] 188 |         let (data, _, min_x, min_y, max_x, max_y) = input.clone();
[INFO] [stdout]     |                       ^^^^^ help: if this is intentional, prefix it with an underscore: `_min_x`
[INFO] [stdout]     |
[INFO] [stdout]     = note: `#[warn(unused_variables)]` on by default
[INFO] [stdout] 
[INFO] [stdout] 
[INFO] [stdout] warning: unused variable: `max_x`
[INFO] [stdout]    --> src/solutions/day15.rs:188:37
[INFO] [stdout]     |
[INFO] [stdout] 188 |         let (data, _, min_x, min_y, max_x, max_y) = input.clone();
[INFO] [stdout]     |                                     ^^^^^ help: if this is intentional, prefix it with an underscore: `_max_x`
[INFO] [stdout] 
[INFO] [stdout] 
[INFO] [stdout] warning: unused variable: `input`
[INFO] [stdout]   --> src/solutions/day16.rs:62:14
[INFO] [stdout]    |
[INFO] [stdout] 62 |     fn part1(input: &mut (HashMap<String, i32>, HashMap<String, Vec<String>>)) -> Result<i32> {
[INFO] [stdout]    |              ^^^^^ help: if this is intentional, prefix it with an underscore: `_input`
[INFO] [stdout] 
[INFO] [stdout] 
[INFO] [stdout] warning: unused variable: `input`
[INFO] [stdout]   --> src/solutions/day16.rs:67:9
[INFO] [stdout]    |
[INFO] [stdout] 67 |         input: &mut (HashMap<String, i32>, HashMap<String, Vec<String>>),
[INFO] [stdout]    |         ^^^^^ help: if this is intentional, prefix it with an underscore: `_input`
[INFO] [stdout] 
[INFO] [stdout] 
[INFO] [stderr]     Finished `test` profile [unoptimized + debuginfo] target(s) in 31.42s
[INFO] running `Command { std: "docker" "inspect" "44b9b8f6d65f41e97b3341b9e81c94f838991f01a4cdd3a8341829d3bd503aaf", kill_on_drop: false }`
[INFO] running `Command { std: "docker" "rm" "-f" "44b9b8f6d65f41e97b3341b9e81c94f838991f01a4cdd3a8341829d3bd503aaf", kill_on_drop: false }`
[INFO] [stdout] 44b9b8f6d65f41e97b3341b9e81c94f838991f01a4cdd3a8341829d3bd503aaf
[INFO] running `Command { std: "docker" "create" "-v" "/var/lib/crater-agent-workspace/builds/worker-7-tc1/target:/opt/rustwide/target:rw,Z" "-v" "/var/lib/crater-agent-workspace/builds/worker-7-tc1/source:/opt/rustwide/workdir:ro,Z" "-v" "/var/lib/crater-agent-workspace/cargo-home:/opt/rustwide/cargo-home:ro,Z" "-v" "/var/lib/crater-agent-workspace/rustup-home:/opt/rustwide/rustup-home:ro,Z" "-e" "SOURCE_DIR=/opt/rustwide/workdir" "-e" "CARGO_TARGET_DIR=/opt/rustwide/target" "-e" "CARGO_INCREMENTAL=0" "-e" "RUST_BACKTRACE=full" "-e" "RUSTFLAGS=--cap-lints=warn" "-e" "RUSTDOCFLAGS=--cap-lints=warn" "-e" "CARGO_HOME=/opt/rustwide/cargo-home" "-e" "RUSTUP_HOME=/opt/rustwide/rustup-home" "-w" "/opt/rustwide/workdir" "-m" "1610612736" "--user" "0:0" "--network" "none" "ghcr.io/rust-lang/crates-build-env/linux@sha256:f3a9d4ad9d972b27faf3965f35b62e55ba32bbce8f20bc8fe909558a86702fde" "/opt/rustwide/cargo-home/bin/cargo" "+1.83.0" "test" "--frozen", kill_on_drop: false }`
[INFO] [stdout] 3afefb16ccb6055e2e27c219a3bdf1bba8baf23181b904a47143b55bb6f8ace8
[INFO] running `Command { std: "docker" "start" "-a" "3afefb16ccb6055e2e27c219a3bdf1bba8baf23181b904a47143b55bb6f8ace8", kill_on_drop: false }`
[INFO] [stderr] warning: unused import: `anyhow`
[INFO] [stderr]  --> src/solutions/day08.rs:2:14
[INFO] [stderr]   |
[INFO] [stderr] 2 | use anyhow::{anyhow, Result};
[INFO] [stderr]   |              ^^^^^^
[INFO] [stderr]   |
[INFO] [stderr]   = note: `#[warn(unused_imports)]` on by default
[INFO] [stderr] 
[INFO] [stderr] warning: unused import: `anyhow`
[INFO] [stderr]  --> src/solutions/day09.rs:2:14
[INFO] [stderr]   |
[INFO] [stderr] 2 | use anyhow::{anyhow, Result};
[INFO] [stderr]   |              ^^^^^^
[INFO] [stderr] 
[INFO] [stderr] warning: unused import: `integer`
[INFO] [stderr]  --> src/solutions/day11.rs:4:11
[INFO] [stderr]   |
[INFO] [stderr] 4 | use num::{integer, Integer};
[INFO] [stderr]   |           ^^^^^^^
[INFO] [stderr] 
[INFO] [stderr] warning: unused import: `path`
[INFO] [stderr]  --> src/solutions/day12.rs:1:34
[INFO] [stderr]   |
[INFO] [stderr] 1 | use std::{collections::VecDeque, path};
[INFO] [stderr]   |                                  ^^^^
[INFO] [stderr] 
[INFO] [stderr] warning: unused import: `anyhow`
[INFO] [stderr]  --> src/solutions/day12.rs:4:14
[INFO] [stderr]   |
[INFO] [stderr] 4 | use anyhow::{anyhow, Result};
[INFO] [stderr]   |              ^^^^^^
[INFO] [stderr] 
[INFO] [stderr] warning: unused import: `anyhow`
[INFO] [stderr]  --> src/solutions/day13.rs:4:14
[INFO] [stderr]   |
[INFO] [stderr] 4 | use anyhow::{anyhow, Result};
[INFO] [stderr]   |              ^^^^^^
[INFO] [stderr] 
[INFO] [stderr] warning: unused import: `cell`
[INFO] [stderr]  --> src/solutions/day15.rs:2:5
[INFO] [stderr]   |
[INFO] [stderr] 2 |     cell,
[INFO] [stderr]   |     ^^^^
[INFO] [stderr] 
[INFO] [stderr] warning: unused import: `anyhow`
[INFO] [stderr]  --> src/solutions/day16.rs:4:14
[INFO] [stderr]   |
[INFO] [stderr] 4 | use anyhow::{anyhow, Result};
[INFO] [stderr]   |              ^^^^^^
[INFO] [stderr] 
[INFO] [stderr] warning: unused variable: `min_x`
[INFO] [stderr]    --> src/solutions/day15.rs:188:23
[INFO] [stderr]     |
[INFO] [stderr] 188 |         let (data, _, min_x, min_y, max_x, max_y) = input.clone();
[INFO] [stderr]     |                       ^^^^^ help: if this is intentional, prefix it with an underscore: `_min_x`
[INFO] [stderr]     |
[INFO] [stderr]     = note: `#[warn(unused_variables)]` on by default
[INFO] [stderr] 
[INFO] [stderr] warning: unused variable: `max_x`
[INFO] [stderr]    --> src/solutions/day15.rs:188:37
[INFO] [stderr]     |
[INFO] [stderr] 188 |         let (data, _, min_x, min_y, max_x, max_y) = input.clone();
[INFO] [stderr]     |                                     ^^^^^ help: if this is intentional, prefix it with an underscore: `_max_x`
[INFO] [stderr] 
[INFO] [stderr] warning: unused variable: `input`
[INFO] [stderr]   --> src/solutions/day16.rs:62:14
[INFO] [stderr]    |
[INFO] [stderr] 62 |     fn part1(input: &mut (HashMap<String, i32>, HashMap<String, Vec<String>>)) -> Result<i32> {
[INFO] [stderr]    |              ^^^^^ help: if this is intentional, prefix it with an underscore: `_input`
[INFO] [stderr] 
[INFO] [stderr] warning: unused variable: `input`
[INFO] [stderr]   --> src/solutions/day16.rs:67:9
[INFO] [stderr]    |
[INFO] [stderr] 67 |         input: &mut (HashMap<String, i32>, HashMap<String, Vec<String>>),
[INFO] [stderr]    |         ^^^^^ help: if this is intentional, prefix it with an underscore: `_input`
[INFO] [stderr] 
[INFO] [stderr] warning: `aoc2022` (bin "aoc2022" test) generated 12 warnings (run `cargo fix --bin "aoc2022" --tests` to apply 8 suggestions)
[INFO] [stderr]     Finished `test` profile [unoptimized + debuginfo] target(s) in 0.09s
[INFO] [stderr]      Running unittests src/main.rs (/opt/rustwide/target/debug/deps/aoc2022-f495445126e1a16c)
[INFO] [stdout] 
[INFO] [stdout] running 38 tests
[INFO] [stdout] test solutions::day01::tests::validate_linear::case_1 ... ok
[INFO] [stdout] test solutions::day04::tests::validate_linear::case_1 ... ok
[INFO] [stdout] test solutions::day06::tests::validate_linear::case_2 ... ok
[INFO] [stdout] test solutions::day06::tests::validate_linear::case_1 ... ok
[INFO] [stdout] test solutions::day06::tests::validate_linear::case_3 ... ok
[INFO] [stdout] test solutions::day02::tests::validate_linear::case_1 ... ok
[INFO] [stdout] test solutions::day06::tests::validate_linear::case_4 ... ok
[INFO] [stdout] test solutions::day06::tests::validate_linear::case_5 ... ok
[INFO] [stdout] test solutions::day07::tests::validate_linear::case_1 ... ok
[INFO] [stdout] test solutions::day09::tests::validate_linear::case_1 ... ok
[INFO] [stdout] test solutions::day03::tests::validate_linear::case_1 ... ok
[INFO] [stdout] test solutions::day08::tests::validate_linear::case_1 ... ok
[INFO] [stdout] test solutions::day05::tests::validate_linear::case_1 ... ok
[INFO] [stdout] test solutions::day09::tests::validate_linear::case_2 ... ok
[INFO] [stdout] test solutions::day10::tests::validate_linear::case_2 ... ok
[INFO] [stdout] test solutions::day12::tests::validate_linear::case_1 ... ok
[INFO] [stdout] test solutions::day10::tests::validate_linear::case_1 ... ok
[INFO] [stdout] test solutions::day13::tests::validate_linear::case_1 ... ok
[INFO] [stdout] test solutions::day14::tests::validate_linear::case_1 ... ok
[INFO] [stdout] test solutions::templates::linear_template::tests::validate_linear::case_3 ... ok
[INFO] [stdout] test solutions::templates::simultaneous_template::tests::validate_simul::case_2 ... ok
[INFO] [stdout] test solutions::templates::simultaneous_template::tests::validate_simul::case_1 ... ok
[INFO] [stdout] test solutions::templates::simultaneous_template::tests::validate_simul::case_3 ... ok
[INFO] [stdout] test utils::grid::tests::test_print ... ok
[INFO] [stdout] test utils::load_input::tests::test_load_2d_grid ... ok
[INFO] [stdout] test utils::grid::tests::test_merge ... ok
[INFO] [stdout] test solutions::day15::tests::validate_linear::case_1 ... ok
[INFO] [stdout] test solutions::templates::linear_template::tests::validate_linear::case_1 ... ok
[INFO] [stdout] test utils::point::tests::validate_add::case_2 ... ok
[INFO] [stdout] test utils::point::tests::validate_mul::case_2 ... ok
[INFO] [stdout] test utils::grid::tests::test_transform ... ok
[INFO] [stdout] test solutions::templates::linear_template::tests::validate_linear::case_2 ... ok
[INFO] [stdout] test utils::point::tests::validate_card_offsets ... ok
[INFO] [stdout] test utils::point::tests::validate_mul::case_1 ... ok
[INFO] [stdout] test utils::point::tests::validate_offsets ... ok
[INFO] [stdout] test utils::point::tests::validate_add::case_1 ... ok
[INFO] [stdout] test solutions::day16::tests::validate_linear::case_1 ... FAILED
[INFO] [stdout] test solutions::day11::tests::validate_linear::case_1 ... ok
[INFO] [stdout] 
[INFO] [stdout] failures:
[INFO] [stdout] 
[INFO] [stdout] ---- solutions::day16::tests::validate_linear::case_1 stdout ----
[INFO] [stdout] -------------- TEST START --------------
[INFO] [stdout] {"II": 0, "DD": 20, "JJ": 21, "BB": 13, "GG": 0, "FF": 0, "HH": 22, "CC": 2, "EE": 3, "AA": 0}
[INFO] [stdout] {"JJ": ["II"], "AA": ["DD", "II", "BB"], "CC": ["DD", "BB"], "FF": ["EE", "GG"], "GG": ["FF", "HH"], "BB": ["CC", "AA"], "HH": ["GG"], "EE": ["FF", "DD"], "DD": ["CC", "AA", "EE"], "II": ["AA", "JJ"]}
[INFO] [stdout] graph {
[INFO] [stdout]     0 [ label = "\"II\"" ]
[INFO] [stdout]     1 [ label = "\"DD\"" ]
[INFO] [stdout]     2 [ label = "\"JJ\"" ]
[INFO] [stdout]     3 [ label = "\"BB\"" ]
[INFO] [stdout]     4 [ label = "\"GG\"" ]
[INFO] [stdout]     5 [ label = "\"FF\"" ]
[INFO] [stdout]     6 [ label = "\"HH\"" ]
[INFO] [stdout]     7 [ label = "\"CC\"" ]
[INFO] [stdout]     8 [ label = "\"EE\"" ]
[INFO] [stdout]     9 [ label = "\"AA\"" ]
[INFO] [stdout]     2 -- 0 [ label = "1" ]
[INFO] [stdout]     9 -- 1 [ label = "1" ]
[INFO] [stdout]     9 -- 0 [ label = "1" ]
[INFO] [stdout]     9 -- 3 [ label = "1" ]
[INFO] [stdout]     7 -- 1 [ label = "1" ]
[INFO] [stdout]     7 -- 3 [ label = "1" ]
[INFO] [stdout]     5 -- 8 [ label = "1" ]
[INFO] [stdout]     5 -- 4 [ label = "1" ]
[INFO] [stdout]     4 -- 6 [ label = "1" ]
[INFO] [stdout]     8 -- 1 [ label = "1" ]
[INFO] [stdout] }
[INFO] [stdout] 
[INFO] [stdout] thread 'solutions::day16::tests::validate_linear::case_1' panicked at src/solutions/day16.rs:63:9:
[INFO] [stdout] not yet implemented
[INFO] [stdout] stack backtrace:
[INFO] [stdout]    0:     0x618319bf77aa - std::backtrace_rs::backtrace::libunwind::trace::h5a5b8284f2d0c266
[INFO] [stdout]                                at /rustc/90b35a6239c3d8bdabc530a6a0816f7ff89a0aaf/library/std/src/../../backtrace/src/backtrace/libunwind.rs:116:5
[INFO] [stdout]    1:     0x618319bf77aa - std::backtrace_rs::backtrace::trace_unsynchronized::h76d4f1c9b0b875e3
[INFO] [stdout]                                at /rustc/90b35a6239c3d8bdabc530a6a0816f7ff89a0aaf/library/std/src/../../backtrace/src/backtrace/mod.rs:66:5
[INFO] [stdout]    2:     0x618319bf77aa - std::sys::backtrace::_print_fmt::hc4546b8364a537c6
[INFO] [stdout]                                at /rustc/90b35a6239c3d8bdabc530a6a0816f7ff89a0aaf/library/std/src/sys/backtrace.rs:66:9
[INFO] [stdout]    3:     0x618319bf77aa - <std::sys::backtrace::BacktraceLock::print::DisplayBacktrace as core::fmt::Display>::fmt::h5b6bd5631a6d1f6b
[INFO] [stdout]                                at /rustc/90b35a6239c3d8bdabc530a6a0816f7ff89a0aaf/library/std/src/sys/backtrace.rs:39:26
[INFO] [stdout]    4:     0x618319c1d023 - core::fmt::rt::Argument::fmt::h270f6602a2b96f62
[INFO] [stdout]                                at /rustc/90b35a6239c3d8bdabc530a6a0816f7ff89a0aaf/library/core/src/fmt/rt.rs:177:76
[INFO] [stdout]    5:     0x618319c1d023 - core::fmt::write::h7550c97b06c86515
[INFO] [stdout]                                at /rustc/90b35a6239c3d8bdabc530a6a0816f7ff89a0aaf/library/core/src/fmt/mod.rs:1186:21
[INFO] [stdout]    6:     0x618319bf4973 - std::io::Write::write_fmt::h509ff860e5956e5e
[INFO] [stdout]                                at /rustc/90b35a6239c3d8bdabc530a6a0816f7ff89a0aaf/library/std/src/io/mod.rs:1839:15
[INFO] [stdout]    7:     0x618319bf75f2 - std::sys::backtrace::BacktraceLock::print::h2395ccd2c84ba3aa
[INFO] [stdout]                                at /rustc/90b35a6239c3d8bdabc530a6a0816f7ff89a0aaf/library/std/src/sys/backtrace.rs:42:9
[INFO] [stdout]    8:     0x618319bf8c0a - std::panicking::default_hook::{{closure}}::he19d4c7230e07961
[INFO] [stdout]                                at /rustc/90b35a6239c3d8bdabc530a6a0816f7ff89a0aaf/library/std/src/panicking.rs:268:22
[INFO] [stdout]    9:     0x618319bf8a14 - std::panicking::default_hook::hf614597d3c67bbdb
[INFO] [stdout]                                at /rustc/90b35a6239c3d8bdabc530a6a0816f7ff89a0aaf/library/std/src/panicking.rs:292:9
[INFO] [stdout]   10:     0x618319a5ec29 - <alloc::boxed::Box<F,A> as core::ops::function::Fn<Args>>::call::h39b51ce4599c23d1
[INFO] [stdout]                                at /rustc/90b35a6239c3d8bdabc530a6a0816f7ff89a0aaf/library/alloc/src/boxed.rs:2468:9
[INFO] [stdout]   11:     0x618319a5ec29 - test::test_main::{{closure}}::he977ae839a582784
[INFO] [stdout]                                at /rustc/90b35a6239c3d8bdabc530a6a0816f7ff89a0aaf/library/test/src/lib.rs:133:21
[INFO] [stdout]   12:     0x618319bf92a8 - <alloc::boxed::Box<F,A> as core::ops::function::Fn<Args>>::call::h9455091b6b06f9fb
[INFO] [stdout]                                at /rustc/90b35a6239c3d8bdabc530a6a0816f7ff89a0aaf/library/alloc/src/boxed.rs:2468:9
[INFO] [stdout]   13:     0x618319bf92a8 - std::panicking::rust_panic_with_hook::h8942133a8b252070
[INFO] [stdout]                                at /rustc/90b35a6239c3d8bdabc530a6a0816f7ff89a0aaf/library/std/src/panicking.rs:809:13
[INFO] [stdout]   14:     0x618319bf9036 - std::panicking::begin_panic_handler::{{closure}}::hb5f5963570096b29
[INFO] [stdout]                                at /rustc/90b35a6239c3d8bdabc530a6a0816f7ff89a0aaf/library/std/src/panicking.rs:667:13
[INFO] [stdout]   15:     0x618319bf7c89 - std::sys::backtrace::__rust_end_short_backtrace::h6208cedc1922feda
[INFO] [stdout]                                at /rustc/90b35a6239c3d8bdabc530a6a0816f7ff89a0aaf/library/std/src/sys/backtrace.rs:170:18
[INFO] [stdout]   16:     0x618319bf8cfc - rust_begin_unwind
[INFO] [stdout]                                at /rustc/90b35a6239c3d8bdabc530a6a0816f7ff89a0aaf/library/std/src/panicking.rs:665:5
[INFO] [stdout]   17:     0x6183199760d0 - core::panicking::panic_fmt::h0c3082644d1bf418
[INFO] [stdout]                                at /rustc/90b35a6239c3d8bdabc530a6a0816f7ff89a0aaf/library/core/src/panicking.rs:74:14
[INFO] [stdout]   18:     0x61831997615c - core::panicking::panic::h957f98c65a3b3074
[INFO] [stdout]                                at /rustc/90b35a6239c3d8bdabc530a6a0816f7ff89a0aaf/library/core/src/panicking.rs:148:5
[INFO] [stdout]   19:     0x618319a0ef61 - <aoc2022::solutions::day16::Day16Solution as aoc2022::utils::solver_types::SolutionLinear<(std::collections::hash::map::HashMap<alloc::string::String,i32>,std::collections::hash::map::HashMap<alloc::string::String,alloc::vec::Vec<alloc::string::String>>),i32,i32>>::part1::hcce21fbc0c007704
[INFO] [stdout]                                at /opt/rustwide/workdir/src/solutions/day16.rs:63:9
[INFO] [stdout]   20:     0x6183199fadc4 - aoc2022::solutions::day16::tests::validate_linear::he9e43b4b9303e9a9
[INFO] [stdout]                                at /opt/rustwide/workdir/src/solutions/day16.rs:97:18
[INFO] [stdout]   21:     0x618319a25037 - aoc2022::solutions::day16::tests::validate_linear::case_1::h9d34a8fc139de16c
[INFO] [stdout]                                at /opt/rustwide/workdir/src/solutions/day16.rs:80:5
[INFO] [stdout]   22:     0x618319a24e07 - aoc2022::solutions::day16::tests::validate_linear::case_1::{{closure}}::h68497811bf7a9fce
[INFO] [stdout]                                at /opt/rustwide/workdir/src/solutions/day16.rs:80:14
[INFO] [stdout]   23:     0x6183199d9ed6 - core::ops::function::FnOnce::call_once::h29440f9a8ec4053e
[INFO] [stdout]                                at /rustc/90b35a6239c3d8bdabc530a6a0816f7ff89a0aaf/library/core/src/ops/function.rs:250:5
[INFO] [stdout]   24:     0x618319a635eb - core::ops::function::FnOnce::call_once::h109cf8051a59b34e
[INFO] [stdout]                                at /rustc/90b35a6239c3d8bdabc530a6a0816f7ff89a0aaf/library/core/src/ops/function.rs:250:5
[INFO] [stdout]   25:     0x618319a635eb - test::__rust_begin_short_backtrace::hf4fff89d377446ba
[INFO] [stdout]                                at /rustc/90b35a6239c3d8bdabc530a6a0816f7ff89a0aaf/library/test/src/lib.rs:621:18
[INFO] [stdout]   26:     0x618319a62e27 - test::run_test_in_process::{{closure}}::h0e39181dd7ee5a43
[INFO] [stdout]                                at /rustc/90b35a6239c3d8bdabc530a6a0816f7ff89a0aaf/library/test/src/lib.rs:644:60
[INFO] [stdout]   27:     0x618319a62e27 - <core::panic::unwind_safe::AssertUnwindSafe<F> as core::ops::function::FnOnce<()>>::call_once::hc5a66a30f0bdfd1f
[INFO] [stdout]                                at /rustc/90b35a6239c3d8bdabc530a6a0816f7ff89a0aaf/library/core/src/panic/unwind_safe.rs:272:9
[INFO] [stdout]   28:     0x618319a62e27 - std::panicking::try::do_call::h873b7cf639554a5e
[INFO] [stdout]                                at /rustc/90b35a6239c3d8bdabc530a6a0816f7ff89a0aaf/library/std/src/panicking.rs:557:40
[INFO] [stdout]   29:     0x618319a62e27 - std::panicking::try::hdb19862fad9c8bd1
[INFO] [stdout]                                at /rustc/90b35a6239c3d8bdabc530a6a0816f7ff89a0aaf/library/std/src/panicking.rs:520:19
[INFO] [stdout]   30:     0x618319a62e27 - std::panic::catch_unwind::h281fe732d236d260
[INFO] [stdout]                                at /rustc/90b35a6239c3d8bdabc530a6a0816f7ff89a0aaf/library/std/src/panic.rs:358:14
[INFO] [stdout]   31:     0x618319a62e27 - test::run_test_in_process::h949b6df8457ed338
[INFO] [stdout]                                at /rustc/90b35a6239c3d8bdabc530a6a0816f7ff89a0aaf/library/test/src/lib.rs:644:27
[INFO] [stdout]   32:     0x618319a62e27 - test::run_test::{{closure}}::h52c556a6d4740e10
[INFO] [stdout]                                at /rustc/90b35a6239c3d8bdabc530a6a0816f7ff89a0aaf/library/test/src/lib.rs:565:43
[INFO] [stdout]   33:     0x618319a28104 - test::run_test::{{closure}}::h4237f6381c45ccb9
[INFO] [stdout]                                at /rustc/90b35a6239c3d8bdabc530a6a0816f7ff89a0aaf/library/test/src/lib.rs:595:41
[INFO] [stdout]   34:     0x618319a28104 - std::sys::backtrace::__rust_begin_short_backtrace::h505c97a579eca628
[INFO] [stdout]                                at /rustc/90b35a6239c3d8bdabc530a6a0816f7ff89a0aaf/library/std/src/sys/backtrace.rs:154:18
[INFO] [stdout]   35:     0x618319a2b7ce - std::thread::Builder::spawn_unchecked_::{{closure}}::{{closure}}::h9e86b2e2bc107ea3
[INFO] [stdout]                                at /rustc/90b35a6239c3d8bdabc530a6a0816f7ff89a0aaf/library/std/src/thread/mod.rs:538:17
[INFO] [stdout]   36:     0x618319a2b7ce - <core::panic::unwind_safe::AssertUnwindSafe<F> as core::ops::function::FnOnce<()>>::call_once::h8b06ddb275ff4a25
[INFO] [stdout]                                at /rustc/90b35a6239c3d8bdabc530a6a0816f7ff89a0aaf/library/core/src/panic/unwind_safe.rs:272:9
[INFO] [stdout]   37:     0x618319a2b7ce - std::panicking::try::do_call::hb26ecd7cd9a9355d
[INFO] [stdout]                                at /rustc/90b35a6239c3d8bdabc530a6a0816f7ff89a0aaf/library/std/src/panicking.rs:557:40
[INFO] [stdout]   38:     0x618319a2b7ce - std::panicking::try::h8ddeca9d705f9069
[INFO] [stdout]                                at /rustc/90b35a6239c3d8bdabc530a6a0816f7ff89a0aaf/library/std/src/panicking.rs:520:19
[INFO] [stdout]   39:     0x618319a2b7ce - std::panic::catch_unwind::h49e1c33078844c46
[INFO] [stdout]                                at /rustc/90b35a6239c3d8bdabc530a6a0816f7ff89a0aaf/library/std/src/panic.rs:358:14
[INFO] [stdout]   40:     0x618319a2b7ce - std::thread::Builder::spawn_unchecked_::{{closure}}::h6073db6ff56ad35d
[INFO] [stdout]                                at /rustc/90b35a6239c3d8bdabc530a6a0816f7ff89a0aaf/library/std/src/thread/mod.rs:537:30
[INFO] [stdout]   41:     0x618319a2b7ce - core::ops::function::FnOnce::call_once{{vtable.shim}}::h2c5a5f3779c774f1
[INFO] [stdout]                                at /rustc/90b35a6239c3d8bdabc530a6a0816f7ff89a0aaf/library/core/src/ops/function.rs:250:5
[INFO] [stdout]   42:     0x618319bfcffb - <alloc::boxed::Box<F,A> as core::ops::function::FnOnce<Args>>::call_once::hf75717d9f28faebf
[INFO] [stdout]                                at /rustc/90b35a6239c3d8bdabc530a6a0816f7ff89a0aaf/library/alloc/src/boxed.rs:2454:9
[INFO] [stdout]   43:     0x618319bfcffb - <alloc::boxed::Box<F,A> as core::ops::function::FnOnce<Args>>::call_once::h7bd883a5f3c5f3c1
[INFO] [stdout]                                at /rustc/90b35a6239c3d8bdabc530a6a0816f7ff89a0aaf/library/alloc/src/boxed.rs:2454:9
[INFO] [stdout]   44:     0x618319bfcffb - std::sys::pal::unix::thread::Thread::new::thread_start::hcc78f3943333fa94
[INFO] [stdout]                                at /rustc/90b35a6239c3d8bdabc530a6a0816f7ff89a0aaf/library/std/src/sys/pal/unix/thread.rs:105:17
[INFO] [stdout]   45:     0x767c58664ac3 - <unknown>
[INFO] [stdout]   46:     0x767c586f5a04 - clone
[INFO] [stdout]   47:                0x0 - <unknown>
[INFO] [stdout] 
[INFO] [stdout] 
[INFO] [stdout] failures:
[INFO] [stdout]     solutions::day16::tests::validate_linear::case_1
[INFO] [stdout] 
[INFO] [stdout] test result: FAILED. 37 passed; 1 failed; 0 ignored; 0 measured; 0 filtered out; finished in 0.12s
[INFO] [stdout] 
[INFO] [stderr] error: test failed, to rerun pass `--bin aoc2022`
[INFO] running `Command { std: "docker" "inspect" "3afefb16ccb6055e2e27c219a3bdf1bba8baf23181b904a47143b55bb6f8ace8", kill_on_drop: false }`
[INFO] running `Command { std: "docker" "rm" "-f" "3afefb16ccb6055e2e27c219a3bdf1bba8baf23181b904a47143b55bb6f8ace8", kill_on_drop: false }`
[INFO] [stdout] 3afefb16ccb6055e2e27c219a3bdf1bba8baf23181b904a47143b55bb6f8ace8
