[INFO] cloning repository https://github.com/JajaNooba/ez-log
[INFO] running `Command { std: "git" "-c" "credential.helper=" "-c" "credential.helper=/workspace/cargo-home/bin/git-credential-null" "clone" "--bare" "https://github.com/JajaNooba/ez-log" "/workspace/cache/git-repos/https%3A%2F%2Fgithub.com%2FJajaNooba%2Fez-log", kill_on_drop: false }`
[INFO] [stderr] Cloning into bare repository '/workspace/cache/git-repos/https%3A%2F%2Fgithub.com%2FJajaNooba%2Fez-log'...
[INFO] running `Command { std: "git" "rev-parse" "HEAD", kill_on_drop: false }`
[INFO] [stdout] 82b15504a1dd4b6a94166b9f3995ec26f1bb393e
[INFO] testing JajaNooba/ez-log against beta-2024-12-08 for beta-1.84.0-4-retry
[INFO] running `Command { std: "git" "clone" "/workspace/cache/git-repos/https%3A%2F%2Fgithub.com%2FJajaNooba%2Fez-log" "/workspace/builds/worker-0-tc2/source", kill_on_drop: false }`
[INFO] [stderr] Cloning into '/workspace/builds/worker-0-tc2/source'...
[INFO] [stderr] done.
[INFO] validating manifest of git repo https://github.com/JajaNooba/ez-log on toolchain beta-2024-12-08
[INFO] running `Command { std: CARGO_HOME="/workspace/cargo-home" RUSTUP_HOME="/workspace/rustup-home" "/workspace/cargo-home/bin/cargo" "+beta-2024-12-08" "metadata" "--manifest-path" "Cargo.toml" "--no-deps", kill_on_drop: false }`
[INFO] started tweaking git repo https://github.com/JajaNooba/ez-log
[INFO] finished tweaking git repo https://github.com/JajaNooba/ez-log
[INFO] tweaked toml for git repo https://github.com/JajaNooba/ez-log written to /workspace/builds/worker-0-tc2/source/Cargo.toml
[INFO] crate git repo https://github.com/JajaNooba/ez-log already has a lockfile, it will not be regenerated
[INFO] running `Command { std: CARGO_HOME="/workspace/cargo-home" RUSTUP_HOME="/workspace/rustup-home" "/workspace/cargo-home/bin/cargo" "+beta-2024-12-08" "fetch" "--manifest-path" "Cargo.toml", kill_on_drop: false }`
[INFO] running `Command { std: "docker" "create" "-v" "/var/lib/crater-agent-workspace/builds/worker-0-tc2/target:/opt/rustwide/target:rw,Z" "-v" "/var/lib/crater-agent-workspace/builds/worker-0-tc2/source:/opt/rustwide/workdir:ro,Z" "-v" "/var/lib/crater-agent-workspace/cargo-home:/opt/rustwide/cargo-home:ro,Z" "-v" "/var/lib/crater-agent-workspace/rustup-home:/opt/rustwide/rustup-home:ro,Z" "-e" "SOURCE_DIR=/opt/rustwide/workdir" "-e" "CARGO_TARGET_DIR=/opt/rustwide/target" "-e" "CARGO_HOME=/opt/rustwide/cargo-home" "-e" "RUSTUP_HOME=/opt/rustwide/rustup-home" "-w" "/opt/rustwide/workdir" "-m" "1610612736" "--user" "0:0" "--network" "none" "ghcr.io/rust-lang/crates-build-env/linux@sha256:f3a9d4ad9d972b27faf3965f35b62e55ba32bbce8f20bc8fe909558a86702fde" "/opt/rustwide/cargo-home/bin/cargo" "+beta-2024-12-08" "metadata" "--no-deps" "--format-version=1", kill_on_drop: false }`
[INFO] [stdout] 0cce1b062cad540a758b5c2a03a8cee0cb2c72e7c48a4ded204b44a76c64a1cb
[INFO] running `Command { std: "docker" "start" "-a" "0cce1b062cad540a758b5c2a03a8cee0cb2c72e7c48a4ded204b44a76c64a1cb", kill_on_drop: false }`
[INFO] running `Command { std: "docker" "inspect" "0cce1b062cad540a758b5c2a03a8cee0cb2c72e7c48a4ded204b44a76c64a1cb", kill_on_drop: false }`
[INFO] running `Command { std: "docker" "rm" "-f" "0cce1b062cad540a758b5c2a03a8cee0cb2c72e7c48a4ded204b44a76c64a1cb", kill_on_drop: false }`
[INFO] [stdout] 0cce1b062cad540a758b5c2a03a8cee0cb2c72e7c48a4ded204b44a76c64a1cb
[INFO] running `Command { std: "docker" "create" "-v" "/var/lib/crater-agent-workspace/builds/worker-0-tc2/target:/opt/rustwide/target:rw,Z" "-v" "/var/lib/crater-agent-workspace/builds/worker-0-tc2/source:/opt/rustwide/workdir:ro,Z" "-v" "/var/lib/crater-agent-workspace/cargo-home:/opt/rustwide/cargo-home:ro,Z" "-v" "/var/lib/crater-agent-workspace/rustup-home:/opt/rustwide/rustup-home:ro,Z" "-e" "SOURCE_DIR=/opt/rustwide/workdir" "-e" "CARGO_TARGET_DIR=/opt/rustwide/target" "-e" "CARGO_INCREMENTAL=0" "-e" "RUST_BACKTRACE=full" "-e" "RUSTFLAGS=--cap-lints=warn" "-e" "RUSTDOCFLAGS=--cap-lints=warn" "-e" "CARGO_HOME=/opt/rustwide/cargo-home" "-e" "RUSTUP_HOME=/opt/rustwide/rustup-home" "-w" "/opt/rustwide/workdir" "-m" "1610612736" "--user" "0:0" "--network" "none" "ghcr.io/rust-lang/crates-build-env/linux@sha256:f3a9d4ad9d972b27faf3965f35b62e55ba32bbce8f20bc8fe909558a86702fde" "/opt/rustwide/cargo-home/bin/cargo" "+beta-2024-12-08" "build" "--frozen" "--message-format=json", kill_on_drop: false }`
[INFO] [stdout] f24f84a8492eddada99831b6c9ce12616495d6a22ba65664d09d5f2d32ecdc95
[INFO] running `Command { std: "docker" "start" "-a" "f24f84a8492eddada99831b6c9ce12616495d6a22ba65664d09d5f2d32ecdc95", kill_on_drop: false }`
[INFO] [stderr]    Compiling autocfg v1.3.0
[INFO] [stderr]    Compiling iana-time-zone v0.1.60
[INFO] [stderr]    Compiling colorized v1.0.0
[INFO] [stderr]    Compiling num-traits v0.2.19
[INFO] [stderr]    Compiling chrono v0.4.38
[INFO] [stderr]    Compiling ez_log v0.1.4 (/opt/rustwide/workdir)
[INFO] [stderr]     Finished `dev` profile [unoptimized + debuginfo] target(s) in 3.61s
[INFO] running `Command { std: "docker" "inspect" "f24f84a8492eddada99831b6c9ce12616495d6a22ba65664d09d5f2d32ecdc95", kill_on_drop: false }`
[INFO] running `Command { std: "docker" "rm" "-f" "f24f84a8492eddada99831b6c9ce12616495d6a22ba65664d09d5f2d32ecdc95", kill_on_drop: false }`
[INFO] [stdout] f24f84a8492eddada99831b6c9ce12616495d6a22ba65664d09d5f2d32ecdc95
[INFO] running `Command { std: "docker" "create" "-v" "/var/lib/crater-agent-workspace/builds/worker-0-tc2/target:/opt/rustwide/target:rw,Z" "-v" "/var/lib/crater-agent-workspace/builds/worker-0-tc2/source:/opt/rustwide/workdir:ro,Z" "-v" "/var/lib/crater-agent-workspace/cargo-home:/opt/rustwide/cargo-home:ro,Z" "-v" "/var/lib/crater-agent-workspace/rustup-home:/opt/rustwide/rustup-home:ro,Z" "-e" "SOURCE_DIR=/opt/rustwide/workdir" "-e" "CARGO_TARGET_DIR=/opt/rustwide/target" "-e" "CARGO_INCREMENTAL=0" "-e" "RUST_BACKTRACE=full" "-e" "RUSTFLAGS=--cap-lints=warn" "-e" "RUSTDOCFLAGS=--cap-lints=warn" "-e" "CARGO_HOME=/opt/rustwide/cargo-home" "-e" "RUSTUP_HOME=/opt/rustwide/rustup-home" "-w" "/opt/rustwide/workdir" "-m" "1610612736" "--user" "0:0" "--network" "none" "ghcr.io/rust-lang/crates-build-env/linux@sha256:f3a9d4ad9d972b27faf3965f35b62e55ba32bbce8f20bc8fe909558a86702fde" "/opt/rustwide/cargo-home/bin/cargo" "+beta-2024-12-08" "test" "--frozen" "--no-run" "--message-format=json", kill_on_drop: false }`
[INFO] [stdout] 1798207dd2202747bc7effc659a7d6e8198e89d677f891947e632db0ab5195ef
[INFO] running `Command { std: "docker" "start" "-a" "1798207dd2202747bc7effc659a7d6e8198e89d677f891947e632db0ab5195ef", kill_on_drop: false }`
[INFO] [stderr]    Compiling ez_log v0.1.4 (/opt/rustwide/workdir)
[INFO] [stderr]     Finished `test` profile [unoptimized + debuginfo] target(s) in 0.59s
[INFO] running `Command { std: "docker" "inspect" "1798207dd2202747bc7effc659a7d6e8198e89d677f891947e632db0ab5195ef", kill_on_drop: false }`
[INFO] running `Command { std: "docker" "rm" "-f" "1798207dd2202747bc7effc659a7d6e8198e89d677f891947e632db0ab5195ef", kill_on_drop: false }`
[INFO] [stdout] 1798207dd2202747bc7effc659a7d6e8198e89d677f891947e632db0ab5195ef
[INFO] running `Command { std: "docker" "create" "-v" "/var/lib/crater-agent-workspace/builds/worker-0-tc2/target:/opt/rustwide/target:rw,Z" "-v" "/var/lib/crater-agent-workspace/builds/worker-0-tc2/source:/opt/rustwide/workdir:ro,Z" "-v" "/var/lib/crater-agent-workspace/cargo-home:/opt/rustwide/cargo-home:ro,Z" "-v" "/var/lib/crater-agent-workspace/rustup-home:/opt/rustwide/rustup-home:ro,Z" "-e" "SOURCE_DIR=/opt/rustwide/workdir" "-e" "CARGO_TARGET_DIR=/opt/rustwide/target" "-e" "CARGO_INCREMENTAL=0" "-e" "RUST_BACKTRACE=full" "-e" "RUSTFLAGS=--cap-lints=warn" "-e" "RUSTDOCFLAGS=--cap-lints=warn" "-e" "CARGO_HOME=/opt/rustwide/cargo-home" "-e" "RUSTUP_HOME=/opt/rustwide/rustup-home" "-w" "/opt/rustwide/workdir" "-m" "1610612736" "--user" "0:0" "--network" "none" "ghcr.io/rust-lang/crates-build-env/linux@sha256:f3a9d4ad9d972b27faf3965f35b62e55ba32bbce8f20bc8fe909558a86702fde" "/opt/rustwide/cargo-home/bin/cargo" "+beta-2024-12-08" "test" "--frozen", kill_on_drop: false }`
[INFO] [stdout] cc9d493c5af48f9c1d36b1d1ac1aabe4c0158718047c411fda7098c49ec78885
[INFO] running `Command { std: "docker" "start" "-a" "cc9d493c5af48f9c1d36b1d1ac1aabe4c0158718047c411fda7098c49ec78885", kill_on_drop: false }`
[INFO] [stderr]     Finished `test` profile [unoptimized + debuginfo] target(s) in 0.03s
[INFO] [stderr]      Running unittests src/lib.rs (/opt/rustwide/target/debug/deps/ez_log-d1be6213fafa64ae)
[INFO] [stdout] 
[INFO] [stdout] running 3 tests
[INFO] [stdout] test test::error_test ... ok
[INFO] [stdout] test test::warn_test ... ok
[INFO] [stdout] test test::info_test ... ok
[INFO] [stdout] 
[INFO] [stdout] test result: ok. 3 passed; 0 failed; 0 ignored; 0 measured; 0 filtered out; finished in 0.01s
[INFO] [stderr]    Doc-tests ez_log
[INFO] [stdout] 
[INFO] [stdout] 
[INFO] [stdout] running 3 tests
[INFO] [stdout] test src/macros.rs - macros::log_warn (line 44) ... FAILED
[INFO] [stdout] test src/macros.rs - macros::log_error (line 79) ... FAILED
[INFO] [stdout] test src/macros.rs - macros::log_info (line 11) ... ok
[INFO] [stdout] 
[INFO] [stdout] failures:
[INFO] [stdout] 
[INFO] [stdout] ---- src/macros.rs - macros::log_warn (line 44) stdout ----
[INFO] [stdout] error[E0425]: cannot find function `handle_request` in this scope
[INFO] [stdout]  --> src/macros.rs:48:7
[INFO] [stdout]   |
[INFO] [stdout] 7 | match handle_request() {
[INFO] [stdout]   |       ^^^^^^^^^^^^^^ not found in this scope
[INFO] [stdout] 
[INFO] [stdout] error[E0023]: this pattern has 0 fields, but the corresponding tuple variant has 1 field
[INFO] [stdout]  --> src/macros.rs:49:5
[INFO] [stdout]   |
[INFO] [stdout] 8 |     Ok() => todo!(),
[INFO] [stdout]   |     ^^^^ expected 1 field, found 0
[INFO] [stdout]  --> /rustc/202008a1b8de96d2e5b6bc02d379db03a877d34d/library/core/src/result.rs:532:54
[INFO] [stdout]   |
[INFO] [stdout]   = note: tuple variant has 1 field
[INFO] [stdout]   |
[INFO] [stdout] help: use `_` to explicitly ignore each field
[INFO] [stdout]   |
[INFO] [stdout] 8 |     Ok(_) => todo!(),
[INFO] [stdout]   |        +
[INFO] [stdout] help: use `..` to ignore all fields
[INFO] [stdout]   |
[INFO] [stdout] 8 |     Ok(..) => todo!(),
[INFO] [stdout]   |        ++
[INFO] [stdout] 
[INFO] [stdout] error: aborting due to 2 previous errors
[INFO] [stdout] 
[INFO] [stdout] Some errors have detailed explanations: E0023, E0425.
[INFO] [stdout] For more information about an error, try `rustc --explain E0023`.
[INFO] [stdout] Couldn't compile the test.
[INFO] [stdout] ---- src/macros.rs - macros::log_error (line 79) stdout ----
[INFO] [stdout] error[E0425]: cannot find function `start_web_server` in this scope
[INFO] [stdout]  --> src/macros.rs:83:7
[INFO] [stdout]   |
[INFO] [stdout] 7 | match start_web_server() {
[INFO] [stdout]   |       ^^^^^^^^^^^^^^^^ not found in this scope
[INFO] [stdout] 
[INFO] [stdout] error[E0023]: this pattern has 0 fields, but the corresponding tuple variant has 1 field
[INFO] [stdout]  --> src/macros.rs:84:5
[INFO] [stdout]   |
[INFO] [stdout] 8 |     Ok() => todo!(),
[INFO] [stdout]   |     ^^^^ expected 1 field, found 0
[INFO] [stdout]  --> /rustc/202008a1b8de96d2e5b6bc02d379db03a877d34d/library/core/src/result.rs:532:54
[INFO] [stdout]   |
[INFO] [stdout]   = note: tuple variant has 1 field
[INFO] [stdout]   |
[INFO] [stdout] help: use `_` to explicitly ignore each field
[INFO] [stdout]   |
[INFO] [stdout] 8 |     Ok(_) => todo!(),
[INFO] [stdout]   |        +
[INFO] [stdout] help: use `..` to ignore all fields
[INFO] [stdout]   |
[INFO] [stdout] 8 |     Ok(..) => todo!(),
[INFO] [stdout]   |        ++
[INFO] [stdout] 
[INFO] [stdout] error[E0423]: expected function, found macro `log_error`
[INFO] [stdout]   --> src/macros.rs:86:9
[INFO] [stdout]    |
[INFO] [stdout] 10 |         log_error("Error while starting web server! {}", error);
[INFO] [stdout]    |         ^^^^^^^^^ not a function
[INFO] [stdout]    |
[INFO] [stdout] help: use `!` to invoke the macro
[INFO] [stdout]    |
[INFO] [stdout] 10 |         log_error!("Error while starting web server! {}", error);
[INFO] [stdout]    |                  +
[INFO] [stdout] 
[INFO] [stdout] error: aborting due to 3 previous errors
[INFO] [stdout] 
[INFO] [stdout] Some errors have detailed explanations: E0023, E0423, E0425.
[INFO] [stdout] For more information about an error, try `rustc --explain E0023`.
[INFO] [stdout] Couldn't compile the test.
[INFO] [stdout] 
[INFO] [stdout] failures:
[INFO] [stdout]     src/macros.rs - macros::log_error (line 79)
[INFO] [stdout]     src/macros.rs - macros::log_warn (line 44)
[INFO] [stdout] 
[INFO] [stdout] test result: FAILED. 1 passed; 2 failed; 0 ignored; 0 measured; 0 filtered out; finished in 0.46s
[INFO] [stdout] 
[INFO] [stderr] error: doctest failed, to rerun pass `--doc`
[INFO] running `Command { std: "docker" "inspect" "cc9d493c5af48f9c1d36b1d1ac1aabe4c0158718047c411fda7098c49ec78885", kill_on_drop: false }`
[INFO] running `Command { std: "docker" "rm" "-f" "cc9d493c5af48f9c1d36b1d1ac1aabe4c0158718047c411fda7098c49ec78885", kill_on_drop: false }`
[INFO] [stdout] cc9d493c5af48f9c1d36b1d1ac1aabe4c0158718047c411fda7098c49ec78885
