[INFO] cloning repository https://github.com/JGDoerrer/selection_generator
[INFO] running `Command { std: "git" "-c" "credential.helper=" "-c" "credential.helper=/workspace/cargo-home/bin/git-credential-null" "clone" "--bare" "https://github.com/JGDoerrer/selection_generator" "/workspace/cache/git-repos/https%3A%2F%2Fgithub.com%2FJGDoerrer%2Fselection_generator", kill_on_drop: false }`
[INFO] [stderr] Cloning into bare repository '/workspace/cache/git-repos/https%3A%2F%2Fgithub.com%2FJGDoerrer%2Fselection_generator'...
[INFO] running `Command { std: "git" "rev-parse" "HEAD", kill_on_drop: false }`
[INFO] [stdout] 0f93585f22fe8fb82c1c4b752cf9956a493bc755
[INFO] testing JGDoerrer/selection_generator against 1.83.0 for beta-1.84.0-4-retry
[INFO] running `Command { std: "git" "clone" "/workspace/cache/git-repos/https%3A%2F%2Fgithub.com%2FJGDoerrer%2Fselection_generator" "/workspace/builds/worker-3-tc1/source", kill_on_drop: false }`
[INFO] [stderr] Cloning into '/workspace/builds/worker-3-tc1/source'...
[INFO] [stderr] done.
[INFO] validating manifest of git repo https://github.com/JGDoerrer/selection_generator on toolchain 1.83.0
[INFO] running `Command { std: CARGO_HOME="/workspace/cargo-home" RUSTUP_HOME="/workspace/rustup-home" "/workspace/cargo-home/bin/cargo" "+1.83.0" "metadata" "--manifest-path" "Cargo.toml" "--no-deps", kill_on_drop: false }`
[INFO] removed /workspace/builds/worker-3-tc1/source/.cargo/config.toml
[INFO] started tweaking git repo https://github.com/JGDoerrer/selection_generator
[INFO] finished tweaking git repo https://github.com/JGDoerrer/selection_generator
[INFO] tweaked toml for git repo https://github.com/JGDoerrer/selection_generator written to /workspace/builds/worker-3-tc1/source/Cargo.toml
[INFO] crate git repo https://github.com/JGDoerrer/selection_generator already has a lockfile, it will not be regenerated
[INFO] running `Command { std: CARGO_HOME="/workspace/cargo-home" RUSTUP_HOME="/workspace/rustup-home" "/workspace/cargo-home/bin/cargo" "+1.83.0" "fetch" "--manifest-path" "Cargo.toml", kill_on_drop: false }`
[INFO] [stderr]     Updating crates.io index
[INFO] [stderr]  Downloading crates ...
[INFO] [stderr]   Downloaded global_counter v0.2.2
[INFO] [stderr]   Downloaded nauty-Traces-sys v0.7.0
[INFO] running `Command { std: "docker" "create" "-v" "/var/lib/crater-agent-workspace/builds/worker-3-tc1/target:/opt/rustwide/target:rw,Z" "-v" "/var/lib/crater-agent-workspace/builds/worker-3-tc1/source:/opt/rustwide/workdir:ro,Z" "-v" "/var/lib/crater-agent-workspace/cargo-home:/opt/rustwide/cargo-home:ro,Z" "-v" "/var/lib/crater-agent-workspace/rustup-home:/opt/rustwide/rustup-home:ro,Z" "-e" "SOURCE_DIR=/opt/rustwide/workdir" "-e" "CARGO_TARGET_DIR=/opt/rustwide/target" "-e" "CARGO_HOME=/opt/rustwide/cargo-home" "-e" "RUSTUP_HOME=/opt/rustwide/rustup-home" "-w" "/opt/rustwide/workdir" "-m" "1610612736" "--user" "0:0" "--network" "none" "ghcr.io/rust-lang/crates-build-env/linux@sha256:f3a9d4ad9d972b27faf3965f35b62e55ba32bbce8f20bc8fe909558a86702fde" "/opt/rustwide/cargo-home/bin/cargo" "+1.83.0" "metadata" "--no-deps" "--format-version=1", kill_on_drop: false }`
[INFO] [stdout] 13ff12320e930daf20f7210ebdb8397fc21b676cd47c4edbb6ce58f28702f86f
[INFO] running `Command { std: "docker" "start" "-a" "13ff12320e930daf20f7210ebdb8397fc21b676cd47c4edbb6ce58f28702f86f", kill_on_drop: false }`
[INFO] running `Command { std: "docker" "inspect" "13ff12320e930daf20f7210ebdb8397fc21b676cd47c4edbb6ce58f28702f86f", kill_on_drop: false }`
[INFO] running `Command { std: "docker" "rm" "-f" "13ff12320e930daf20f7210ebdb8397fc21b676cd47c4edbb6ce58f28702f86f", kill_on_drop: false }`
[INFO] [stdout] 13ff12320e930daf20f7210ebdb8397fc21b676cd47c4edbb6ce58f28702f86f
[INFO] running `Command { std: "docker" "create" "-v" "/var/lib/crater-agent-workspace/builds/worker-3-tc1/target:/opt/rustwide/target:rw,Z" "-v" "/var/lib/crater-agent-workspace/builds/worker-3-tc1/source:/opt/rustwide/workdir:ro,Z" "-v" "/var/lib/crater-agent-workspace/cargo-home:/opt/rustwide/cargo-home:ro,Z" "-v" "/var/lib/crater-agent-workspace/rustup-home:/opt/rustwide/rustup-home:ro,Z" "-e" "SOURCE_DIR=/opt/rustwide/workdir" "-e" "CARGO_TARGET_DIR=/opt/rustwide/target" "-e" "CARGO_INCREMENTAL=0" "-e" "RUST_BACKTRACE=full" "-e" "RUSTFLAGS=--cap-lints=warn" "-e" "RUSTDOCFLAGS=--cap-lints=warn" "-e" "CARGO_HOME=/opt/rustwide/cargo-home" "-e" "RUSTUP_HOME=/opt/rustwide/rustup-home" "-w" "/opt/rustwide/workdir" "-m" "1610612736" "--user" "0:0" "--network" "none" "ghcr.io/rust-lang/crates-build-env/linux@sha256:f3a9d4ad9d972b27faf3965f35b62e55ba32bbce8f20bc8fe909558a86702fde" "/opt/rustwide/cargo-home/bin/cargo" "+1.83.0" "build" "--frozen" "--message-format=json", kill_on_drop: false }`
[INFO] [stdout] 3e462a7c84a6502c3fc393b57715b4c145a887b646ff3bb1afb8ffe44c87855d
[INFO] running `Command { std: "docker" "start" "-a" "3e462a7c84a6502c3fc393b57715b4c145a887b646ff3bb1afb8ffe44c87855d", kill_on_drop: false }`
[INFO] [stderr]    Compiling proc-macro2 v1.0.78
[INFO] [stderr]    Compiling unicode-ident v1.0.12
[INFO] [stderr]    Compiling libc v0.2.155
[INFO] [stderr]    Compiling crossbeam-utils v0.8.19
[INFO] [stderr]    Compiling glob v0.3.1
[INFO] [stderr]    Compiling rustix v0.38.30
[INFO] [stderr]    Compiling prettyplease v0.2.16
[INFO] [stderr]    Compiling memchr v2.7.1
[INFO] [stderr]    Compiling bitflags v2.4.2
[INFO] [stderr]    Compiling minimal-lexical v0.2.1
[INFO] [stderr]    Compiling linux-raw-sys v0.4.13
[INFO] [stderr]    Compiling regex-syntax v0.8.2
[INFO] [stderr]    Compiling num-traits v0.2.17
[INFO] [stderr]    Compiling libloading v0.8.1
[INFO] [stderr]    Compiling rayon-core v1.12.1
[INFO] [stderr]    Compiling either v1.9.0
[INFO] [stderr]    Compiling bindgen v0.69.2
[INFO] [stderr]    Compiling home v0.5.9
[INFO] [stderr]    Compiling lock_api v0.4.11
[INFO] [stderr]    Compiling once_cell v1.19.0
[INFO] [stderr]    Compiling log v0.4.20
[INFO] [stderr]    Compiling rustc-hash v1.1.0
[INFO] [stderr]    Compiling lazycell v1.3.0
[INFO] [stderr]    Compiling utf8parse v0.2.1
[INFO] [stderr]    Compiling parking_lot_core v0.8.6
[INFO] [stderr]    Compiling shlex v1.3.0
[INFO] [stderr]    Compiling clang-sys v1.7.0
[INFO] [stderr]    Compiling peeking_take_while v0.1.2
[INFO] [stderr]    Compiling ahash v0.8.7
[INFO] [stderr]    Compiling anstyle-parse v0.2.3
[INFO] [stderr]    Compiling num-integer v0.1.45
[INFO] [stderr]    Compiling anstyle v1.0.4
[INFO] [stderr]    Compiling anstyle-query v1.0.2
[INFO] [stderr]    Compiling scopeguard v1.2.0
[INFO] [stderr]    Compiling smallvec v1.13.2
[INFO] [stderr]    Compiling portable-atomic v1.6.0
[INFO] [stderr]    Compiling serde v1.0.200
[INFO] [stderr]    Compiling colorchoice v1.0.0
[INFO] [stderr]    Compiling anstream v0.6.11
[INFO] [stderr]    Compiling crossbeam-epoch v0.9.18
[INFO] [stderr]    Compiling clap_lex v0.6.0
[INFO] [stderr]    Compiling unicode-width v0.1.11
[INFO] [stderr]    Compiling zerocopy v0.7.32
[INFO] [stderr]    Compiling quote v1.0.35
[INFO] [stderr]    Compiling nom v7.1.3
[INFO] [stderr]    Compiling crossbeam-deque v0.8.5
[INFO] [stderr]    Compiling strsim v0.10.0
[INFO] [stderr]    Compiling heck v0.4.1
[INFO] [stderr]    Compiling parking_lot v0.11.2
[INFO] [stderr]    Compiling syn v2.0.48
[INFO] [stderr]    Compiling console v0.15.8
[INFO] [stderr]    Compiling selection_generator v0.1.0 (/opt/rustwide/workdir)
[INFO] [stderr]    Compiling clap_builder v4.4.18
[INFO] [stderr]    Compiling allocator-api2 v0.2.16
[INFO] [stderr]    Compiling rayon v1.9.0
[INFO] [stderr]    Compiling cc v1.0.83
[INFO] [stderr]    Compiling number_prefix v0.4.0
[INFO] [stderr]    Compiling iana-time-zone v0.1.60
[INFO] [stderr]    Compiling global_counter v0.2.2
[INFO] [stderr]    Compiling chrono v0.4.34
[INFO] [stderr]    Compiling regex-automata v0.4.5
[INFO] [stderr]    Compiling indicatif v0.17.7
[INFO] [stderr]    Compiling which v4.4.2
[INFO] [stderr]    Compiling cexpr v0.6.0
[INFO] [stderr]    Compiling sysinfo v0.30.12
[INFO] [stderr]    Compiling hashbrown v0.14.3
[INFO] [stderr]    Compiling regex v1.10.3
[INFO] [stderr]    Compiling bincode v1.3.3
[INFO] [stderr]    Compiling clap_derive v4.4.7
[INFO] [stderr]    Compiling clap v4.4.18
[INFO] [stderr]    Compiling nauty-Traces-sys v0.7.0
[INFO] [stdout] warning: unnecessary parentheses around assigned value
[INFO] [stdout]    --> src/poset.rs:199:26
[INFO] [stdout]     |
[INFO] [stdout] 199 |                 let w1 = (if b.len() == (self.i() + 1) as usize {
[INFO] [stdout]     |                          ^
[INFO] [stdout] ...
[INFO] [stdout] 210 |                 });
[INFO] [stdout]     |                  ^
[INFO] [stdout]     |
[INFO] [stdout]     = note: `#[warn(unused_parens)]` on by default
[INFO] [stdout] help: remove these parentheses
[INFO] [stdout]     |
[INFO] [stdout] 199 ~                 let w1 = if b.len() == (self.i() + 1) as usize {
[INFO] [stdout] 200 |                     let mut max_b = *b;
[INFO] [stdout] ...
[INFO] [stdout] 209 |                     0u64
[INFO] [stdout] 210 ~                 };
[INFO] [stdout]     |
[INFO] [stdout] 
[INFO] [stdout] 
[INFO] [stdout] warning: unnecessary parentheses around assigned value
[INFO] [stdout]    --> src/poset.rs:211:26
[INFO] [stdout]     |
[INFO] [stdout] 211 |                 let w2 = (if b.len() == (self.i()) as usize {
[INFO] [stdout]     |                          ^
[INFO] [stdout] ...
[INFO] [stdout] 224 |                 });
[INFO] [stdout]     |                  ^
[INFO] [stdout]     |
[INFO] [stdout] help: remove these parentheses
[INFO] [stdout]     |
[INFO] [stdout] 211 ~                 let w2 = if b.len() == (self.i()) as usize {
[INFO] [stdout] 212 |                     let a = b.complement()
[INFO] [stdout] ...
[INFO] [stdout] 223 |                     0u64
[INFO] [stdout] 224 ~                 };
[INFO] [stdout]     |
[INFO] [stdout] 
[INFO] [stdout] 
[INFO] [stdout] warning: unnecessary parentheses around assigned value
[INFO] [stdout]    --> src/poset.rs:293:26
[INFO] [stdout]     |
[INFO] [stdout] 293 |                 let w1 = (if b.len() == self.i() as usize {
[INFO] [stdout]     |                          ^
[INFO] [stdout] ...
[INFO] [stdout] 306 |                 });
[INFO] [stdout]     |                  ^
[INFO] [stdout]     |
[INFO] [stdout] help: remove these parentheses
[INFO] [stdout]     |
[INFO] [stdout] 293 ~                 let w1 = if b.len() == self.i() as usize {
[INFO] [stdout] 294 |                     let sqrtn = (max_comparisons as f64).sqrt();
[INFO] [stdout] ...
[INFO] [stdout] 305 |                     0
[INFO] [stdout] 306 ~                 };
[INFO] [stdout]     |
[INFO] [stdout] 
[INFO] [stdout] 
[INFO] [stdout] warning: unnecessary parentheses around assigned value
[INFO] [stdout]    --> src/poset.rs:307:26
[INFO] [stdout]     |
[INFO] [stdout] 307 |                 let w2 = (if b.len() == (self.i() + 1) as usize {
[INFO] [stdout]     |                          ^
[INFO] [stdout] ...
[INFO] [stdout] 320 |                 });
[INFO] [stdout]     |                  ^
[INFO] [stdout]     |
[INFO] [stdout] help: remove these parentheses
[INFO] [stdout]     |
[INFO] [stdout] 307 ~                 let w2 = if b.len() == (self.i() + 1) as usize {
[INFO] [stdout] 308 |                     let sqrtn = (max_comparisons as f64).sqrt();
[INFO] [stdout] ...
[INFO] [stdout] 319 |                     0
[INFO] [stdout] 320 ~                 };
[INFO] [stdout]     |
[INFO] [stdout] 
[INFO] [stdout] 
[INFO] [stdout] warning: methods `canonify_nauty`, `dual`, `num_compatible_solutions_upper_bound`, and `to_backward` are never used
[INFO] [stdout]    --> src/free_poset.rs:336:8
[INFO] [stdout]     |
[INFO] [stdout] 84  | impl FreePoset {
[INFO] [stdout]     | -------------- methods in this implementation
[INFO] [stdout] ...
[INFO] [stdout] 336 |     fn canonify_nauty(&mut self) {
[INFO] [stdout]     |        ^^^^^^^^^^^^^^
[INFO] [stdout] ...
[INFO] [stdout] 420 |     pub fn dual(&self) -> Self {
[INFO] [stdout]     |            ^^^^
[INFO] [stdout] ...
[INFO] [stdout] 433 |     pub fn num_compatible_solutions_upper_bound(&self) -> usize {
[INFO] [stdout]     |            ^^^^^^^^^^^^^^^^^^^^^^^^^^^^^^^^^^^^
[INFO] [stdout] ...
[INFO] [stdout] 469 |     pub fn to_backward(self) -> BackwardsPoset {
[INFO] [stdout]     |            ^^^^^^^^^^^
[INFO] [stdout]     |
[INFO] [stdout]     = note: `#[warn(dead_code)]` on by default
[INFO] [stdout] 
[INFO] [stdout] 
[INFO] [stderr]     Finished `dev` profile [unoptimized + debuginfo] target(s) in 38.99s
[INFO] running `Command { std: "docker" "inspect" "3e462a7c84a6502c3fc393b57715b4c145a887b646ff3bb1afb8ffe44c87855d", kill_on_drop: false }`
[INFO] running `Command { std: "docker" "rm" "-f" "3e462a7c84a6502c3fc393b57715b4c145a887b646ff3bb1afb8ffe44c87855d", kill_on_drop: false }`
[INFO] [stdout] 3e462a7c84a6502c3fc393b57715b4c145a887b646ff3bb1afb8ffe44c87855d
[INFO] running `Command { std: "docker" "create" "-v" "/var/lib/crater-agent-workspace/builds/worker-3-tc1/target:/opt/rustwide/target:rw,Z" "-v" "/var/lib/crater-agent-workspace/builds/worker-3-tc1/source:/opt/rustwide/workdir:ro,Z" "-v" "/var/lib/crater-agent-workspace/cargo-home:/opt/rustwide/cargo-home:ro,Z" "-v" "/var/lib/crater-agent-workspace/rustup-home:/opt/rustwide/rustup-home:ro,Z" "-e" "SOURCE_DIR=/opt/rustwide/workdir" "-e" "CARGO_TARGET_DIR=/opt/rustwide/target" "-e" "CARGO_INCREMENTAL=0" "-e" "RUST_BACKTRACE=full" "-e" "RUSTFLAGS=--cap-lints=warn" "-e" "RUSTDOCFLAGS=--cap-lints=warn" "-e" "CARGO_HOME=/opt/rustwide/cargo-home" "-e" "RUSTUP_HOME=/opt/rustwide/rustup-home" "-w" "/opt/rustwide/workdir" "-m" "1610612736" "--user" "0:0" "--network" "none" "ghcr.io/rust-lang/crates-build-env/linux@sha256:f3a9d4ad9d972b27faf3965f35b62e55ba32bbce8f20bc8fe909558a86702fde" "/opt/rustwide/cargo-home/bin/cargo" "+1.83.0" "test" "--frozen" "--no-run" "--message-format=json", kill_on_drop: false }`
[INFO] [stdout] 6d422eaef611739714ad2342c260db540e8891f4d53aa2778862676570692712
[INFO] running `Command { std: "docker" "start" "-a" "6d422eaef611739714ad2342c260db540e8891f4d53aa2778862676570692712", kill_on_drop: false }`
[INFO] [stderr]    Compiling selection_generator v0.1.0 (/opt/rustwide/workdir)
[INFO] [stdout] warning: unnecessary parentheses around assigned value
[INFO] [stdout]    --> src/poset.rs:199:26
[INFO] [stdout]     |
[INFO] [stdout] 199 |                 let w1 = (if b.len() == (self.i() + 1) as usize {
[INFO] [stdout]     |                          ^
[INFO] [stdout] ...
[INFO] [stdout] 210 |                 });
[INFO] [stdout]     |                  ^
[INFO] [stdout]     |
[INFO] [stdout]     = note: `#[warn(unused_parens)]` on by default
[INFO] [stdout] help: remove these parentheses
[INFO] [stdout]     |
[INFO] [stdout] 199 ~                 let w1 = if b.len() == (self.i() + 1) as usize {
[INFO] [stdout] 200 |                     let mut max_b = *b;
[INFO] [stdout] ...
[INFO] [stdout] 209 |                     0u64
[INFO] [stdout] 210 ~                 };
[INFO] [stdout]     |
[INFO] [stdout] 
[INFO] [stdout] 
[INFO] [stdout] warning: unnecessary parentheses around assigned value
[INFO] [stdout]    --> src/poset.rs:211:26
[INFO] [stdout]     |
[INFO] [stdout] 211 |                 let w2 = (if b.len() == (self.i()) as usize {
[INFO] [stdout]     |                          ^
[INFO] [stdout] ...
[INFO] [stdout] 224 |                 });
[INFO] [stdout]     |                  ^
[INFO] [stdout]     |
[INFO] [stdout] help: remove these parentheses
[INFO] [stdout]     |
[INFO] [stdout] 211 ~                 let w2 = if b.len() == (self.i()) as usize {
[INFO] [stdout] 212 |                     let a = b.complement()
[INFO] [stdout] ...
[INFO] [stdout] 223 |                     0u64
[INFO] [stdout] 224 ~                 };
[INFO] [stdout]     |
[INFO] [stdout] 
[INFO] [stdout] 
[INFO] [stdout] warning: unnecessary parentheses around assigned value
[INFO] [stdout]    --> src/poset.rs:293:26
[INFO] [stdout]     |
[INFO] [stdout] 293 |                 let w1 = (if b.len() == self.i() as usize {
[INFO] [stdout]     |                          ^
[INFO] [stdout] ...
[INFO] [stdout] 306 |                 });
[INFO] [stdout]     |                  ^
[INFO] [stdout]     |
[INFO] [stdout] help: remove these parentheses
[INFO] [stdout]     |
[INFO] [stdout] 293 ~                 let w1 = if b.len() == self.i() as usize {
[INFO] [stdout] 294 |                     let sqrtn = (max_comparisons as f64).sqrt();
[INFO] [stdout] ...
[INFO] [stdout] 305 |                     0
[INFO] [stdout] 306 ~                 };
[INFO] [stdout]     |
[INFO] [stdout] 
[INFO] [stdout] 
[INFO] [stdout] warning: unnecessary parentheses around assigned value
[INFO] [stdout]    --> src/poset.rs:307:26
[INFO] [stdout]     |
[INFO] [stdout] 307 |                 let w2 = (if b.len() == (self.i() + 1) as usize {
[INFO] [stdout]     |                          ^
[INFO] [stdout] ...
[INFO] [stdout] 320 |                 });
[INFO] [stdout]     |                  ^
[INFO] [stdout]     |
[INFO] [stdout] help: remove these parentheses
[INFO] [stdout]     |
[INFO] [stdout] 307 ~                 let w2 = if b.len() == (self.i() + 1) as usize {
[INFO] [stdout] 308 |                     let sqrtn = (max_comparisons as f64).sqrt();
[INFO] [stdout] ...
[INFO] [stdout] 319 |                     0
[INFO] [stdout] 320 ~                 };
[INFO] [stdout]     |
[INFO] [stdout] 
[INFO] [stdout] 
[INFO] [stdout] warning: methods `canonify_nauty`, `dual`, `num_compatible_solutions_upper_bound`, and `to_backward` are never used
[INFO] [stdout]    --> src/free_poset.rs:336:8
[INFO] [stdout]     |
[INFO] [stdout] 84  | impl FreePoset {
[INFO] [stdout]     | -------------- methods in this implementation
[INFO] [stdout] ...
[INFO] [stdout] 336 |     fn canonify_nauty(&mut self) {
[INFO] [stdout]     |        ^^^^^^^^^^^^^^
[INFO] [stdout] ...
[INFO] [stdout] 420 |     pub fn dual(&self) -> Self {
[INFO] [stdout]     |            ^^^^
[INFO] [stdout] ...
[INFO] [stdout] 433 |     pub fn num_compatible_solutions_upper_bound(&self) -> usize {
[INFO] [stdout]     |            ^^^^^^^^^^^^^^^^^^^^^^^^^^^^^^^^^^^^
[INFO] [stdout] ...
[INFO] [stdout] 469 |     pub fn to_backward(self) -> BackwardsPoset {
[INFO] [stdout]     |            ^^^^^^^^^^^
[INFO] [stdout]     |
[INFO] [stdout]     = note: `#[warn(dead_code)]` on by default
[INFO] [stdout] 
[INFO] [stdout] 
[INFO] [stderr]     Finished `test` profile [unoptimized + debuginfo] target(s) in 2.74s
[INFO] running `Command { std: "docker" "inspect" "6d422eaef611739714ad2342c260db540e8891f4d53aa2778862676570692712", kill_on_drop: false }`
[INFO] running `Command { std: "docker" "rm" "-f" "6d422eaef611739714ad2342c260db540e8891f4d53aa2778862676570692712", kill_on_drop: false }`
[INFO] [stdout] 6d422eaef611739714ad2342c260db540e8891f4d53aa2778862676570692712
[INFO] running `Command { std: "docker" "create" "-v" "/var/lib/crater-agent-workspace/builds/worker-3-tc1/target:/opt/rustwide/target:rw,Z" "-v" "/var/lib/crater-agent-workspace/builds/worker-3-tc1/source:/opt/rustwide/workdir:ro,Z" "-v" "/var/lib/crater-agent-workspace/cargo-home:/opt/rustwide/cargo-home:ro,Z" "-v" "/var/lib/crater-agent-workspace/rustup-home:/opt/rustwide/rustup-home:ro,Z" "-e" "SOURCE_DIR=/opt/rustwide/workdir" "-e" "CARGO_TARGET_DIR=/opt/rustwide/target" "-e" "CARGO_INCREMENTAL=0" "-e" "RUST_BACKTRACE=full" "-e" "RUSTFLAGS=--cap-lints=warn" "-e" "RUSTDOCFLAGS=--cap-lints=warn" "-e" "CARGO_HOME=/opt/rustwide/cargo-home" "-e" "RUSTUP_HOME=/opt/rustwide/rustup-home" "-w" "/opt/rustwide/workdir" "-m" "1610612736" "--user" "0:0" "--network" "none" "ghcr.io/rust-lang/crates-build-env/linux@sha256:f3a9d4ad9d972b27faf3965f35b62e55ba32bbce8f20bc8fe909558a86702fde" "/opt/rustwide/cargo-home/bin/cargo" "+1.83.0" "test" "--frozen", kill_on_drop: false }`
[INFO] [stdout] 90fb8fe18f96231c1c17007ecbea2d00d9ee8bb4091cbe539b508b7e99e089ab
[INFO] running `Command { std: "docker" "start" "-a" "90fb8fe18f96231c1c17007ecbea2d00d9ee8bb4091cbe539b508b7e99e089ab", kill_on_drop: false }`
[INFO] [stderr] warning: unnecessary parentheses around assigned value
[INFO] [stderr]    --> src/poset.rs:199:26
[INFO] [stderr]     |
[INFO] [stderr] 199 |                 let w1 = (if b.len() == (self.i() + 1) as usize {
[INFO] [stderr]     |                          ^
[INFO] [stderr] ...
[INFO] [stderr] 210 |                 });
[INFO] [stderr]     |                  ^
[INFO] [stderr]     |
[INFO] [stderr]     = note: `#[warn(unused_parens)]` on by default
[INFO] [stderr] help: remove these parentheses
[INFO] [stderr]     |
[INFO] [stderr] 199 ~                 let w1 = if b.len() == (self.i() + 1) as usize {
[INFO] [stderr] 200 |                     let mut max_b = *b;
[INFO] [stderr] ...
[INFO] [stderr] 209 |                     0u64
[INFO] [stderr] 210 ~                 };
[INFO] [stderr]     |
[INFO] [stderr] 
[INFO] [stderr] warning: unnecessary parentheses around assigned value
[INFO] [stderr]    --> src/poset.rs:211:26
[INFO] [stderr]     |
[INFO] [stderr] 211 |                 let w2 = (if b.len() == (self.i()) as usize {
[INFO] [stderr]     |                          ^
[INFO] [stderr] ...
[INFO] [stderr] 224 |                 });
[INFO] [stderr]     |                  ^
[INFO] [stderr]     |
[INFO] [stderr] help: remove these parentheses
[INFO] [stderr]     |
[INFO] [stderr] 211 ~                 let w2 = if b.len() == (self.i()) as usize {
[INFO] [stderr] 212 |                     let a = b.complement()
[INFO] [stderr] ...
[INFO] [stderr] 223 |                     0u64
[INFO] [stderr] 224 ~                 };
[INFO] [stderr]     |
[INFO] [stderr] 
[INFO] [stderr] warning: unnecessary parentheses around assigned value
[INFO] [stderr]    --> src/poset.rs:293:26
[INFO] [stderr]     |
[INFO] [stderr] 293 |                 let w1 = (if b.len() == self.i() as usize {
[INFO] [stderr]     |                          ^
[INFO] [stderr] ...
[INFO] [stderr] 306 |                 });
[INFO] [stderr]     |                  ^
[INFO] [stderr]     |
[INFO] [stderr] help: remove these parentheses
[INFO] [stderr]     |
[INFO] [stderr] 293 ~                 let w1 = if b.len() == self.i() as usize {
[INFO] [stderr] 294 |                     let sqrtn = (max_comparisons as f64).sqrt();
[INFO] [stderr] ...
[INFO] [stderr] 305 |                     0
[INFO] [stderr] 306 ~                 };
[INFO] [stderr]     |
[INFO] [stderr] 
[INFO] [stderr] warning: unnecessary parentheses around assigned value
[INFO] [stderr]    --> src/poset.rs:307:26
[INFO] [stderr]     |
[INFO] [stderr] 307 |                 let w2 = (if b.len() == (self.i() + 1) as usize {
[INFO] [stderr]     |                          ^
[INFO] [stderr] ...
[INFO] [stderr] 320 |                 });
[INFO] [stderr]     |                  ^
[INFO] [stderr]     |
[INFO] [stderr] help: remove these parentheses
[INFO] [stderr]     |
[INFO] [stderr] 307 ~                 let w2 = if b.len() == (self.i() + 1) as usize {
[INFO] [stderr] 308 |                     let sqrtn = (max_comparisons as f64).sqrt();
[INFO] [stderr] ...
[INFO] [stderr] 319 |                     0
[INFO] [stderr] 320 ~                 };
[INFO] [stderr]     |
[INFO] [stderr] 
[INFO] [stderr] warning: methods `canonify_nauty`, `dual`, `num_compatible_solutions_upper_bound`, and `to_backward` are never used
[INFO] [stderr]    --> src/free_poset.rs:336:8
[INFO] [stderr]     |
[INFO] [stderr] 84  | impl FreePoset {
[INFO] [stderr]     | -------------- methods in this implementation
[INFO] [stderr] ...
[INFO] [stderr] 336 |     fn canonify_nauty(&mut self) {
[INFO] [stderr]     |        ^^^^^^^^^^^^^^
[INFO] [stderr] ...
[INFO] [stderr] 420 |     pub fn dual(&self) -> Self {
[INFO] [stderr]     |            ^^^^
[INFO] [stderr] ...
[INFO] [stderr] 433 |     pub fn num_compatible_solutions_upper_bound(&self) -> usize {
[INFO] [stderr]     |            ^^^^^^^^^^^^^^^^^^^^^^^^^^^^^^^^^^^^
[INFO] [stderr] ...
[INFO] [stderr] 469 |     pub fn to_backward(self) -> BackwardsPoset {
[INFO] [stderr]     |            ^^^^^^^^^^^
[INFO] [stderr]     |
[INFO] [stderr]     = note: `#[warn(dead_code)]` on by default
[INFO] [stderr] 
[INFO] [stderr] warning: `selection_generator` (bin "selection_generator" test) generated 5 warnings (run `cargo fix --bin "selection_generator" --tests` to apply 4 suggestions)
[INFO] [stderr]     Finished `test` profile [unoptimized + debuginfo] target(s) in 0.22s
[INFO] [stderr]      Running unittests src/main.rs (/opt/rustwide/target/debug/deps/selection_generator-3faa6d9cdf655e2b)
[INFO] [stdout] 
[INFO] [stdout] running 6 tests
[INFO] [stdout] test poset::test::a ... ok
[INFO] [stdout] test poset::test::test_compatible_posets ... ok
[INFO] [stdout] test poset::test::test_reduce ... ok
[INFO] [stdout] test algorithm_test::test::test ... ok
[INFO] [stdout] test poset::test::test_normalize_1 ... ok
[INFO] [stdout] test poset::test::test_normalize_2 ... FAILED
[INFO] [stdout] 
[INFO] [stdout] failures:
[INFO] [stdout] 
[INFO] [stdout] ---- poset::test::test_normalize_2 stdout ----
[INFO] [stdout] [src/poset.rs:391:9] &hashset = {
[INFO] [stdout]     NormalPoset {
[INFO] [stdout]         n: 10,
[INFO] [stdout]         i: 5,
[INFO] [stdout]         adjacency: [
[INFO] [stdout]             "0010000000",
[INFO] [stdout]             "0010000000",
[INFO] [stdout]             "0000000000",
[INFO] [stdout]             "0000000000",
[INFO] [stdout]             "0000000000",
[INFO] [stdout]             "0000000000",
[INFO] [stdout]             "0000000000",
[INFO] [stdout]             "0000000000",
[INFO] [stdout]             "0000000000",
[INFO] [stdout]             "0000000000",
[INFO] [stdout]         ],
[INFO] [stdout]         all_comparisons: [
[INFO] [stdout]             "0 < 2",
[INFO] [stdout]             "1 < 2",
[INFO] [stdout]         ],
[INFO] [stdout]     },
[INFO] [stdout]     NormalPoset {
[INFO] [stdout]         n: 10,
[INFO] [stdout]         i: 5,
[INFO] [stdout]         adjacency: [
[INFO] [stdout]             "0001000000",
[INFO] [stdout]             "0010000000",
[INFO] [stdout]             "0000000000",
[INFO] [stdout]             "0000000000",
[INFO] [stdout]             "0000000000",
[INFO] [stdout]             "0000000000",
[INFO] [stdout]             "0000000000",
[INFO] [stdout]             "0000000000",
[INFO] [stdout]             "0000000000",
[INFO] [stdout]             "0000000000",
[INFO] [stdout]         ],
[INFO] [stdout]         all_comparisons: [
[INFO] [stdout]             "0 < 3",
[INFO] [stdout]             "1 < 2",
[INFO] [stdout]         ],
[INFO] [stdout]     },
[INFO] [stdout]     NormalPoset {
[INFO] [stdout]         n: 10,
[INFO] [stdout]         i: 5,
[INFO] [stdout]         adjacency: [
[INFO] [stdout]             "0110000000",
[INFO] [stdout]             "0000000000",
[INFO] [stdout]             "0000000000",
[INFO] [stdout]             "0000000000",
[INFO] [stdout]             "0000000000",
[INFO] [stdout]             "0000000000",
[INFO] [stdout]             "0000000000",
[INFO] [stdout]             "0000000000",
[INFO] [stdout]             "0000000000",
[INFO] [stdout]             "0000000000",
[INFO] [stdout]         ],
[INFO] [stdout]         all_comparisons: [
[INFO] [stdout]             "0 < 1",
[INFO] [stdout]             "0 < 2",
[INFO] [stdout]         ],
[INFO] [stdout]     },
[INFO] [stdout]     NormalPoset {
[INFO] [stdout]         n: 10,
[INFO] [stdout]         i: 5,
[INFO] [stdout]         adjacency: [
[INFO] [stdout]             "0110000000",
[INFO] [stdout]             "0010000000",
[INFO] [stdout]             "0000000000",
[INFO] [stdout]             "0000000000",
[INFO] [stdout]             "0000000000",
[INFO] [stdout]             "0000000000",
[INFO] [stdout]             "0000000000",
[INFO] [stdout]             "0000000000",
[INFO] [stdout]             "0000000000",
[INFO] [stdout]             "0000000000",
[INFO] [stdout]         ],
[INFO] [stdout]         all_comparisons: [
[INFO] [stdout]             "0 < 1",
[INFO] [stdout]             "0 < 2",
[INFO] [stdout]             "1 < 2",
[INFO] [stdout]         ],
[INFO] [stdout]     },
[INFO] [stdout]     NormalPoset {
[INFO] [stdout]         n: 10,
[INFO] [stdout]         i: 5,
[INFO] [stdout]         adjacency: [
[INFO] [stdout]             "0010000000",
[INFO] [stdout]             "0001000000",
[INFO] [stdout]             "0000000000",
[INFO] [stdout]             "0000000000",
[INFO] [stdout]             "0000000000",
[INFO] [stdout]             "0000000000",
[INFO] [stdout]             "0000000000",
[INFO] [stdout]             "0000000000",
[INFO] [stdout]             "0000000000",
[INFO] [stdout]             "0000000000",
[INFO] [stdout]         ],
[INFO] [stdout]         all_comparisons: [
[INFO] [stdout]             "0 < 2",
[INFO] [stdout]             "1 < 3",
[INFO] [stdout]         ],
[INFO] [stdout]     },
[INFO] [stdout] }
[INFO] [stdout] thread 'poset::test::test_normalize_2' panicked at src/poset.rs:392:9:
[INFO] [stdout] assertion `left == right` failed
[INFO] [stdout]   left: 5
[INFO] [stdout]  right: 4
[INFO] [stdout] stack backtrace:
[INFO] [stdout]    0:     0x61a5ec48214a - std::backtrace_rs::backtrace::libunwind::trace::h5a5b8284f2d0c266
[INFO] [stdout]                                at /rustc/90b35a6239c3d8bdabc530a6a0816f7ff89a0aaf/library/std/src/../../backtrace/src/backtrace/libunwind.rs:116:5
[INFO] [stdout]    1:     0x61a5ec48214a - std::backtrace_rs::backtrace::trace_unsynchronized::h76d4f1c9b0b875e3
[INFO] [stdout]                                at /rustc/90b35a6239c3d8bdabc530a6a0816f7ff89a0aaf/library/std/src/../../backtrace/src/backtrace/mod.rs:66:5
[INFO] [stdout]    2:     0x61a5ec48214a - std::sys::backtrace::_print_fmt::hc4546b8364a537c6
[INFO] [stdout]                                at /rustc/90b35a6239c3d8bdabc530a6a0816f7ff89a0aaf/library/std/src/sys/backtrace.rs:66:9
[INFO] [stdout]    3:     0x61a5ec48214a - <std::sys::backtrace::BacktraceLock::print::DisplayBacktrace as core::fmt::Display>::fmt::h5b6bd5631a6d1f6b
[INFO] [stdout]                                at /rustc/90b35a6239c3d8bdabc530a6a0816f7ff89a0aaf/library/std/src/sys/backtrace.rs:39:26
[INFO] [stdout]    4:     0x61a5ec4a8303 - core::fmt::rt::Argument::fmt::h270f6602a2b96f62
[INFO] [stdout]                                at /rustc/90b35a6239c3d8bdabc530a6a0816f7ff89a0aaf/library/core/src/fmt/rt.rs:177:76
[INFO] [stdout]    5:     0x61a5ec4a8303 - core::fmt::write::h7550c97b06c86515
[INFO] [stdout]                                at /rustc/90b35a6239c3d8bdabc530a6a0816f7ff89a0aaf/library/core/src/fmt/mod.rs:1186:21
[INFO] [stdout]    6:     0x61a5ec47f263 - std::io::Write::write_fmt::h509ff860e5956e5e
[INFO] [stdout]                                at /rustc/90b35a6239c3d8bdabc530a6a0816f7ff89a0aaf/library/std/src/io/mod.rs:1839:15
[INFO] [stdout]    7:     0x61a5ec481f92 - std::sys::backtrace::BacktraceLock::print::h2395ccd2c84ba3aa
[INFO] [stdout]                                at /rustc/90b35a6239c3d8bdabc530a6a0816f7ff89a0aaf/library/std/src/sys/backtrace.rs:42:9
[INFO] [stdout]    8:     0x61a5ec4835aa - std::panicking::default_hook::{{closure}}::he19d4c7230e07961
[INFO] [stdout]                                at /rustc/90b35a6239c3d8bdabc530a6a0816f7ff89a0aaf/library/std/src/panicking.rs:268:22
[INFO] [stdout]    9:     0x61a5ec4833b4 - std::panicking::default_hook::hf614597d3c67bbdb
[INFO] [stdout]                                at /rustc/90b35a6239c3d8bdabc530a6a0816f7ff89a0aaf/library/std/src/panicking.rs:292:9
[INFO] [stdout]   10:     0x61a5ec3dc429 - <alloc::boxed::Box<F,A> as core::ops::function::Fn<Args>>::call::h39b51ce4599c23d1
[INFO] [stdout]                                at /rustc/90b35a6239c3d8bdabc530a6a0816f7ff89a0aaf/library/alloc/src/boxed.rs:2468:9
[INFO] [stdout]   11:     0x61a5ec3dc429 - test::test_main::{{closure}}::he977ae839a582784
[INFO] [stdout]                                at /rustc/90b35a6239c3d8bdabc530a6a0816f7ff89a0aaf/library/test/src/lib.rs:133:21
[INFO] [stdout]   12:     0x61a5ec483c48 - <alloc::boxed::Box<F,A> as core::ops::function::Fn<Args>>::call::h9455091b6b06f9fb
[INFO] [stdout]                                at /rustc/90b35a6239c3d8bdabc530a6a0816f7ff89a0aaf/library/alloc/src/boxed.rs:2468:9
[INFO] [stdout]   13:     0x61a5ec483c48 - std::panicking::rust_panic_with_hook::h8942133a8b252070
[INFO] [stdout]                                at /rustc/90b35a6239c3d8bdabc530a6a0816f7ff89a0aaf/library/std/src/panicking.rs:809:13
[INFO] [stdout]   14:     0x61a5ec483a0a - std::panicking::begin_panic_handler::{{closure}}::hb5f5963570096b29
[INFO] [stdout]                                at /rustc/90b35a6239c3d8bdabc530a6a0816f7ff89a0aaf/library/std/src/panicking.rs:674:13
[INFO] [stdout]   15:     0x61a5ec482629 - std::sys::backtrace::__rust_end_short_backtrace::h6208cedc1922feda
[INFO] [stdout]                                at /rustc/90b35a6239c3d8bdabc530a6a0816f7ff89a0aaf/library/std/src/sys/backtrace.rs:170:18
[INFO] [stdout]   16:     0x61a5ec48369c - rust_begin_unwind
[INFO] [stdout]                                at /rustc/90b35a6239c3d8bdabc530a6a0816f7ff89a0aaf/library/std/src/panicking.rs:665:5
[INFO] [stdout]   17:     0x61a5ec383aa0 - core::panicking::panic_fmt::h0c3082644d1bf418
[INFO] [stdout]                                at /rustc/90b35a6239c3d8bdabc530a6a0816f7ff89a0aaf/library/core/src/panicking.rs:74:14
[INFO] [stdout]   18:     0x61a5ec383e6b - core::panicking::assert_failed_inner::h2ddf1fcc067fa858
[INFO] [stdout]   19:     0x61a5ec451b4c - core::panicking::assert_failed::h48f5d7f11cd80821
[INFO] [stdout]                                at /rustc/90b35a6239c3d8bdabc530a6a0816f7ff89a0aaf/library/core/src/panicking.rs:367:5
[INFO] [stdout]   20:     0x61a5ec3a2390 - selection_generator::poset::test::test_normalize_2::h7034060ba4da3966
[INFO] [stdout]                                at /opt/rustwide/workdir/src/poset.rs:392:9
[INFO] [stdout]   21:     0x61a5ec3a2027 - selection_generator::poset::test::test_normalize_2::{{closure}}::h00352db1ab132456
[INFO] [stdout]                                at /opt/rustwide/workdir/src/poset.rs:357:26
[INFO] [stdout]   22:     0x61a5ec384bf6 - core::ops::function::FnOnce::call_once::h37457fe46c20a364
[INFO] [stdout]                                at /rustc/90b35a6239c3d8bdabc530a6a0816f7ff89a0aaf/library/core/src/ops/function.rs:250:5
[INFO] [stdout]   23:     0x61a5ec3e0deb - core::ops::function::FnOnce::call_once::h109cf8051a59b34e
[INFO] [stdout]                                at /rustc/90b35a6239c3d8bdabc530a6a0816f7ff89a0aaf/library/core/src/ops/function.rs:250:5
[INFO] [stdout]   24:     0x61a5ec3e0deb - test::__rust_begin_short_backtrace::hf4fff89d377446ba
[INFO] [stdout]                                at /rustc/90b35a6239c3d8bdabc530a6a0816f7ff89a0aaf/library/test/src/lib.rs:621:18
[INFO] [stdout]   25:     0x61a5ec3e0627 - test::run_test_in_process::{{closure}}::h0e39181dd7ee5a43
[INFO] [stdout]                                at /rustc/90b35a6239c3d8bdabc530a6a0816f7ff89a0aaf/library/test/src/lib.rs:644:60
[INFO] [stdout]   26:     0x61a5ec3e0627 - <core::panic::unwind_safe::AssertUnwindSafe<F> as core::ops::function::FnOnce<()>>::call_once::hc5a66a30f0bdfd1f
[INFO] [stdout]                                at /rustc/90b35a6239c3d8bdabc530a6a0816f7ff89a0aaf/library/core/src/panic/unwind_safe.rs:272:9
[INFO] [stdout]   27:     0x61a5ec3e0627 - std::panicking::try::do_call::h873b7cf639554a5e
[INFO] [stdout]                                at /rustc/90b35a6239c3d8bdabc530a6a0816f7ff89a0aaf/library/std/src/panicking.rs:557:40
[INFO] [stdout]   28:     0x61a5ec3e0627 - std::panicking::try::hdb19862fad9c8bd1
[INFO] [stdout]                                at /rustc/90b35a6239c3d8bdabc530a6a0816f7ff89a0aaf/library/std/src/panicking.rs:520:19
[INFO] [stdout]   29:     0x61a5ec3e0627 - std::panic::catch_unwind::h281fe732d236d260
[INFO] [stdout]                                at /rustc/90b35a6239c3d8bdabc530a6a0816f7ff89a0aaf/library/std/src/panic.rs:358:14
[INFO] [stdout]   30:     0x61a5ec3e0627 - test::run_test_in_process::h949b6df8457ed338
[INFO] [stdout]                                at /rustc/90b35a6239c3d8bdabc530a6a0816f7ff89a0aaf/library/test/src/lib.rs:644:27
[INFO] [stdout]   31:     0x61a5ec3e0627 - test::run_test::{{closure}}::h52c556a6d4740e10
[INFO] [stdout]                                at /rustc/90b35a6239c3d8bdabc530a6a0816f7ff89a0aaf/library/test/src/lib.rs:565:43
[INFO] [stdout]   32:     0x61a5ec3a5904 - test::run_test::{{closure}}::h4237f6381c45ccb9
[INFO] [stdout]                                at /rustc/90b35a6239c3d8bdabc530a6a0816f7ff89a0aaf/library/test/src/lib.rs:595:41
[INFO] [stdout]   33:     0x61a5ec3a5904 - std::sys::backtrace::__rust_begin_short_backtrace::h505c97a579eca628
[INFO] [stdout]                                at /rustc/90b35a6239c3d8bdabc530a6a0816f7ff89a0aaf/library/std/src/sys/backtrace.rs:154:18
[INFO] [stdout]   34:     0x61a5ec3a8fce - std::thread::Builder::spawn_unchecked_::{{closure}}::{{closure}}::h9e86b2e2bc107ea3
[INFO] [stdout]                                at /rustc/90b35a6239c3d8bdabc530a6a0816f7ff89a0aaf/library/std/src/thread/mod.rs:538:17
[INFO] [stdout]   35:     0x61a5ec3a8fce - <core::panic::unwind_safe::AssertUnwindSafe<F> as core::ops::function::FnOnce<()>>::call_once::h8b06ddb275ff4a25
[INFO] [stdout]                                at /rustc/90b35a6239c3d8bdabc530a6a0816f7ff89a0aaf/library/core/src/panic/unwind_safe.rs:272:9
[INFO] [stdout]   36:     0x61a5ec3a8fce - std::panicking::try::do_call::hb26ecd7cd9a9355d
[INFO] [stdout]                                at /rustc/90b35a6239c3d8bdabc530a6a0816f7ff89a0aaf/library/std/src/panicking.rs:557:40
[INFO] [stdout]   37:     0x61a5ec3a8fce - std::panicking::try::h8ddeca9d705f9069
[INFO] [stdout]                                at /rustc/90b35a6239c3d8bdabc530a6a0816f7ff89a0aaf/library/std/src/panicking.rs:520:19
[INFO] [stdout]   38:     0x61a5ec3a8fce - std::panic::catch_unwind::h49e1c33078844c46
[INFO] [stdout]                                at /rustc/90b35a6239c3d8bdabc530a6a0816f7ff89a0aaf/library/std/src/panic.rs:358:14
[INFO] [stdout]   39:     0x61a5ec3a8fce - std::thread::Builder::spawn_unchecked_::{{closure}}::h6073db6ff56ad35d
[INFO] [stdout]                                at /rustc/90b35a6239c3d8bdabc530a6a0816f7ff89a0aaf/library/std/src/thread/mod.rs:537:30
[INFO] [stdout]   40:     0x61a5ec3a8fce - core::ops::function::FnOnce::call_once{{vtable.shim}}::h2c5a5f3779c774f1
[INFO] [stdout]                                at /rustc/90b35a6239c3d8bdabc530a6a0816f7ff89a0aaf/library/core/src/ops/function.rs:250:5
[INFO] [stdout]   41:     0x61a5ec487a9b - <alloc::boxed::Box<F,A> as core::ops::function::FnOnce<Args>>::call_once::hf75717d9f28faebf
[INFO] [stdout]                                at /rustc/90b35a6239c3d8bdabc530a6a0816f7ff89a0aaf/library/alloc/src/boxed.rs:2454:9
[INFO] [stdout]   42:     0x61a5ec487a9b - <alloc::boxed::Box<F,A> as core::ops::function::FnOnce<Args>>::call_once::h7bd883a5f3c5f3c1
[INFO] [stdout]                                at /rustc/90b35a6239c3d8bdabc530a6a0816f7ff89a0aaf/library/alloc/src/boxed.rs:2454:9
[INFO] [stdout]   43:     0x61a5ec487a9b - std::sys::pal::unix::thread::Thread::new::thread_start::hcc78f3943333fa94
[INFO] [stdout]                                at /rustc/90b35a6239c3d8bdabc530a6a0816f7ff89a0aaf/library/std/src/sys/pal/unix/thread.rs:105:17
[INFO] [stdout]   44:     0x7c48c8175ac3 - <unknown>
[INFO] [stdout]   45:     0x7c48c8206a04 - clone
[INFO] [stdout]   46:                0x0 - <unknown>
[INFO] [stdout] 
[INFO] [stdout] 
[INFO] [stdout] failures:
[INFO] [stdout]     poset::test::test_normalize_2
[INFO] [stdout] 
[INFO] [stdout] test result: FAILED. 5 passed; 1 failed; 0 ignored; 0 measured; 0 filtered out; finished in 1.29s
[INFO] [stdout] 
[INFO] [stderr] error: test failed, to rerun pass `--bin selection_generator`
[INFO] running `Command { std: "docker" "inspect" "90fb8fe18f96231c1c17007ecbea2d00d9ee8bb4091cbe539b508b7e99e089ab", kill_on_drop: false }`
[INFO] running `Command { std: "docker" "rm" "-f" "90fb8fe18f96231c1c17007ecbea2d00d9ee8bb4091cbe539b508b7e99e089ab", kill_on_drop: false }`
[INFO] [stdout] 90fb8fe18f96231c1c17007ecbea2d00d9ee8bb4091cbe539b508b7e99e089ab
