[INFO] cloning repository https://github.com/JCavallo/kritik
[INFO] running `Command { std: "git" "-c" "credential.helper=" "-c" "credential.helper=/workspace/cargo-home/bin/git-credential-null" "clone" "--bare" "https://github.com/JCavallo/kritik" "/workspace/cache/git-repos/https%3A%2F%2Fgithub.com%2FJCavallo%2Fkritik", kill_on_drop: false }`
[INFO] [stderr] Cloning into bare repository '/workspace/cache/git-repos/https%3A%2F%2Fgithub.com%2FJCavallo%2Fkritik'...
[INFO] running `Command { std: "git" "rev-parse" "HEAD", kill_on_drop: false }`
[INFO] [stdout] 39a4e988ac679d4d96e255ccf5ab3d2f6581ba04
[INFO] testing JCavallo/kritik against 1.83.0 for beta-1.84.0-4-retry
[INFO] running `Command { std: "git" "clone" "/workspace/cache/git-repos/https%3A%2F%2Fgithub.com%2FJCavallo%2Fkritik" "/workspace/builds/worker-7-tc1/source", kill_on_drop: false }`
[INFO] [stderr] Cloning into '/workspace/builds/worker-7-tc1/source'...
[INFO] [stderr] done.
[INFO] validating manifest of git repo https://github.com/JCavallo/kritik on toolchain 1.83.0
[INFO] running `Command { std: CARGO_HOME="/workspace/cargo-home" RUSTUP_HOME="/workspace/rustup-home" "/workspace/cargo-home/bin/cargo" "+1.83.0" "metadata" "--manifest-path" "Cargo.toml" "--no-deps", kill_on_drop: false }`
[INFO] started tweaking git repo https://github.com/JCavallo/kritik
[INFO] finished tweaking git repo https://github.com/JCavallo/kritik
[INFO] tweaked toml for git repo https://github.com/JCavallo/kritik written to /workspace/builds/worker-7-tc1/source/Cargo.toml
[INFO] crate git repo https://github.com/JCavallo/kritik already has a lockfile, it will not be regenerated
[INFO] running `Command { std: CARGO_HOME="/workspace/cargo-home" RUSTUP_HOME="/workspace/rustup-home" "/workspace/cargo-home/bin/cargo" "+1.83.0" "fetch" "--manifest-path" "Cargo.toml", kill_on_drop: false }`
[INFO] running `Command { std: "docker" "create" "-v" "/var/lib/crater-agent-workspace/builds/worker-7-tc1/target:/opt/rustwide/target:rw,Z" "-v" "/var/lib/crater-agent-workspace/builds/worker-7-tc1/source:/opt/rustwide/workdir:ro,Z" "-v" "/var/lib/crater-agent-workspace/cargo-home:/opt/rustwide/cargo-home:ro,Z" "-v" "/var/lib/crater-agent-workspace/rustup-home:/opt/rustwide/rustup-home:ro,Z" "-e" "SOURCE_DIR=/opt/rustwide/workdir" "-e" "CARGO_TARGET_DIR=/opt/rustwide/target" "-e" "CARGO_HOME=/opt/rustwide/cargo-home" "-e" "RUSTUP_HOME=/opt/rustwide/rustup-home" "-w" "/opt/rustwide/workdir" "-m" "1610612736" "--user" "0:0" "--network" "none" "ghcr.io/rust-lang/crates-build-env/linux@sha256:f3a9d4ad9d972b27faf3965f35b62e55ba32bbce8f20bc8fe909558a86702fde" "/opt/rustwide/cargo-home/bin/cargo" "+1.83.0" "metadata" "--no-deps" "--format-version=1", kill_on_drop: false }`
[INFO] [stdout] d547c8cb483c4a54f728919e9aaaf366496ae69f2ab44cd119142b5e7796f502
[INFO] running `Command { std: "docker" "start" "-a" "d547c8cb483c4a54f728919e9aaaf366496ae69f2ab44cd119142b5e7796f502", kill_on_drop: false }`
[INFO] running `Command { std: "docker" "inspect" "d547c8cb483c4a54f728919e9aaaf366496ae69f2ab44cd119142b5e7796f502", kill_on_drop: false }`
[INFO] running `Command { std: "docker" "rm" "-f" "d547c8cb483c4a54f728919e9aaaf366496ae69f2ab44cd119142b5e7796f502", kill_on_drop: false }`
[INFO] [stdout] d547c8cb483c4a54f728919e9aaaf366496ae69f2ab44cd119142b5e7796f502
[INFO] running `Command { std: "docker" "create" "-v" "/var/lib/crater-agent-workspace/builds/worker-7-tc1/target:/opt/rustwide/target:rw,Z" "-v" "/var/lib/crater-agent-workspace/builds/worker-7-tc1/source:/opt/rustwide/workdir:ro,Z" "-v" "/var/lib/crater-agent-workspace/cargo-home:/opt/rustwide/cargo-home:ro,Z" "-v" "/var/lib/crater-agent-workspace/rustup-home:/opt/rustwide/rustup-home:ro,Z" "-e" "SOURCE_DIR=/opt/rustwide/workdir" "-e" "CARGO_TARGET_DIR=/opt/rustwide/target" "-e" "CARGO_INCREMENTAL=0" "-e" "RUST_BACKTRACE=full" "-e" "RUSTFLAGS=--cap-lints=warn" "-e" "RUSTDOCFLAGS=--cap-lints=warn" "-e" "CARGO_HOME=/opt/rustwide/cargo-home" "-e" "RUSTUP_HOME=/opt/rustwide/rustup-home" "-w" "/opt/rustwide/workdir" "-m" "1610612736" "--user" "0:0" "--network" "none" "ghcr.io/rust-lang/crates-build-env/linux@sha256:f3a9d4ad9d972b27faf3965f35b62e55ba32bbce8f20bc8fe909558a86702fde" "/opt/rustwide/cargo-home/bin/cargo" "+1.83.0" "build" "--frozen" "--message-format=json", kill_on_drop: false }`
[INFO] [stdout] ecb7ce8c2c11876e51b025488972b47ee764c0ca2bc186f1a2c11296831afe26
[INFO] running `Command { std: "docker" "start" "-a" "ecb7ce8c2c11876e51b025488972b47ee764c0ca2bc186f1a2c11296831afe26", kill_on_drop: false }`
[INFO] [stderr]    Compiling libc v0.2.153
[INFO] [stderr]    Compiling autocfg v1.2.0
[INFO] [stderr]    Compiling memchr v2.7.1
[INFO] [stderr]    Compiling unicode-width v0.1.11
[INFO] [stderr]    Compiling parking_lot_core v0.9.9
[INFO] [stderr]    Compiling regex-syntax v0.8.2
[INFO] [stderr]    Compiling strsim v0.8.0
[INFO] [stderr]    Compiling ansi_term v0.12.1
[INFO] [stderr]    Compiling num-traits v0.2.18
[INFO] [stderr]    Compiling lock_api v0.4.11
[INFO] [stderr]    Compiling aho-corasick v1.1.3
[INFO] [stderr]    Compiling term_size v0.3.2
[INFO] [stderr]    Compiling atty v0.2.14
[INFO] [stderr]    Compiling console v0.15.8
[INFO] [stderr]    Compiling textwrap v0.11.0
[INFO] [stderr]    Compiling parking_lot v0.12.1
[INFO] [stderr]    Compiling clap v2.34.0
[INFO] [stderr]    Compiling number_prefix v0.2.8
[INFO] [stderr]    Compiling regex-automata v0.4.6
[INFO] [stderr]    Compiling regex v1.10.4
[INFO] [stderr]    Compiling indicatif v0.11.0
[INFO] [stderr]    Compiling kritik v0.1.0 (/opt/rustwide/workdir)
[INFO] [stdout] warning: unused variable: `output`
[INFO] [stdout]    --> src/lib.rs:195:30
[INFO] [stdout]     |
[INFO] [stdout] 195 |     fn handle_success(&self, output: &Output) {
[INFO] [stdout]     |                              ^^^^^^ help: if this is intentional, prefix it with an underscore: `_output`
[INFO] [stdout]     |
[INFO] [stdout]     = note: `#[warn(unused_variables)]` on by default
[INFO] [stdout] 
[INFO] [stdout] 
[INFO] [stderr]     Finished `dev` profile [unoptimized + debuginfo] target(s) in 24.78s
[INFO] running `Command { std: "docker" "inspect" "ecb7ce8c2c11876e51b025488972b47ee764c0ca2bc186f1a2c11296831afe26", kill_on_drop: false }`
[INFO] running `Command { std: "docker" "rm" "-f" "ecb7ce8c2c11876e51b025488972b47ee764c0ca2bc186f1a2c11296831afe26", kill_on_drop: false }`
[INFO] [stdout] ecb7ce8c2c11876e51b025488972b47ee764c0ca2bc186f1a2c11296831afe26
[INFO] running `Command { std: "docker" "create" "-v" "/var/lib/crater-agent-workspace/builds/worker-7-tc1/target:/opt/rustwide/target:rw,Z" "-v" "/var/lib/crater-agent-workspace/builds/worker-7-tc1/source:/opt/rustwide/workdir:ro,Z" "-v" "/var/lib/crater-agent-workspace/cargo-home:/opt/rustwide/cargo-home:ro,Z" "-v" "/var/lib/crater-agent-workspace/rustup-home:/opt/rustwide/rustup-home:ro,Z" "-e" "SOURCE_DIR=/opt/rustwide/workdir" "-e" "CARGO_TARGET_DIR=/opt/rustwide/target" "-e" "CARGO_INCREMENTAL=0" "-e" "RUST_BACKTRACE=full" "-e" "RUSTFLAGS=--cap-lints=warn" "-e" "RUSTDOCFLAGS=--cap-lints=warn" "-e" "CARGO_HOME=/opt/rustwide/cargo-home" "-e" "RUSTUP_HOME=/opt/rustwide/rustup-home" "-w" "/opt/rustwide/workdir" "-m" "1610612736" "--user" "0:0" "--network" "none" "ghcr.io/rust-lang/crates-build-env/linux@sha256:f3a9d4ad9d972b27faf3965f35b62e55ba32bbce8f20bc8fe909558a86702fde" "/opt/rustwide/cargo-home/bin/cargo" "+1.83.0" "test" "--frozen" "--no-run" "--message-format=json", kill_on_drop: false }`
[INFO] [stdout] 257ebc9d8c17d5a1472e07e51e7eb98ac059f5d4e2b36cd9c95ab3289b65cf9d
[INFO] running `Command { std: "docker" "start" "-a" "257ebc9d8c17d5a1472e07e51e7eb98ac059f5d4e2b36cd9c95ab3289b65cf9d", kill_on_drop: false }`
[INFO] [stdout] warning: unused variable: `output`
[INFO] [stdout]    --> src/lib.rs:195:30
[INFO] [stdout]     |
[INFO] [stdout] 195 |     fn handle_success(&self, output: &Output) {
[INFO] [stdout]     |                              ^^^^^^ help: if this is intentional, prefix it with an underscore: `_output`
[INFO] [stdout]     |
[INFO] [stdout]     = note: `#[warn(unused_variables)]` on by default
[INFO] [stdout] 
[INFO] [stdout] 
[INFO] [stderr]    Compiling kritik v0.1.0 (/opt/rustwide/workdir)
[INFO] [stdout] warning: unused variable: `output`
[INFO] [stdout]    --> src/lib.rs:195:30
[INFO] [stdout]     |
[INFO] [stdout] 195 |     fn handle_success(&self, output: &Output) {
[INFO] [stdout]     |                              ^^^^^^ help: if this is intentional, prefix it with an underscore: `_output`
[INFO] [stdout]     |
[INFO] [stdout]     = note: `#[warn(unused_variables)]` on by default
[INFO] [stdout] 
[INFO] [stdout] 
[INFO] [stderr]     Finished `test` profile [unoptimized + debuginfo] target(s) in 0.70s
[INFO] running `Command { std: "docker" "inspect" "257ebc9d8c17d5a1472e07e51e7eb98ac059f5d4e2b36cd9c95ab3289b65cf9d", kill_on_drop: false }`
[INFO] running `Command { std: "docker" "rm" "-f" "257ebc9d8c17d5a1472e07e51e7eb98ac059f5d4e2b36cd9c95ab3289b65cf9d", kill_on_drop: false }`
[INFO] [stdout] 257ebc9d8c17d5a1472e07e51e7eb98ac059f5d4e2b36cd9c95ab3289b65cf9d
[INFO] running `Command { std: "docker" "create" "-v" "/var/lib/crater-agent-workspace/builds/worker-7-tc1/target:/opt/rustwide/target:rw,Z" "-v" "/var/lib/crater-agent-workspace/builds/worker-7-tc1/source:/opt/rustwide/workdir:ro,Z" "-v" "/var/lib/crater-agent-workspace/cargo-home:/opt/rustwide/cargo-home:ro,Z" "-v" "/var/lib/crater-agent-workspace/rustup-home:/opt/rustwide/rustup-home:ro,Z" "-e" "SOURCE_DIR=/opt/rustwide/workdir" "-e" "CARGO_TARGET_DIR=/opt/rustwide/target" "-e" "CARGO_INCREMENTAL=0" "-e" "RUST_BACKTRACE=full" "-e" "RUSTFLAGS=--cap-lints=warn" "-e" "RUSTDOCFLAGS=--cap-lints=warn" "-e" "CARGO_HOME=/opt/rustwide/cargo-home" "-e" "RUSTUP_HOME=/opt/rustwide/rustup-home" "-w" "/opt/rustwide/workdir" "-m" "1610612736" "--user" "0:0" "--network" "none" "ghcr.io/rust-lang/crates-build-env/linux@sha256:f3a9d4ad9d972b27faf3965f35b62e55ba32bbce8f20bc8fe909558a86702fde" "/opt/rustwide/cargo-home/bin/cargo" "+1.83.0" "test" "--frozen", kill_on_drop: false }`
[INFO] [stdout] 52a9cf55498a51c65b28eb414b0ea16481905c014834c3f4d33ab87d8aa08e01
[INFO] running `Command { std: "docker" "start" "-a" "52a9cf55498a51c65b28eb414b0ea16481905c014834c3f4d33ab87d8aa08e01", kill_on_drop: false }`
[INFO] [stderr] warning: unused variable: `output`
[INFO] [stderr]    --> src/lib.rs:195:30
[INFO] [stderr]     |
[INFO] [stderr] 195 |     fn handle_success(&self, output: &Output) {
[INFO] [stderr]     |                              ^^^^^^ help: if this is intentional, prefix it with an underscore: `_output`
[INFO] [stderr]     |
[INFO] [stderr]     = note: `#[warn(unused_variables)]` on by default
[INFO] [stderr] 
[INFO] [stderr] warning: `kritik` (lib) generated 1 warning
[INFO] [stderr] warning: `kritik` (lib test) generated 1 warning (1 duplicate)
[INFO] [stderr]     Finished `test` profile [unoptimized + debuginfo] target(s) in 0.04s
[INFO] [stderr]      Running unittests src/lib.rs (/opt/rustwide/target/debug/deps/kritik-415ed59c57eb91a9)
[INFO] [stderr]      Running unittests src/bin/kritik.rs (/opt/rustwide/target/debug/deps/kritik-0db4d5ba881c59a7)
[INFO] [stdout] 
[INFO] [stdout] running 0 tests
[INFO] [stdout] 
[INFO] [stdout] test result: ok. 0 passed; 0 failed; 0 ignored; 0 measured; 0 filtered out; finished in 0.00s
[INFO] [stdout] 
[INFO] [stdout] 
[INFO] [stdout] running 0 tests
[INFO] [stderr]    Doc-tests kritik
[INFO] [stdout] 
[INFO] [stdout] test result: ok. 0 passed; 0 failed; 0 ignored; 0 measured; 0 filtered out; finished in 0.00s
[INFO] [stdout] 
[INFO] [stdout] 
[INFO] [stdout] running 5 tests
[INFO] [stdout] test src/lib.rs - (line 37) ... FAILED
[INFO] [stdout] test src/lib.rs - (line 22) ... FAILED
[INFO] [stdout] test src/lib.rs - (line 28) ... FAILED
[INFO] [stdout] test src/lib.rs - (line 16) ... FAILED
[INFO] [stdout] test src/lib.rs - (line 49) ... FAILED
[INFO] [stdout] 
[INFO] [stdout] failures:
[INFO] [stdout] 
[INFO] [stdout] ---- src/lib.rs - (line 37) stdout ----
[INFO] [stdout] error[E0423]: expected value, found crate `kritik`
[INFO] [stdout]  --> src/lib.rs:39:1
[INFO] [stdout]   |
[INFO] [stdout] 5 | kritik --help
[INFO] [stdout]   | ^^^^^^ not a value
[INFO] [stdout] 
[INFO] [stdout] error[E0425]: cannot find value `help` in this scope
[INFO] [stdout]  --> src/lib.rs:39:10
[INFO] [stdout]   |
[INFO] [stdout] 5 | kritik --help
[INFO] [stdout]   |          ^^^^ not found in this scope
[INFO] [stdout] 
[INFO] [stdout] error: aborting due to 2 previous errors
[INFO] [stdout] 
[INFO] [stdout] Some errors have detailed explanations: E0423, E0425.
[INFO] [stdout] For more information about an error, try `rustc --explain E0423`.
[INFO] [stdout] Couldn't compile the test.
[INFO] [stdout] ---- src/lib.rs - (line 22) stdout ----
[INFO] [stdout] error: expected one of `!`, `.`, `::`, `;`, `?`, `{`, `}`, or an operator, found `"Updating"`
[INFO] [stdout]  --> src/lib.rs:24:18
[INFO] [stdout]   |
[INFO] [stdout] 5 | kritik --message "Updating" git pull
[INFO] [stdout]   |                  ^^^^^^^^^^ expected one of 8 possible tokens
[INFO] [stdout] 
[INFO] [stdout] error: aborting due to 1 previous error
[INFO] [stdout] 
[INFO] [stdout] Couldn't compile the test.
[INFO] [stdout] ---- src/lib.rs - (line 28) stdout ----
[INFO] [stdout] error: expected one of `!`, `.`, `::`, `;`, `?`, `{`, `}`, or an operator, found `"git fetch -p origin && git merge origin/master"`
[INFO] [stdout]  --> src/lib.rs:30:8
[INFO] [stdout]   |
[INFO] [stdout] 5 | kritik "git fetch -p origin && git merge origin/master"
[INFO] [stdout]   |        ^^^^^^^^^^^^^^^^^^^^^^^^^^^^^^^^^^^^^^^^^^^^^^^^ expected one of 8 possible tokens
[INFO] [stdout] 
[INFO] [stdout] error: aborting due to 1 previous error
[INFO] [stdout] 
[INFO] [stdout] Couldn't compile the test.
[INFO] [stdout] ---- src/lib.rs - (line 16) stdout ----
[INFO] [stdout] error: expected one of `!`, `.`, `::`, `;`, `?`, `{`, `}`, or an operator, found `git`
[INFO] [stdout]  --> src/lib.rs:18:8
[INFO] [stdout]   |
[INFO] [stdout] 5 | kritik git pull
[INFO] [stdout]   |        ^^^ expected one of 8 possible tokens
[INFO] [stdout] 
[INFO] [stdout] error: aborting due to 1 previous error
[INFO] [stdout] 
[INFO] [stdout] Couldn't compile the test.
[INFO] [stdout] ---- src/lib.rs - (line 49) stdout ----
[INFO] [stdout] error[E0412]: cannot find type `Kritik` in this scope
[INFO] [stdout]  --> src/lib.rs:51:17
[INFO] [stdout]   |
[INFO] [stdout] 5 | let mut kritik: Kritik = Default::default();
[INFO] [stdout]   |                 ^^^^^^ not found in this scope
[INFO] [stdout]   |
[INFO] [stdout] help: consider importing this struct
[INFO] [stdout]   |
[INFO] [stdout] 2 + use kritik::Kritik;
[INFO] [stdout]   |
[INFO] [stdout] 
[INFO] [stdout] error: aborting due to 1 previous error
[INFO] [stdout] 
[INFO] [stdout] For more information about this error, try `rustc --explain E0412`.
[INFO] [stdout] Couldn't compile the test.
[INFO] [stdout] 
[INFO] [stdout] failures:
[INFO] [stdout]     src/lib.rs - (line 16)
[INFO] [stdout]     src/lib.rs - (line 22)
[INFO] [stdout]     src/lib.rs - (line 28)
[INFO] [stdout]     src/lib.rs - (line 37)
[INFO] [stdout]     src/lib.rs - (line 49)
[INFO] [stdout] 
[INFO] [stdout] test result: FAILED. 0 passed; 5 failed; 0 ignored; 0 measured; 0 filtered out; finished in 0.17s
[INFO] [stdout] 
[INFO] [stderr] error: doctest failed, to rerun pass `--doc`
[INFO] running `Command { std: "docker" "inspect" "52a9cf55498a51c65b28eb414b0ea16481905c014834c3f4d33ab87d8aa08e01", kill_on_drop: false }`
[INFO] running `Command { std: "docker" "rm" "-f" "52a9cf55498a51c65b28eb414b0ea16481905c014834c3f4d33ab87d8aa08e01", kill_on_drop: false }`
[INFO] [stdout] 52a9cf55498a51c65b28eb414b0ea16481905c014834c3f4d33ab87d8aa08e01
