[INFO] cloning repository https://github.com/IvoteSligte/min_smallvec
[INFO] running `Command { std: "git" "-c" "credential.helper=" "-c" "credential.helper=/workspace/cargo-home/bin/git-credential-null" "clone" "--bare" "https://github.com/IvoteSligte/min_smallvec" "/workspace/cache/git-repos/https%3A%2F%2Fgithub.com%2FIvoteSligte%2Fmin_smallvec", kill_on_drop: false }`
[INFO] [stderr] Cloning into bare repository '/workspace/cache/git-repos/https%3A%2F%2Fgithub.com%2FIvoteSligte%2Fmin_smallvec'...
[INFO] running `Command { std: "git" "rev-parse" "HEAD", kill_on_drop: false }`
[INFO] [stdout] 05a0a3aee08936fb1cb43386eb67711749ef843f
[INFO] testing IvoteSligte/min_smallvec against beta-2024-12-08 for beta-1.84.0-4-retry
[INFO] running `Command { std: "git" "clone" "/workspace/cache/git-repos/https%3A%2F%2Fgithub.com%2FIvoteSligte%2Fmin_smallvec" "/workspace/builds/worker-6-tc2/source", kill_on_drop: false }`
[INFO] [stderr] Cloning into '/workspace/builds/worker-6-tc2/source'...
[INFO] [stderr] done.
[INFO] validating manifest of git repo https://github.com/IvoteSligte/min_smallvec on toolchain beta-2024-12-08
[INFO] running `Command { std: CARGO_HOME="/workspace/cargo-home" RUSTUP_HOME="/workspace/rustup-home" "/workspace/cargo-home/bin/cargo" "+beta-2024-12-08" "metadata" "--manifest-path" "Cargo.toml" "--no-deps", kill_on_drop: false }`
[INFO] started tweaking git repo https://github.com/IvoteSligte/min_smallvec
[INFO] finished tweaking git repo https://github.com/IvoteSligte/min_smallvec
[INFO] tweaked toml for git repo https://github.com/IvoteSligte/min_smallvec written to /workspace/builds/worker-6-tc2/source/Cargo.toml
[INFO] crate git repo https://github.com/IvoteSligte/min_smallvec already has a lockfile, it will not be regenerated
[INFO] running `Command { std: CARGO_HOME="/workspace/cargo-home" RUSTUP_HOME="/workspace/rustup-home" "/workspace/cargo-home/bin/cargo" "+beta-2024-12-08" "fetch" "--manifest-path" "Cargo.toml", kill_on_drop: false }`
[INFO] running `Command { std: "docker" "create" "-v" "/var/lib/crater-agent-workspace/builds/worker-6-tc2/target:/opt/rustwide/target:rw,Z" "-v" "/var/lib/crater-agent-workspace/builds/worker-6-tc2/source:/opt/rustwide/workdir:ro,Z" "-v" "/var/lib/crater-agent-workspace/cargo-home:/opt/rustwide/cargo-home:ro,Z" "-v" "/var/lib/crater-agent-workspace/rustup-home:/opt/rustwide/rustup-home:ro,Z" "-e" "SOURCE_DIR=/opt/rustwide/workdir" "-e" "CARGO_TARGET_DIR=/opt/rustwide/target" "-e" "CARGO_HOME=/opt/rustwide/cargo-home" "-e" "RUSTUP_HOME=/opt/rustwide/rustup-home" "-w" "/opt/rustwide/workdir" "-m" "1610612736" "--user" "0:0" "--network" "none" "ghcr.io/rust-lang/crates-build-env/linux@sha256:f3a9d4ad9d972b27faf3965f35b62e55ba32bbce8f20bc8fe909558a86702fde" "/opt/rustwide/cargo-home/bin/cargo" "+beta-2024-12-08" "metadata" "--no-deps" "--format-version=1", kill_on_drop: false }`
[INFO] [stdout] c9b113e33791467624379854db7afb914deb1d2dd1f13cad376ea82e40217ffb
[INFO] running `Command { std: "docker" "start" "-a" "c9b113e33791467624379854db7afb914deb1d2dd1f13cad376ea82e40217ffb", kill_on_drop: false }`
[INFO] running `Command { std: "docker" "inspect" "c9b113e33791467624379854db7afb914deb1d2dd1f13cad376ea82e40217ffb", kill_on_drop: false }`
[INFO] running `Command { std: "docker" "rm" "-f" "c9b113e33791467624379854db7afb914deb1d2dd1f13cad376ea82e40217ffb", kill_on_drop: false }`
[INFO] [stdout] c9b113e33791467624379854db7afb914deb1d2dd1f13cad376ea82e40217ffb
[INFO] running `Command { std: "docker" "create" "-v" "/var/lib/crater-agent-workspace/builds/worker-6-tc2/target:/opt/rustwide/target:rw,Z" "-v" "/var/lib/crater-agent-workspace/builds/worker-6-tc2/source:/opt/rustwide/workdir:ro,Z" "-v" "/var/lib/crater-agent-workspace/cargo-home:/opt/rustwide/cargo-home:ro,Z" "-v" "/var/lib/crater-agent-workspace/rustup-home:/opt/rustwide/rustup-home:ro,Z" "-e" "SOURCE_DIR=/opt/rustwide/workdir" "-e" "CARGO_TARGET_DIR=/opt/rustwide/target" "-e" "CARGO_INCREMENTAL=0" "-e" "RUST_BACKTRACE=full" "-e" "RUSTFLAGS=--cap-lints=warn" "-e" "RUSTDOCFLAGS=--cap-lints=warn" "-e" "CARGO_HOME=/opt/rustwide/cargo-home" "-e" "RUSTUP_HOME=/opt/rustwide/rustup-home" "-w" "/opt/rustwide/workdir" "-m" "1610612736" "--user" "0:0" "--network" "none" "ghcr.io/rust-lang/crates-build-env/linux@sha256:f3a9d4ad9d972b27faf3965f35b62e55ba32bbce8f20bc8fe909558a86702fde" "/opt/rustwide/cargo-home/bin/cargo" "+beta-2024-12-08" "build" "--frozen" "--message-format=json", kill_on_drop: false }`
[INFO] [stdout] a328f86cc6b08d60201871d6d0a910957489deab8efa84fe0c1d5ec58fc7add3
[INFO] running `Command { std: "docker" "start" "-a" "a328f86cc6b08d60201871d6d0a910957489deab8efa84fe0c1d5ec58fc7add3", kill_on_drop: false }`
[INFO] [stderr]    Compiling smallvec v1.13.2
[INFO] [stderr]    Compiling min_smallvec v0.2.1 (/opt/rustwide/workdir)
[INFO] [stderr]     Finished `dev` profile [unoptimized + debuginfo] target(s) in 0.51s
[INFO] running `Command { std: "docker" "inspect" "a328f86cc6b08d60201871d6d0a910957489deab8efa84fe0c1d5ec58fc7add3", kill_on_drop: false }`
[INFO] running `Command { std: "docker" "rm" "-f" "a328f86cc6b08d60201871d6d0a910957489deab8efa84fe0c1d5ec58fc7add3", kill_on_drop: false }`
[INFO] [stdout] a328f86cc6b08d60201871d6d0a910957489deab8efa84fe0c1d5ec58fc7add3
[INFO] running `Command { std: "docker" "create" "-v" "/var/lib/crater-agent-workspace/builds/worker-6-tc2/target:/opt/rustwide/target:rw,Z" "-v" "/var/lib/crater-agent-workspace/builds/worker-6-tc2/source:/opt/rustwide/workdir:ro,Z" "-v" "/var/lib/crater-agent-workspace/cargo-home:/opt/rustwide/cargo-home:ro,Z" "-v" "/var/lib/crater-agent-workspace/rustup-home:/opt/rustwide/rustup-home:ro,Z" "-e" "SOURCE_DIR=/opt/rustwide/workdir" "-e" "CARGO_TARGET_DIR=/opt/rustwide/target" "-e" "CARGO_INCREMENTAL=0" "-e" "RUST_BACKTRACE=full" "-e" "RUSTFLAGS=--cap-lints=warn" "-e" "RUSTDOCFLAGS=--cap-lints=warn" "-e" "CARGO_HOME=/opt/rustwide/cargo-home" "-e" "RUSTUP_HOME=/opt/rustwide/rustup-home" "-w" "/opt/rustwide/workdir" "-m" "1610612736" "--user" "0:0" "--network" "none" "ghcr.io/rust-lang/crates-build-env/linux@sha256:f3a9d4ad9d972b27faf3965f35b62e55ba32bbce8f20bc8fe909558a86702fde" "/opt/rustwide/cargo-home/bin/cargo" "+beta-2024-12-08" "test" "--frozen" "--no-run" "--message-format=json", kill_on_drop: false }`
[INFO] [stdout] 05ed416597c4cf65949a16ea6b1861ef31476e245dcba8ec56aebbc06ccd4cf5
[INFO] running `Command { std: "docker" "start" "-a" "05ed416597c4cf65949a16ea6b1861ef31476e245dcba8ec56aebbc06ccd4cf5", kill_on_drop: false }`
[INFO] [stderr]    Compiling min_smallvec v0.2.1 (/opt/rustwide/workdir)
[INFO] [stderr]     Finished `test` profile [unoptimized + debuginfo] target(s) in 0.50s
[INFO] running `Command { std: "docker" "inspect" "05ed416597c4cf65949a16ea6b1861ef31476e245dcba8ec56aebbc06ccd4cf5", kill_on_drop: false }`
[INFO] running `Command { std: "docker" "rm" "-f" "05ed416597c4cf65949a16ea6b1861ef31476e245dcba8ec56aebbc06ccd4cf5", kill_on_drop: false }`
[INFO] [stdout] 05ed416597c4cf65949a16ea6b1861ef31476e245dcba8ec56aebbc06ccd4cf5
[INFO] running `Command { std: "docker" "create" "-v" "/var/lib/crater-agent-workspace/builds/worker-6-tc2/target:/opt/rustwide/target:rw,Z" "-v" "/var/lib/crater-agent-workspace/builds/worker-6-tc2/source:/opt/rustwide/workdir:ro,Z" "-v" "/var/lib/crater-agent-workspace/cargo-home:/opt/rustwide/cargo-home:ro,Z" "-v" "/var/lib/crater-agent-workspace/rustup-home:/opt/rustwide/rustup-home:ro,Z" "-e" "SOURCE_DIR=/opt/rustwide/workdir" "-e" "CARGO_TARGET_DIR=/opt/rustwide/target" "-e" "CARGO_INCREMENTAL=0" "-e" "RUST_BACKTRACE=full" "-e" "RUSTFLAGS=--cap-lints=warn" "-e" "RUSTDOCFLAGS=--cap-lints=warn" "-e" "CARGO_HOME=/opt/rustwide/cargo-home" "-e" "RUSTUP_HOME=/opt/rustwide/rustup-home" "-w" "/opt/rustwide/workdir" "-m" "1610612736" "--user" "0:0" "--network" "none" "ghcr.io/rust-lang/crates-build-env/linux@sha256:f3a9d4ad9d972b27faf3965f35b62e55ba32bbce8f20bc8fe909558a86702fde" "/opt/rustwide/cargo-home/bin/cargo" "+beta-2024-12-08" "test" "--frozen", kill_on_drop: false }`
[INFO] [stdout] ec74aee2ecaa6a865d85e8cb4cad991ab5d43a0f8123dadf6ffa4576464adb68
[INFO] running `Command { std: "docker" "start" "-a" "ec74aee2ecaa6a865d85e8cb4cad991ab5d43a0f8123dadf6ffa4576464adb68", kill_on_drop: false }`
[INFO] [stderr]     Finished `test` profile [unoptimized + debuginfo] target(s) in 0.01s
[INFO] [stderr]      Running unittests src/lib.rs (/opt/rustwide/target/debug/deps/min_smallvec-54846e07015c62c8)
[INFO] [stdout] 
[INFO] [stdout] running 0 tests
[INFO] [stdout] 
[INFO] [stdout] test result: ok. 0 passed; 0 failed; 0 ignored; 0 measured; 0 filtered out; finished in 0.00s
[INFO] [stdout] 
[INFO] [stderr]    Doc-tests min_smallvec
[INFO] [stdout] 
[INFO] [stdout] running 1 test
[INFO] [stdout] test src/lib.rs - MinSmallVec (line 14) ... FAILED
[INFO] [stdout] 
[INFO] [stdout] failures:
[INFO] [stdout] 
[INFO] [stdout] ---- src/lib.rs - MinSmallVec (line 14) stdout ----
[INFO] [stdout] error[E0412]: cannot find type `MinSmallVec` in this scope
[INFO] [stdout]  --> src/lib.rs:19:3
[INFO] [stdout]   |
[INFO] [stdout] 7 | >(MinSmallVec<MinSmallVec<T, IS>, OS>);
[INFO] [stdout]   |   ^^^^^^^^^^^ not found in this scope
[INFO] [stdout]   |
[INFO] [stdout] help: consider importing this struct
[INFO] [stdout]   |
[INFO] [stdout] 2 + use min_smallvec::MinSmallVec;
[INFO] [stdout]   |
[INFO] [stdout] 
[INFO] [stdout] error[E0412]: cannot find type `MinSmallVec` in this scope
[INFO] [stdout]  --> src/lib.rs:19:15
[INFO] [stdout]   |
[INFO] [stdout] 7 | >(MinSmallVec<MinSmallVec<T, IS>, OS>);
[INFO] [stdout]   |               ^^^^^^^^^^^ not found in this scope
[INFO] [stdout]   |
[INFO] [stdout] help: consider importing this struct
[INFO] [stdout]   |
[INFO] [stdout] 2 + use min_smallvec::MinSmallVec;
[INFO] [stdout]   |
[INFO] [stdout] 
[INFO] [stdout] error: aborting due to 2 previous errors
[INFO] [stdout] 
[INFO] [stdout] For more information about this error, try `rustc --explain E0412`.
[INFO] [stdout] Couldn't compile the test.
[INFO] [stdout] 
[INFO] [stdout] failures:
[INFO] [stdout]     src/lib.rs - MinSmallVec (line 14)
[INFO] [stdout] 
[INFO] [stdout] test result: FAILED. 0 passed; 1 failed; 0 ignored; 0 measured; 0 filtered out; finished in 0.11s
[INFO] [stdout] 
[INFO] [stderr] error: doctest failed, to rerun pass `--doc`
[INFO] running `Command { std: "docker" "inspect" "ec74aee2ecaa6a865d85e8cb4cad991ab5d43a0f8123dadf6ffa4576464adb68", kill_on_drop: false }`
[INFO] running `Command { std: "docker" "rm" "-f" "ec74aee2ecaa6a865d85e8cb4cad991ab5d43a0f8123dadf6ffa4576464adb68", kill_on_drop: false }`
[INFO] [stdout] ec74aee2ecaa6a865d85e8cb4cad991ab5d43a0f8123dadf6ffa4576464adb68
