[INFO] cloning repository https://github.com/IsaacDynamo/local_static
[INFO] running `Command { std: "git" "-c" "credential.helper=" "-c" "credential.helper=/workspace/cargo-home/bin/git-credential-null" "clone" "--bare" "https://github.com/IsaacDynamo/local_static" "/workspace/cache/git-repos/https%3A%2F%2Fgithub.com%2FIsaacDynamo%2Flocal_static", kill_on_drop: false }`
[INFO] [stderr] Cloning into bare repository '/workspace/cache/git-repos/https%3A%2F%2Fgithub.com%2FIsaacDynamo%2Flocal_static'...
[INFO] running `Command { std: "git" "rev-parse" "HEAD", kill_on_drop: false }`
[INFO] [stdout] ee4ca785e25e7d2ff7e8495bebf5721be11302d5
[INFO] testing IsaacDynamo/local_static against 1.83.0 for beta-1.84.0-4-retry
[INFO] running `Command { std: "git" "clone" "/workspace/cache/git-repos/https%3A%2F%2Fgithub.com%2FIsaacDynamo%2Flocal_static" "/workspace/builds/worker-3-tc1/source", kill_on_drop: false }`
[INFO] [stderr] Cloning into '/workspace/builds/worker-3-tc1/source'...
[INFO] [stderr] done.
[INFO] validating manifest of git repo https://github.com/IsaacDynamo/local_static on toolchain 1.83.0
[INFO] running `Command { std: CARGO_HOME="/workspace/cargo-home" RUSTUP_HOME="/workspace/rustup-home" "/workspace/cargo-home/bin/cargo" "+1.83.0" "metadata" "--manifest-path" "Cargo.toml" "--no-deps", kill_on_drop: false }`
[INFO] started tweaking git repo https://github.com/IsaacDynamo/local_static
[INFO] finished tweaking git repo https://github.com/IsaacDynamo/local_static
[INFO] tweaked toml for git repo https://github.com/IsaacDynamo/local_static written to /workspace/builds/worker-3-tc1/source/Cargo.toml
[INFO] crate git repo https://github.com/IsaacDynamo/local_static already has a lockfile, it will not be regenerated
[INFO] running `Command { std: CARGO_HOME="/workspace/cargo-home" RUSTUP_HOME="/workspace/rustup-home" "/workspace/cargo-home/bin/cargo" "+1.83.0" "fetch" "--manifest-path" "Cargo.toml", kill_on_drop: false }`
[INFO] running `Command { std: "docker" "create" "-v" "/var/lib/crater-agent-workspace/builds/worker-3-tc1/target:/opt/rustwide/target:rw,Z" "-v" "/var/lib/crater-agent-workspace/builds/worker-3-tc1/source:/opt/rustwide/workdir:ro,Z" "-v" "/var/lib/crater-agent-workspace/cargo-home:/opt/rustwide/cargo-home:ro,Z" "-v" "/var/lib/crater-agent-workspace/rustup-home:/opt/rustwide/rustup-home:ro,Z" "-e" "SOURCE_DIR=/opt/rustwide/workdir" "-e" "CARGO_TARGET_DIR=/opt/rustwide/target" "-e" "CARGO_HOME=/opt/rustwide/cargo-home" "-e" "RUSTUP_HOME=/opt/rustwide/rustup-home" "-w" "/opt/rustwide/workdir" "-m" "1610612736" "--user" "0:0" "--network" "none" "ghcr.io/rust-lang/crates-build-env/linux@sha256:f3a9d4ad9d972b27faf3965f35b62e55ba32bbce8f20bc8fe909558a86702fde" "/opt/rustwide/cargo-home/bin/cargo" "+1.83.0" "metadata" "--no-deps" "--format-version=1", kill_on_drop: false }`
[INFO] [stdout] 3c36429c9a90b53a94dbb003e8ab90918b446849eb9dd039f7087154c8cb463d
[INFO] running `Command { std: "docker" "start" "-a" "3c36429c9a90b53a94dbb003e8ab90918b446849eb9dd039f7087154c8cb463d", kill_on_drop: false }`
[INFO] running `Command { std: "docker" "inspect" "3c36429c9a90b53a94dbb003e8ab90918b446849eb9dd039f7087154c8cb463d", kill_on_drop: false }`
[INFO] running `Command { std: "docker" "rm" "-f" "3c36429c9a90b53a94dbb003e8ab90918b446849eb9dd039f7087154c8cb463d", kill_on_drop: false }`
[INFO] [stdout] 3c36429c9a90b53a94dbb003e8ab90918b446849eb9dd039f7087154c8cb463d
[INFO] running `Command { std: "docker" "create" "-v" "/var/lib/crater-agent-workspace/builds/worker-3-tc1/target:/opt/rustwide/target:rw,Z" "-v" "/var/lib/crater-agent-workspace/builds/worker-3-tc1/source:/opt/rustwide/workdir:ro,Z" "-v" "/var/lib/crater-agent-workspace/cargo-home:/opt/rustwide/cargo-home:ro,Z" "-v" "/var/lib/crater-agent-workspace/rustup-home:/opt/rustwide/rustup-home:ro,Z" "-e" "SOURCE_DIR=/opt/rustwide/workdir" "-e" "CARGO_TARGET_DIR=/opt/rustwide/target" "-e" "CARGO_INCREMENTAL=0" "-e" "RUST_BACKTRACE=full" "-e" "RUSTFLAGS=--cap-lints=warn" "-e" "RUSTDOCFLAGS=--cap-lints=warn" "-e" "CARGO_HOME=/opt/rustwide/cargo-home" "-e" "RUSTUP_HOME=/opt/rustwide/rustup-home" "-w" "/opt/rustwide/workdir" "-m" "1610612736" "--user" "0:0" "--network" "none" "ghcr.io/rust-lang/crates-build-env/linux@sha256:f3a9d4ad9d972b27faf3965f35b62e55ba32bbce8f20bc8fe909558a86702fde" "/opt/rustwide/cargo-home/bin/cargo" "+1.83.0" "build" "--frozen" "--message-format=json", kill_on_drop: false }`
[INFO] [stdout] f1d6763cea7890fdbfd887d88d9d5855b1e40da8fa286a8b6083547086c6bffa
[INFO] running `Command { std: "docker" "start" "-a" "f1d6763cea7890fdbfd887d88d9d5855b1e40da8fa286a8b6083547086c6bffa", kill_on_drop: false }`
[INFO] [stderr]    Compiling proc-macro2 v1.0.82
[INFO] [stderr]    Compiling unicode-ident v1.0.12
[INFO] [stderr]    Compiling portable-atomic v1.6.0
[INFO] [stderr]    Compiling quote v1.0.36
[INFO] [stderr]    Compiling syn v2.0.61
[INFO] [stderr]    Compiling local_static_macros v0.1.0 (/opt/rustwide/workdir/macros)
[INFO] [stderr]    Compiling local_static v0.1.0 (/opt/rustwide/workdir)
[INFO] [stderr]     Finished `dev` profile [unoptimized + debuginfo] target(s) in 7.58s
[INFO] running `Command { std: "docker" "inspect" "f1d6763cea7890fdbfd887d88d9d5855b1e40da8fa286a8b6083547086c6bffa", kill_on_drop: false }`
[INFO] running `Command { std: "docker" "rm" "-f" "f1d6763cea7890fdbfd887d88d9d5855b1e40da8fa286a8b6083547086c6bffa", kill_on_drop: false }`
[INFO] [stdout] f1d6763cea7890fdbfd887d88d9d5855b1e40da8fa286a8b6083547086c6bffa
[INFO] running `Command { std: "docker" "create" "-v" "/var/lib/crater-agent-workspace/builds/worker-3-tc1/target:/opt/rustwide/target:rw,Z" "-v" "/var/lib/crater-agent-workspace/builds/worker-3-tc1/source:/opt/rustwide/workdir:ro,Z" "-v" "/var/lib/crater-agent-workspace/cargo-home:/opt/rustwide/cargo-home:ro,Z" "-v" "/var/lib/crater-agent-workspace/rustup-home:/opt/rustwide/rustup-home:ro,Z" "-e" "SOURCE_DIR=/opt/rustwide/workdir" "-e" "CARGO_TARGET_DIR=/opt/rustwide/target" "-e" "CARGO_INCREMENTAL=0" "-e" "RUST_BACKTRACE=full" "-e" "RUSTFLAGS=--cap-lints=warn" "-e" "RUSTDOCFLAGS=--cap-lints=warn" "-e" "CARGO_HOME=/opt/rustwide/cargo-home" "-e" "RUSTUP_HOME=/opt/rustwide/rustup-home" "-w" "/opt/rustwide/workdir" "-m" "1610612736" "--user" "0:0" "--network" "none" "ghcr.io/rust-lang/crates-build-env/linux@sha256:f3a9d4ad9d972b27faf3965f35b62e55ba32bbce8f20bc8fe909558a86702fde" "/opt/rustwide/cargo-home/bin/cargo" "+1.83.0" "test" "--frozen" "--no-run" "--message-format=json", kill_on_drop: false }`
[INFO] [stdout] 4b14d1c93ded0501c425ad86c9635505b403fa50beacc390bd0b6535a342afe4
[INFO] running `Command { std: "docker" "start" "-a" "4b14d1c93ded0501c425ad86c9635505b403fa50beacc390bd0b6535a342afe4", kill_on_drop: false }`
[INFO] [stderr]    Compiling serde v1.0.202
[INFO] [stderr]    Compiling hashbrown v0.14.5
[INFO] [stderr]    Compiling equivalent v1.0.1
[INFO] [stderr]    Compiling serde_json v1.0.117
[INFO] [stderr]    Compiling winnow v0.6.8
[INFO] [stderr]    Compiling trybuild v1.0.96
[INFO] [stderr]    Compiling ryu v1.0.18
[INFO] [stderr]    Compiling itoa v1.0.11
[INFO] [stderr]    Compiling termcolor v1.4.1
[INFO] [stderr]    Compiling glob v0.3.1
[INFO] [stderr]    Compiling serde_derive v1.0.202
[INFO] [stderr]    Compiling indexmap v2.2.6
[INFO] [stderr]    Compiling serde_spanned v0.6.6
[INFO] [stderr]    Compiling toml_datetime v0.6.6
[INFO] [stderr]    Compiling toml_edit v0.22.13
[INFO] [stderr]    Compiling toml v0.8.13
[INFO] [stderr]    Compiling local_static v0.1.0 (/opt/rustwide/workdir)
[INFO] [stdout] warning: creating a mutable reference to mutable static is discouraged
[INFO] [stdout]  --> examples/demo.rs:7:16
[INFO] [stdout]   |
[INFO] [stdout] 7 |     static mut FOO: u32 = 0;
[INFO] [stdout]   |                ^^^ mutable reference to mutable static
[INFO] [stdout]   |
[INFO] [stdout]   = note: for more information, see <https://doc.rust-lang.org/nightly/edition-guide/rust-2024/static-mut-references.html>
[INFO] [stdout]   = note: mutable references to mutable statics are dangerous; it's undefined behavior if any other pointer to the static is used or if any other reference is created for the static while the mutable reference lives
[INFO] [stdout] note: the lint level is defined here
[INFO] [stdout]  --> examples/demo.rs:1:9
[INFO] [stdout]   |
[INFO] [stdout] 1 | #![deny(warnings)]
[INFO] [stdout]   |         ^^^^^^^^
[INFO] [stdout]   = note: `#[warn(static_mut_refs)]` implied by `#[warn(warnings)]`
[INFO] [stdout] 
[INFO] [stdout] 
[INFO] [stdout] warning: creating a mutable reference to mutable static is discouraged
[INFO] [stdout]  --> tests/no_alias.rs:8:16
[INFO] [stdout]   |
[INFO] [stdout] 8 |     static mut X: u32 = 0;
[INFO] [stdout]   |                ^ mutable reference to mutable static
[INFO] [stdout]   |
[INFO] [stdout]   = note: for more information, see <https://doc.rust-lang.org/nightly/edition-guide/rust-2024/static-mut-references.html>
[INFO] [stdout]   = note: mutable references to mutable statics are dangerous; it's undefined behavior if any other pointer to the static is used or if any other reference is created for the static while the mutable reference lives
[INFO] [stdout] note: the lint level is defined here
[INFO] [stdout]  --> tests/no_alias.rs:2:9
[INFO] [stdout]   |
[INFO] [stdout] 2 | #![deny(warnings)]
[INFO] [stdout]   |         ^^^^^^^^
[INFO] [stdout]   = note: `#[warn(static_mut_refs)]` implied by `#[warn(warnings)]`
[INFO] [stdout] 
[INFO] [stdout] 
[INFO] [stdout] warning: creating a mutable reference to mutable static is discouraged
[INFO] [stdout]  --> examples/basic.rs:8:16
[INFO] [stdout]   |
[INFO] [stdout] 8 |     static mut COUNT_A: u32 = 0;
[INFO] [stdout]   |                ^^^^^^^ mutable reference to mutable static
[INFO] [stdout]   |
[INFO] [stdout]   = note: for more information, see <https://doc.rust-lang.org/nightly/edition-guide/rust-2024/static-mut-references.html>
[INFO] [stdout]   = note: mutable references to mutable statics are dangerous; it's undefined behavior if any other pointer to the static is used or if any other reference is created for the static while the mutable reference lives
[INFO] [stdout] note: the lint level is defined here
[INFO] [stdout]  --> examples/basic.rs:2:9
[INFO] [stdout]   |
[INFO] [stdout] 2 | #![deny(warnings)]
[INFO] [stdout]   |         ^^^^^^^^
[INFO] [stdout]   = note: `#[warn(static_mut_refs)]` implied by `#[warn(warnings)]`
[INFO] [stdout] 
[INFO] [stdout] 
[INFO] [stdout] warning: creating a mutable reference to mutable static is discouraged
[INFO] [stdout]   --> examples/basic.rs:11:16
[INFO] [stdout]    |
[INFO] [stdout] 11 |     static mut COUNT_B: u32 = 0;
[INFO] [stdout]    |                ^^^^^^^ mutable reference to mutable static
[INFO] [stdout]    |
[INFO] [stdout]    = note: for more information, see <https://doc.rust-lang.org/nightly/edition-guide/rust-2024/static-mut-references.html>
[INFO] [stdout]    = note: mutable references to mutable statics are dangerous; it's undefined behavior if any other pointer to the static is used or if any other reference is created for the static while the mutable reference lives
[INFO] [stdout] 
[INFO] [stdout] 
[INFO] [stdout] warning: creating a mutable reference to mutable static is discouraged
[INFO] [stdout]  --> examples/scope.rs:9:16
[INFO] [stdout]   |
[INFO] [stdout] 9 |     static mut TOP: u32 = 0;
[INFO] [stdout]   |                ^^^ mutable reference to mutable static
[INFO] [stdout]   |
[INFO] [stdout]   = note: for more information, see <https://doc.rust-lang.org/nightly/edition-guide/rust-2024/static-mut-references.html>
[INFO] [stdout]   = note: mutable references to mutable statics are dangerous; it's undefined behavior if any other pointer to the static is used or if any other reference is created for the static while the mutable reference lives
[INFO] [stdout] note: the lint level is defined here
[INFO] [stdout]  --> examples/scope.rs:3:9
[INFO] [stdout]   |
[INFO] [stdout] 3 | #![deny(warnings)]
[INFO] [stdout]   |         ^^^^^^^^
[INFO] [stdout]   = note: `#[warn(static_mut_refs)]` implied by `#[warn(warnings)]`
[INFO] [stdout] 
[INFO] [stdout] 
[INFO] [stdout] warning: creating a mutable reference to mutable static is discouraged
[INFO] [stdout]  --> examples/link_section.rs:8:16
[INFO] [stdout]   |
[INFO] [stdout] 8 |     static mut COUNT: u32 = 0;
[INFO] [stdout]   |                ^^^^^ mutable reference to mutable static
[INFO] [stdout]   |
[INFO] [stdout]   = note: for more information, see <https://doc.rust-lang.org/nightly/edition-guide/rust-2024/static-mut-references.html>
[INFO] [stdout]   = note: mutable references to mutable statics are dangerous; it's undefined behavior if any other pointer to the static is used or if any other reference is created for the static while the mutable reference lives
[INFO] [stdout] note: the lint level is defined here
[INFO] [stdout]  --> examples/link_section.rs:1:9
[INFO] [stdout]   |
[INFO] [stdout] 1 | #![deny(warnings)]
[INFO] [stdout]   |         ^^^^^^^^
[INFO] [stdout]   = note: `#[warn(static_mut_refs)]` implied by `#[warn(warnings)]`
[INFO] [stdout] 
[INFO] [stdout] 
[INFO] [stderr]     Finished `test` profile [unoptimized + debuginfo] target(s) in 16.89s
[INFO] running `Command { std: "docker" "inspect" "4b14d1c93ded0501c425ad86c9635505b403fa50beacc390bd0b6535a342afe4", kill_on_drop: false }`
[INFO] running `Command { std: "docker" "rm" "-f" "4b14d1c93ded0501c425ad86c9635505b403fa50beacc390bd0b6535a342afe4", kill_on_drop: false }`
[INFO] [stdout] 4b14d1c93ded0501c425ad86c9635505b403fa50beacc390bd0b6535a342afe4
[INFO] running `Command { std: "docker" "create" "-v" "/var/lib/crater-agent-workspace/builds/worker-3-tc1/target:/opt/rustwide/target:rw,Z" "-v" "/var/lib/crater-agent-workspace/builds/worker-3-tc1/source:/opt/rustwide/workdir:ro,Z" "-v" "/var/lib/crater-agent-workspace/cargo-home:/opt/rustwide/cargo-home:ro,Z" "-v" "/var/lib/crater-agent-workspace/rustup-home:/opt/rustwide/rustup-home:ro,Z" "-e" "SOURCE_DIR=/opt/rustwide/workdir" "-e" "CARGO_TARGET_DIR=/opt/rustwide/target" "-e" "CARGO_INCREMENTAL=0" "-e" "RUST_BACKTRACE=full" "-e" "RUSTFLAGS=--cap-lints=warn" "-e" "RUSTDOCFLAGS=--cap-lints=warn" "-e" "CARGO_HOME=/opt/rustwide/cargo-home" "-e" "RUSTUP_HOME=/opt/rustwide/rustup-home" "-w" "/opt/rustwide/workdir" "-m" "1610612736" "--user" "0:0" "--network" "none" "ghcr.io/rust-lang/crates-build-env/linux@sha256:f3a9d4ad9d972b27faf3965f35b62e55ba32bbce8f20bc8fe909558a86702fde" "/opt/rustwide/cargo-home/bin/cargo" "+1.83.0" "test" "--frozen", kill_on_drop: false }`
[INFO] [stdout] 7266146835ff4a46208a1fcfd59b0f6daf78bdd36c093859b0f165d8d5cc5a85
[INFO] running `Command { std: "docker" "start" "-a" "7266146835ff4a46208a1fcfd59b0f6daf78bdd36c093859b0f165d8d5cc5a85", kill_on_drop: false }`
[INFO] [stderr] warning: creating a mutable reference to mutable static is discouraged
[INFO] [stderr]  --> examples/scope.rs:9:16
[INFO] [stderr]   |
[INFO] [stderr] 9 |     static mut TOP: u32 = 0;
[INFO] [stderr]   |                ^^^ mutable reference to mutable static
[INFO] [stderr]   |
[INFO] [stderr]   = note: for more information, see <https://doc.rust-lang.org/nightly/edition-guide/rust-2024/static-mut-references.html>
[INFO] [stderr]   = note: mutable references to mutable statics are dangerous; it's undefined behavior if any other pointer to the static is used or if any other reference is created for the static while the mutable reference lives
[INFO] [stderr] note: the lint level is defined here
[INFO] [stderr]  --> examples/scope.rs:3:9
[INFO] [stderr]   |
[INFO] [stderr] 3 | #![deny(warnings)]
[INFO] [stderr]   |         ^^^^^^^^
[INFO] [stderr]   = note: `#[warn(static_mut_refs)]` implied by `#[warn(warnings)]`
[INFO] [stderr] 
[INFO] [stderr] warning: creating a mutable reference to mutable static is discouraged
[INFO] [stderr]  --> examples/demo.rs:7:16
[INFO] [stderr]   |
[INFO] [stderr] 7 |     static mut FOO: u32 = 0;
[INFO] [stderr]   |                ^^^ mutable reference to mutable static
[INFO] [stderr]   |
[INFO] [stderr]   = note: for more information, see <https://doc.rust-lang.org/nightly/edition-guide/rust-2024/static-mut-references.html>
[INFO] [stderr]   = note: mutable references to mutable statics are dangerous; it's undefined behavior if any other pointer to the static is used or if any other reference is created for the static while the mutable reference lives
[INFO] [stderr] note: the lint level is defined here
[INFO] [stderr]  --> examples/demo.rs:1:9
[INFO] [stderr]   |
[INFO] [stderr] 1 | #![deny(warnings)]
[INFO] [stderr]   |         ^^^^^^^^
[INFO] [stderr]   = note: `#[warn(static_mut_refs)]` implied by `#[warn(warnings)]`
[INFO] [stderr] 
[INFO] [stderr] warning: creating a mutable reference to mutable static is discouraged
[INFO] [stderr]  --> examples/link_section.rs:8:16
[INFO] [stderr]   |
[INFO] [stderr] 8 |     static mut COUNT: u32 = 0;
[INFO] [stderr]   |                ^^^^^ mutable reference to mutable static
[INFO] [stderr]   |
[INFO] [stderr]   = note: for more information, see <https://doc.rust-lang.org/nightly/edition-guide/rust-2024/static-mut-references.html>
[INFO] [stderr]   = note: mutable references to mutable statics are dangerous; it's undefined behavior if any other pointer to the static is used or if any other reference is created for the static while the mutable reference lives
[INFO] [stderr] note: the lint level is defined here
[INFO] [stderr]  --> examples/link_section.rs:1:9
[INFO] [stderr]   |
[INFO] [stderr] 1 | #![deny(warnings)]
[INFO] [stderr]   |         ^^^^^^^^
[INFO] [stderr]   = note: `#[warn(static_mut_refs)]` implied by `#[warn(warnings)]`
[INFO] [stderr] 
[INFO] [stderr] warning: creating a mutable reference to mutable static is discouraged
[INFO] [stderr]  --> examples/basic.rs:8:16
[INFO] [stderr]   |
[INFO] [stderr] 8 |     static mut COUNT_A: u32 = 0;
[INFO] [stderr]   |                ^^^^^^^ mutable reference to mutable static
[INFO] [stderr]   |
[INFO] [stderr]   = note: for more information, see <https://doc.rust-lang.org/nightly/edition-guide/rust-2024/static-mut-references.html>
[INFO] [stderr]   = note: mutable references to mutable statics are dangerous; it's undefined behavior if any other pointer to the static is used or if any other reference is created for the static while the mutable reference lives
[INFO] [stderr] note: the lint level is defined here
[INFO] [stderr]  --> examples/basic.rs:2:9
[INFO] [stderr]   |
[INFO] [stderr] 2 | #![deny(warnings)]
[INFO] [stderr]   |         ^^^^^^^^
[INFO] [stderr]   = note: `#[warn(static_mut_refs)]` implied by `#[warn(warnings)]`
[INFO] [stderr] 
[INFO] [stderr] warning: creating a mutable reference to mutable static is discouraged
[INFO] [stderr]   --> examples/basic.rs:11:16
[INFO] [stderr]    |
[INFO] [stderr] 11 |     static mut COUNT_B: u32 = 0;
[INFO] [stderr]    |                ^^^^^^^ mutable reference to mutable static
[INFO] [stderr]    |
[INFO] [stderr]    = note: for more information, see <https://doc.rust-lang.org/nightly/edition-guide/rust-2024/static-mut-references.html>
[INFO] [stderr]    = note: mutable references to mutable statics are dangerous; it's undefined behavior if any other pointer to the static is used or if any other reference is created for the static while the mutable reference lives
[INFO] [stderr] 
[INFO] [stderr] warning: creating a mutable reference to mutable static is discouraged
[INFO] [stderr]  --> tests/no_alias.rs:8:16
[INFO] [stderr]   |
[INFO] [stderr] 8 |     static mut X: u32 = 0;
[INFO] [stderr]   |                ^ mutable reference to mutable static
[INFO] [stderr]   |
[INFO] [stderr]   = note: for more information, see <https://doc.rust-lang.org/nightly/edition-guide/rust-2024/static-mut-references.html>
[INFO] [stderr]   = note: mutable references to mutable statics are dangerous; it's undefined behavior if any other pointer to the static is used or if any other reference is created for the static while the mutable reference lives
[INFO] [stderr] note: the lint level is defined here
[INFO] [stderr]  --> tests/no_alias.rs:2:9
[INFO] [stderr]   |
[INFO] [stderr] 2 | #![deny(warnings)]
[INFO] [stderr]   |         ^^^^^^^^
[INFO] [stderr]   = note: `#[warn(static_mut_refs)]` implied by `#[warn(warnings)]`
[INFO] [stderr] 
[INFO] [stderr] warning: `local_static` (example "scope") generated 1 warning
[INFO] [stderr] warning: `local_static` (example "demo") generated 1 warning
[INFO] [stderr] warning: `local_static` (example "link_section") generated 1 warning
[INFO] [stderr] warning: `local_static` (example "basic") generated 2 warnings
[INFO] [stderr] warning: `local_static` (test "no_alias") generated 1 warning
[INFO] [stderr]     Finished `test` profile [unoptimized + debuginfo] target(s) in 0.05s
[INFO] [stderr]      Running unittests src/lib.rs (/opt/rustwide/target/debug/deps/local_static-260aa4b6b15ca0ed)
[INFO] [stdout] 
[INFO] [stdout] running 0 tests
[INFO] [stdout] 
[INFO] [stdout] test result: ok. 0 passed; 0 failed; 0 ignored; 0 measured; 0 filtered out; finished in 0.00s
[INFO] [stdout] 
[INFO] [stderr]      Running tests/no_alias.rs (/opt/rustwide/target/debug/deps/no_alias-00ccf78ca2105d5c)
[INFO] [stdout] 
[INFO] [stdout] running 1 test
[INFO] [stdout] test no_alias - should panic ... ok
[INFO] [stdout] 
[INFO] [stdout] test result: ok. 1 passed; 0 failed; 0 ignored; 0 measured; 0 filtered out; finished in 0.02s
[INFO] [stdout] 
[INFO] [stderr]      Running tests/trybuild.rs (/opt/rustwide/target/debug/deps/trybuild-98cf4eb98c613982)
[INFO] [stdout] 
[INFO] [stdout] running 3 tests
[INFO] [stderr]    Compiling proc-macro2 v1.0.82
[INFO] [stderr]    Compiling unicode-ident v1.0.12
[INFO] [stderr]    Compiling portable-atomic v1.6.0
[INFO] [stderr]    Compiling quote v1.0.36
[INFO] [stderr]    Compiling syn v2.0.61
[INFO] [stderr]    Compiling local_static_macros v0.1.0 (/opt/rustwide/workdir/macros)
[INFO] [stderr]     Checking local_static v0.1.0 (/opt/rustwide/workdir)
[INFO] [stderr]     Checking local_static-tests v0.0.0 (/opt/rustwide/target/tests/trybuild/local_static)
[INFO] [stderr]     Finished `dev` profile [unoptimized + debuginfo] target(s) in 9.46s
[INFO] [stderr] 
[INFO] [stderr] 
[INFO] [stderr] test tests/compile_fail/local_static_shadow.rs ... ok
[INFO] [stderr] test tests/compile_fail/non_upper_case_globals.rs ... error
[INFO] [stderr] Expected test case to fail to compile, but it succeeded.
[INFO] [stderr] 
[INFO] [stderr] WARNINGS:
[INFO] [stderr] ┈┈┈┈┈┈┈┈┈┈┈┈┈┈┈┈┈┈┈┈┈┈┈┈┈┈┈┈┈┈┈┈┈┈┈┈┈┈┈┈┈┈┈┈┈┈┈┈┈┈┈┈┈┈┈┈┈┈┈┈
[INFO] [stderr] warning: static variable `snake_case` should have an upper case name
[INFO] [stderr]  --> tests/compile_fail/non_upper_case_globals.rs:7:16
[INFO] [stderr]   |
[INFO] [stderr] 7 |     static mut snake_case: u32 = 0;
[INFO] [stderr]   |                ^^^^^^^^^^ help: convert the identifier to upper case: `SNAKE_CASE`
[INFO] [stderr]   |
[INFO] [stderr] note: the lint level is defined here
[INFO] [stderr]  --> tests/compile_fail/non_upper_case_globals.rs:1:9
[INFO] [stderr]   |
[INFO] [stderr] 1 | #![deny(warnings)]
[INFO] [stderr]   |         ^^^^^^^^
[INFO] [stderr]   = note: `#[warn(non_upper_case_globals)]` implied by `#[warn(warnings)]`
[INFO] [stderr] 
[INFO] [stderr] warning: creating a mutable reference to mutable static is discouraged
[INFO] [stderr]  --> tests/compile_fail/non_upper_case_globals.rs:7:16
[INFO] [stderr]   |
[INFO] [stderr] 7 |     static mut snake_case: u32 = 0;
[INFO] [stderr]   |                ^^^^^^^^^^ mutable reference to mutable static
[INFO] [stderr]   |
[INFO] [stderr]   = note: for more information, see <https://doc.rust-lang.org/nightly/edition-guide/rust-2024/static-mut-references.html>
[INFO] [stderr]   = note: mutable references to mutable statics are dangerous; it's undefined behavior if any other pointer to the static is used or if any other reference is created for the static while the mutable reference lives
[INFO] [stderr]   = note: `#[warn(static_mut_refs)]` implied by `#[warn(warnings)]`
[INFO] [stderr] ┈┈┈┈┈┈┈┈┈┈┈┈┈┈┈┈┈┈┈┈┈┈┈┈┈┈┈┈┈┈┈┈┈┈┈┈┈┈┈┈┈┈┈┈┈┈┈┈┈┈┈┈┈┈┈┈┈┈┈┈
[INFO] [stderr] 
[INFO] [stderr] test tests/compile_fail/regular_static_shadow.rs ... ok
[INFO] [stderr] 
[INFO] [stderr] 
[INFO] [stdout] test compile_fail ... FAILED
[INFO] [stderr]    Compiling portable-atomic v1.6.0
[INFO] [stderr]    Compiling local_static v0.1.0 (/opt/rustwide/workdir)
[INFO] [stderr]    Compiling local_static-tests v0.0.0 (/opt/rustwide/target/tests/trybuild/local_static)
[INFO] [stderr]     Finished `dev` profile [unoptimized + debuginfo] target(s) in 1.20s
[INFO] [stderr] 
[INFO] [stderr] 
[INFO] [stderr] test examples/basic.rs ... ok
[INFO] [stderr] 
[INFO] [stderr] WARNINGS:
[INFO] [stderr] ┈┈┈┈┈┈┈┈┈┈┈┈┈┈┈┈┈┈┈┈┈┈┈┈┈┈┈┈┈┈┈┈┈┈┈┈┈┈┈┈┈┈┈┈┈┈┈┈┈┈┈┈┈┈┈┈┈┈┈┈
[INFO] [stderr] warning: creating a mutable reference to mutable static is discouraged
[INFO] [stderr]  --> examples/basic.rs:8:16
[INFO] [stderr]   |
[INFO] [stderr] 8 |     static mut COUNT_A: u32 = 0;
[INFO] [stderr]   |                ^^^^^^^ mutable reference to mutable static
[INFO] [stderr]   |
[INFO] [stderr]   = note: for more information, see <https://doc.rust-lang.org/nightly/edition-guide/rust-2024/static-mut-references.html>
[INFO] [stderr]   = note: mutable references to mutable statics are dangerous; it's undefined behavior if any other pointer to the static is used or if any other reference is created for the static while the mutable reference lives
[INFO] [stderr] note: the lint level is defined here
[INFO] [stderr]  --> examples/basic.rs:2:9
[INFO] [stderr]   |
[INFO] [stderr] 2 | #![deny(warnings)]
[INFO] [stderr]   |         ^^^^^^^^
[INFO] [stderr]   = note: `#[warn(static_mut_refs)]` implied by `#[warn(warnings)]`
[INFO] [stderr] 
[INFO] [stderr] warning: creating a mutable reference to mutable static is discouraged
[INFO] [stderr]   --> examples/basic.rs:11:16
[INFO] [stderr]    |
[INFO] [stderr] 11 |     static mut COUNT_B: u32 = 0;
[INFO] [stderr]    |                ^^^^^^^ mutable reference to mutable static
[INFO] [stderr]    |
[INFO] [stderr]    = note: for more information, see <https://doc.rust-lang.org/nightly/edition-guide/rust-2024/static-mut-references.html>
[INFO] [stderr]    = note: mutable references to mutable statics are dangerous; it's undefined behavior if any other pointer to the static is used or if any other reference is created for the static while the mutable reference lives
[INFO] [stderr] ┈┈┈┈┈┈┈┈┈┈┈┈┈┈┈┈┈┈┈┈┈┈┈┈┈┈┈┈┈┈┈┈┈┈┈┈┈┈┈┈┈┈┈┈┈┈┈┈┈┈┈┈┈┈┈┈┈┈┈┈
[INFO] [stderr] 
[INFO] [stderr] STDERR:
[INFO] [stderr] ┈┈┈┈┈┈┈┈┈┈┈┈┈┈┈┈┈┈┈┈┈┈┈┈┈┈┈┈┈┈┈┈┈┈┈┈┈┈┈┈┈┈┈┈┈┈┈┈┈┈┈┈┈┈┈┈┈┈┈┈
[INFO] [stderr] warning: creating a mutable reference to mutable static is discouraged
[INFO] [stderr]  --> /opt/rustwide/workdir/examples/basic.rs:8:16
[INFO] [stderr]   |
[INFO] [stderr] 8 |     static mut COUNT_A: u32 = 0;
[INFO] [stderr]   |                ^^^^^^^ mutable reference to mutable static
[INFO] [stderr]   |
[INFO] [stderr]   = note: for more information, see <https://doc.rust-lang.org/nightly/edition-guide/rust-2024/static-mut-references.html>
[INFO] [stderr]   = note: mutable references to mutable statics are dangerous; it's undefined behavior if any other pointer to the static is used or if any other reference is created for the static while the mutable reference lives
[INFO] [stderr] note: the lint level is defined here
[INFO] [stderr]  --> /opt/rustwide/workdir/examples/basic.rs:2:9
[INFO] [stderr]   |
[INFO] [stderr] 2 | #![deny(warnings)]
[INFO] [stderr]   |         ^^^^^^^^
[INFO] [stderr]   = note: `#[warn(static_mut_refs)]` implied by `#[warn(warnings)]`
[INFO] [stderr] 
[INFO] [stderr] warning: creating a mutable reference to mutable static is discouraged
[INFO] [stderr]   --> /opt/rustwide/workdir/examples/basic.rs:11:16
[INFO] [stderr]    |
[INFO] [stderr] 11 |     static mut COUNT_B: u32 = 0;
[INFO] [stderr]    |                ^^^^^^^ mutable reference to mutable static
[INFO] [stderr]    |
[INFO] [stderr]    = note: for more information, see <https://doc.rust-lang.org/nightly/edition-guide/rust-2024/static-mut-references.html>
[INFO] [stderr]    = note: mutable references to mutable statics are dangerous; it's undefined behavior if any other pointer to the static is used or if any other reference is created for the static while the mutable reference lives
[INFO] [stderr] ┈┈┈┈┈┈┈┈┈┈┈┈┈┈┈┈┈┈┈┈┈┈┈┈┈┈┈┈┈┈┈┈┈┈┈┈┈┈┈┈┈┈┈┈┈┈┈┈┈┈┈┈┈┈┈┈┈┈┈┈
[INFO] [stderr] 
[INFO] [stderr] test examples/demo.rs ... ok
[INFO] [stderr] 
[INFO] [stderr] WARNINGS:
[INFO] [stderr] ┈┈┈┈┈┈┈┈┈┈┈┈┈┈┈┈┈┈┈┈┈┈┈┈┈┈┈┈┈┈┈┈┈┈┈┈┈┈┈┈┈┈┈┈┈┈┈┈┈┈┈┈┈┈┈┈┈┈┈┈
[INFO] [stderr] warning: creating a mutable reference to mutable static is discouraged
[INFO] [stderr]  --> examples/demo.rs:7:16
[INFO] [stderr]   |
[INFO] [stderr] 7 |     static mut FOO: u32 = 0;
[INFO] [stderr]   |                ^^^ mutable reference to mutable static
[INFO] [stderr]   |
[INFO] [stderr]   = note: for more information, see <https://doc.rust-lang.org/nightly/edition-guide/rust-2024/static-mut-references.html>
[INFO] [stderr]   = note: mutable references to mutable statics are dangerous; it's undefined behavior if any other pointer to the static is used or if any other reference is created for the static while the mutable reference lives
[INFO] [stderr] note: the lint level is defined here
[INFO] [stderr]  --> examples/demo.rs:1:9
[INFO] [stderr]   |
[INFO] [stderr] 1 | #![deny(warnings)]
[INFO] [stderr]   |         ^^^^^^^^
[INFO] [stderr]   = note: `#[warn(static_mut_refs)]` implied by `#[warn(warnings)]`
[INFO] [stderr] ┈┈┈┈┈┈┈┈┈┈┈┈┈┈┈┈┈┈┈┈┈┈┈┈┈┈┈┈┈┈┈┈┈┈┈┈┈┈┈┈┈┈┈┈┈┈┈┈┈┈┈┈┈┈┈┈┈┈┈┈
[INFO] [stderr] 
[INFO] [stderr] STDERR:
[INFO] [stderr] ┈┈┈┈┈┈┈┈┈┈┈┈┈┈┈┈┈┈┈┈┈┈┈┈┈┈┈┈┈┈┈┈┈┈┈┈┈┈┈┈┈┈┈┈┈┈┈┈┈┈┈┈┈┈┈┈┈┈┈┈
[INFO] [stderr] warning: creating a mutable reference to mutable static is discouraged
[INFO] [stderr]  --> /opt/rustwide/workdir/examples/demo.rs:7:16
[INFO] [stderr]   |
[INFO] [stderr] 7 |     static mut FOO: u32 = 0;
[INFO] [stderr]   |                ^^^ mutable reference to mutable static
[INFO] [stderr]   |
[INFO] [stderr]   = note: for more information, see <https://doc.rust-lang.org/nightly/edition-guide/rust-2024/static-mut-references.html>
[INFO] [stderr]   = note: mutable references to mutable statics are dangerous; it's undefined behavior if any other pointer to the static is used or if any other reference is created for the static while the mutable reference lives
[INFO] [stderr] note: the lint level is defined here
[INFO] [stderr]  --> /opt/rustwide/workdir/examples/demo.rs:1:9
[INFO] [stderr]   |
[INFO] [stderr] 1 | #![deny(warnings)]
[INFO] [stderr]   |         ^^^^^^^^
[INFO] [stderr]   = note: `#[warn(static_mut_refs)]` implied by `#[warn(warnings)]`
[INFO] [stderr] ┈┈┈┈┈┈┈┈┈┈┈┈┈┈┈┈┈┈┈┈┈┈┈┈┈┈┈┈┈┈┈┈┈┈┈┈┈┈┈┈┈┈┈┈┈┈┈┈┈┈┈┈┈┈┈┈┈┈┈┈
[INFO] [stderr] 
[INFO] [stderr] test examples/link_section.rs ... ok
[INFO] [stderr] 
[INFO] [stderr] WARNINGS:
[INFO] [stderr] ┈┈┈┈┈┈┈┈┈┈┈┈┈┈┈┈┈┈┈┈┈┈┈┈┈┈┈┈┈┈┈┈┈┈┈┈┈┈┈┈┈┈┈┈┈┈┈┈┈┈┈┈┈┈┈┈┈┈┈┈
[INFO] [stderr] warning: creating a mutable reference to mutable static is discouraged
[INFO] [stderr]  --> examples/link_section.rs:8:16
[INFO] [stderr]   |
[INFO] [stderr] 8 |     static mut COUNT: u32 = 0;
[INFO] [stderr]   |                ^^^^^ mutable reference to mutable static
[INFO] [stderr]   |
[INFO] [stderr]   = note: for more information, see <https://doc.rust-lang.org/nightly/edition-guide/rust-2024/static-mut-references.html>
[INFO] [stderr]   = note: mutable references to mutable statics are dangerous; it's undefined behavior if any other pointer to the static is used or if any other reference is created for the static while the mutable reference lives
[INFO] [stderr] note: the lint level is defined here
[INFO] [stderr]  --> examples/link_section.rs:1:9
[INFO] [stderr]   |
[INFO] [stderr] 1 | #![deny(warnings)]
[INFO] [stderr]   |         ^^^^^^^^
[INFO] [stderr]   = note: `#[warn(static_mut_refs)]` implied by `#[warn(warnings)]`
[INFO] [stderr] ┈┈┈┈┈┈┈┈┈┈┈┈┈┈┈┈┈┈┈┈┈┈┈┈┈┈┈┈┈┈┈┈┈┈┈┈┈┈┈┈┈┈┈┈┈┈┈┈┈┈┈┈┈┈┈┈┈┈┈┈
[INFO] [stderr] 
[INFO] [stderr] STDERR:
[INFO] [stderr] ┈┈┈┈┈┈┈┈┈┈┈┈┈┈┈┈┈┈┈┈┈┈┈┈┈┈┈┈┈┈┈┈┈┈┈┈┈┈┈┈┈┈┈┈┈┈┈┈┈┈┈┈┈┈┈┈┈┈┈┈
[INFO] [stderr] warning: creating a mutable reference to mutable static is discouraged
[INFO] [stderr]  --> /opt/rustwide/workdir/examples/link_section.rs:8:16
[INFO] [stderr]   |
[INFO] [stderr] 8 |     static mut COUNT: u32 = 0;
[INFO] [stderr]   |                ^^^^^ mutable reference to mutable static
[INFO] [stderr]   |
[INFO] [stderr]   = note: for more information, see <https://doc.rust-lang.org/nightly/edition-guide/rust-2024/static-mut-references.html>
[INFO] [stderr]   = note: mutable references to mutable statics are dangerous; it's undefined behavior if any other pointer to the static is used or if any other reference is created for the static while the mutable reference lives
[INFO] [stderr] note: the lint level is defined here
[INFO] [stderr]  --> /opt/rustwide/workdir/examples/link_section.rs:1:9
[INFO] [stderr]   |
[INFO] [stderr] 1 | #![deny(warnings)]
[INFO] [stderr]   |         ^^^^^^^^
[INFO] [stderr]   = note: `#[warn(static_mut_refs)]` implied by `#[warn(warnings)]`
[INFO] [stderr] ┈┈┈┈┈┈┈┈┈┈┈┈┈┈┈┈┈┈┈┈┈┈┈┈┈┈┈┈┈┈┈┈┈┈┈┈┈┈┈┈┈┈┈┈┈┈┈┈┈┈┈┈┈┈┈┈┈┈┈┈
[INFO] [stderr] 
[INFO] [stdout] test examples ... ok
[INFO] [stderr] test examples/scope.rs ... ok
[INFO] [stderr] 
[INFO] [stderr] WARNINGS:
[INFO] [stderr] ┈┈┈┈┈┈┈┈┈┈┈┈┈┈┈┈┈┈┈┈┈┈┈┈┈┈┈┈┈┈┈┈┈┈┈┈┈┈┈┈┈┈┈┈┈┈┈┈┈┈┈┈┈┈┈┈┈┈┈┈
[INFO] [stderr] warning: creating a mutable reference to mutable static is discouraged
[INFO] [stderr]  --> examples/scope.rs:9:16
[INFO] [stderr]   |
[INFO] [stderr] 9 |     static mut TOP: u32 = 0;
[INFO] [stderr]   |                ^^^ mutable reference to mutable static
[INFO] [stderr]   |
[INFO] [stderr]   = note: for more information, see <https://doc.rust-lang.org/nightly/edition-guide/rust-2024/static-mut-references.html>
[INFO] [stderr]   = note: mutable references to mutable statics are dangerous; it's undefined behavior if any other pointer to the static is used or if any other reference is created for the static while the mutable reference lives
[INFO] [stderr] note: the lint level is defined here
[INFO] [stderr]  --> examples/scope.rs:3:9
[INFO] [stderr]   |
[INFO] [stderr] 3 | #![deny(warnings)]
[INFO] [stderr]   |         ^^^^^^^^
[INFO] [stderr]   = note: `#[warn(static_mut_refs)]` implied by `#[warn(warnings)]`
[INFO] [stderr] ┈┈┈┈┈┈┈┈┈┈┈┈┈┈┈┈┈┈┈┈┈┈┈┈┈┈┈┈┈┈┈┈┈┈┈┈┈┈┈┈┈┈┈┈┈┈┈┈┈┈┈┈┈┈┈┈┈┈┈┈
[INFO] [stderr] 
[INFO] [stderr] STDERR:
[INFO] [stderr] ┈┈┈┈┈┈┈┈┈┈┈┈┈┈┈┈┈┈┈┈┈┈┈┈┈┈┈┈┈┈┈┈┈┈┈┈┈┈┈┈┈┈┈┈┈┈┈┈┈┈┈┈┈┈┈┈┈┈┈┈
[INFO] [stderr] warning: creating a mutable reference to mutable static is discouraged
[INFO] [stderr]  --> /opt/rustwide/workdir/examples/scope.rs:9:16
[INFO] [stderr]   |
[INFO] [stderr] 9 |     static mut TOP: u32 = 0;
[INFO] [stderr]   |                ^^^ mutable reference to mutable static
[INFO] [stderr]   |
[INFO] [stderr]   = note: for more information, see <https://doc.rust-lang.org/nightly/edition-guide/rust-2024/static-mut-references.html>
[INFO] [stderr]   = note: mutable references to mutable statics are dangerous; it's undefined behavior if any other pointer to the static is used or if any other reference is created for the static while the mutable reference lives
[INFO] [stderr] note: the lint level is defined here
[INFO] [stderr]  --> /opt/rustwide/workdir/examples/scope.rs:3:9
[INFO] [stderr]   |
[INFO] [stderr] 3 | #![deny(warnings)]
[INFO] [stderr]   |         ^^^^^^^^
[INFO] [stderr]   = note: `#[warn(static_mut_refs)]` implied by `#[warn(warnings)]`
[INFO] [stderr] ┈┈┈┈┈┈┈┈┈┈┈┈┈┈┈┈┈┈┈┈┈┈┈┈┈┈┈┈┈┈┈┈┈┈┈┈┈┈┈┈┈┈┈┈┈┈┈┈┈┈┈┈┈┈┈┈┈┈┈┈
[INFO] [stderr] 
[INFO] [stderr] 
[INFO] [stderr] 
[INFO] [stderr]    Compiling local_static-tests v0.0.0 (/opt/rustwide/target/tests/trybuild/local_static)
[INFO] [stderr]     Finished `dev` profile [unoptimized + debuginfo] target(s) in 0.28s
[INFO] [stderr] 
[INFO] [stderr] 
[INFO] [stderr] test tests/compile_pass/allow_non_upper_case_globals.rs ... ok
[INFO] [stderr] 
[INFO] [stderr] WARNINGS:
[INFO] [stderr] ┈┈┈┈┈┈┈┈┈┈┈┈┈┈┈┈┈┈┈┈┈┈┈┈┈┈┈┈┈┈┈┈┈┈┈┈┈┈┈┈┈┈┈┈┈┈┈┈┈┈┈┈┈┈┈┈┈┈┈┈
[INFO] [stderr] warning: creating a mutable reference to mutable static is discouraged
[INFO] [stderr]  --> tests/compile_pass/allow_non_upper_case_globals.rs:8:16
[INFO] [stderr]   |
[INFO] [stderr] 8 |     static mut snake_case: u32 = 0;
[INFO] [stderr]   |                ^^^^^^^^^^ mutable reference to mutable static
[INFO] [stderr]   |
[INFO] [stderr]   = note: for more information, see <https://doc.rust-lang.org/nightly/edition-guide/rust-2024/static-mut-references.html>
[INFO] [stderr]   = note: mutable references to mutable statics are dangerous; it's undefined behavior if any other pointer to the static is used or if any other reference is created for the static while the mutable reference lives
[INFO] [stderr] note: the lint level is defined here
[INFO] [stderr]  --> tests/compile_pass/allow_non_upper_case_globals.rs:1:9
[INFO] [stderr]   |
[INFO] [stderr] 1 | #![deny(warnings)]
[INFO] [stderr]   |         ^^^^^^^^
[INFO] [stderr]   = note: `#[warn(static_mut_refs)]` implied by `#[warn(warnings)]`
[INFO] [stderr] ┈┈┈┈┈┈┈┈┈┈┈┈┈┈┈┈┈┈┈┈┈┈┈┈┈┈┈┈┈┈┈┈┈┈┈┈┈┈┈┈┈┈┈┈┈┈┈┈┈┈┈┈┈┈┈┈┈┈┈┈
[INFO] [stderr] 
[INFO] [stderr] STDERR:
[INFO] [stderr] ┈┈┈┈┈┈┈┈┈┈┈┈┈┈┈┈┈┈┈┈┈┈┈┈┈┈┈┈┈┈┈┈┈┈┈┈┈┈┈┈┈┈┈┈┈┈┈┈┈┈┈┈┈┈┈┈┈┈┈┈
[INFO] [stderr] warning: creating a mutable reference to mutable static is discouraged
[INFO] [stderr]  --> /opt/rustwide/workdir/tests/compile_pass/allow_non_upper_case_globals.rs:8:16
[INFO] [stderr]   |
[INFO] [stderr] 8 |     static mut snake_case: u32 = 0;
[INFO] [stderr]   |                ^^^^^^^^^^ mutable reference to mutable static
[INFO] [stderr]   |
[INFO] [stderr]   = note: for more information, see <https://doc.rust-lang.org/nightly/edition-guide/rust-2024/static-mut-references.html>
[INFO] [stderr]   = note: mutable references to mutable statics are dangerous; it's undefined behavior if any other pointer to the static is used or if any other reference is created for the static while the mutable reference lives
[INFO] [stderr] note: the lint level is defined here
[INFO] [stderr]  --> /opt/rustwide/workdir/tests/compile_pass/allow_non_upper_case_globals.rs:1:9
[INFO] [stderr]   |
[INFO] [stderr] 1 | #![deny(warnings)]
[INFO] [stderr]   |         ^^^^^^^^
[INFO] [stderr]   = note: `#[warn(static_mut_refs)]` implied by `#[warn(warnings)]`
[INFO] [stderr] ┈┈┈┈┈┈┈┈┈┈┈┈┈┈┈┈┈┈┈┈┈┈┈┈┈┈┈┈┈┈┈┈┈┈┈┈┈┈┈┈┈┈┈┈┈┈┈┈┈┈┈┈┈┈┈┈┈┈┈┈
[INFO] [stderr] 
[INFO] [stderr] test tests/compile_pass/cfg.rs ... ok
[INFO] [stderr] 
[INFO] [stderr] WARNINGS:
[INFO] [stderr] ┈┈┈┈┈┈┈┈┈┈┈┈┈┈┈┈┈┈┈┈┈┈┈┈┈┈┈┈┈┈┈┈┈┈┈┈┈┈┈┈┈┈┈┈┈┈┈┈┈┈┈┈┈┈┈┈┈┈┈┈
[INFO] [stderr] warning: unexpected `cfg` condition value: `Never equal`
[INFO] [stderr]  --> tests/compile_pass/cfg.rs:7:11
[INFO] [stderr]   |
[INFO] [stderr] 7 |     #[cfg(target_os = "Never equal")]
[INFO] [stderr]   |           ^^^^^^^^^^^^^^^^^^^^^^^^^
[INFO] [stderr]   |
[INFO] [stderr]   = note: expected values for `target_os` are: `aix`, `android`, `cuda`, `dragonfly`, `emscripten`, `espidf`, `freebsd`, `fuchsia`, `haiku`, `hermit`, `horizon`, `hurd`, `illumos`, `ios`, `l4re`, `linux`, `macos`, `netbsd`, `none`, `nto`, `nuttx`, `openbsd`, `psp`, `redox`, `rtems`, `solaris`, `solid_asp3`, `teeos`, `trusty`, `tvos`, `uefi`, `unknown`, `visionos`, `vita`, and `vxworks` and 5 more
[INFO] [stderr]   = note: see <https://doc.rust-lang.org/nightly/rustc/check-cfg/cargo-specifics.html> for more information about checking conditional configuration
[INFO] [stderr] note: the lint level is defined here
[INFO] [stderr]  --> tests/compile_pass/cfg.rs:1:9
[INFO] [stderr]   |
[INFO] [stderr] 1 | #![deny(warnings)]
[INFO] [stderr]   |         ^^^^^^^^
[INFO] [stderr]   = note: `#[warn(unexpected_cfgs)]` implied by `#[warn(warnings)]`
[INFO] [stderr] 
[INFO] [stderr] warning: unexpected `cfg` condition value: `Never equal`
[INFO] [stderr]   --> tests/compile_pass/cfg.rs:12:15
[INFO] [stdout] test compile_pass ... ok
[INFO] [stderr]    |
[INFO] [stdout] 
[INFO] [stderr] 12 |     #[cfg(not(target_os = "Never equal"))]
[INFO] [stdout] failures:
[INFO] [stderr]    |               ^^^^^^^^^^^^^^^^^^^^^^^^^
[INFO] [stdout] 
[INFO] [stderr]    |
[INFO] [stdout] ---- compile_fail stdout ----
[INFO] [stderr]    = note: expected values for `target_os` are: `aix`, `android`, `cuda`, `dragonfly`, `emscripten`, `espidf`, `freebsd`, `fuchsia`, `haiku`, `hermit`, `horizon`, `hurd`, `illumos`, `ios`, `l4re`, `linux`, `macos`, `netbsd`, `none`, `nto`, `nuttx`, `openbsd`, `psp`, `redox`, `rtems`, `solaris`, `solid_asp3`, `teeos`, `trusty`, `tvos`, `uefi`, `unknown`, `visionos`, `vita`, and `vxworks` and 5 more
[INFO] [stdout] thread 'compile_fail' panicked at /opt/rustwide/cargo-home/registry/src/index.crates.io-6f17d22bba15001f/trybuild-1.0.96/src/run.rs:101:13:
[INFO] [stderr]    = note: see <https://doc.rust-lang.org/nightly/rustc/check-cfg/cargo-specifics.html> for more information about checking conditional configuration
[INFO] [stdout] 1 of 3 tests failed
[INFO] [stderr] 
[INFO] [stdout] stack backtrace:
[INFO] [stderr] warning: creating a mutable reference to mutable static is discouraged
[INFO] [stdout]    0:     0x5cce1173bd1a - std::backtrace_rs::backtrace::libunwind::trace::h5a5b8284f2d0c266
[INFO] [stderr]   --> tests/compile_pass/cfg.rs:13:16
[INFO] [stdout]                                at /rustc/90b35a6239c3d8bdabc530a6a0816f7ff89a0aaf/library/std/src/../../backtrace/src/backtrace/libunwind.rs:116:5
[INFO] [stderr]    |
[INFO] [stdout]    1:     0x5cce1173bd1a - std::backtrace_rs::backtrace::trace_unsynchronized::h76d4f1c9b0b875e3
[INFO] [stderr] 13 |     static mut USED: i32 = 0;
[INFO] [stdout]                                at /rustc/90b35a6239c3d8bdabc530a6a0816f7ff89a0aaf/library/std/src/../../backtrace/src/backtrace/mod.rs:66:5
[INFO] [stderr]    |                ^^^^ mutable reference to mutable static
[INFO] [stdout]    2:     0x5cce1173bd1a - std::sys::backtrace::_print_fmt::hc4546b8364a537c6
[INFO] [stderr]    |
[INFO] [stdout]                                at /rustc/90b35a6239c3d8bdabc530a6a0816f7ff89a0aaf/library/std/src/sys/backtrace.rs:66:9
[INFO] [stderr]    = note: for more information, see <https://doc.rust-lang.org/nightly/edition-guide/rust-2024/static-mut-references.html>
[INFO] [stdout]    3:     0x5cce1173bd1a - <std::sys::backtrace::BacktraceLock::print::DisplayBacktrace as core::fmt::Display>::fmt::h5b6bd5631a6d1f6b
[INFO] [stderr]    = note: mutable references to mutable statics are dangerous; it's undefined behavior if any other pointer to the static is used or if any other reference is created for the static while the mutable reference lives
[INFO] [stdout]                                at /rustc/90b35a6239c3d8bdabc530a6a0816f7ff89a0aaf/library/std/src/sys/backtrace.rs:39:26
[INFO] [stderr]    = note: `#[warn(static_mut_refs)]` implied by `#[warn(warnings)]`
[INFO] [stdout]    4:     0x5cce11764373 - core::fmt::rt::Argument::fmt::h270f6602a2b96f62
[INFO] [stderr] ┈┈┈┈┈┈┈┈┈┈┈┈┈┈┈┈┈┈┈┈┈┈┈┈┈┈┈┈┈┈┈┈┈┈┈┈┈┈┈┈┈┈┈┈┈┈┈┈┈┈┈┈┈┈┈┈┈┈┈┈
[INFO] [stdout]                                at /rustc/90b35a6239c3d8bdabc530a6a0816f7ff89a0aaf/library/core/src/fmt/rt.rs:177:76
[INFO] [stderr] 
[INFO] [stdout]    5:     0x5cce11764373 - core::fmt::write::h7550c97b06c86515
[INFO] [stderr] STDERR:
[INFO] [stdout]                                at /rustc/90b35a6239c3d8bdabc530a6a0816f7ff89a0aaf/library/core/src/fmt/mod.rs:1186:21
[INFO] [stderr] ┈┈┈┈┈┈┈┈┈┈┈┈┈┈┈┈┈┈┈┈┈┈┈┈┈┈┈┈┈┈┈┈┈┈┈┈┈┈┈┈┈┈┈┈┈┈┈┈┈┈┈┈┈┈┈┈┈┈┈┈
[INFO] [stdout]    6:     0x5cce117383f3 - std::io::Write::write_fmt::h509ff860e5956e5e
[INFO] [stderr] warning: unexpected `cfg` condition value: `Never equal`
[INFO] [stdout]                                at /rustc/90b35a6239c3d8bdabc530a6a0816f7ff89a0aaf/library/std/src/io/mod.rs:1839:15
[INFO] [stderr]  --> /opt/rustwide/workdir/tests/compile_pass/cfg.rs:7:11
[INFO] [stdout]    7:     0x5cce1173bb62 - std::sys::backtrace::BacktraceLock::print::h2395ccd2c84ba3aa
[INFO] [stderr]   |
[INFO] [stdout]                                at /rustc/90b35a6239c3d8bdabc530a6a0816f7ff89a0aaf/library/std/src/sys/backtrace.rs:42:9
[INFO] [stderr] 7 |     #[cfg(target_os = "Never equal")]
[INFO] [stdout]    8:     0x5cce1173d17a - std::panicking::default_hook::{{closure}}::he19d4c7230e07961
[INFO] [stderr]   |           ^^^^^^^^^^^^^^^^^^^^^^^^^
[INFO] [stdout]                                at /rustc/90b35a6239c3d8bdabc530a6a0816f7ff89a0aaf/library/std/src/panicking.rs:268:22
[INFO] [stderr]   |
[INFO] [stdout]    9:     0x5cce1173cf84 - std::panicking::default_hook::hf614597d3c67bbdb
[INFO] [stderr]   = note: expected values for `target_os` are: `aix`, `android`, `cuda`, `dragonfly`, `emscripten`, `espidf`, `freebsd`, `fuchsia`, `haiku`, `hermit`, `horizon`, `hurd`, `illumos`, `ios`, `l4re`, `linux`, `macos`, `netbsd`, `none`, `nto`, `nuttx`, `openbsd`, `psp`, `redox`, `rtems`, `solaris`, `solid_asp3`, `teeos`, `trusty`, `tvos`, `uefi`, `unknown`, `visionos`, `vita`, and `vxworks` and 5 more
[INFO] [stdout]                                at /rustc/90b35a6239c3d8bdabc530a6a0816f7ff89a0aaf/library/std/src/panicking.rs:292:9
[INFO] [stderr]   = note: see <https://doc.rust-lang.org/nightly/rustc/check-cfg/cargo-specifics.html> for more information about checking conditional configuration
[INFO] [stdout]   10:     0x5cce11706809 - <alloc::boxed::Box<F,A> as core::ops::function::Fn<Args>>::call::h39b51ce4599c23d1
[INFO] [stderr] note: the lint level is defined here
[INFO] [stdout]                                at /rustc/90b35a6239c3d8bdabc530a6a0816f7ff89a0aaf/library/alloc/src/boxed.rs:2468:9
[INFO] [stderr]  --> /opt/rustwide/workdir/tests/compile_pass/cfg.rs:1:9
[INFO] [stdout]   11:     0x5cce11706809 - test::test_main::{{closure}}::he977ae839a582784
[INFO] [stderr]   |
[INFO] [stdout]                                at /rustc/90b35a6239c3d8bdabc530a6a0816f7ff89a0aaf/library/test/src/lib.rs:133:21
[INFO] [stderr] 1 | #![deny(warnings)]
[INFO] [stdout]   12:     0x5cce1173d818 - <alloc::boxed::Box<F,A> as core::ops::function::Fn<Args>>::call::h9455091b6b06f9fb
[INFO] [stderr]   |         ^^^^^^^^
[INFO] [stdout]                                at /rustc/90b35a6239c3d8bdabc530a6a0816f7ff89a0aaf/library/alloc/src/boxed.rs:2468:9
[INFO] [stderr]   = note: `#[warn(unexpected_cfgs)]` implied by `#[warn(warnings)]`
[INFO] [stdout]   13:     0x5cce1173d818 - std::panicking::rust_panic_with_hook::h8942133a8b252070
[INFO] [stderr] 
[INFO] [stdout]                                at /rustc/90b35a6239c3d8bdabc530a6a0816f7ff89a0aaf/library/std/src/panicking.rs:809:13
[INFO] [stderr] warning: unexpected `cfg` condition value: `Never equal`
[INFO] [stdout]   14:     0x5cce1173d5da - std::panicking::begin_panic_handler::{{closure}}::hb5f5963570096b29
[INFO] [stderr]   --> /opt/rustwide/workdir/tests/compile_pass/cfg.rs:12:15
[INFO] [stdout]                                at /rustc/90b35a6239c3d8bdabc530a6a0816f7ff89a0aaf/library/std/src/panicking.rs:674:13
[INFO] [stderr]    |
[INFO] [stdout]   15:     0x5cce1173c1f9 - std::sys::backtrace::__rust_end_short_backtrace::h6208cedc1922feda
[INFO] [stderr] 12 |     #[cfg(not(target_os = "Never equal"))]
[INFO] [stdout]                                at /rustc/90b35a6239c3d8bdabc530a6a0816f7ff89a0aaf/library/std/src/sys/backtrace.rs:170:18
[INFO] [stderr]    |               ^^^^^^^^^^^^^^^^^^^^^^^^^
[INFO] [stdout]   16:     0x5cce1173d26c - rust_begin_unwind
[INFO] [stderr]    |
[INFO] [stdout]                                at /rustc/90b35a6239c3d8bdabc530a6a0816f7ff89a0aaf/library/std/src/panicking.rs:665:5
[INFO] [stderr]    = note: expected values for `target_os` are: `aix`, `android`, `cuda`, `dragonfly`, `emscripten`, `espidf`, `freebsd`, `fuchsia`, `haiku`, `hermit`, `horizon`, `hurd`, `illumos`, `ios`, `l4re`, `linux`, `macos`, `netbsd`, `none`, `nto`, `nuttx`, `openbsd`, `psp`, `redox`, `rtems`, `solaris`, `solid_asp3`, `teeos`, `trusty`, `tvos`, `uefi`, `unknown`, `visionos`, `vita`, and `vxworks` and 5 more
[INFO] [stdout]   17:     0x5cce1142cca0 - core::panicking::panic_fmt::h0c3082644d1bf418
[INFO] [stderr]    = note: see <https://doc.rust-lang.org/nightly/rustc/check-cfg/cargo-specifics.html> for more information about checking conditional configuration
[INFO] [stdout]                                at /rustc/90b35a6239c3d8bdabc530a6a0816f7ff89a0aaf/library/core/src/panicking.rs:74:14
[INFO] [stderr] 
[INFO] [stdout]   18:     0x5cce1149784f - trybuild::run::<impl trybuild::Runner>::run::h0ab11d8a345549d9
[INFO] [stderr] warning: creating a mutable reference to mutable static is discouraged
[INFO] [stdout]                                at /opt/rustwide/cargo-home/registry/src/index.crates.io-6f17d22bba15001f/trybuild-1.0.96/src/run.rs:101:13
[INFO] [stderr]   --> /opt/rustwide/workdir/tests/compile_pass/cfg.rs:13:16
[INFO] [stdout]   19:     0x5cce1149d3c8 - <trybuild::TestCases as core::ops::drop::Drop>::drop::h83897f75e0831448
[INFO] [stderr]    |
[INFO] [stdout]                                at /opt/rustwide/cargo-home/registry/src/index.crates.io-6f17d22bba15001f/trybuild-1.0.96/src/lib.rs:318:13
[INFO] [stderr] 13 |     static mut USED: i32 = 0;
[INFO] [stdout]   20:     0x5cce1142d967 - core::ptr::drop_in_place<trybuild::TestCases>::hc5b20184be7056ac
[INFO] [stderr]    |                ^^^^ mutable reference to mutable static
[INFO] [stdout]                                at /rustc/90b35a6239c3d8bdabc530a6a0816f7ff89a0aaf/library/core/src/ptr/mod.rs:574:1
[INFO] [stderr]    |
[INFO] [stdout]   21:     0x5cce1142e1e3 - trybuild::compile_fail::hb9d0a71f1dffc9f4
[INFO] [stderr]    = note: for more information, see <https://doc.rust-lang.org/nightly/edition-guide/rust-2024/static-mut-references.html>
[INFO] [stdout]                                at /opt/rustwide/workdir/tests/trybuild.rs:5:1
[INFO] [stderr]    = note: mutable references to mutable statics are dangerous; it's undefined behavior if any other pointer to the static is used or if any other reference is created for the static while the mutable reference lives
[INFO] [stdout]   22:     0x5cce1142e177 - trybuild::compile_fail::{{closure}}::he0a800202bbd5afa
[INFO] [stderr]    = note: `#[warn(static_mut_refs)]` implied by `#[warn(warnings)]`
[INFO] [stdout]                                at /opt/rustwide/workdir/tests/trybuild.rs:2:18
[INFO] [stderr] ┈┈┈┈┈┈┈┈┈┈┈┈┈┈┈┈┈┈┈┈┈┈┈┈┈┈┈┈┈┈┈┈┈┈┈┈┈┈┈┈┈┈┈┈┈┈┈┈┈┈┈┈┈┈┈┈┈┈┈┈
[INFO] [stdout]   23:     0x5cce1142d8d6 - core::ops::function::FnOnce::call_once::ha9b9f6041b16d8f7
[INFO] [stderr] 
[INFO] [stdout]                                at /rustc/90b35a6239c3d8bdabc530a6a0816f7ff89a0aaf/library/core/src/ops/function.rs:250:5
[INFO] [stderr] 
[INFO] [stdout]   24:     0x5cce1170b1cb - core::ops::function::FnOnce::call_once::h109cf8051a59b34e
[INFO] [stderr] 
[INFO] [stdout]                                at /rustc/90b35a6239c3d8bdabc530a6a0816f7ff89a0aaf/library/core/src/ops/function.rs:250:5
[INFO] [stdout]   25:     0x5cce1170b1cb - test::__rust_begin_short_backtrace::hf4fff89d377446ba
[INFO] [stdout]                                at /rustc/90b35a6239c3d8bdabc530a6a0816f7ff89a0aaf/library/test/src/lib.rs:621:18
[INFO] [stdout]   26:     0x5cce1170aa07 - test::run_test_in_process::{{closure}}::h0e39181dd7ee5a43
[INFO] [stdout]                                at /rustc/90b35a6239c3d8bdabc530a6a0816f7ff89a0aaf/library/test/src/lib.rs:644:60
[INFO] [stdout]   27:     0x5cce1170aa07 - <core::panic::unwind_safe::AssertUnwindSafe<F> as core::ops::function::FnOnce<()>>::call_once::hc5a66a30f0bdfd1f
[INFO] [stdout]                                at /rustc/90b35a6239c3d8bdabc530a6a0816f7ff89a0aaf/library/core/src/panic/unwind_safe.rs:272:9
[INFO] [stdout]   28:     0x5cce1170aa07 - std::panicking::try::do_call::h873b7cf639554a5e
[INFO] [stdout]                                at /rustc/90b35a6239c3d8bdabc530a6a0816f7ff89a0aaf/library/std/src/panicking.rs:557:40
[INFO] [stdout]   29:     0x5cce1170aa07 - std::panicking::try::hdb19862fad9c8bd1
[INFO] [stdout]                                at /rustc/90b35a6239c3d8bdabc530a6a0816f7ff89a0aaf/library/std/src/panicking.rs:520:19
[INFO] [stdout]   30:     0x5cce1170aa07 - std::panic::catch_unwind::h281fe732d236d260
[INFO] [stdout]                                at /rustc/90b35a6239c3d8bdabc530a6a0816f7ff89a0aaf/library/std/src/panic.rs:358:14
[INFO] [stdout]   31:     0x5cce1170aa07 - test::run_test_in_process::h949b6df8457ed338
[INFO] [stdout]                                at /rustc/90b35a6239c3d8bdabc530a6a0816f7ff89a0aaf/library/test/src/lib.rs:644:27
[INFO] [stdout]   32:     0x5cce1170aa07 - test::run_test::{{closure}}::h52c556a6d4740e10
[INFO] [stdout]                                at /rustc/90b35a6239c3d8bdabc530a6a0816f7ff89a0aaf/library/test/src/lib.rs:565:43
[INFO] [stdout]   33:     0x5cce116cfce4 - test::run_test::{{closure}}::h4237f6381c45ccb9
[INFO] [stdout]                                at /rustc/90b35a6239c3d8bdabc530a6a0816f7ff89a0aaf/library/test/src/lib.rs:595:41
[INFO] [stdout]   34:     0x5cce116cfce4 - std::sys::backtrace::__rust_begin_short_backtrace::h505c97a579eca628
[INFO] [stdout]                                at /rustc/90b35a6239c3d8bdabc530a6a0816f7ff89a0aaf/library/std/src/sys/backtrace.rs:154:18
[INFO] [stdout]   35:     0x5cce116d33ae - std::thread::Builder::spawn_unchecked_::{{closure}}::{{closure}}::h9e86b2e2bc107ea3
[INFO] [stdout]                                at /rustc/90b35a6239c3d8bdabc530a6a0816f7ff89a0aaf/library/std/src/thread/mod.rs:538:17
[INFO] [stdout]   36:     0x5cce116d33ae - <core::panic::unwind_safe::AssertUnwindSafe<F> as core::ops::function::FnOnce<()>>::call_once::h8b06ddb275ff4a25
[INFO] [stdout]                                at /rustc/90b35a6239c3d8bdabc530a6a0816f7ff89a0aaf/library/core/src/panic/unwind_safe.rs:272:9
[INFO] [stdout]   37:     0x5cce116d33ae - std::panicking::try::do_call::hb26ecd7cd9a9355d
[INFO] [stdout]                                at /rustc/90b35a6239c3d8bdabc530a6a0816f7ff89a0aaf/library/std/src/panicking.rs:557:40
[INFO] [stderr] error: test failed, to rerun pass `--test trybuild`
[INFO] [stdout]   38:     0x5cce116d33ae - std::panicking::try::h8ddeca9d705f9069
[INFO] [stdout]                                at /rustc/90b35a6239c3d8bdabc530a6a0816f7ff89a0aaf/library/std/src/panicking.rs:520:19
[INFO] [stdout]   39:     0x5cce116d33ae - std::panic::catch_unwind::h49e1c33078844c46
[INFO] [stdout]                                at /rustc/90b35a6239c3d8bdabc530a6a0816f7ff89a0aaf/library/std/src/panic.rs:358:14
[INFO] [stdout]   40:     0x5cce116d33ae - std::thread::Builder::spawn_unchecked_::{{closure}}::h6073db6ff56ad35d
[INFO] [stdout]                                at /rustc/90b35a6239c3d8bdabc530a6a0816f7ff89a0aaf/library/std/src/thread/mod.rs:537:30
[INFO] [stdout]   41:     0x5cce116d33ae - core::ops::function::FnOnce::call_once{{vtable.shim}}::h2c5a5f3779c774f1
[INFO] [stdout]                                at /rustc/90b35a6239c3d8bdabc530a6a0816f7ff89a0aaf/library/core/src/ops/function.rs:250:5
[INFO] [stdout]   42:     0x5cce1174250b - <alloc::boxed::Box<F,A> as core::ops::function::FnOnce<Args>>::call_once::hf75717d9f28faebf
[INFO] [stdout]                                at /rustc/90b35a6239c3d8bdabc530a6a0816f7ff89a0aaf/library/alloc/src/boxed.rs:2454:9
[INFO] [stdout]   43:     0x5cce1174250b - <alloc::boxed::Box<F,A> as core::ops::function::FnOnce<Args>>::call_once::h7bd883a5f3c5f3c1
[INFO] [stdout]                                at /rustc/90b35a6239c3d8bdabc530a6a0816f7ff89a0aaf/library/alloc/src/boxed.rs:2454:9
[INFO] [stdout]   44:     0x5cce1174250b - std::sys::pal::unix::thread::Thread::new::thread_start::hcc78f3943333fa94
[INFO] [stdout]                                at /rustc/90b35a6239c3d8bdabc530a6a0816f7ff89a0aaf/library/std/src/sys/pal/unix/thread.rs:105:17
[INFO] [stdout]   45:     0x7f1fdf07cac3 - <unknown>
[INFO] [stdout]   46:     0x7f1fdf10da04 - clone
[INFO] [stdout]   47:                0x0 - <unknown>
[INFO] [stdout] 
[INFO] [stdout] 
[INFO] [stdout] failures:
[INFO] [stdout]     compile_fail
[INFO] [stdout] 
[INFO] [stdout] test result: FAILED. 2 passed; 1 failed; 0 ignored; 0 measured; 0 filtered out; finished in 14.06s
[INFO] [stdout] 
[INFO] running `Command { std: "docker" "inspect" "7266146835ff4a46208a1fcfd59b0f6daf78bdd36c093859b0f165d8d5cc5a85", kill_on_drop: false }`
[INFO] running `Command { std: "docker" "rm" "-f" "7266146835ff4a46208a1fcfd59b0f6daf78bdd36c093859b0f165d8d5cc5a85", kill_on_drop: false }`
[INFO] [stdout] 7266146835ff4a46208a1fcfd59b0f6daf78bdd36c093859b0f165d8d5cc5a85
