[INFO] cloning repository https://github.com/Interseptor06/Cryptonic
[INFO] running `Command { std: "git" "-c" "credential.helper=" "-c" "credential.helper=/workspace/cargo-home/bin/git-credential-null" "clone" "--bare" "https://github.com/Interseptor06/Cryptonic" "/workspace/cache/git-repos/https%3A%2F%2Fgithub.com%2FInterseptor06%2FCryptonic", kill_on_drop: false }`
[INFO] [stderr] Cloning into bare repository '/workspace/cache/git-repos/https%3A%2F%2Fgithub.com%2FInterseptor06%2FCryptonic'...
[INFO] running `Command { std: "git" "rev-parse" "HEAD", kill_on_drop: false }`
[INFO] [stdout] 76fb0ca1fd48b4771e8703e471edce4a70909e4d
[INFO] testing Interseptor06/Cryptonic against 1.83.0 for beta-1.84.0-4-retry
[INFO] running `Command { std: "git" "clone" "/workspace/cache/git-repos/https%3A%2F%2Fgithub.com%2FInterseptor06%2FCryptonic" "/workspace/builds/worker-7-tc1/source", kill_on_drop: false }`
[INFO] [stderr] Cloning into '/workspace/builds/worker-7-tc1/source'...
[INFO] [stderr] done.
[INFO] validating manifest of git repo https://github.com/Interseptor06/Cryptonic on toolchain 1.83.0
[INFO] running `Command { std: CARGO_HOME="/workspace/cargo-home" RUSTUP_HOME="/workspace/rustup-home" "/workspace/cargo-home/bin/cargo" "+1.83.0" "metadata" "--manifest-path" "Cargo.toml" "--no-deps", kill_on_drop: false }`
[INFO] started tweaking git repo https://github.com/Interseptor06/Cryptonic
[INFO] finished tweaking git repo https://github.com/Interseptor06/Cryptonic
[INFO] tweaked toml for git repo https://github.com/Interseptor06/Cryptonic written to /workspace/builds/worker-7-tc1/source/Cargo.toml
[INFO] crate git repo https://github.com/Interseptor06/Cryptonic already has a lockfile, it will not be regenerated
[INFO] running `Command { std: CARGO_HOME="/workspace/cargo-home" RUSTUP_HOME="/workspace/rustup-home" "/workspace/cargo-home/bin/cargo" "+1.83.0" "fetch" "--manifest-path" "Cargo.toml", kill_on_drop: false }`
[INFO] [stderr]     Updating crates.io index
[INFO] [stderr]  Downloading crates ...
[INFO] [stderr]   Downloaded dyn-stack v0.8.3
[INFO] [stderr]   Downloaded concrete-fft v0.1.0
[INFO] [stderr]   Downloaded concrete-csprng v0.3.0
[INFO] [stderr]   Downloaded reborrow v0.5.1
[INFO] [stderr]   Downloaded tfhe v0.1.8
[INFO] running `Command { std: "docker" "create" "-v" "/var/lib/crater-agent-workspace/builds/worker-7-tc1/target:/opt/rustwide/target:rw,Z" "-v" "/var/lib/crater-agent-workspace/builds/worker-7-tc1/source:/opt/rustwide/workdir:ro,Z" "-v" "/var/lib/crater-agent-workspace/cargo-home:/opt/rustwide/cargo-home:ro,Z" "-v" "/var/lib/crater-agent-workspace/rustup-home:/opt/rustwide/rustup-home:ro,Z" "-e" "SOURCE_DIR=/opt/rustwide/workdir" "-e" "CARGO_TARGET_DIR=/opt/rustwide/target" "-e" "CARGO_HOME=/opt/rustwide/cargo-home" "-e" "RUSTUP_HOME=/opt/rustwide/rustup-home" "-w" "/opt/rustwide/workdir" "-m" "1610612736" "--user" "0:0" "--network" "none" "ghcr.io/rust-lang/crates-build-env/linux@sha256:f3a9d4ad9d972b27faf3965f35b62e55ba32bbce8f20bc8fe909558a86702fde" "/opt/rustwide/cargo-home/bin/cargo" "+1.83.0" "metadata" "--no-deps" "--format-version=1", kill_on_drop: false }`
[INFO] [stdout] e3495dcdda53a4a73f55b4e9eadf6722a8ca5073921d56506a12d851f4c1adc3
[INFO] running `Command { std: "docker" "start" "-a" "e3495dcdda53a4a73f55b4e9eadf6722a8ca5073921d56506a12d851f4c1adc3", kill_on_drop: false }`
[INFO] running `Command { std: "docker" "inspect" "e3495dcdda53a4a73f55b4e9eadf6722a8ca5073921d56506a12d851f4c1adc3", kill_on_drop: false }`
[INFO] running `Command { std: "docker" "rm" "-f" "e3495dcdda53a4a73f55b4e9eadf6722a8ca5073921d56506a12d851f4c1adc3", kill_on_drop: false }`
[INFO] [stdout] e3495dcdda53a4a73f55b4e9eadf6722a8ca5073921d56506a12d851f4c1adc3
[INFO] running `Command { std: "docker" "create" "-v" "/var/lib/crater-agent-workspace/builds/worker-7-tc1/target:/opt/rustwide/target:rw,Z" "-v" "/var/lib/crater-agent-workspace/builds/worker-7-tc1/source:/opt/rustwide/workdir:ro,Z" "-v" "/var/lib/crater-agent-workspace/cargo-home:/opt/rustwide/cargo-home:ro,Z" "-v" "/var/lib/crater-agent-workspace/rustup-home:/opt/rustwide/rustup-home:ro,Z" "-e" "SOURCE_DIR=/opt/rustwide/workdir" "-e" "CARGO_TARGET_DIR=/opt/rustwide/target" "-e" "CARGO_INCREMENTAL=0" "-e" "RUST_BACKTRACE=full" "-e" "RUSTFLAGS=--cap-lints=warn" "-e" "RUSTDOCFLAGS=--cap-lints=warn" "-e" "CARGO_HOME=/opt/rustwide/cargo-home" "-e" "RUSTUP_HOME=/opt/rustwide/rustup-home" "-w" "/opt/rustwide/workdir" "-m" "1610612736" "--user" "0:0" "--network" "none" "ghcr.io/rust-lang/crates-build-env/linux@sha256:f3a9d4ad9d972b27faf3965f35b62e55ba32bbce8f20bc8fe909558a86702fde" "/opt/rustwide/cargo-home/bin/cargo" "+1.83.0" "build" "--frozen" "--message-format=json", kill_on_drop: false }`
[INFO] [stdout] 56bca878a5da32c3124ad9c8c5527ab9086a210d08c92519cbd1fa223641714f
[INFO] running `Command { std: "docker" "start" "-a" "56bca878a5da32c3124ad9c8c5527ab9086a210d08c92519cbd1fa223641714f", kill_on_drop: false }`
[INFO] [stderr]    Compiling autocfg v1.1.0
[INFO] [stderr]    Compiling proc-macro2 v1.0.50
[INFO] [stderr]    Compiling quote v1.0.23
[INFO] [stderr]    Compiling unicode-ident v1.0.6
[INFO] [stderr]    Compiling crossbeam-utils v0.8.14
[INFO] [stderr]    Compiling typenum v1.16.0
[INFO] [stderr]    Compiling syn v1.0.107
[INFO] [stderr]    Compiling serde_derive v1.0.152
[INFO] [stderr]    Compiling serde v1.0.152
[INFO] [stderr]    Compiling libc v0.2.139
[INFO] [stderr]    Compiling scopeguard v1.1.0
[INFO] [stderr]    Compiling rayon-core v1.10.2
[INFO] [stderr]    Compiling either v1.8.1
[INFO] [stderr]    Compiling concrete-csprng v0.3.0
[INFO] [stderr]    Compiling generic-array v0.14.6
[INFO] [stderr]    Compiling paste v1.0.11
[INFO] [stderr]    Compiling cpufeatures v0.2.5
[INFO] [stderr]    Compiling reborrow v0.5.1
[INFO] [stderr]    Compiling tfhe v0.1.8
[INFO] [stderr]    Compiling itertools v0.10.5
[INFO] [stderr]    Compiling dyn-stack v0.8.3
[INFO] [stderr]    Compiling once_cell v1.17.0
[INFO] [stderr]    Compiling memoffset v0.7.1
[INFO] [stderr]    Compiling crossbeam-epoch v0.9.13
[INFO] [stderr]    Compiling num-traits v0.2.15
[INFO] [stderr]    Compiling crossbeam-channel v0.5.6
[INFO] [stderr]    Compiling crossbeam-deque v0.8.2
[INFO] [stderr]    Compiling num_cpus v1.15.0
[INFO] [stderr]    Compiling inout v0.1.3
[INFO] [stderr]    Compiling crypto-common v0.1.6
[INFO] [stderr]    Compiling rayon v1.6.1
[INFO] [stderr]    Compiling cipher v0.4.3
[INFO] [stderr]    Compiling aes v0.8.2
[INFO] [stderr]    Compiling aligned-vec v0.5.0
[INFO] [stderr]    Compiling num-complex v0.4.3
[INFO] [stderr]    Compiling bincode v1.3.3
[INFO] [stderr]    Compiling concrete-fft v0.1.0
[INFO] [stderr]    Compiling Cryptonic v0.1.0 (/opt/rustwide/workdir)
[INFO] [stdout] warning: unused import: `crate::tensor_library::layout::Layout::RowMajor`
[INFO] [stdout]  --> src/neural_network/nnet.rs:9:5
[INFO] [stdout]   |
[INFO] [stdout] 9 | use crate::tensor_library::layout::Layout::RowMajor;
[INFO] [stdout]   |     ^^^^^^^^^^^^^^^^^^^^^^^^^^^^^^^^^^^^^^^^^^^^^^^
[INFO] [stdout]   |
[INFO] [stdout]   = note: `#[warn(unused_imports)]` on by default
[INFO] [stdout] 
[INFO] [stdout] 
[INFO] [stdout] warning: unused imports: `multiply_1d`, `multiply_2d`, and `multiply_scalar`
[INFO] [stdout]   --> src/neural_network/nnet.rs:10:57
[INFO] [stdout]    |
[INFO] [stdout] 10 | use crate::tensor_library::matrix::{Matrix, MatrixIter, multiply_1d, multiply_2d, multiply_scalar, multiply_scalar_generic};
[INFO] [stdout]    |                                                         ^^^^^^^^^^^  ^^^^^^^^^^^  ^^^^^^^^^^^^^^^
[INFO] [stdout] 
[INFO] [stdout] 
[INFO] [stdout] warning: unnecessary parentheses around type
[INFO] [stdout]   --> src/neural_network/nnet.rs:88:59
[INFO] [stdout]    |
[INFO] [stdout] 88 |     pub fn forward(&mut self, input: Matrix<T>) -> Result<(Matrix<T>), &str>{
[INFO] [stdout]    |                                                           ^         ^
[INFO] [stdout]    |
[INFO] [stdout]    = note: `#[warn(unused_parens)]` on by default
[INFO] [stdout] help: remove these parentheses
[INFO] [stdout]    |
[INFO] [stdout] 88 -     pub fn forward(&mut self, input: Matrix<T>) -> Result<(Matrix<T>), &str>{
[INFO] [stdout] 88 +     pub fn forward(&mut self, input: Matrix<T>) -> Result<Matrix<T>, &str>{
[INFO] [stdout]    |
[INFO] [stdout] 
[INFO] [stdout] 
[INFO] [stdout] warning: unnecessary parentheses around function argument
[INFO] [stdout]    --> src/neural_network/nnet.rs:147:12
[INFO] [stdout]     |
[INFO] [stdout] 147 |         Ok((current_input))
[INFO] [stdout]     |            ^             ^
[INFO] [stdout]     |
[INFO] [stdout] help: remove these parentheses
[INFO] [stdout]     |
[INFO] [stdout] 147 -         Ok((current_input))
[INFO] [stdout] 147 +         Ok(current_input)
[INFO] [stdout]     |
[INFO] [stdout] 
[INFO] [stdout] 
[INFO] [stdout] warning: unused import: `crate::neural_network::test_layer::TestLayer`
[INFO] [stdout]  --> src/neural_network/layer_type.rs:3:5
[INFO] [stdout]   |
[INFO] [stdout] 3 | use crate::neural_network::test_layer::TestLayer;
[INFO] [stdout]   |     ^^^^^^^^^^^^^^^^^^^^^^^^^^^^^^^^^^^^^^^^^^^^
[INFO] [stdout] 
[INFO] [stdout] 
[INFO] [stdout] warning: unused variable: `parameters_set`
[INFO] [stdout]   --> src/cryptography/key_gen.rs:57:24
[INFO] [stdout]    |
[INFO] [stdout] 57 | pub fn custom_gen_keys(parameters_set: &Parameters) -> (ClientKey, ServerKey) {
[INFO] [stdout]    |                        ^^^^^^^^^^^^^^ help: if this is intentional, prefix it with an underscore: `_parameters_set`
[INFO] [stdout]    |
[INFO] [stdout]    = note: `#[warn(unused_variables)]` on by default
[INFO] [stdout] 
[INFO] [stdout] 
[INFO] [stdout] warning: unused variable: `weights`
[INFO] [stdout]   --> src/neural_network/nnet.rs:93:27
[INFO] [stdout]    |
[INFO] [stdout] 93 |         let (first_layer, weights, biases) = self.layers.get(&first_layer_id).unwrap();
[INFO] [stdout]    |                           ^^^^^^^ help: if this is intentional, prefix it with an underscore: `_weights`
[INFO] [stdout] 
[INFO] [stdout] 
[INFO] [stdout] warning: unused variable: `biases`
[INFO] [stdout]   --> src/neural_network/nnet.rs:93:36
[INFO] [stdout]    |
[INFO] [stdout] 93 |         let (first_layer, weights, biases) = self.layers.get(&first_layer_id).unwrap();
[INFO] [stdout]    |                                    ^^^^^^ help: if this is intentional, prefix it with an underscore: `_biases`
[INFO] [stdout] 
[INFO] [stdout] 
[INFO] [stdout] warning: unused variable: `idx`
[INFO] [stdout]    --> src/neural_network/nnet.rs:133:26
[INFO] [stdout]     |
[INFO] [stdout] 133 |                 for (el, idx) in iterator {
[INFO] [stdout]     |                          ^^^ help: if this is intentional, prefix it with an underscore: `_idx`
[INFO] [stdout] 
[INFO] [stdout] 
[INFO] [stdout] warning: unused variable: `a`
[INFO] [stdout]    --> src/neural_network/nnet.rs:107:24
[INFO] [stdout]     |
[INFO] [stdout] 107 |                 .map(|(a, b)| b.unwrap()).collect();
[INFO] [stdout]     |                        ^ help: if this is intentional, prefix it with an underscore: `_a`
[INFO] [stdout] 
[INFO] [stdout] 
[INFO] [stdout] warning: variable does not need to be mutable
[INFO] [stdout]    --> src/neural_network/nnet.rs:124:21
[INFO] [stdout]     |
[INFO] [stdout] 124 |                 let mut current_output_el = multiply_scalar_generic(weights_matrix.clone(), el.clone());
[INFO] [stdout]     |                     ----^^^^^^^^^^^^^^^^^
[INFO] [stdout]     |                     |
[INFO] [stdout]     |                     help: remove this `mut`
[INFO] [stdout]     |
[INFO] [stdout]     = note: `#[warn(unused_mut)]` on by default
[INFO] [stdout] 
[INFO] [stdout] 
[INFO] [stdout] warning: unused variable: `input`
[INFO] [stdout]   --> src/neural_network/test_layer.rs:16:27
[INFO] [stdout]    |
[INFO] [stdout] 16 |     fn forward(&mut self, input : Matrix<T>) -> Matrix<Self::CType> where <Self as Layer>::CType: Clone + Default {
[INFO] [stdout]    |                           ^^^^^ help: if this is intentional, prefix it with an underscore: `_input`
[INFO] [stdout] 
[INFO] [stdout] 
[INFO] [stdout] warning: variable does not need to be mutable
[INFO] [stdout]    --> src/tensor_library/matrix.rs:781:35
[INFO] [stdout]     |
[INFO] [stdout] 781 | pub fn multiply_scalar_generic<T>(mut lhs: Matrix<i32>, rhs: T) -> Matrix<T> where T: Clone + Default + Mul<i32, Output = T>, i32: Mul<T>{
[INFO] [stdout]     |                                   ----^^^
[INFO] [stdout]     |                                   |
[INFO] [stdout]     |                                   help: remove this `mut`
[INFO] [stdout] 
[INFO] [stdout] 
[INFO] [stdout] warning: method `get_last_layer_id` is never used
[INFO] [stdout]    --> src/neural_network/nnet.rs:175:8
[INFO] [stdout]     |
[INFO] [stdout] 21  | impl<T> Nnet<T> where T : Clone + Default + Debug + AddAssign + MulAssign + Add<i32, Output = T> + Mul<i32> + Mul<i32, Output = T>, i32: Mul<...
[INFO] [stdout]     | ----------------------------------------------------------------------------------------------------------------------------------------------- method in this implementation
[INFO] [stdout] ...
[INFO] [stdout] 175 |     fn get_last_layer_id(&self) ->  &Option<usize> {
[INFO] [stdout]     |        ^^^^^^^^^^^^^^^^^
[INFO] [stdout]     |
[INFO] [stdout]     = note: `#[warn(dead_code)]` on by default
[INFO] [stdout] 
[INFO] [stdout] 
[INFO] [stderr]     Finished `dev` profile [unoptimized + debuginfo] target(s) in 53.26s
[INFO] running `Command { std: "docker" "inspect" "56bca878a5da32c3124ad9c8c5527ab9086a210d08c92519cbd1fa223641714f", kill_on_drop: false }`
[INFO] running `Command { std: "docker" "rm" "-f" "56bca878a5da32c3124ad9c8c5527ab9086a210d08c92519cbd1fa223641714f", kill_on_drop: false }`
[INFO] [stdout] 56bca878a5da32c3124ad9c8c5527ab9086a210d08c92519cbd1fa223641714f
[INFO] running `Command { std: "docker" "create" "-v" "/var/lib/crater-agent-workspace/builds/worker-7-tc1/target:/opt/rustwide/target:rw,Z" "-v" "/var/lib/crater-agent-workspace/builds/worker-7-tc1/source:/opt/rustwide/workdir:ro,Z" "-v" "/var/lib/crater-agent-workspace/cargo-home:/opt/rustwide/cargo-home:ro,Z" "-v" "/var/lib/crater-agent-workspace/rustup-home:/opt/rustwide/rustup-home:ro,Z" "-e" "SOURCE_DIR=/opt/rustwide/workdir" "-e" "CARGO_TARGET_DIR=/opt/rustwide/target" "-e" "CARGO_INCREMENTAL=0" "-e" "RUST_BACKTRACE=full" "-e" "RUSTFLAGS=--cap-lints=warn" "-e" "RUSTDOCFLAGS=--cap-lints=warn" "-e" "CARGO_HOME=/opt/rustwide/cargo-home" "-e" "RUSTUP_HOME=/opt/rustwide/rustup-home" "-w" "/opt/rustwide/workdir" "-m" "1610612736" "--user" "0:0" "--network" "none" "ghcr.io/rust-lang/crates-build-env/linux@sha256:f3a9d4ad9d972b27faf3965f35b62e55ba32bbce8f20bc8fe909558a86702fde" "/opt/rustwide/cargo-home/bin/cargo" "+1.83.0" "test" "--frozen" "--no-run" "--message-format=json", kill_on_drop: false }`
[INFO] [stdout] 102885b4311651d49e612fe73c58b87f09a399a08c2c81bc69d1a5bf3db7b676
[INFO] running `Command { std: "docker" "start" "-a" "102885b4311651d49e612fe73c58b87f09a399a08c2c81bc69d1a5bf3db7b676", kill_on_drop: false }`
[INFO] [stdout] warning: unused import: `crate::tensor_library::layout::Layout::RowMajor`
[INFO] [stdout]  --> src/neural_network/nnet.rs:9:5
[INFO] [stdout]   |
[INFO] [stdout] 9 | use crate::tensor_library::layout::Layout::RowMajor;
[INFO] [stdout]   |     ^^^^^^^^^^^^^^^^^^^^^^^^^^^^^^^^^^^^^^^^^^^^^^^
[INFO] [stdout]   |
[INFO] [stdout]   = note: `#[warn(unused_imports)]` on by default
[INFO] [stdout] 
[INFO] [stdout] 
[INFO] [stdout] warning: unused imports: `multiply_1d`, `multiply_2d`, and `multiply_scalar`
[INFO] [stdout]   --> src/neural_network/nnet.rs:10:57
[INFO] [stdout]    |
[INFO] [stdout] 10 | use crate::tensor_library::matrix::{Matrix, MatrixIter, multiply_1d, multiply_2d, multiply_scalar, multiply_scalar_generic};
[INFO] [stdout]    |                                                         ^^^^^^^^^^^  ^^^^^^^^^^^  ^^^^^^^^^^^^^^^
[INFO] [stdout] 
[INFO] [stdout] 
[INFO] [stderr]    Compiling Cryptonic v0.1.0 (/opt/rustwide/workdir)
[INFO] [stdout] warning: unnecessary parentheses around type
[INFO] [stdout]   --> src/neural_network/nnet.rs:88:59
[INFO] [stdout]    |
[INFO] [stdout] 88 |     pub fn forward(&mut self, input: Matrix<T>) -> Result<(Matrix<T>), &str>{
[INFO] [stdout]    |                                                           ^         ^
[INFO] [stdout]    |
[INFO] [stdout]    = note: `#[warn(unused_parens)]` on by default
[INFO] [stdout] help: remove these parentheses
[INFO] [stdout]    |
[INFO] [stdout] 88 -     pub fn forward(&mut self, input: Matrix<T>) -> Result<(Matrix<T>), &str>{
[INFO] [stdout] 88 +     pub fn forward(&mut self, input: Matrix<T>) -> Result<Matrix<T>, &str>{
[INFO] [stdout]    |
[INFO] [stdout] 
[INFO] [stdout] 
[INFO] [stdout] warning: unnecessary parentheses around function argument
[INFO] [stdout]    --> src/neural_network/nnet.rs:147:12
[INFO] [stdout]     |
[INFO] [stdout] 147 |         Ok((current_input))
[INFO] [stdout]     |            ^             ^
[INFO] [stdout]     |
[INFO] [stdout] help: remove these parentheses
[INFO] [stdout]     |
[INFO] [stdout] 147 -         Ok((current_input))
[INFO] [stdout] 147 +         Ok(current_input)
[INFO] [stdout]     |
[INFO] [stdout] 
[INFO] [stdout] 
[INFO] [stdout] warning: unused import: `crate::neural_network::test_layer::TestLayer`
[INFO] [stdout]  --> src/neural_network/layer_type.rs:3:5
[INFO] [stdout]   |
[INFO] [stdout] 3 | use crate::neural_network::test_layer::TestLayer;
[INFO] [stdout]   |     ^^^^^^^^^^^^^^^^^^^^^^^^^^^^^^^^^^^^^^^^^^^^
[INFO] [stdout] 
[INFO] [stdout] 
[INFO] [stdout] warning: unused variable: `parameters_set`
[INFO] [stdout]   --> src/cryptography/key_gen.rs:57:24
[INFO] [stdout]    |
[INFO] [stdout] 57 | pub fn custom_gen_keys(parameters_set: &Parameters) -> (ClientKey, ServerKey) {
[INFO] [stdout]    |                        ^^^^^^^^^^^^^^ help: if this is intentional, prefix it with an underscore: `_parameters_set`
[INFO] [stdout]    |
[INFO] [stdout]    = note: `#[warn(unused_variables)]` on by default
[INFO] [stdout] 
[INFO] [stdout] 
[INFO] [stdout] warning: unused variable: `weights`
[INFO] [stdout]   --> src/neural_network/nnet.rs:93:27
[INFO] [stdout]    |
[INFO] [stdout] 93 |         let (first_layer, weights, biases) = self.layers.get(&first_layer_id).unwrap();
[INFO] [stdout]    |                           ^^^^^^^ help: if this is intentional, prefix it with an underscore: `_weights`
[INFO] [stdout] 
[INFO] [stdout] 
[INFO] [stdout] warning: unused variable: `biases`
[INFO] [stdout]   --> src/neural_network/nnet.rs:93:36
[INFO] [stdout]    |
[INFO] [stdout] 93 |         let (first_layer, weights, biases) = self.layers.get(&first_layer_id).unwrap();
[INFO] [stdout]    |                                    ^^^^^^ help: if this is intentional, prefix it with an underscore: `_biases`
[INFO] [stdout] 
[INFO] [stdout] 
[INFO] [stdout] warning: unused variable: `idx`
[INFO] [stdout]    --> src/neural_network/nnet.rs:133:26
[INFO] [stdout]     |
[INFO] [stdout] 133 |                 for (el, idx) in iterator {
[INFO] [stdout]     |                          ^^^ help: if this is intentional, prefix it with an underscore: `_idx`
[INFO] [stdout] 
[INFO] [stdout] 
[INFO] [stdout] warning: unused variable: `a`
[INFO] [stdout]    --> src/neural_network/nnet.rs:107:24
[INFO] [stdout]     |
[INFO] [stdout] 107 |                 .map(|(a, b)| b.unwrap()).collect();
[INFO] [stdout]     |                        ^ help: if this is intentional, prefix it with an underscore: `_a`
[INFO] [stdout] 
[INFO] [stdout] 
[INFO] [stdout] warning: variable does not need to be mutable
[INFO] [stdout]    --> src/neural_network/nnet.rs:124:21
[INFO] [stdout]     |
[INFO] [stdout] 124 |                 let mut current_output_el = multiply_scalar_generic(weights_matrix.clone(), el.clone());
[INFO] [stdout]     |                     ----^^^^^^^^^^^^^^^^^
[INFO] [stdout]     |                     |
[INFO] [stdout]     |                     help: remove this `mut`
[INFO] [stdout]     |
[INFO] [stdout]     = note: `#[warn(unused_mut)]` on by default
[INFO] [stdout] 
[INFO] [stdout] 
[INFO] [stdout] warning: unused variable: `input`
[INFO] [stdout]   --> src/neural_network/test_layer.rs:16:27
[INFO] [stdout]    |
[INFO] [stdout] 16 |     fn forward(&mut self, input : Matrix<T>) -> Matrix<Self::CType> where <Self as Layer>::CType: Clone + Default {
[INFO] [stdout]    |                           ^^^^^ help: if this is intentional, prefix it with an underscore: `_input`
[INFO] [stdout] 
[INFO] [stdout] 
[INFO] [stdout] warning: variable does not need to be mutable
[INFO] [stdout]    --> src/tensor_library/matrix.rs:781:35
[INFO] [stdout]     |
[INFO] [stdout] 781 | pub fn multiply_scalar_generic<T>(mut lhs: Matrix<i32>, rhs: T) -> Matrix<T> where T: Clone + Default + Mul<i32, Output = T>, i32: Mul<T>{
[INFO] [stdout]     |                                   ----^^^
[INFO] [stdout]     |                                   |
[INFO] [stdout]     |                                   help: remove this `mut`
[INFO] [stdout] 
[INFO] [stdout] 
[INFO] [stdout] warning: method `get_last_layer_id` is never used
[INFO] [stdout]    --> src/neural_network/nnet.rs:175:8
[INFO] [stdout]     |
[INFO] [stdout] 21  | impl<T> Nnet<T> where T : Clone + Default + Debug + AddAssign + MulAssign + Add<i32, Output = T> + Mul<i32> + Mul<i32, Output = T>, i32: Mul<...
[INFO] [stdout]     | ----------------------------------------------------------------------------------------------------------------------------------------------- method in this implementation
[INFO] [stdout] ...
[INFO] [stdout] 175 |     fn get_last_layer_id(&self) ->  &Option<usize> {
[INFO] [stdout]     |        ^^^^^^^^^^^^^^^^^
[INFO] [stdout]     |
[INFO] [stdout]     = note: `#[warn(dead_code)]` on by default
[INFO] [stdout] 
[INFO] [stdout] 
[INFO] [stdout] warning: unused import: `crate::tensor_library::layout::Layout::RowMajor`
[INFO] [stdout]  --> src/neural_network/nnet.rs:9:5
[INFO] [stdout]   |
[INFO] [stdout] 9 | use crate::tensor_library::layout::Layout::RowMajor;
[INFO] [stdout]   |     ^^^^^^^^^^^^^^^^^^^^^^^^^^^^^^^^^^^^^^^^^^^^^^^
[INFO] [stdout]   |
[INFO] [stdout]   = note: `#[warn(unused_imports)]` on by default
[INFO] [stdout] 
[INFO] [stdout] 
[INFO] [stdout] warning: unused imports: `multiply_1d`, `multiply_2d`, and `multiply_scalar`
[INFO] [stdout]   --> src/neural_network/nnet.rs:10:57
[INFO] [stdout]    |
[INFO] [stdout] 10 | use crate::tensor_library::matrix::{Matrix, MatrixIter, multiply_1d, multiply_2d, multiply_scalar, multiply_scalar_generic};
[INFO] [stdout]    |                                                         ^^^^^^^^^^^  ^^^^^^^^^^^  ^^^^^^^^^^^^^^^
[INFO] [stdout] 
[INFO] [stdout] 
[INFO] [stdout] warning: unnecessary parentheses around type
[INFO] [stdout]   --> src/neural_network/nnet.rs:88:59
[INFO] [stdout]    |
[INFO] [stdout] 88 |     pub fn forward(&mut self, input: Matrix<T>) -> Result<(Matrix<T>), &str>{
[INFO] [stdout]    |                                                           ^         ^
[INFO] [stdout]    |
[INFO] [stdout]    = note: `#[warn(unused_parens)]` on by default
[INFO] [stdout] help: remove these parentheses
[INFO] [stdout]    |
[INFO] [stdout] 88 -     pub fn forward(&mut self, input: Matrix<T>) -> Result<(Matrix<T>), &str>{
[INFO] [stdout] 88 +     pub fn forward(&mut self, input: Matrix<T>) -> Result<Matrix<T>, &str>{
[INFO] [stdout]    |
[INFO] [stdout] 
[INFO] [stdout] 
[INFO] [stdout] warning: unnecessary parentheses around function argument
[INFO] [stdout]    --> src/neural_network/nnet.rs:147:12
[INFO] [stdout]     |
[INFO] [stdout] 147 |         Ok((current_input))
[INFO] [stdout]     |            ^             ^
[INFO] [stdout]     |
[INFO] [stdout] help: remove these parentheses
[INFO] [stdout]     |
[INFO] [stdout] 147 -         Ok((current_input))
[INFO] [stdout] 147 +         Ok(current_input)
[INFO] [stdout]     |
[INFO] [stdout] 
[INFO] [stdout] 
[INFO] [stdout] warning: unused import: `crate::neural_network::test_layer::TestLayer`
[INFO] [stdout]  --> src/neural_network/layer_type.rs:3:5
[INFO] [stdout]   |
[INFO] [stdout] 3 | use crate::neural_network::test_layer::TestLayer;
[INFO] [stdout]   |     ^^^^^^^^^^^^^^^^^^^^^^^^^^^^^^^^^^^^^^^^^^^^
[INFO] [stdout] 
[INFO] [stdout] 
[INFO] [stdout] warning: unused variable: `parameters_set`
[INFO] [stdout]   --> src/cryptography/key_gen.rs:57:24
[INFO] [stdout]    |
[INFO] [stdout] 57 | pub fn custom_gen_keys(parameters_set: &Parameters) -> (ClientKey, ServerKey) {
[INFO] [stdout]    |                        ^^^^^^^^^^^^^^ help: if this is intentional, prefix it with an underscore: `_parameters_set`
[INFO] [stdout]    |
[INFO] [stdout]    = note: `#[warn(unused_variables)]` on by default
[INFO] [stdout] 
[INFO] [stdout] 
[INFO] [stdout] warning: unused variable: `weights`
[INFO] [stdout]   --> src/neural_network/nnet.rs:93:27
[INFO] [stdout]    |
[INFO] [stdout] 93 |         let (first_layer, weights, biases) = self.layers.get(&first_layer_id).unwrap();
[INFO] [stdout]    |                           ^^^^^^^ help: if this is intentional, prefix it with an underscore: `_weights`
[INFO] [stdout] 
[INFO] [stdout] 
[INFO] [stdout] warning: unused variable: `biases`
[INFO] [stdout]   --> src/neural_network/nnet.rs:93:36
[INFO] [stdout]    |
[INFO] [stdout] 93 |         let (first_layer, weights, biases) = self.layers.get(&first_layer_id).unwrap();
[INFO] [stdout]    |                                    ^^^^^^ help: if this is intentional, prefix it with an underscore: `_biases`
[INFO] [stdout] 
[INFO] [stdout] 
[INFO] [stdout] warning: unused variable: `idx`
[INFO] [stdout]    --> src/neural_network/nnet.rs:133:26
[INFO] [stdout]     |
[INFO] [stdout] 133 |                 for (el, idx) in iterator {
[INFO] [stdout]     |                          ^^^ help: if this is intentional, prefix it with an underscore: `_idx`
[INFO] [stdout] 
[INFO] [stdout] 
[INFO] [stdout] warning: unused variable: `a`
[INFO] [stdout]    --> src/neural_network/nnet.rs:107:24
[INFO] [stdout]     |
[INFO] [stdout] 107 |                 .map(|(a, b)| b.unwrap()).collect();
[INFO] [stdout]     |                        ^ help: if this is intentional, prefix it with an underscore: `_a`
[INFO] [stdout] 
[INFO] [stdout] 
[INFO] [stdout] warning: variable does not need to be mutable
[INFO] [stdout]    --> src/neural_network/nnet.rs:124:21
[INFO] [stdout]     |
[INFO] [stdout] 124 |                 let mut current_output_el = multiply_scalar_generic(weights_matrix.clone(), el.clone());
[INFO] [stdout]     |                     ----^^^^^^^^^^^^^^^^^
[INFO] [stdout]     |                     |
[INFO] [stdout]     |                     help: remove this `mut`
[INFO] [stdout]     |
[INFO] [stdout]     = note: `#[warn(unused_mut)]` on by default
[INFO] [stdout] 
[INFO] [stdout] 
[INFO] [stdout] warning: unused variable: `input`
[INFO] [stdout]   --> src/neural_network/test_layer.rs:16:27
[INFO] [stdout]    |
[INFO] [stdout] 16 |     fn forward(&mut self, input : Matrix<T>) -> Matrix<Self::CType> where <Self as Layer>::CType: Clone + Default {
[INFO] [stdout]    |                           ^^^^^ help: if this is intentional, prefix it with an underscore: `_input`
[INFO] [stdout] 
[INFO] [stdout] 
[INFO] [stdout] warning: variable does not need to be mutable
[INFO] [stdout]    --> src/tensor_library/matrix.rs:781:35
[INFO] [stdout]     |
[INFO] [stdout] 781 | pub fn multiply_scalar_generic<T>(mut lhs: Matrix<i32>, rhs: T) -> Matrix<T> where T: Clone + Default + Mul<i32, Output = T>, i32: Mul<T>{
[INFO] [stdout]     |                                   ----^^^
[INFO] [stdout]     |                                   |
[INFO] [stdout]     |                                   help: remove this `mut`
[INFO] [stdout] 
[INFO] [stdout] 
[INFO] [stdout] warning: method `get_last_layer_id` is never used
[INFO] [stdout]    --> src/neural_network/nnet.rs:175:8
[INFO] [stdout]     |
[INFO] [stdout] 21  | impl<T> Nnet<T> where T : Clone + Default + Debug + AddAssign + MulAssign + Add<i32, Output = T> + Mul<i32> + Mul<i32, Output = T>, i32: Mul<...
[INFO] [stdout]     | ----------------------------------------------------------------------------------------------------------------------------------------------- method in this implementation
[INFO] [stdout] ...
[INFO] [stdout] 175 |     fn get_last_layer_id(&self) ->  &Option<usize> {
[INFO] [stdout]     |        ^^^^^^^^^^^^^^^^^
[INFO] [stdout]     |
[INFO] [stdout]     = note: `#[warn(dead_code)]` on by default
[INFO] [stdout] 
[INFO] [stdout] 
[INFO] [stderr]     Finished `test` profile [unoptimized + debuginfo] target(s) in 2.75s
[INFO] running `Command { std: "docker" "inspect" "102885b4311651d49e612fe73c58b87f09a399a08c2c81bc69d1a5bf3db7b676", kill_on_drop: false }`
[INFO] running `Command { std: "docker" "rm" "-f" "102885b4311651d49e612fe73c58b87f09a399a08c2c81bc69d1a5bf3db7b676", kill_on_drop: false }`
[INFO] [stdout] 102885b4311651d49e612fe73c58b87f09a399a08c2c81bc69d1a5bf3db7b676
[INFO] running `Command { std: "docker" "create" "-v" "/var/lib/crater-agent-workspace/builds/worker-7-tc1/target:/opt/rustwide/target:rw,Z" "-v" "/var/lib/crater-agent-workspace/builds/worker-7-tc1/source:/opt/rustwide/workdir:ro,Z" "-v" "/var/lib/crater-agent-workspace/cargo-home:/opt/rustwide/cargo-home:ro,Z" "-v" "/var/lib/crater-agent-workspace/rustup-home:/opt/rustwide/rustup-home:ro,Z" "-e" "SOURCE_DIR=/opt/rustwide/workdir" "-e" "CARGO_TARGET_DIR=/opt/rustwide/target" "-e" "CARGO_INCREMENTAL=0" "-e" "RUST_BACKTRACE=full" "-e" "RUSTFLAGS=--cap-lints=warn" "-e" "RUSTDOCFLAGS=--cap-lints=warn" "-e" "CARGO_HOME=/opt/rustwide/cargo-home" "-e" "RUSTUP_HOME=/opt/rustwide/rustup-home" "-w" "/opt/rustwide/workdir" "-m" "1610612736" "--user" "0:0" "--network" "none" "ghcr.io/rust-lang/crates-build-env/linux@sha256:f3a9d4ad9d972b27faf3965f35b62e55ba32bbce8f20bc8fe909558a86702fde" "/opt/rustwide/cargo-home/bin/cargo" "+1.83.0" "test" "--frozen", kill_on_drop: false }`
[INFO] [stdout] 662efebcdd023165d5236606fe7ec86580636a09584ec11488e1c404bab08c3c
[INFO] running `Command { std: "docker" "start" "-a" "662efebcdd023165d5236606fe7ec86580636a09584ec11488e1c404bab08c3c", kill_on_drop: false }`
[INFO] [stderr] warning: unused import: `crate::tensor_library::layout::Layout::RowMajor`
[INFO] [stderr]  --> src/neural_network/nnet.rs:9:5
[INFO] [stderr]   |
[INFO] [stderr] 9 | use crate::tensor_library::layout::Layout::RowMajor;
[INFO] [stderr]   |     ^^^^^^^^^^^^^^^^^^^^^^^^^^^^^^^^^^^^^^^^^^^^^^^
[INFO] [stderr]   |
[INFO] [stderr]   = note: `#[warn(unused_imports)]` on by default
[INFO] [stderr] 
[INFO] [stderr] warning: unused imports: `multiply_1d`, `multiply_2d`, and `multiply_scalar`
[INFO] [stderr]   --> src/neural_network/nnet.rs:10:57
[INFO] [stderr]    |
[INFO] [stderr] 10 | use crate::tensor_library::matrix::{Matrix, MatrixIter, multiply_1d, multiply_2d, multiply_scalar, multiply_scalar_generic};
[INFO] [stderr]    |                                                         ^^^^^^^^^^^  ^^^^^^^^^^^  ^^^^^^^^^^^^^^^
[INFO] [stderr] 
[INFO] [stderr] warning: unnecessary parentheses around type
[INFO] [stderr]   --> src/neural_network/nnet.rs:88:59
[INFO] [stderr]    |
[INFO] [stderr] 88 |     pub fn forward(&mut self, input: Matrix<T>) -> Result<(Matrix<T>), &str>{
[INFO] [stderr]    |                                                           ^         ^
[INFO] [stderr]    |
[INFO] [stderr]    = note: `#[warn(unused_parens)]` on by default
[INFO] [stderr] help: remove these parentheses
[INFO] [stderr]    |
[INFO] [stderr] 88 -     pub fn forward(&mut self, input: Matrix<T>) -> Result<(Matrix<T>), &str>{
[INFO] [stderr] 88 +     pub fn forward(&mut self, input: Matrix<T>) -> Result<Matrix<T>, &str>{
[INFO] [stderr]    |
[INFO] [stderr] 
[INFO] [stderr] warning: unnecessary parentheses around function argument
[INFO] [stderr]    --> src/neural_network/nnet.rs:147:12
[INFO] [stderr]     |
[INFO] [stderr] 147 |         Ok((current_input))
[INFO] [stderr]     |            ^             ^
[INFO] [stderr]     |
[INFO] [stderr] help: remove these parentheses
[INFO] [stderr]     |
[INFO] [stderr] 147 -         Ok((current_input))
[INFO] [stderr] 147 +         Ok(current_input)
[INFO] [stderr]     |
[INFO] [stderr] 
[INFO] [stderr] warning: unused import: `crate::neural_network::test_layer::TestLayer`
[INFO] [stderr]  --> src/neural_network/layer_type.rs:3:5
[INFO] [stderr]   |
[INFO] [stderr] 3 | use crate::neural_network::test_layer::TestLayer;
[INFO] [stderr]   |     ^^^^^^^^^^^^^^^^^^^^^^^^^^^^^^^^^^^^^^^^^^^^
[INFO] [stderr] 
[INFO] [stderr] warning: unused variable: `parameters_set`
[INFO] [stderr]   --> src/cryptography/key_gen.rs:57:24
[INFO] [stderr]    |
[INFO] [stderr] 57 | pub fn custom_gen_keys(parameters_set: &Parameters) -> (ClientKey, ServerKey) {
[INFO] [stderr]    |                        ^^^^^^^^^^^^^^ help: if this is intentional, prefix it with an underscore: `_parameters_set`
[INFO] [stderr]    |
[INFO] [stderr]    = note: `#[warn(unused_variables)]` on by default
[INFO] [stderr] 
[INFO] [stderr] warning: unused variable: `weights`
[INFO] [stderr]   --> src/neural_network/nnet.rs:93:27
[INFO] [stderr]    |
[INFO] [stderr] 93 |         let (first_layer, weights, biases) = self.layers.get(&first_layer_id).unwrap();
[INFO] [stderr]    |                           ^^^^^^^ help: if this is intentional, prefix it with an underscore: `_weights`
[INFO] [stderr] 
[INFO] [stderr] warning: unused variable: `biases`
[INFO] [stderr]   --> src/neural_network/nnet.rs:93:36
[INFO] [stderr]    |
[INFO] [stderr] 93 |         let (first_layer, weights, biases) = self.layers.get(&first_layer_id).unwrap();
[INFO] [stderr]    |                                    ^^^^^^ help: if this is intentional, prefix it with an underscore: `_biases`
[INFO] [stderr] 
[INFO] [stderr] warning: unused variable: `idx`
[INFO] [stderr]    --> src/neural_network/nnet.rs:133:26
[INFO] [stderr]     |
[INFO] [stderr] 133 |                 for (el, idx) in iterator {
[INFO] [stderr]     |                          ^^^ help: if this is intentional, prefix it with an underscore: `_idx`
[INFO] [stderr] 
[INFO] [stderr] warning: unused variable: `a`
[INFO] [stderr]    --> src/neural_network/nnet.rs:107:24
[INFO] [stderr]     |
[INFO] [stderr] 107 |                 .map(|(a, b)| b.unwrap()).collect();
[INFO] [stderr]     |                        ^ help: if this is intentional, prefix it with an underscore: `_a`
[INFO] [stderr] 
[INFO] [stderr] warning: variable does not need to be mutable
[INFO] [stderr]    --> src/neural_network/nnet.rs:124:21
[INFO] [stderr]     |
[INFO] [stderr] 124 |                 let mut current_output_el = multiply_scalar_generic(weights_matrix.clone(), el.clone());
[INFO] [stderr]     |                     ----^^^^^^^^^^^^^^^^^
[INFO] [stderr]     |                     |
[INFO] [stderr]     |                     help: remove this `mut`
[INFO] [stderr]     |
[INFO] [stderr]     = note: `#[warn(unused_mut)]` on by default
[INFO] [stderr] 
[INFO] [stderr] warning: unused variable: `input`
[INFO] [stderr]   --> src/neural_network/test_layer.rs:16:27
[INFO] [stderr]    |
[INFO] [stderr] 16 |     fn forward(&mut self, input : Matrix<T>) -> Matrix<Self::CType> where <Self as Layer>::CType: Clone + Default {
[INFO] [stderr]    |                           ^^^^^ help: if this is intentional, prefix it with an underscore: `_input`
[INFO] [stderr] 
[INFO] [stderr] warning: variable does not need to be mutable
[INFO] [stderr]    --> src/tensor_library/matrix.rs:781:35
[INFO] [stderr]     |
[INFO] [stderr] 781 | pub fn multiply_scalar_generic<T>(mut lhs: Matrix<i32>, rhs: T) -> Matrix<T> where T: Clone + Default + Mul<i32, Output = T>, i32: Mul<T>{
[INFO] [stderr]     |                                   ----^^^
[INFO] [stderr]     |                                   |
[INFO] [stderr]     |                                   help: remove this `mut`
[INFO] [stderr] 
[INFO] [stderr] warning: method `get_last_layer_id` is never used
[INFO] [stderr]    --> src/neural_network/nnet.rs:175:8
[INFO] [stderr]     |
[INFO] [stderr] 21  | impl<T> Nnet<T> where T : Clone + Default + Debug + AddAssign + MulAssign + Add<i32, Output = T> + Mul<i32> + Mul<i32, Output = T>, i32: Mul<...
[INFO] [stderr]     | ----------------------------------------------------------------------------------------------------------------------------------------------- method in this implementation
[INFO] [stderr] ...
[INFO] [stderr] 175 |     fn get_last_layer_id(&self) ->  &Option<usize> {
[INFO] [stderr]     |        ^^^^^^^^^^^^^^^^^
[INFO] [stderr]     |
[INFO] [stderr]     = note: `#[warn(dead_code)]` on by default
[INFO] [stderr] 
[INFO] [stderr] warning: `Cryptonic` (lib) generated 14 warnings (run `cargo fix --lib -p Cryptonic` to apply 7 suggestions)
[INFO] [stderr] warning: `Cryptonic` (lib test) generated 14 warnings (14 duplicates)
[INFO] [stderr]     Finished `test` profile [unoptimized + debuginfo] target(s) in 0.06s
[INFO] [stderr]      Running unittests src/lib.rs (/opt/rustwide/target/debug/deps/Cryptonic-cd1a4c6e147b99d4)
[INFO] [stdout] 
[INFO] [stdout] running 0 tests
[INFO] [stdout] 
[INFO] [stdout] test result: ok. 0 passed; 0 failed; 0 ignored; 0 measured; 0 filtered out; finished in 0.00s
[INFO] [stdout] 
[INFO] [stderr]      Running unittests src/main.rs (/opt/rustwide/target/debug/deps/Cryptonic-4e4fcd90d3272533)
[INFO] [stdout] 
[INFO] [stdout] running 0 tests
[INFO] [stdout] 
[INFO] [stdout] test result: ok. 0 passed; 0 failed; 0 ignored; 0 measured; 0 filtered out; finished in 0.00s
[INFO] [stdout] 
[INFO] [stderr]      Running tests/tests.rs (/opt/rustwide/target/debug/deps/tests-ead1917bb68c11ef)
[INFO] [stdout] 
[INFO] [stdout] running 26 tests
[INFO] [stdout] test test_matrix_functionality::test_add ... ok
[INFO] [stdout] test test_matrix_functionality::test_col_major_gen ... ok
[INFO] [stdout] test test_matrix_functionality::test_apply_mut ... ok
[INFO] [stdout] test test_matrix_functionality::test_concat ... ok
[INFO] [stdout] test test_matrix_functionality::test_get ... ok
[INFO] [stdout] test test_matrix_functionality::test_bound_check ... ok
[INFO] [stdout] test test_matrix_functionality::test_if_concat_throws_error_when_dimensions_are_incompatible ... ok
[INFO] [stdout] test test_matrix_functionality::test_get_physical_idx ... ok
[INFO] [stdout] test test_matrix_functionality::test_check_concat_dims ... ok
[INFO] [stdout] test test_matrix_functionality::test_broadcasting ... ok
[INFO] [stdout] test test_matrix_functionality::test_apply ... ok
[INFO] [stdout] test test_matrix_functionality::test_if_add_throws_error_when_bounds_are_incompatible ... ok
[INFO] [stdout] test test_matrix_functionality::test_calc_next_idx ... ok
[INFO] [stdout] test test_matrix_functionality::test_flatten ... ok
[INFO] [stdout] test test_matrix_functionality::test_get_mut ... ok
[INFO] [stdout] test test_matrix_functionality::test_strides ... ok
[INFO] [stdout] test test_matrix_functionality::test_reshape ... ok
[INFO] [stdout] test test_matrix_functionality::test_subtract ... ok
[INFO] [stdout] test test_matrix_functionality::test_transpose ... ok
[INFO] [stdout] test test_matrix_functionality::test_row_major_gen ... ok
[INFO] [stdout] test test_matrix_functionality::test_set ... ok
[INFO] [stdout] test test_matrix_functionality::test_if_subtract_throws_error_when_bounds_are_incompatible ... ok
[INFO] [stdout] test test_matrix_functionality::test_shape ... ok
[INFO] [stdout] test test_matrix_functionality::test_mul_2d ... ok
[INFO] [stdout] test test_matrix_functionality::test_size_calc ... ok
[INFO] [stdout] test test_matrix_functionality::test_iter ... ok
[INFO] [stdout] 
[INFO] [stdout] test result: ok. 26 passed; 0 failed; 0 ignored; 0 measured; 0 filtered out; finished in 0.02s
[INFO] [stdout] 
[INFO] [stderr]    Doc-tests Cryptonic
[INFO] [stderr] warning: unnecessary parentheses around type
[INFO] [stderr]   --> src/neural_network/nnet.rs:88:59
[INFO] [stderr]    |
[INFO] [stderr] 88 |     pub fn forward(&mut self, input: Matrix<T>) -> Result<(Matrix<T>), &str>{
[INFO] [stderr]    |                                                           ^         ^
[INFO] [stderr]    |
[INFO] [stderr]    = note: `#[warn(unused_parens)]` on by default
[INFO] [stderr] help: remove these parentheses
[INFO] [stderr]    |
[INFO] [stderr] 88 -     pub fn forward(&mut self, input: Matrix<T>) -> Result<(Matrix<T>), &str>{
[INFO] [stderr] 88 +     pub fn forward(&mut self, input: Matrix<T>) -> Result<Matrix<T>, &str>{
[INFO] [stderr]    |
[INFO] [stderr] 
[INFO] [stderr] warning: unnecessary parentheses around function argument
[INFO] [stderr]    --> src/neural_network/nnet.rs:147:12
[INFO] [stderr]     |
[INFO] [stderr] 147 |         Ok((current_input))
[INFO] [stderr]     |            ^             ^
[INFO] [stderr]     |
[INFO] [stderr] help: remove these parentheses
[INFO] [stderr]     |
[INFO] [stderr] 147 -         Ok((current_input))
[INFO] [stderr] 147 +         Ok(current_input)
[INFO] [stderr]     |
[INFO] [stderr] 
[INFO] [stderr] warning: 2 warnings emitted
[INFO] [stderr] 
[INFO] [stdout] 
[INFO] [stdout] running 32 tests
[INFO] [stdout] test src/neural_network/nnet.rs - neural_network::nnet::Nnet<T>::add_node (line 51) ... FAILED
[INFO] [stdout] test src/neural_network/nnet.rs - neural_network::nnet::Nnet<T>::add_layer (line 32) ... FAILED
[INFO] [stdout] test src/tensor_library/matrix.rs - tensor_library::matrix::Matrix<T>::from_iter (line 48) ... FAILED
[INFO] [stdout] test src/tensor_library/matrix.rs - tensor_library::matrix::AddRetType (line 670) ... FAILED
[INFO] [stdout] test src/tensor_library/matrix.rs - tensor_library::matrix::Matrix<T>::check_bounds (line 214) ... FAILED
[INFO] [stdout] test src/tensor_library/matrix.rs - tensor_library::matrix::BroadcastRetType (line 448) ... FAILED
[INFO] [stdout] test src/tensor_library/matrix.rs - tensor_library::matrix::Matrix<T>::size (line 105) ... FAILED
[INFO] [stdout] test src/tensor_library/matrix.rs - tensor_library::matrix::Matrix<T>::reshape (line 131) ... FAILED
[INFO] [stdout] test src/tensor_library/matrix.rs - tensor_library::matrix::Matrix<T>::set_strides (line 176) ... FAILED
[INFO] [stdout] test src/cryptography/key_gen.rs - cryptography::key_gen::get_modulus (line 65) ... FAILED
[INFO] [stdout] test src/tensor_library/matrix.rs - tensor_library::matrix::Matrix<T>::flatten (line 422) ... FAILED
[INFO] [stdout] test src/cryptography/key_gen.rs - cryptography::key_gen::custom_gen_keys (line 30) ... FAILED
[INFO] [stdout] test src/tensor_library/matrix.rs - tensor_library::matrix::Matrix<T>::new (line 29) ... FAILED
[INFO] [stdout] test src/tensor_library/matrix.rs - tensor_library::matrix::Matrix<T>::set (line 308) ... FAILED
[INFO] [stdout] test src/tensor_library/utils.rs - tensor_library::utils::calc_size_from_shape (line 37) ... FAILED
[INFO] [stdout] test src/tensor_library/utils.rs - tensor_library::utils::calc_concat_shape (line 81) ... FAILED
[INFO] [stdout] test src/tensor_library/matrix.rs - tensor_library::matrix::ConcatRetType (line 520) ... FAILED
[INFO] [stdout] test src/tensor_library/utils.rs - tensor_library::utils::calc_strides_from_shape (line 7) ... FAILED
[INFO] [stdout] test src/tensor_library/utils.rs - tensor_library::utils::check_concat_dims (line 51) ... FAILED
[INFO] [stdout] test src/tensor_library/matrix.rs - tensor_library::matrix::Matrix<T>::set_shape (line 192) ... FAILED
[INFO] [stdout] test src/tensor_library/matrix.rs - tensor_library::matrix::Matrix<T>::apply (line 357) ... FAILED
[INFO] [stdout] test src/tensor_library/matrix.rs - tensor_library::matrix::Matrix<T>::get (line 264) ... FAILED
[INFO] [stdout] test src/tensor_library/matrix.rs - tensor_library::matrix::Matrix<T>::apply_mut (line 377) ... FAILED
[INFO] [stdout] test src/tensor_library/matrix.rs - tensor_library::matrix::Matrix<T>::get_physical_idx (line 237) ... FAILED
[INFO] [stdout] test src/tensor_library/matrix.rs - tensor_library::matrix::Matrix<T>::transpose (line 399) ... ok
[INFO] [stdout] test src/tensor_library/matrix.rs - tensor_library::matrix::Matrix<T>::strides (line 155) ... ok
[INFO] [stdout] test src/tensor_library/matrix.rs - tensor_library::matrix::MulRetType1D (line 961) ... ok
[INFO] [stdout] test src/tensor_library/matrix.rs - tensor_library::matrix::Matrix<T>::shape (line 118) ... ok
[INFO] [stdout] test src/tensor_library/matrix.rs - tensor_library::matrix::Matrix<T>::strides (line 161) ... ok
[INFO] [stdout] test src/tensor_library/matrix.rs - tensor_library::matrix::MulRetType2D (line 888) ... ok
[INFO] [stdout] test src/tensor_library/matrix.rs - tensor_library::matrix::multiply_scalar (line 748) ... ok
[INFO] [stdout] test src/tensor_library/matrix.rs - tensor_library::matrix::SubRetType (line 595) ... ok
[INFO] [stdout] 
[INFO] [stdout] failures:
[INFO] [stdout] 
[INFO] [stdout] ---- src/neural_network/nnet.rs - neural_network::nnet::Nnet<T>::add_node (line 51) stdout ----
[INFO] [stdout] error[E0432]: unresolved import `Cryptonic::layers`
[INFO] [stdout]  --> src/neural_network/nnet.rs:53:16
[INFO] [stdout]   |
[INFO] [stdout] 5 | use Cryptonic::layers::dense_layer;
[INFO] [stdout]   |                ^^^^^^ could not find `layers` in `Cryptonic`
[INFO] [stdout] 
[INFO] [stdout] error[E0432]: unresolved import `Cryptonic::nnet`
[INFO] [stdout]  --> src/neural_network/nnet.rs:55:17
[INFO] [stdout]   |
[INFO] [stdout] 7 |  use Cryptonic::nnet::Nnet;
[INFO] [stdout]   |                 ^^^^ could not find `nnet` in `Cryptonic`
[INFO] [stdout] 
[INFO] [stdout] error: aborting due to 2 previous errors
[INFO] [stdout] 
[INFO] [stdout] For more information about this error, try `rustc --explain E0432`.
[INFO] [stdout] Couldn't compile the test.
[INFO] [stdout] ---- src/neural_network/nnet.rs - neural_network::nnet::Nnet<T>::add_layer (line 32) stdout ----
[INFO] [stdout] error[E0432]: unresolved import `Cryptonic::layers`
[INFO] [stdout]  --> src/neural_network/nnet.rs:34:16
[INFO] [stdout]   |
[INFO] [stdout] 5 | use Cryptonic::layers::dense_layer;
[INFO] [stdout]   |                ^^^^^^ could not find `layers` in `Cryptonic`
[INFO] [stdout] 
[INFO] [stdout] error: aborting due to 1 previous error
[INFO] [stdout] 
[INFO] [stdout] For more information about this error, try `rustc --explain E0432`.
[INFO] [stdout] Couldn't compile the test.
[INFO] [stdout] ---- src/tensor_library/matrix.rs - tensor_library::matrix::Matrix<T>::from_iter (line 48) stdout ----
[INFO] [stdout] error[E0432]: unresolved imports `Cryptonic::matrix`, `Cryptonic::layout`
[INFO] [stdout]  --> src/tensor_library/matrix.rs:50:17
[INFO] [stdout]   |
[INFO] [stdout] 5 | use Cryptonic::{matrix::Matrix, layout::Layout};
[INFO] [stdout]   |                 ^^^^^^          ^^^^^^ could not find `layout` in `Cryptonic`
[INFO] [stdout]   |                 |
[INFO] [stdout]   |                 could not find `matrix` in `Cryptonic`
[INFO] [stdout] 
[INFO] [stdout] error: aborting due to 1 previous error
[INFO] [stdout] 
[INFO] [stdout] For more information about this error, try `rustc --explain E0432`.
[INFO] [stdout] Couldn't compile the test.
[INFO] [stdout] ---- src/tensor_library/matrix.rs - tensor_library::matrix::AddRetType (line 670) stdout ----
[INFO] [stdout] error: linking with `cc` failed: exit status: 1
[INFO] [stdout]   |
[INFO] [stdout]   = note: LC_ALL="C" PATH="/opt/rustwide/rustup-home/toolchains/1.83.0-x86_64-unknown-linux-gnu/lib/rustlib/x86_64-unknown-linux-gnu/bin:/opt/rustwide/cargo-home/bin:/usr/local/sbin:/usr/local/bin:/usr/sbin:/usr/bin:/sbin:/bin" VSLANG="1033" "cc" "-m64" "/tmp/rustc37A2wk/symbols.o" "/tmp/rustdoctestvM7Rn8/rust_out.rust_out.cb03291d53e4e161-cgu.0.rcgu.o" "/tmp/rustdoctestvM7Rn8/rust_out.1s7umcihpz0t7nkz1uc2ifee9.rcgu.o" "-Wl,--as-needed" "-Wl,-Bstatic" "/opt/rustwide/target/debug/deps/libCryptonic-da78d46a47fb246d.rlib" "/opt/rustwide/target/debug/deps/libtfhe-82a240f6cdd5a8dc.rlib" "/opt/rustwide/target/debug/deps/libitertools-fc6d08a0a8144e88.rlib" "/opt/rustwide/target/debug/deps/libbincode-cfe8cf316527e34a.rlib" "/opt/rustwide/target/debug/deps/libonce_cell-71d881f1d476ef10.rlib" "/opt/rustwide/target/debug/deps/libconcrete_csprng-2dcea919070b09f8.rlib" "/opt/rustwide/target/debug/deps/libaes-1fea785a541d6265.rlib" "/opt/rustwide/target/debug/deps/libcpufeatures-b8f04b3eb3416634.rlib" "/opt/rustwide/target/debug/deps/libcipher-602408152c4eede6.rlib" "/opt/rustwide/target/debug/deps/libinout-d3337d4bb9170d25.rlib" "/opt/rustwide/target/debug/deps/libcrypto_common-d4724082b94b0a72.rlib" "/opt/rustwide/target/debug/deps/libgeneric_array-004faa9989cf7017.rlib" "/opt/rustwide/target/debug/deps/libtypenum-4270f7746c51f4e6.rlib" "/opt/rustwide/target/debug/deps/librayon-f7b7433d22be5651.rlib" "/opt/rustwide/target/debug/deps/librayon_core-8bcbb441be29d313.rlib" "/opt/rustwide/target/debug/deps/libnum_cpus-5d67928e31f4d575.rlib" "/opt/rustwide/target/debug/deps/liblibc-87cd0e32cc8691e2.rlib" "/opt/rustwide/target/debug/deps/libcrossbeam_deque-40fcd893feff8c47.rlib" "/opt/rustwide/target/debug/deps/libcrossbeam_epoch-958f53a31bd4dd61.rlib" "/opt/rustwide/target/debug/deps/libmemoffset-0ad4b5de2bf516d5.rlib" "/opt/rustwide/target/debug/deps/libscopeguard-158c5911326f9fbb.rlib" "/opt/rustwide/target/debug/deps/libcrossbeam_channel-1cfdcc34b633cf8e.rlib" "/opt/rustwide/target/debug/deps/libcrossbeam_utils-5055aadc9943bd82.rlib" "/opt/rustwide/target/debug/deps/libcfg_if-8217498f8667ada9.rlib" "/opt/rustwide/target/debug/deps/libeither-ba7d27565d5d6c91.rlib" "/opt/rustwide/target/debug/deps/libconcrete_fft-e0645bfb7728b0c4.rlib" "/opt/rustwide/target/debug/deps/libdyn_stack-0ddc82b68ad3a590.rlib" "/opt/rustwide/target/debug/deps/libreborrow-764ec36f24157938.rlib" "/opt/rustwide/target/debug/deps/libaligned_vec-28310f598b7ab4f8.rlib" "/opt/rustwide/target/debug/deps/libnum_complex-6358dea832a160d5.rlib" "/opt/rustwide/target/debug/deps/libnum_traits-d737ff11dbbcab3e.rlib" "/opt/rustwide/target/debug/deps/libserde-dafdc0dcb247440c.rlib" "/opt/rustwide/rustup-home/toolchains/1.83.0-x86_64-unknown-linux-gnu/lib/rustlib/x86_64-unknown-linux-gnu/lib/libstd-ca74a2d9c5166d9f.rlib" "/opt/rustwide/rustup-home/toolchains/1.83.0-x86_64-unknown-linux-gnu/lib/rustlib/x86_64-unknown-linux-gnu/lib/libpanic_unwind-e31ab23316ed5080.rlib" "/opt/rustwide/rustup-home/toolchains/1.83.0-x86_64-unknown-linux-gnu/lib/rustlib/x86_64-unknown-linux-gnu/lib/libobject-27dc4aa955912662.rlib" "/opt/rustwide/rustup-home/toolchains/1.83.0-x86_64-unknown-linux-gnu/lib/rustlib/x86_64-unknown-linux-gnu/lib/libmemchr-bd0d6cccce077b99.rlib" "/opt/rustwide/rustup-home/toolchains/1.83.0-x86_64-unknown-linux-gnu/lib/rustlib/x86_64-unknown-linux-gnu/lib/libaddr2line-8d001680935b5e3c.rlib" "/opt/rustwide/rustup-home/toolchains/1.83.0-x86_64-unknown-linux-gnu/lib/rustlib/x86_64-unknown-linux-gnu/lib/libgimli-ba8ce71964f984f4.rlib" "/opt/rustwide/rustup-home/toolchains/1.83.0-x86_64-unknown-linux-gnu/lib/rustlib/x86_64-unknown-linux-gnu/lib/librustc_demangle-99a73526abcec14b.rlib" "/opt/rustwide/rustup-home/toolchains/1.83.0-x86_64-unknown-linux-gnu/lib/rustlib/x86_64-unknown-linux-gnu/lib/libstd_detect-63ac0d22cff92579.rlib" "/opt/rustwide/rustup-home/toolchains/1.83.0-x86_64-unknown-linux-gnu/lib/rustlib/x86_64-unknown-linux-gnu/lib/libhashbrown-9057355c92c922d5.rlib" "/opt/rustwide/rustup-home/toolchains/1.83.0-x86_64-unknown-linux-gnu/lib/rustlib/x86_64-unknown-linux-gnu/lib/librustc_std_workspace_alloc-358be9bc1f6bab04.rlib" "/opt/rustwide/rustup-home/toolchains/1.83.0-x86_64-unknown-linux-gnu/lib/rustlib/x86_64-unknown-linux-gnu/lib/libminiz_oxide-aca15549d5bff974.rlib" "/opt/rustwide/rustup-home/toolchains/1.83.0-x86_64-unknown-linux-gnu/lib/rustlib/x86_64-unknown-linux-gnu/lib/libadler-8251d2cef7072448.rlib" "/opt/rustwide/rustup-home/toolchains/1.83.0-x86_64-unknown-linux-gnu/lib/rustlib/x86_64-unknown-linux-gnu/lib/libunwind-7d50b86011c66411.rlib" "/opt/rustwide/rustup-home/toolchains/1.83.0-x86_64-unknown-linux-gnu/lib/rustlib/x86_64-unknown-linux-gnu/lib/libcfg_if-51ea098fce5006bf.rlib" "/opt/rustwide/rustup-home/toolchains/1.83.0-x86_64-unknown-linux-gnu/lib/rustlib/x86_64-unknown-linux-gnu/lib/liblibc-5a14e0d0b712e731.rlib" "/opt/rustwide/rustup-home/toolchains/1.83.0-x86_64-unknown-linux-gnu/lib/rustlib/x86_64-unknown-linux-gnu/lib/liballoc-8b83dbf3a7b8f999.rlib" "/opt/rustwide/rustup-home/toolchains/1.83.0-x86_64-unknown-linux-gnu/lib/rustlib/x86_64-unknown-linux-gnu/lib/librustc_std_workspace_core-c6fd227bdc7b39ff.rlib" "/opt/rustwide/rustup-home/toolchains/1.83.0-x86_64-unknown-linux-gnu/lib/rustlib/x86_64-unknown-linux-gnu/lib/libcore-959d3389fa3da8a5.rlib" "/opt/rustwide/rustup-home/toolchains/1.83.0-x86_64-unknown-linux-gnu/lib/rustlib/x86_64-unknown-linux-gnu/lib/libcompiler_builtins-abe05db089cc2c62.rlib" "-Wl,-Bdynamic" "-lgcc_s" "-lutil" "-lrt" "-lpthread" "-lm" "-ldl" "-lc" "-Wl,--eh-frame-hdr" "-Wl,-z,noexecstack" "-L" "/opt/rustwide/rustup-home/toolchains/1.83.0-x86_64-unknown-linux-gnu/lib/rustlib/x86_64-unknown-linux-gnu/lib" "-o" "/tmp/rustdoctestvM7Rn8/rust_out" "-Wl,--gc-sections" "-pie" "-Wl,-z,relro,-z,now" "-nodefaultlibs"
[INFO] [stdout]   = note: collect2: fatal error: ld terminated with signal 9 [Killed]
[INFO] [stdout]           compilation terminated.
[INFO] [stdout]           
[INFO] [stdout] 
[INFO] [stdout] error: aborting due to 1 previous error
[INFO] [stdout] 
[INFO] [stdout] Couldn't compile the test.
[INFO] [stdout] ---- src/tensor_library/matrix.rs - tensor_library::matrix::Matrix<T>::check_bounds (line 214) stdout ----
[INFO] [stdout] error: linking with `cc` failed: exit status: 1
[INFO] [stdout]   |
[INFO] [stdout]   = note: LC_ALL="C" PATH="/opt/rustwide/rustup-home/toolchains/1.83.0-x86_64-unknown-linux-gnu/lib/rustlib/x86_64-unknown-linux-gnu/bin:/opt/rustwide/cargo-home/bin:/usr/local/sbin:/usr/local/bin:/usr/sbin:/usr/bin:/sbin:/bin" VSLANG="1033" "cc" "-m64" "/tmp/rustcWlEYKp/symbols.o" "/tmp/rustdoctestMHoeuq/rust_out.rust_out.cb03291d53e4e161-cgu.0.rcgu.o" "/tmp/rustdoctestMHoeuq/rust_out.1s7umcihpz0t7nkz1uc2ifee9.rcgu.o" "-Wl,--as-needed" "-Wl,-Bstatic" "/opt/rustwide/target/debug/deps/libCryptonic-da78d46a47fb246d.rlib" "/opt/rustwide/target/debug/deps/libtfhe-82a240f6cdd5a8dc.rlib" "/opt/rustwide/target/debug/deps/libitertools-fc6d08a0a8144e88.rlib" "/opt/rustwide/target/debug/deps/libbincode-cfe8cf316527e34a.rlib" "/opt/rustwide/target/debug/deps/libonce_cell-71d881f1d476ef10.rlib" "/opt/rustwide/target/debug/deps/libconcrete_csprng-2dcea919070b09f8.rlib" "/opt/rustwide/target/debug/deps/libaes-1fea785a541d6265.rlib" "/opt/rustwide/target/debug/deps/libcpufeatures-b8f04b3eb3416634.rlib" "/opt/rustwide/target/debug/deps/libcipher-602408152c4eede6.rlib" "/opt/rustwide/target/debug/deps/libinout-d3337d4bb9170d25.rlib" "/opt/rustwide/target/debug/deps/libcrypto_common-d4724082b94b0a72.rlib" "/opt/rustwide/target/debug/deps/libgeneric_array-004faa9989cf7017.rlib" "/opt/rustwide/target/debug/deps/libtypenum-4270f7746c51f4e6.rlib" "/opt/rustwide/target/debug/deps/librayon-f7b7433d22be5651.rlib" "/opt/rustwide/target/debug/deps/librayon_core-8bcbb441be29d313.rlib" "/opt/rustwide/target/debug/deps/libnum_cpus-5d67928e31f4d575.rlib" "/opt/rustwide/target/debug/deps/liblibc-87cd0e32cc8691e2.rlib" "/opt/rustwide/target/debug/deps/libcrossbeam_deque-40fcd893feff8c47.rlib" "/opt/rustwide/target/debug/deps/libcrossbeam_epoch-958f53a31bd4dd61.rlib" "/opt/rustwide/target/debug/deps/libmemoffset-0ad4b5de2bf516d5.rlib" "/opt/rustwide/target/debug/deps/libscopeguard-158c5911326f9fbb.rlib" "/opt/rustwide/target/debug/deps/libcrossbeam_channel-1cfdcc34b633cf8e.rlib" "/opt/rustwide/target/debug/deps/libcrossbeam_utils-5055aadc9943bd82.rlib" "/opt/rustwide/target/debug/deps/libcfg_if-8217498f8667ada9.rlib" "/opt/rustwide/target/debug/deps/libeither-ba7d27565d5d6c91.rlib" "/opt/rustwide/target/debug/deps/libconcrete_fft-e0645bfb7728b0c4.rlib" "/opt/rustwide/target/debug/deps/libdyn_stack-0ddc82b68ad3a590.rlib" "/opt/rustwide/target/debug/deps/libreborrow-764ec36f24157938.rlib" "/opt/rustwide/target/debug/deps/libaligned_vec-28310f598b7ab4f8.rlib" "/opt/rustwide/target/debug/deps/libnum_complex-6358dea832a160d5.rlib" "/opt/rustwide/target/debug/deps/libnum_traits-d737ff11dbbcab3e.rlib" "/opt/rustwide/target/debug/deps/libserde-dafdc0dcb247440c.rlib" "/opt/rustwide/rustup-home/toolchains/1.83.0-x86_64-unknown-linux-gnu/lib/rustlib/x86_64-unknown-linux-gnu/lib/libstd-ca74a2d9c5166d9f.rlib" "/opt/rustwide/rustup-home/toolchains/1.83.0-x86_64-unknown-linux-gnu/lib/rustlib/x86_64-unknown-linux-gnu/lib/libpanic_unwind-e31ab23316ed5080.rlib" "/opt/rustwide/rustup-home/toolchains/1.83.0-x86_64-unknown-linux-gnu/lib/rustlib/x86_64-unknown-linux-gnu/lib/libobject-27dc4aa955912662.rlib" "/opt/rustwide/rustup-home/toolchains/1.83.0-x86_64-unknown-linux-gnu/lib/rustlib/x86_64-unknown-linux-gnu/lib/libmemchr-bd0d6cccce077b99.rlib" "/opt/rustwide/rustup-home/toolchains/1.83.0-x86_64-unknown-linux-gnu/lib/rustlib/x86_64-unknown-linux-gnu/lib/libaddr2line-8d001680935b5e3c.rlib" "/opt/rustwide/rustup-home/toolchains/1.83.0-x86_64-unknown-linux-gnu/lib/rustlib/x86_64-unknown-linux-gnu/lib/libgimli-ba8ce71964f984f4.rlib" "/opt/rustwide/rustup-home/toolchains/1.83.0-x86_64-unknown-linux-gnu/lib/rustlib/x86_64-unknown-linux-gnu/lib/librustc_demangle-99a73526abcec14b.rlib" "/opt/rustwide/rustup-home/toolchains/1.83.0-x86_64-unknown-linux-gnu/lib/rustlib/x86_64-unknown-linux-gnu/lib/libstd_detect-63ac0d22cff92579.rlib" "/opt/rustwide/rustup-home/toolchains/1.83.0-x86_64-unknown-linux-gnu/lib/rustlib/x86_64-unknown-linux-gnu/lib/libhashbrown-9057355c92c922d5.rlib" "/opt/rustwide/rustup-home/toolchains/1.83.0-x86_64-unknown-linux-gnu/lib/rustlib/x86_64-unknown-linux-gnu/lib/librustc_std_workspace_alloc-358be9bc1f6bab04.rlib" "/opt/rustwide/rustup-home/toolchains/1.83.0-x86_64-unknown-linux-gnu/lib/rustlib/x86_64-unknown-linux-gnu/lib/libminiz_oxide-aca15549d5bff974.rlib" "/opt/rustwide/rustup-home/toolchains/1.83.0-x86_64-unknown-linux-gnu/lib/rustlib/x86_64-unknown-linux-gnu/lib/libadler-8251d2cef7072448.rlib" "/opt/rustwide/rustup-home/toolchains/1.83.0-x86_64-unknown-linux-gnu/lib/rustlib/x86_64-unknown-linux-gnu/lib/libunwind-7d50b86011c66411.rlib" "/opt/rustwide/rustup-home/toolchains/1.83.0-x86_64-unknown-linux-gnu/lib/rustlib/x86_64-unknown-linux-gnu/lib/libcfg_if-51ea098fce5006bf.rlib" "/opt/rustwide/rustup-home/toolchains/1.83.0-x86_64-unknown-linux-gnu/lib/rustlib/x86_64-unknown-linux-gnu/lib/liblibc-5a14e0d0b712e731.rlib" "/opt/rustwide/rustup-home/toolchains/1.83.0-x86_64-unknown-linux-gnu/lib/rustlib/x86_64-unknown-linux-gnu/lib/liballoc-8b83dbf3a7b8f999.rlib" "/opt/rustwide/rustup-home/toolchains/1.83.0-x86_64-unknown-linux-gnu/lib/rustlib/x86_64-unknown-linux-gnu/lib/librustc_std_workspace_core-c6fd227bdc7b39ff.rlib" "/opt/rustwide/rustup-home/toolchains/1.83.0-x86_64-unknown-linux-gnu/lib/rustlib/x86_64-unknown-linux-gnu/lib/libcore-959d3389fa3da8a5.rlib" "/opt/rustwide/rustup-home/toolchains/1.83.0-x86_64-unknown-linux-gnu/lib/rustlib/x86_64-unknown-linux-gnu/lib/libcompiler_builtins-abe05db089cc2c62.rlib" "-Wl,-Bdynamic" "-lgcc_s" "-lutil" "-lrt" "-lpthread" "-lm" "-ldl" "-lc" "-Wl,--eh-frame-hdr" "-Wl,-z,noexecstack" "-L" "/opt/rustwide/rustup-home/toolchains/1.83.0-x86_64-unknown-linux-gnu/lib/rustlib/x86_64-unknown-linux-gnu/lib" "-o" "/tmp/rustdoctestMHoeuq/rust_out" "-Wl,--gc-sections" "-pie" "-Wl,-z,relro,-z,now" "-nodefaultlibs"
[INFO] [stdout]   = note: collect2: fatal error: ld terminated with signal 9 [Killed]
[INFO] [stdout]           compilation terminated.
[INFO] [stdout]           
[INFO] [stdout] 
[INFO] [stdout] error: aborting due to 1 previous error
[INFO] [stdout] 
[INFO] [stdout] Couldn't compile the test.
[INFO] [stdout] ---- src/tensor_library/matrix.rs - tensor_library::matrix::BroadcastRetType (line 448) stdout ----
[INFO] [stdout] error: linking with `cc` failed: exit status: 1
[INFO] [stdout]   |
[INFO] [stdout]   = note: LC_ALL="C" PATH="/opt/rustwide/rustup-home/toolchains/1.83.0-x86_64-unknown-linux-gnu/lib/rustlib/x86_64-unknown-linux-gnu/bin:/opt/rustwide/cargo-home/bin:/usr/local/sbin:/usr/local/bin:/usr/sbin:/usr/bin:/sbin:/bin" VSLANG="1033" "cc" "-m64" "/tmp/rustc0Vnpzz/symbols.o" "/tmp/rustdoctestHE8y0U/rust_out.rust_out.cb03291d53e4e161-cgu.0.rcgu.o" "/tmp/rustdoctestHE8y0U/rust_out.1s7umcihpz0t7nkz1uc2ifee9.rcgu.o" "-Wl,--as-needed" "-Wl,-Bstatic" "/opt/rustwide/target/debug/deps/libCryptonic-da78d46a47fb246d.rlib" "/opt/rustwide/target/debug/deps/libtfhe-82a240f6cdd5a8dc.rlib" "/opt/rustwide/target/debug/deps/libitertools-fc6d08a0a8144e88.rlib" "/opt/rustwide/target/debug/deps/libbincode-cfe8cf316527e34a.rlib" "/opt/rustwide/target/debug/deps/libonce_cell-71d881f1d476ef10.rlib" "/opt/rustwide/target/debug/deps/libconcrete_csprng-2dcea919070b09f8.rlib" "/opt/rustwide/target/debug/deps/libaes-1fea785a541d6265.rlib" "/opt/rustwide/target/debug/deps/libcpufeatures-b8f04b3eb3416634.rlib" "/opt/rustwide/target/debug/deps/libcipher-602408152c4eede6.rlib" "/opt/rustwide/target/debug/deps/libinout-d3337d4bb9170d25.rlib" "/opt/rustwide/target/debug/deps/libcrypto_common-d4724082b94b0a72.rlib" "/opt/rustwide/target/debug/deps/libgeneric_array-004faa9989cf7017.rlib" "/opt/rustwide/target/debug/deps/libtypenum-4270f7746c51f4e6.rlib" "/opt/rustwide/target/debug/deps/librayon-f7b7433d22be5651.rlib" "/opt/rustwide/target/debug/deps/librayon_core-8bcbb441be29d313.rlib" "/opt/rustwide/target/debug/deps/libnum_cpus-5d67928e31f4d575.rlib" "/opt/rustwide/target/debug/deps/liblibc-87cd0e32cc8691e2.rlib" "/opt/rustwide/target/debug/deps/libcrossbeam_deque-40fcd893feff8c47.rlib" "/opt/rustwide/target/debug/deps/libcrossbeam_epoch-958f53a31bd4dd61.rlib" "/opt/rustwide/target/debug/deps/libmemoffset-0ad4b5de2bf516d5.rlib" "/opt/rustwide/target/debug/deps/libscopeguard-158c5911326f9fbb.rlib" "/opt/rustwide/target/debug/deps/libcrossbeam_channel-1cfdcc34b633cf8e.rlib" "/opt/rustwide/target/debug/deps/libcrossbeam_utils-5055aadc9943bd82.rlib" "/opt/rustwide/target/debug/deps/libcfg_if-8217498f8667ada9.rlib" "/opt/rustwide/target/debug/deps/libeither-ba7d27565d5d6c91.rlib" "/opt/rustwide/target/debug/deps/libconcrete_fft-e0645bfb7728b0c4.rlib" "/opt/rustwide/target/debug/deps/libdyn_stack-0ddc82b68ad3a590.rlib" "/opt/rustwide/target/debug/deps/libreborrow-764ec36f24157938.rlib" "/opt/rustwide/target/debug/deps/libaligned_vec-28310f598b7ab4f8.rlib" "/opt/rustwide/target/debug/deps/libnum_complex-6358dea832a160d5.rlib" "/opt/rustwide/target/debug/deps/libnum_traits-d737ff11dbbcab3e.rlib" "/opt/rustwide/target/debug/deps/libserde-dafdc0dcb247440c.rlib" "/opt/rustwide/rustup-home/toolchains/1.83.0-x86_64-unknown-linux-gnu/lib/rustlib/x86_64-unknown-linux-gnu/lib/libstd-ca74a2d9c5166d9f.rlib" "/opt/rustwide/rustup-home/toolchains/1.83.0-x86_64-unknown-linux-gnu/lib/rustlib/x86_64-unknown-linux-gnu/lib/libpanic_unwind-e31ab23316ed5080.rlib" "/opt/rustwide/rustup-home/toolchains/1.83.0-x86_64-unknown-linux-gnu/lib/rustlib/x86_64-unknown-linux-gnu/lib/libobject-27dc4aa955912662.rlib" "/opt/rustwide/rustup-home/toolchains/1.83.0-x86_64-unknown-linux-gnu/lib/rustlib/x86_64-unknown-linux-gnu/lib/libmemchr-bd0d6cccce077b99.rlib" "/opt/rustwide/rustup-home/toolchains/1.83.0-x86_64-unknown-linux-gnu/lib/rustlib/x86_64-unknown-linux-gnu/lib/libaddr2line-8d001680935b5e3c.rlib" "/opt/rustwide/rustup-home/toolchains/1.83.0-x86_64-unknown-linux-gnu/lib/rustlib/x86_64-unknown-linux-gnu/lib/libgimli-ba8ce71964f984f4.rlib" "/opt/rustwide/rustup-home/toolchains/1.83.0-x86_64-unknown-linux-gnu/lib/rustlib/x86_64-unknown-linux-gnu/lib/librustc_demangle-99a73526abcec14b.rlib" "/opt/rustwide/rustup-home/toolchains/1.83.0-x86_64-unknown-linux-gnu/lib/rustlib/x86_64-unknown-linux-gnu/lib/libstd_detect-63ac0d22cff92579.rlib" "/opt/rustwide/rustup-home/toolchains/1.83.0-x86_64-unknown-linux-gnu/lib/rustlib/x86_64-unknown-linux-gnu/lib/libhashbrown-9057355c92c922d5.rlib" "/opt/rustwide/rustup-home/toolchains/1.83.0-x86_64-unknown-linux-gnu/lib/rustlib/x86_64-unknown-linux-gnu/lib/librustc_std_workspace_alloc-358be9bc1f6bab04.rlib" "/opt/rustwide/rustup-home/toolchains/1.83.0-x86_64-unknown-linux-gnu/lib/rustlib/x86_64-unknown-linux-gnu/lib/libminiz_oxide-aca15549d5bff974.rlib" "/opt/rustwide/rustup-home/toolchains/1.83.0-x86_64-unknown-linux-gnu/lib/rustlib/x86_64-unknown-linux-gnu/lib/libadler-8251d2cef7072448.rlib" "/opt/rustwide/rustup-home/toolchains/1.83.0-x86_64-unknown-linux-gnu/lib/rustlib/x86_64-unknown-linux-gnu/lib/libunwind-7d50b86011c66411.rlib" "/opt/rustwide/rustup-home/toolchains/1.83.0-x86_64-unknown-linux-gnu/lib/rustlib/x86_64-unknown-linux-gnu/lib/libcfg_if-51ea098fce5006bf.rlib" "/opt/rustwide/rustup-home/toolchains/1.83.0-x86_64-unknown-linux-gnu/lib/rustlib/x86_64-unknown-linux-gnu/lib/liblibc-5a14e0d0b712e731.rlib" "/opt/rustwide/rustup-home/toolchains/1.83.0-x86_64-unknown-linux-gnu/lib/rustlib/x86_64-unknown-linux-gnu/lib/liballoc-8b83dbf3a7b8f999.rlib" "/opt/rustwide/rustup-home/toolchains/1.83.0-x86_64-unknown-linux-gnu/lib/rustlib/x86_64-unknown-linux-gnu/lib/librustc_std_workspace_core-c6fd227bdc7b39ff.rlib" "/opt/rustwide/rustup-home/toolchains/1.83.0-x86_64-unknown-linux-gnu/lib/rustlib/x86_64-unknown-linux-gnu/lib/libcore-959d3389fa3da8a5.rlib" "/opt/rustwide/rustup-home/toolchains/1.83.0-x86_64-unknown-linux-gnu/lib/rustlib/x86_64-unknown-linux-gnu/lib/libcompiler_builtins-abe05db089cc2c62.rlib" "-Wl,-Bdynamic" "-lgcc_s" "-lutil" "-lrt" "-lpthread" "-lm" "-ldl" "-lc" "-Wl,--eh-frame-hdr" "-Wl,-z,noexecstack" "-L" "/opt/rustwide/rustup-home/toolchains/1.83.0-x86_64-unknown-linux-gnu/lib/rustlib/x86_64-unknown-linux-gnu/lib" "-o" "/tmp/rustdoctestHE8y0U/rust_out" "-Wl,--gc-sections" "-pie" "-Wl,-z,relro,-z,now" "-nodefaultlibs"
[INFO] [stdout]   = note: collect2: fatal error: ld terminated with signal 9 [Killed]
[INFO] [stdout]           compilation terminated.
[INFO] [stdout]           
[INFO] [stdout] 
[INFO] [stdout] error: aborting due to 1 previous error
[INFO] [stdout] 
[INFO] [stdout] Couldn't compile the test.
[INFO] [stdout] ---- src/tensor_library/matrix.rs - tensor_library::matrix::Matrix<T>::size (line 105) stdout ----
[INFO] [stdout] Couldn't compile the test.
[INFO] [stdout] ---- src/tensor_library/matrix.rs - tensor_library::matrix::Matrix<T>::reshape (line 131) stdout ----
[INFO] [stdout] error: linking with `cc` failed: exit status: 1
[INFO] [stdout]   |
[INFO] [stdout]   = note: LC_ALL="C" PATH="/opt/rustwide/rustup-home/toolchains/1.83.0-x86_64-unknown-linux-gnu/lib/rustlib/x86_64-unknown-linux-gnu/bin:/opt/rustwide/cargo-home/bin:/usr/local/sbin:/usr/local/bin:/usr/sbin:/usr/bin:/sbin:/bin" VSLANG="1033" "cc" "-m64" "/tmp/rustchtMFia/symbols.o" "/tmp/rustdoctest1LDxvG/rust_out.rust_out.cb03291d53e4e161-cgu.0.rcgu.o" "/tmp/rustdoctest1LDxvG/rust_out.1s7umcihpz0t7nkz1uc2ifee9.rcgu.o" "-Wl,--as-needed" "-Wl,-Bstatic" "/opt/rustwide/target/debug/deps/libCryptonic-da78d46a47fb246d.rlib" "/opt/rustwide/target/debug/deps/libtfhe-82a240f6cdd5a8dc.rlib" "/opt/rustwide/target/debug/deps/libitertools-fc6d08a0a8144e88.rlib" "/opt/rustwide/target/debug/deps/libbincode-cfe8cf316527e34a.rlib" "/opt/rustwide/target/debug/deps/libonce_cell-71d881f1d476ef10.rlib" "/opt/rustwide/target/debug/deps/libconcrete_csprng-2dcea919070b09f8.rlib" "/opt/rustwide/target/debug/deps/libaes-1fea785a541d6265.rlib" "/opt/rustwide/target/debug/deps/libcpufeatures-b8f04b3eb3416634.rlib" "/opt/rustwide/target/debug/deps/libcipher-602408152c4eede6.rlib" "/opt/rustwide/target/debug/deps/libinout-d3337d4bb9170d25.rlib" "/opt/rustwide/target/debug/deps/libcrypto_common-d4724082b94b0a72.rlib" "/opt/rustwide/target/debug/deps/libgeneric_array-004faa9989cf7017.rlib" "/opt/rustwide/target/debug/deps/libtypenum-4270f7746c51f4e6.rlib" "/opt/rustwide/target/debug/deps/librayon-f7b7433d22be5651.rlib" "/opt/rustwide/target/debug/deps/librayon_core-8bcbb441be29d313.rlib" "/opt/rustwide/target/debug/deps/libnum_cpus-5d67928e31f4d575.rlib" "/opt/rustwide/target/debug/deps/liblibc-87cd0e32cc8691e2.rlib" "/opt/rustwide/target/debug/deps/libcrossbeam_deque-40fcd893feff8c47.rlib" "/opt/rustwide/target/debug/deps/libcrossbeam_epoch-958f53a31bd4dd61.rlib" "/opt/rustwide/target/debug/deps/libmemoffset-0ad4b5de2bf516d5.rlib" "/opt/rustwide/target/debug/deps/libscopeguard-158c5911326f9fbb.rlib" "/opt/rustwide/target/debug/deps/libcrossbeam_channel-1cfdcc34b633cf8e.rlib" "/opt/rustwide/target/debug/deps/libcrossbeam_utils-5055aadc9943bd82.rlib" "/opt/rustwide/target/debug/deps/libcfg_if-8217498f8667ada9.rlib" "/opt/rustwide/target/debug/deps/libeither-ba7d27565d5d6c91.rlib" "/opt/rustwide/target/debug/deps/libconcrete_fft-e0645bfb7728b0c4.rlib" "/opt/rustwide/target/debug/deps/libdyn_stack-0ddc82b68ad3a590.rlib" "/opt/rustwide/target/debug/deps/libreborrow-764ec36f24157938.rlib" "/opt/rustwide/target/debug/deps/libaligned_vec-28310f598b7ab4f8.rlib" "/opt/rustwide/target/debug/deps/libnum_complex-6358dea832a160d5.rlib" "/opt/rustwide/target/debug/deps/libnum_traits-d737ff11dbbcab3e.rlib" "/opt/rustwide/target/debug/deps/libserde-dafdc0dcb247440c.rlib" "/opt/rustwide/rustup-home/toolchains/1.83.0-x86_64-unknown-linux-gnu/lib/rustlib/x86_64-unknown-linux-gnu/lib/libstd-ca74a2d9c5166d9f.rlib" "/opt/rustwide/rustup-home/toolchains/1.83.0-x86_64-unknown-linux-gnu/lib/rustlib/x86_64-unknown-linux-gnu/lib/libpanic_unwind-e31ab23316ed5080.rlib" "/opt/rustwide/rustup-home/toolchains/1.83.0-x86_64-unknown-linux-gnu/lib/rustlib/x86_64-unknown-linux-gnu/lib/libobject-27dc4aa955912662.rlib" "/opt/rustwide/rustup-home/toolchains/1.83.0-x86_64-unknown-linux-gnu/lib/rustlib/x86_64-unknown-linux-gnu/lib/libmemchr-bd0d6cccce077b99.rlib" "/opt/rustwide/rustup-home/toolchains/1.83.0-x86_64-unknown-linux-gnu/lib/rustlib/x86_64-unknown-linux-gnu/lib/libaddr2line-8d001680935b5e3c.rlib" "/opt/rustwide/rustup-home/toolchains/1.83.0-x86_64-unknown-linux-gnu/lib/rustlib/x86_64-unknown-linux-gnu/lib/libgimli-ba8ce71964f984f4.rlib" "/opt/rustwide/rustup-home/toolchains/1.83.0-x86_64-unknown-linux-gnu/lib/rustlib/x86_64-unknown-linux-gnu/lib/librustc_demangle-99a73526abcec14b.rlib" "/opt/rustwide/rustup-home/toolchains/1.83.0-x86_64-unknown-linux-gnu/lib/rustlib/x86_64-unknown-linux-gnu/lib/libstd_detect-63ac0d22cff92579.rlib" "/opt/rustwide/rustup-home/toolchains/1.83.0-x86_64-unknown-linux-gnu/lib/rustlib/x86_64-unknown-linux-gnu/lib/libhashbrown-9057355c92c922d5.rlib" "/opt/rustwide/rustup-home/toolchains/1.83.0-x86_64-unknown-linux-gnu/lib/rustlib/x86_64-unknown-linux-gnu/lib/librustc_std_workspace_alloc-358be9bc1f6bab04.rlib" "/opt/rustwide/rustup-home/toolchains/1.83.0-x86_64-unknown-linux-gnu/lib/rustlib/x86_64-unknown-linux-gnu/lib/libminiz_oxide-aca15549d5bff974.rlib" "/opt/rustwide/rustup-home/toolchains/1.83.0-x86_64-unknown-linux-gnu/lib/rustlib/x86_64-unknown-linux-gnu/lib/libadler-8251d2cef7072448.rlib" "/opt/rustwide/rustup-home/toolchains/1.83.0-x86_64-unknown-linux-gnu/lib/rustlib/x86_64-unknown-linux-gnu/lib/libunwind-7d50b86011c66411.rlib" "/opt/rustwide/rustup-home/toolchains/1.83.0-x86_64-unknown-linux-gnu/lib/rustlib/x86_64-unknown-linux-gnu/lib/libcfg_if-51ea098fce5006bf.rlib" "/opt/rustwide/rustup-home/toolchains/1.83.0-x86_64-unknown-linux-gnu/lib/rustlib/x86_64-unknown-linux-gnu/lib/liblibc-5a14e0d0b712e731.rlib" "/opt/rustwide/rustup-home/toolchains/1.83.0-x86_64-unknown-linux-gnu/lib/rustlib/x86_64-unknown-linux-gnu/lib/liballoc-8b83dbf3a7b8f999.rlib" "/opt/rustwide/rustup-home/toolchains/1.83.0-x86_64-unknown-linux-gnu/lib/rustlib/x86_64-unknown-linux-gnu/lib/librustc_std_workspace_core-c6fd227bdc7b39ff.rlib" "/opt/rustwide/rustup-home/toolchains/1.83.0-x86_64-unknown-linux-gnu/lib/rustlib/x86_64-unknown-linux-gnu/lib/libcore-959d3389fa3da8a5.rlib" "/opt/rustwide/rustup-home/toolchains/1.83.0-x86_64-unknown-linux-gnu/lib/rustlib/x86_64-unknown-linux-gnu/lib/libcompiler_builtins-abe05db089cc2c62.rlib" "-Wl,-Bdynamic" "-lgcc_s" "-lutil" "-lrt" "-lpthread" "-lm" "-ldl" "-lc" "-Wl,--eh-frame-hdr" "-Wl,-z,noexecstack" "-L" "/opt/rustwide/rustup-home/toolchains/1.83.0-x86_64-unknown-linux-gnu/lib/rustlib/x86_64-unknown-linux-gnu/lib" "-o" "/tmp/rustdoctest1LDxvG/rust_out" "-Wl,--gc-sections" "-pie" "-Wl,-z,relro,-z,now" "-nodefaultlibs"
[INFO] [stdout]   = note: collect2: fatal error: ld terminated with signal 9 [Killed]
[INFO] [stdout]           compilation terminated.
[INFO] [stdout]           
[INFO] [stdout] 
[INFO] [stdout] error: aborting due to 1 previous error
[INFO] [stdout] 
[INFO] [stdout] Couldn't compile the test.
[INFO] [stdout] ---- src/tensor_library/matrix.rs - tensor_library::matrix::Matrix<T>::set_strides (line 176) stdout ----
[INFO] [stdout] error: linking with `cc` failed: exit status: 1
[INFO] [stdout]   |
[INFO] [stdout]   = note: LC_ALL="C" PATH="/opt/rustwide/rustup-home/toolchains/1.83.0-x86_64-unknown-linux-gnu/lib/rustlib/x86_64-unknown-linux-gnu/bin:/opt/rustwide/cargo-home/bin:/usr/local/sbin:/usr/local/bin:/usr/sbin:/usr/bin:/sbin:/bin" VSLANG="1033" "cc" "-m64" "/tmp/rustc0dd9Oy/symbols.o" "/tmp/rustdoctestiPgOS9/rust_out.rust_out.cb03291d53e4e161-cgu.0.rcgu.o" "/tmp/rustdoctestiPgOS9/rust_out.1s7umcihpz0t7nkz1uc2ifee9.rcgu.o" "-Wl,--as-needed" "-Wl,-Bstatic" "/opt/rustwide/target/debug/deps/libCryptonic-da78d46a47fb246d.rlib" "/opt/rustwide/target/debug/deps/libtfhe-82a240f6cdd5a8dc.rlib" "/opt/rustwide/target/debug/deps/libitertools-fc6d08a0a8144e88.rlib" "/opt/rustwide/target/debug/deps/libbincode-cfe8cf316527e34a.rlib" "/opt/rustwide/target/debug/deps/libonce_cell-71d881f1d476ef10.rlib" "/opt/rustwide/target/debug/deps/libconcrete_csprng-2dcea919070b09f8.rlib" "/opt/rustwide/target/debug/deps/libaes-1fea785a541d6265.rlib" "/opt/rustwide/target/debug/deps/libcpufeatures-b8f04b3eb3416634.rlib" "/opt/rustwide/target/debug/deps/libcipher-602408152c4eede6.rlib" "/opt/rustwide/target/debug/deps/libinout-d3337d4bb9170d25.rlib" "/opt/rustwide/target/debug/deps/libcrypto_common-d4724082b94b0a72.rlib" "/opt/rustwide/target/debug/deps/libgeneric_array-004faa9989cf7017.rlib" "/opt/rustwide/target/debug/deps/libtypenum-4270f7746c51f4e6.rlib" "/opt/rustwide/target/debug/deps/librayon-f7b7433d22be5651.rlib" "/opt/rustwide/target/debug/deps/librayon_core-8bcbb441be29d313.rlib" "/opt/rustwide/target/debug/deps/libnum_cpus-5d67928e31f4d575.rlib" "/opt/rustwide/target/debug/deps/liblibc-87cd0e32cc8691e2.rlib" "/opt/rustwide/target/debug/deps/libcrossbeam_deque-40fcd893feff8c47.rlib" "/opt/rustwide/target/debug/deps/libcrossbeam_epoch-958f53a31bd4dd61.rlib" "/opt/rustwide/target/debug/deps/libmemoffset-0ad4b5de2bf516d5.rlib" "/opt/rustwide/target/debug/deps/libscopeguard-158c5911326f9fbb.rlib" "/opt/rustwide/target/debug/deps/libcrossbeam_channel-1cfdcc34b633cf8e.rlib" "/opt/rustwide/target/debug/deps/libcrossbeam_utils-5055aadc9943bd82.rlib" "/opt/rustwide/target/debug/deps/libcfg_if-8217498f8667ada9.rlib" "/opt/rustwide/target/debug/deps/libeither-ba7d27565d5d6c91.rlib" "/opt/rustwide/target/debug/deps/libconcrete_fft-e0645bfb7728b0c4.rlib" "/opt/rustwide/target/debug/deps/libdyn_stack-0ddc82b68ad3a590.rlib" "/opt/rustwide/target/debug/deps/libreborrow-764ec36f24157938.rlib" "/opt/rustwide/target/debug/deps/libaligned_vec-28310f598b7ab4f8.rlib" "/opt/rustwide/target/debug/deps/libnum_complex-6358dea832a160d5.rlib" "/opt/rustwide/target/debug/deps/libnum_traits-d737ff11dbbcab3e.rlib" "/opt/rustwide/target/debug/deps/libserde-dafdc0dcb247440c.rlib" "/opt/rustwide/rustup-home/toolchains/1.83.0-x86_64-unknown-linux-gnu/lib/rustlib/x86_64-unknown-linux-gnu/lib/libstd-ca74a2d9c5166d9f.rlib" "/opt/rustwide/rustup-home/toolchains/1.83.0-x86_64-unknown-linux-gnu/lib/rustlib/x86_64-unknown-linux-gnu/lib/libpanic_unwind-e31ab23316ed5080.rlib" "/opt/rustwide/rustup-home/toolchains/1.83.0-x86_64-unknown-linux-gnu/lib/rustlib/x86_64-unknown-linux-gnu/lib/libobject-27dc4aa955912662.rlib" "/opt/rustwide/rustup-home/toolchains/1.83.0-x86_64-unknown-linux-gnu/lib/rustlib/x86_64-unknown-linux-gnu/lib/libmemchr-bd0d6cccce077b99.rlib" "/opt/rustwide/rustup-home/toolchains/1.83.0-x86_64-unknown-linux-gnu/lib/rustlib/x86_64-unknown-linux-gnu/lib/libaddr2line-8d001680935b5e3c.rlib" "/opt/rustwide/rustup-home/toolchains/1.83.0-x86_64-unknown-linux-gnu/lib/rustlib/x86_64-unknown-linux-gnu/lib/libgimli-ba8ce71964f984f4.rlib" "/opt/rustwide/rustup-home/toolchains/1.83.0-x86_64-unknown-linux-gnu/lib/rustlib/x86_64-unknown-linux-gnu/lib/librustc_demangle-99a73526abcec14b.rlib" "/opt/rustwide/rustup-home/toolchains/1.83.0-x86_64-unknown-linux-gnu/lib/rustlib/x86_64-unknown-linux-gnu/lib/libstd_detect-63ac0d22cff92579.rlib" "/opt/rustwide/rustup-home/toolchains/1.83.0-x86_64-unknown-linux-gnu/lib/rustlib/x86_64-unknown-linux-gnu/lib/libhashbrown-9057355c92c922d5.rlib" "/opt/rustwide/rustup-home/toolchains/1.83.0-x86_64-unknown-linux-gnu/lib/rustlib/x86_64-unknown-linux-gnu/lib/librustc_std_workspace_alloc-358be9bc1f6bab04.rlib" "/opt/rustwide/rustup-home/toolchains/1.83.0-x86_64-unknown-linux-gnu/lib/rustlib/x86_64-unknown-linux-gnu/lib/libminiz_oxide-aca15549d5bff974.rlib" "/opt/rustwide/rustup-home/toolchains/1.83.0-x86_64-unknown-linux-gnu/lib/rustlib/x86_64-unknown-linux-gnu/lib/libadler-8251d2cef7072448.rlib" "/opt/rustwide/rustup-home/toolchains/1.83.0-x86_64-unknown-linux-gnu/lib/rustlib/x86_64-unknown-linux-gnu/lib/libunwind-7d50b86011c66411.rlib" "/opt/rustwide/rustup-home/toolchains/1.83.0-x86_64-unknown-linux-gnu/lib/rustlib/x86_64-unknown-linux-gnu/lib/libcfg_if-51ea098fce5006bf.rlib" "/opt/rustwide/rustup-home/toolchains/1.83.0-x86_64-unknown-linux-gnu/lib/rustlib/x86_64-unknown-linux-gnu/lib/liblibc-5a14e0d0b712e731.rlib" "/opt/rustwide/rustup-home/toolchains/1.83.0-x86_64-unknown-linux-gnu/lib/rustlib/x86_64-unknown-linux-gnu/lib/liballoc-8b83dbf3a7b8f999.rlib" "/opt/rustwide/rustup-home/toolchains/1.83.0-x86_64-unknown-linux-gnu/lib/rustlib/x86_64-unknown-linux-gnu/lib/librustc_std_workspace_core-c6fd227bdc7b39ff.rlib" "/opt/rustwide/rustup-home/toolchains/1.83.0-x86_64-unknown-linux-gnu/lib/rustlib/x86_64-unknown-linux-gnu/lib/libcore-959d3389fa3da8a5.rlib" "/opt/rustwide/rustup-home/toolchains/1.83.0-x86_64-unknown-linux-gnu/lib/rustlib/x86_64-unknown-linux-gnu/lib/libcompiler_builtins-abe05db089cc2c62.rlib" "-Wl,-Bdynamic" "-lgcc_s" "-lutil" "-lrt" "-lpthread" "-lm" "-ldl" "-lc" "-Wl,--eh-frame-hdr" "-Wl,-z,noexecstack" "-L" "/opt/rustwide/rustup-home/toolchains/1.83.0-x86_64-unknown-linux-gnu/lib/rustlib/x86_64-unknown-linux-gnu/lib" "-o" "/tmp/rustdoctestiPgOS9/rust_out" "-Wl,--gc-sections" "-pie" "-Wl,-z,relro,-z,now" "-nodefaultlibs"
[INFO] [stdout]   = note: collect2: fatal error: ld terminated with signal 9 [Killed]
[INFO] [stdout]           compilation terminated.
[INFO] [stdout]           
[INFO] [stdout] 
[INFO] [stdout] error: aborting due to 1 previous error
[INFO] [stdout] 
[INFO] [stdout] Couldn't compile the test.
[INFO] [stdout] ---- src/cryptography/key_gen.rs - cryptography::key_gen::get_modulus (line 65) stdout ----
[INFO] [stdout] error: linking with `cc` failed: exit status: 1
[INFO] [stdout]   |
[INFO] [stdout]   = note: LC_ALL="C" PATH="/opt/rustwide/rustup-home/toolchains/1.83.0-x86_64-unknown-linux-gnu/lib/rustlib/x86_64-unknown-linux-gnu/bin:/opt/rustwide/cargo-home/bin:/usr/local/sbin:/usr/local/bin:/usr/sbin:/usr/bin:/sbin:/bin" VSLANG="1033" "cc" "-m64" "/tmp/rustcWokWuU/symbols.o" "/tmp/rustdoctest4kFqv4/rust_out.rust_out.cb03291d53e4e161-cgu.0.rcgu.o" "/tmp/rustdoctest4kFqv4/rust_out.1s7umcihpz0t7nkz1uc2ifee9.rcgu.o" "-Wl,--as-needed" "-Wl,-Bstatic" "/opt/rustwide/target/debug/deps/libCryptonic-da78d46a47fb246d.rlib" "/opt/rustwide/target/debug/deps/libtfhe-82a240f6cdd5a8dc.rlib" "/opt/rustwide/target/debug/deps/libitertools-fc6d08a0a8144e88.rlib" "/opt/rustwide/target/debug/deps/libbincode-cfe8cf316527e34a.rlib" "/opt/rustwide/target/debug/deps/libonce_cell-71d881f1d476ef10.rlib" "/opt/rustwide/target/debug/deps/libconcrete_csprng-2dcea919070b09f8.rlib" "/opt/rustwide/target/debug/deps/libaes-1fea785a541d6265.rlib" "/opt/rustwide/target/debug/deps/libcpufeatures-b8f04b3eb3416634.rlib" "/opt/rustwide/target/debug/deps/libcipher-602408152c4eede6.rlib" "/opt/rustwide/target/debug/deps/libinout-d3337d4bb9170d25.rlib" "/opt/rustwide/target/debug/deps/libcrypto_common-d4724082b94b0a72.rlib" "/opt/rustwide/target/debug/deps/libgeneric_array-004faa9989cf7017.rlib" "/opt/rustwide/target/debug/deps/libtypenum-4270f7746c51f4e6.rlib" "/opt/rustwide/target/debug/deps/librayon-f7b7433d22be5651.rlib" "/opt/rustwide/target/debug/deps/librayon_core-8bcbb441be29d313.rlib" "/opt/rustwide/target/debug/deps/libnum_cpus-5d67928e31f4d575.rlib" "/opt/rustwide/target/debug/deps/liblibc-87cd0e32cc8691e2.rlib" "/opt/rustwide/target/debug/deps/libcrossbeam_deque-40fcd893feff8c47.rlib" "/opt/rustwide/target/debug/deps/libcrossbeam_epoch-958f53a31bd4dd61.rlib" "/opt/rustwide/target/debug/deps/libmemoffset-0ad4b5de2bf516d5.rlib" "/opt/rustwide/target/debug/deps/libscopeguard-158c5911326f9fbb.rlib" "/opt/rustwide/target/debug/deps/libcrossbeam_channel-1cfdcc34b633cf8e.rlib" "/opt/rustwide/target/debug/deps/libcrossbeam_utils-5055aadc9943bd82.rlib" "/opt/rustwide/target/debug/deps/libcfg_if-8217498f8667ada9.rlib" "/opt/rustwide/target/debug/deps/libeither-ba7d27565d5d6c91.rlib" "/opt/rustwide/target/debug/deps/libconcrete_fft-e0645bfb7728b0c4.rlib" "/opt/rustwide/target/debug/deps/libdyn_stack-0ddc82b68ad3a590.rlib" "/opt/rustwide/target/debug/deps/libreborrow-764ec36f24157938.rlib" "/opt/rustwide/target/debug/deps/libaligned_vec-28310f598b7ab4f8.rlib" "/opt/rustwide/target/debug/deps/libnum_complex-6358dea832a160d5.rlib" "/opt/rustwide/target/debug/deps/libnum_traits-d737ff11dbbcab3e.rlib" "/opt/rustwide/target/debug/deps/libserde-dafdc0dcb247440c.rlib" "/opt/rustwide/rustup-home/toolchains/1.83.0-x86_64-unknown-linux-gnu/lib/rustlib/x86_64-unknown-linux-gnu/lib/libstd-ca74a2d9c5166d9f.rlib" "/opt/rustwide/rustup-home/toolchains/1.83.0-x86_64-unknown-linux-gnu/lib/rustlib/x86_64-unknown-linux-gnu/lib/libpanic_unwind-e31ab23316ed5080.rlib" "/opt/rustwide/rustup-home/toolchains/1.83.0-x86_64-unknown-linux-gnu/lib/rustlib/x86_64-unknown-linux-gnu/lib/libobject-27dc4aa955912662.rlib" "/opt/rustwide/rustup-home/toolchains/1.83.0-x86_64-unknown-linux-gnu/lib/rustlib/x86_64-unknown-linux-gnu/lib/libmemchr-bd0d6cccce077b99.rlib" "/opt/rustwide/rustup-home/toolchains/1.83.0-x86_64-unknown-linux-gnu/lib/rustlib/x86_64-unknown-linux-gnu/lib/libaddr2line-8d001680935b5e3c.rlib" "/opt/rustwide/rustup-home/toolchains/1.83.0-x86_64-unknown-linux-gnu/lib/rustlib/x86_64-unknown-linux-gnu/lib/libgimli-ba8ce71964f984f4.rlib" "/opt/rustwide/rustup-home/toolchains/1.83.0-x86_64-unknown-linux-gnu/lib/rustlib/x86_64-unknown-linux-gnu/lib/librustc_demangle-99a73526abcec14b.rlib" "/opt/rustwide/rustup-home/toolchains/1.83.0-x86_64-unknown-linux-gnu/lib/rustlib/x86_64-unknown-linux-gnu/lib/libstd_detect-63ac0d22cff92579.rlib" "/opt/rustwide/rustup-home/toolchains/1.83.0-x86_64-unknown-linux-gnu/lib/rustlib/x86_64-unknown-linux-gnu/lib/libhashbrown-9057355c92c922d5.rlib" "/opt/rustwide/rustup-home/toolchains/1.83.0-x86_64-unknown-linux-gnu/lib/rustlib/x86_64-unknown-linux-gnu/lib/librustc_std_workspace_alloc-358be9bc1f6bab04.rlib" "/opt/rustwide/rustup-home/toolchains/1.83.0-x86_64-unknown-linux-gnu/lib/rustlib/x86_64-unknown-linux-gnu/lib/libminiz_oxide-aca15549d5bff974.rlib" "/opt/rustwide/rustup-home/toolchains/1.83.0-x86_64-unknown-linux-gnu/lib/rustlib/x86_64-unknown-linux-gnu/lib/libadler-8251d2cef7072448.rlib" "/opt/rustwide/rustup-home/toolchains/1.83.0-x86_64-unknown-linux-gnu/lib/rustlib/x86_64-unknown-linux-gnu/lib/libunwind-7d50b86011c66411.rlib" "/opt/rustwide/rustup-home/toolchains/1.83.0-x86_64-unknown-linux-gnu/lib/rustlib/x86_64-unknown-linux-gnu/lib/libcfg_if-51ea098fce5006bf.rlib" "/opt/rustwide/rustup-home/toolchains/1.83.0-x86_64-unknown-linux-gnu/lib/rustlib/x86_64-unknown-linux-gnu/lib/liblibc-5a14e0d0b712e731.rlib" "/opt/rustwide/rustup-home/toolchains/1.83.0-x86_64-unknown-linux-gnu/lib/rustlib/x86_64-unknown-linux-gnu/lib/liballoc-8b83dbf3a7b8f999.rlib" "/opt/rustwide/rustup-home/toolchains/1.83.0-x86_64-unknown-linux-gnu/lib/rustlib/x86_64-unknown-linux-gnu/lib/librustc_std_workspace_core-c6fd227bdc7b39ff.rlib" "/opt/rustwide/rustup-home/toolchains/1.83.0-x86_64-unknown-linux-gnu/lib/rustlib/x86_64-unknown-linux-gnu/lib/libcore-959d3389fa3da8a5.rlib" "/opt/rustwide/rustup-home/toolchains/1.83.0-x86_64-unknown-linux-gnu/lib/rustlib/x86_64-unknown-linux-gnu/lib/libcompiler_builtins-abe05db089cc2c62.rlib" "-Wl,-Bdynamic" "-lgcc_s" "-lutil" "-lrt" "-lpthread" "-lm" "-ldl" "-lc" "-Wl,--eh-frame-hdr" "-Wl,-z,noexecstack" "-L" "/opt/rustwide/rustup-home/toolchains/1.83.0-x86_64-unknown-linux-gnu/lib/rustlib/x86_64-unknown-linux-gnu/lib" "-o" "/tmp/rustdoctest4kFqv4/rust_out" "-Wl,--gc-sections" "-pie" "-Wl,-z,relro,-z,now" "-nodefaultlibs"
[INFO] [stdout]   = note: collect2: fatal error: ld terminated with signal 9 [Killed]
[INFO] [stdout]           compilation terminated.
[INFO] [stdout]           
[INFO] [stdout] 
[INFO] [stdout] error: aborting due to 1 previous error
[INFO] [stdout] 
[INFO] [stdout] Couldn't compile the test.
[INFO] [stdout] ---- src/tensor_library/matrix.rs - tensor_library::matrix::Matrix<T>::flatten (line 422) stdout ----
[INFO] [stdout] error: linking with `cc` failed: exit status: 1
[INFO] [stdout]   |
[INFO] [stdout]   = note: LC_ALL="C" PATH="/opt/rustwide/rustup-home/toolchains/1.83.0-x86_64-unknown-linux-gnu/lib/rustlib/x86_64-unknown-linux-gnu/bin:/opt/rustwide/cargo-home/bin:/usr/local/sbin:/usr/local/bin:/usr/sbin:/usr/bin:/sbin:/bin" VSLANG="1033" "cc" "-m64" "/tmp/rustcEmKlRH/symbols.o" "/tmp/rustdoctestGkecfm/rust_out.rust_out.cb03291d53e4e161-cgu.0.rcgu.o" "/tmp/rustdoctestGkecfm/rust_out.1s7umcihpz0t7nkz1uc2ifee9.rcgu.o" "-Wl,--as-needed" "-Wl,-Bstatic" "/opt/rustwide/target/debug/deps/libCryptonic-da78d46a47fb246d.rlib" "/opt/rustwide/target/debug/deps/libtfhe-82a240f6cdd5a8dc.rlib" "/opt/rustwide/target/debug/deps/libitertools-fc6d08a0a8144e88.rlib" "/opt/rustwide/target/debug/deps/libbincode-cfe8cf316527e34a.rlib" "/opt/rustwide/target/debug/deps/libonce_cell-71d881f1d476ef10.rlib" "/opt/rustwide/target/debug/deps/libconcrete_csprng-2dcea919070b09f8.rlib" "/opt/rustwide/target/debug/deps/libaes-1fea785a541d6265.rlib" "/opt/rustwide/target/debug/deps/libcpufeatures-b8f04b3eb3416634.rlib" "/opt/rustwide/target/debug/deps/libcipher-602408152c4eede6.rlib" "/opt/rustwide/target/debug/deps/libinout-d3337d4bb9170d25.rlib" "/opt/rustwide/target/debug/deps/libcrypto_common-d4724082b94b0a72.rlib" "/opt/rustwide/target/debug/deps/libgeneric_array-004faa9989cf7017.rlib" "/opt/rustwide/target/debug/deps/libtypenum-4270f7746c51f4e6.rlib" "/opt/rustwide/target/debug/deps/librayon-f7b7433d22be5651.rlib" "/opt/rustwide/target/debug/deps/librayon_core-8bcbb441be29d313.rlib" "/opt/rustwide/target/debug/deps/libnum_cpus-5d67928e31f4d575.rlib" "/opt/rustwide/target/debug/deps/liblibc-87cd0e32cc8691e2.rlib" "/opt/rustwide/target/debug/deps/libcrossbeam_deque-40fcd893feff8c47.rlib" "/opt/rustwide/target/debug/deps/libcrossbeam_epoch-958f53a31bd4dd61.rlib" "/opt/rustwide/target/debug/deps/libmemoffset-0ad4b5de2bf516d5.rlib" "/opt/rustwide/target/debug/deps/libscopeguard-158c5911326f9fbb.rlib" "/opt/rustwide/target/debug/deps/libcrossbeam_channel-1cfdcc34b633cf8e.rlib" "/opt/rustwide/target/debug/deps/libcrossbeam_utils-5055aadc9943bd82.rlib" "/opt/rustwide/target/debug/deps/libcfg_if-8217498f8667ada9.rlib" "/opt/rustwide/target/debug/deps/libeither-ba7d27565d5d6c91.rlib" "/opt/rustwide/target/debug/deps/libconcrete_fft-e0645bfb7728b0c4.rlib" "/opt/rustwide/target/debug/deps/libdyn_stack-0ddc82b68ad3a590.rlib" "/opt/rustwide/target/debug/deps/libreborrow-764ec36f24157938.rlib" "/opt/rustwide/target/debug/deps/libaligned_vec-28310f598b7ab4f8.rlib" "/opt/rustwide/target/debug/deps/libnum_complex-6358dea832a160d5.rlib" "/opt/rustwide/target/debug/deps/libnum_traits-d737ff11dbbcab3e.rlib" "/opt/rustwide/target/debug/deps/libserde-dafdc0dcb247440c.rlib" "/opt/rustwide/rustup-home/toolchains/1.83.0-x86_64-unknown-linux-gnu/lib/rustlib/x86_64-unknown-linux-gnu/lib/libstd-ca74a2d9c5166d9f.rlib" "/opt/rustwide/rustup-home/toolchains/1.83.0-x86_64-unknown-linux-gnu/lib/rustlib/x86_64-unknown-linux-gnu/lib/libpanic_unwind-e31ab23316ed5080.rlib" "/opt/rustwide/rustup-home/toolchains/1.83.0-x86_64-unknown-linux-gnu/lib/rustlib/x86_64-unknown-linux-gnu/lib/libobject-27dc4aa955912662.rlib" "/opt/rustwide/rustup-home/toolchains/1.83.0-x86_64-unknown-linux-gnu/lib/rustlib/x86_64-unknown-linux-gnu/lib/libmemchr-bd0d6cccce077b99.rlib" "/opt/rustwide/rustup-home/toolchains/1.83.0-x86_64-unknown-linux-gnu/lib/rustlib/x86_64-unknown-linux-gnu/lib/libaddr2line-8d001680935b5e3c.rlib" "/opt/rustwide/rustup-home/toolchains/1.83.0-x86_64-unknown-linux-gnu/lib/rustlib/x86_64-unknown-linux-gnu/lib/libgimli-ba8ce71964f984f4.rlib" "/opt/rustwide/rustup-home/toolchains/1.83.0-x86_64-unknown-linux-gnu/lib/rustlib/x86_64-unknown-linux-gnu/lib/librustc_demangle-99a73526abcec14b.rlib" "/opt/rustwide/rustup-home/toolchains/1.83.0-x86_64-unknown-linux-gnu/lib/rustlib/x86_64-unknown-linux-gnu/lib/libstd_detect-63ac0d22cff92579.rlib" "/opt/rustwide/rustup-home/toolchains/1.83.0-x86_64-unknown-linux-gnu/lib/rustlib/x86_64-unknown-linux-gnu/lib/libhashbrown-9057355c92c922d5.rlib" "/opt/rustwide/rustup-home/toolchains/1.83.0-x86_64-unknown-linux-gnu/lib/rustlib/x86_64-unknown-linux-gnu/lib/librustc_std_workspace_alloc-358be9bc1f6bab04.rlib" "/opt/rustwide/rustup-home/toolchains/1.83.0-x86_64-unknown-linux-gnu/lib/rustlib/x86_64-unknown-linux-gnu/lib/libminiz_oxide-aca15549d5bff974.rlib" "/opt/rustwide/rustup-home/toolchains/1.83.0-x86_64-unknown-linux-gnu/lib/rustlib/x86_64-unknown-linux-gnu/lib/libadler-8251d2cef7072448.rlib" "/opt/rustwide/rustup-home/toolchains/1.83.0-x86_64-unknown-linux-gnu/lib/rustlib/x86_64-unknown-linux-gnu/lib/libunwind-7d50b86011c66411.rlib" "/opt/rustwide/rustup-home/toolchains/1.83.0-x86_64-unknown-linux-gnu/lib/rustlib/x86_64-unknown-linux-gnu/lib/libcfg_if-51ea098fce5006bf.rlib" "/opt/rustwide/rustup-home/toolchains/1.83.0-x86_64-unknown-linux-gnu/lib/rustlib/x86_64-unknown-linux-gnu/lib/liblibc-5a14e0d0b712e731.rlib" "/opt/rustwide/rustup-home/toolchains/1.83.0-x86_64-unknown-linux-gnu/lib/rustlib/x86_64-unknown-linux-gnu/lib/liballoc-8b83dbf3a7b8f999.rlib" "/opt/rustwide/rustup-home/toolchains/1.83.0-x86_64-unknown-linux-gnu/lib/rustlib/x86_64-unknown-linux-gnu/lib/librustc_std_workspace_core-c6fd227bdc7b39ff.rlib" "/opt/rustwide/rustup-home/toolchains/1.83.0-x86_64-unknown-linux-gnu/lib/rustlib/x86_64-unknown-linux-gnu/lib/libcore-959d3389fa3da8a5.rlib" "/opt/rustwide/rustup-home/toolchains/1.83.0-x86_64-unknown-linux-gnu/lib/rustlib/x86_64-unknown-linux-gnu/lib/libcompiler_builtins-abe05db089cc2c62.rlib" "-Wl,-Bdynamic" "-lgcc_s" "-lutil" "-lrt" "-lpthread" "-lm" "-ldl" "-lc" "-Wl,--eh-frame-hdr" "-Wl,-z,noexecstack" "-L" "/opt/rustwide/rustup-home/toolchains/1.83.0-x86_64-unknown-linux-gnu/lib/rustlib/x86_64-unknown-linux-gnu/lib" "-o" "/tmp/rustdoctestGkecfm/rust_out" "-Wl,--gc-sections" "-pie" "-Wl,-z,relro,-z,now" "-nodefaultlibs"
[INFO] [stdout]   = note: collect2: fatal error: ld terminated with signal 9 [Killed]
[INFO] [stdout]           compilation terminated.
[INFO] [stdout]           
[INFO] [stdout] 
[INFO] [stdout] error: aborting due to 1 previous error
[INFO] [stdout] 
[INFO] [stdout] Couldn't compile the test.
[INFO] [stdout] ---- src/cryptography/key_gen.rs - cryptography::key_gen::custom_gen_keys (line 30) stdout ----
[INFO] [stdout] error: linking with `cc` failed: exit status: 1
[INFO] [stdout]   |
[INFO] [stdout]   = note: LC_ALL="C" PATH="/opt/rustwide/rustup-home/toolchains/1.83.0-x86_64-unknown-linux-gnu/lib/rustlib/x86_64-unknown-linux-gnu/bin:/opt/rustwide/cargo-home/bin:/usr/local/sbin:/usr/local/bin:/usr/sbin:/usr/bin:/sbin:/bin" VSLANG="1033" "cc" "-m64" "/tmp/rustc68SpxD/symbols.o" "/tmp/rustdoctestyV8RMi/rust_out.rust_out.cb03291d53e4e161-cgu.0.rcgu.o" "/tmp/rustdoctestyV8RMi/rust_out.1s7umcihpz0t7nkz1uc2ifee9.rcgu.o" "-Wl,--as-needed" "-Wl,-Bstatic" "/opt/rustwide/target/debug/deps/libCryptonic-da78d46a47fb246d.rlib" "/opt/rustwide/target/debug/deps/libtfhe-82a240f6cdd5a8dc.rlib" "/opt/rustwide/target/debug/deps/libitertools-fc6d08a0a8144e88.rlib" "/opt/rustwide/target/debug/deps/libbincode-cfe8cf316527e34a.rlib" "/opt/rustwide/target/debug/deps/libonce_cell-71d881f1d476ef10.rlib" "/opt/rustwide/target/debug/deps/libconcrete_csprng-2dcea919070b09f8.rlib" "/opt/rustwide/target/debug/deps/libaes-1fea785a541d6265.rlib" "/opt/rustwide/target/debug/deps/libcpufeatures-b8f04b3eb3416634.rlib" "/opt/rustwide/target/debug/deps/libcipher-602408152c4eede6.rlib" "/opt/rustwide/target/debug/deps/libinout-d3337d4bb9170d25.rlib" "/opt/rustwide/target/debug/deps/libcrypto_common-d4724082b94b0a72.rlib" "/opt/rustwide/target/debug/deps/libgeneric_array-004faa9989cf7017.rlib" "/opt/rustwide/target/debug/deps/libtypenum-4270f7746c51f4e6.rlib" "/opt/rustwide/target/debug/deps/librayon-f7b7433d22be5651.rlib" "/opt/rustwide/target/debug/deps/librayon_core-8bcbb441be29d313.rlib" "/opt/rustwide/target/debug/deps/libnum_cpus-5d67928e31f4d575.rlib" "/opt/rustwide/target/debug/deps/liblibc-87cd0e32cc8691e2.rlib" "/opt/rustwide/target/debug/deps/libcrossbeam_deque-40fcd893feff8c47.rlib" "/opt/rustwide/target/debug/deps/libcrossbeam_epoch-958f53a31bd4dd61.rlib" "/opt/rustwide/target/debug/deps/libmemoffset-0ad4b5de2bf516d5.rlib" "/opt/rustwide/target/debug/deps/libscopeguard-158c5911326f9fbb.rlib" "/opt/rustwide/target/debug/deps/libcrossbeam_channel-1cfdcc34b633cf8e.rlib" "/opt/rustwide/target/debug/deps/libcrossbeam_utils-5055aadc9943bd82.rlib" "/opt/rustwide/target/debug/deps/libcfg_if-8217498f8667ada9.rlib" "/opt/rustwide/target/debug/deps/libeither-ba7d27565d5d6c91.rlib" "/opt/rustwide/target/debug/deps/libconcrete_fft-e0645bfb7728b0c4.rlib" "/opt/rustwide/target/debug/deps/libdyn_stack-0ddc82b68ad3a590.rlib" "/opt/rustwide/target/debug/deps/libreborrow-764ec36f24157938.rlib" "/opt/rustwide/target/debug/deps/libaligned_vec-28310f598b7ab4f8.rlib" "/opt/rustwide/target/debug/deps/libnum_complex-6358dea832a160d5.rlib" "/opt/rustwide/target/debug/deps/libnum_traits-d737ff11dbbcab3e.rlib" "/opt/rustwide/target/debug/deps/libserde-dafdc0dcb247440c.rlib" "/opt/rustwide/rustup-home/toolchains/1.83.0-x86_64-unknown-linux-gnu/lib/rustlib/x86_64-unknown-linux-gnu/lib/libstd-ca74a2d9c5166d9f.rlib" "/opt/rustwide/rustup-home/toolchains/1.83.0-x86_64-unknown-linux-gnu/lib/rustlib/x86_64-unknown-linux-gnu/lib/libpanic_unwind-e31ab23316ed5080.rlib" "/opt/rustwide/rustup-home/toolchains/1.83.0-x86_64-unknown-linux-gnu/lib/rustlib/x86_64-unknown-linux-gnu/lib/libobject-27dc4aa955912662.rlib" "/opt/rustwide/rustup-home/toolchains/1.83.0-x86_64-unknown-linux-gnu/lib/rustlib/x86_64-unknown-linux-gnu/lib/libmemchr-bd0d6cccce077b99.rlib" "/opt/rustwide/rustup-home/toolchains/1.83.0-x86_64-unknown-linux-gnu/lib/rustlib/x86_64-unknown-linux-gnu/lib/libaddr2line-8d001680935b5e3c.rlib" "/opt/rustwide/rustup-home/toolchains/1.83.0-x86_64-unknown-linux-gnu/lib/rustlib/x86_64-unknown-linux-gnu/lib/libgimli-ba8ce71964f984f4.rlib" "/opt/rustwide/rustup-home/toolchains/1.83.0-x86_64-unknown-linux-gnu/lib/rustlib/x86_64-unknown-linux-gnu/lib/librustc_demangle-99a73526abcec14b.rlib" "/opt/rustwide/rustup-home/toolchains/1.83.0-x86_64-unknown-linux-gnu/lib/rustlib/x86_64-unknown-linux-gnu/lib/libstd_detect-63ac0d22cff92579.rlib" "/opt/rustwide/rustup-home/toolchains/1.83.0-x86_64-unknown-linux-gnu/lib/rustlib/x86_64-unknown-linux-gnu/lib/libhashbrown-9057355c92c922d5.rlib" "/opt/rustwide/rustup-home/toolchains/1.83.0-x86_64-unknown-linux-gnu/lib/rustlib/x86_64-unknown-linux-gnu/lib/librustc_std_workspace_alloc-358be9bc1f6bab04.rlib" "/opt/rustwide/rustup-home/toolchains/1.83.0-x86_64-unknown-linux-gnu/lib/rustlib/x86_64-unknown-linux-gnu/lib/libminiz_oxide-aca15549d5bff974.rlib" "/opt/rustwide/rustup-home/toolchains/1.83.0-x86_64-unknown-linux-gnu/lib/rustlib/x86_64-unknown-linux-gnu/lib/libadler-8251d2cef7072448.rlib" "/opt/rustwide/rustup-home/toolchains/1.83.0-x86_64-unknown-linux-gnu/lib/rustlib/x86_64-unknown-linux-gnu/lib/libunwind-7d50b86011c66411.rlib" "/opt/rustwide/rustup-home/toolchains/1.83.0-x86_64-unknown-linux-gnu/lib/rustlib/x86_64-unknown-linux-gnu/lib/libcfg_if-51ea098fce5006bf.rlib" "/opt/rustwide/rustup-home/toolchains/1.83.0-x86_64-unknown-linux-gnu/lib/rustlib/x86_64-unknown-linux-gnu/lib/liblibc-5a14e0d0b712e731.rlib" "/opt/rustwide/rustup-home/toolchains/1.83.0-x86_64-unknown-linux-gnu/lib/rustlib/x86_64-unknown-linux-gnu/lib/liballoc-8b83dbf3a7b8f999.rlib" "/opt/rustwide/rustup-home/toolchains/1.83.0-x86_64-unknown-linux-gnu/lib/rustlib/x86_64-unknown-linux-gnu/lib/librustc_std_workspace_core-c6fd227bdc7b39ff.rlib" "/opt/rustwide/rustup-home/toolchains/1.83.0-x86_64-unknown-linux-gnu/lib/rustlib/x86_64-unknown-linux-gnu/lib/libcore-959d3389fa3da8a5.rlib" "/opt/rustwide/rustup-home/toolchains/1.83.0-x86_64-unknown-linux-gnu/lib/rustlib/x86_64-unknown-linux-gnu/lib/libcompiler_builtins-abe05db089cc2c62.rlib" "-Wl,-Bdynamic" "-lgcc_s" "-lutil" "-lrt" "-lpthread" "-lm" "-ldl" "-lc" "-Wl,--eh-frame-hdr" "-Wl,-z,noexecstack" "-L" "/opt/rustwide/rustup-home/toolchains/1.83.0-x86_64-unknown-linux-gnu/lib/rustlib/x86_64-unknown-linux-gnu/lib" "-o" "/tmp/rustdoctestyV8RMi/rust_out" "-Wl,--gc-sections" "-pie" "-Wl,-z,relro,-z,now" "-nodefaultlibs"
[INFO] [stdout]   = note: collect2: fatal error: ld terminated with signal 9 [Killed]
[INFO] [stdout]           compilation terminated.
[INFO] [stdout]           
[INFO] [stdout] 
[INFO] [stdout] error: aborting due to 1 previous error
[INFO] [stdout] 
[INFO] [stdout] Couldn't compile the test.
[INFO] [stdout] ---- src/tensor_library/matrix.rs - tensor_library::matrix::Matrix<T>::new (line 29) stdout ----
[INFO] [stdout] error: linking with `cc` failed: exit status: 1
[INFO] [stdout]   |
[INFO] [stdout]   = note: LC_ALL="C" PATH="/opt/rustwide/rustup-home/toolchains/1.83.0-x86_64-unknown-linux-gnu/lib/rustlib/x86_64-unknown-linux-gnu/bin:/opt/rustwide/cargo-home/bin:/usr/local/sbin:/usr/local/bin:/usr/sbin:/usr/bin:/sbin:/bin" VSLANG="1033" "cc" "-m64" "/tmp/rustchaJnxO/symbols.o" "/tmp/rustdoctestGlh6gU/rust_out.rust_out.cb03291d53e4e161-cgu.0.rcgu.o" "/tmp/rustdoctestGlh6gU/rust_out.1s7umcihpz0t7nkz1uc2ifee9.rcgu.o" "-Wl,--as-needed" "-Wl,-Bstatic" "/opt/rustwide/target/debug/deps/libCryptonic-da78d46a47fb246d.rlib" "/opt/rustwide/target/debug/deps/libtfhe-82a240f6cdd5a8dc.rlib" "/opt/rustwide/target/debug/deps/libitertools-fc6d08a0a8144e88.rlib" "/opt/rustwide/target/debug/deps/libbincode-cfe8cf316527e34a.rlib" "/opt/rustwide/target/debug/deps/libonce_cell-71d881f1d476ef10.rlib" "/opt/rustwide/target/debug/deps/libconcrete_csprng-2dcea919070b09f8.rlib" "/opt/rustwide/target/debug/deps/libaes-1fea785a541d6265.rlib" "/opt/rustwide/target/debug/deps/libcpufeatures-b8f04b3eb3416634.rlib" "/opt/rustwide/target/debug/deps/libcipher-602408152c4eede6.rlib" "/opt/rustwide/target/debug/deps/libinout-d3337d4bb9170d25.rlib" "/opt/rustwide/target/debug/deps/libcrypto_common-d4724082b94b0a72.rlib" "/opt/rustwide/target/debug/deps/libgeneric_array-004faa9989cf7017.rlib" "/opt/rustwide/target/debug/deps/libtypenum-4270f7746c51f4e6.rlib" "/opt/rustwide/target/debug/deps/librayon-f7b7433d22be5651.rlib" "/opt/rustwide/target/debug/deps/librayon_core-8bcbb441be29d313.rlib" "/opt/rustwide/target/debug/deps/libnum_cpus-5d67928e31f4d575.rlib" "/opt/rustwide/target/debug/deps/liblibc-87cd0e32cc8691e2.rlib" "/opt/rustwide/target/debug/deps/libcrossbeam_deque-40fcd893feff8c47.rlib" "/opt/rustwide/target/debug/deps/libcrossbeam_epoch-958f53a31bd4dd61.rlib" "/opt/rustwide/target/debug/deps/libmemoffset-0ad4b5de2bf516d5.rlib" "/opt/rustwide/target/debug/deps/libscopeguard-158c5911326f9fbb.rlib" "/opt/rustwide/target/debug/deps/libcrossbeam_channel-1cfdcc34b633cf8e.rlib" "/opt/rustwide/target/debug/deps/libcrossbeam_utils-5055aadc9943bd82.rlib" "/opt/rustwide/target/debug/deps/libcfg_if-8217498f8667ada9.rlib" "/opt/rustwide/target/debug/deps/libeither-ba7d27565d5d6c91.rlib" "/opt/rustwide/target/debug/deps/libconcrete_fft-e0645bfb7728b0c4.rlib" "/opt/rustwide/target/debug/deps/libdyn_stack-0ddc82b68ad3a590.rlib" "/opt/rustwide/target/debug/deps/libreborrow-764ec36f24157938.rlib" "/opt/rustwide/target/debug/deps/libaligned_vec-28310f598b7ab4f8.rlib" "/opt/rustwide/target/debug/deps/libnum_complex-6358dea832a160d5.rlib" "/opt/rustwide/target/debug/deps/libnum_traits-d737ff11dbbcab3e.rlib" "/opt/rustwide/target/debug/deps/libserde-dafdc0dcb247440c.rlib" "/opt/rustwide/rustup-home/toolchains/1.83.0-x86_64-unknown-linux-gnu/lib/rustlib/x86_64-unknown-linux-gnu/lib/libstd-ca74a2d9c5166d9f.rlib" "/opt/rustwide/rustup-home/toolchains/1.83.0-x86_64-unknown-linux-gnu/lib/rustlib/x86_64-unknown-linux-gnu/lib/libpanic_unwind-e31ab23316ed5080.rlib" "/opt/rustwide/rustup-home/toolchains/1.83.0-x86_64-unknown-linux-gnu/lib/rustlib/x86_64-unknown-linux-gnu/lib/libobject-27dc4aa955912662.rlib" "/opt/rustwide/rustup-home/toolchains/1.83.0-x86_64-unknown-linux-gnu/lib/rustlib/x86_64-unknown-linux-gnu/lib/libmemchr-bd0d6cccce077b99.rlib" "/opt/rustwide/rustup-home/toolchains/1.83.0-x86_64-unknown-linux-gnu/lib/rustlib/x86_64-unknown-linux-gnu/lib/libaddr2line-8d001680935b5e3c.rlib" "/opt/rustwide/rustup-home/toolchains/1.83.0-x86_64-unknown-linux-gnu/lib/rustlib/x86_64-unknown-linux-gnu/lib/libgimli-ba8ce71964f984f4.rlib" "/opt/rustwide/rustup-home/toolchains/1.83.0-x86_64-unknown-linux-gnu/lib/rustlib/x86_64-unknown-linux-gnu/lib/librustc_demangle-99a73526abcec14b.rlib" "/opt/rustwide/rustup-home/toolchains/1.83.0-x86_64-unknown-linux-gnu/lib/rustlib/x86_64-unknown-linux-gnu/lib/libstd_detect-63ac0d22cff92579.rlib" "/opt/rustwide/rustup-home/toolchains/1.83.0-x86_64-unknown-linux-gnu/lib/rustlib/x86_64-unknown-linux-gnu/lib/libhashbrown-9057355c92c922d5.rlib" "/opt/rustwide/rustup-home/toolchains/1.83.0-x86_64-unknown-linux-gnu/lib/rustlib/x86_64-unknown-linux-gnu/lib/librustc_std_workspace_alloc-358be9bc1f6bab04.rlib" "/opt/rustwide/rustup-home/toolchains/1.83.0-x86_64-unknown-linux-gnu/lib/rustlib/x86_64-unknown-linux-gnu/lib/libminiz_oxide-aca15549d5bff974.rlib" "/opt/rustwide/rustup-home/toolchains/1.83.0-x86_64-unknown-linux-gnu/lib/rustlib/x86_64-unknown-linux-gnu/lib/libadler-8251d2cef7072448.rlib" "/opt/rustwide/rustup-home/toolchains/1.83.0-x86_64-unknown-linux-gnu/lib/rustlib/x86_64-unknown-linux-gnu/lib/libunwind-7d50b86011c66411.rlib" "/opt/rustwide/rustup-home/toolchains/1.83.0-x86_64-unknown-linux-gnu/lib/rustlib/x86_64-unknown-linux-gnu/lib/libcfg_if-51ea098fce5006bf.rlib" "/opt/rustwide/rustup-home/toolchains/1.83.0-x86_64-unknown-linux-gnu/lib/rustlib/x86_64-unknown-linux-gnu/lib/liblibc-5a14e0d0b712e731.rlib" "/opt/rustwide/rustup-home/toolchains/1.83.0-x86_64-unknown-linux-gnu/lib/rustlib/x86_64-unknown-linux-gnu/lib/liballoc-8b83dbf3a7b8f999.rlib" "/opt/rustwide/rustup-home/toolchains/1.83.0-x86_64-unknown-linux-gnu/lib/rustlib/x86_64-unknown-linux-gnu/lib/librustc_std_workspace_core-c6fd227bdc7b39ff.rlib" "/opt/rustwide/rustup-home/toolchains/1.83.0-x86_64-unknown-linux-gnu/lib/rustlib/x86_64-unknown-linux-gnu/lib/libcore-959d3389fa3da8a5.rlib" "/opt/rustwide/rustup-home/toolchains/1.83.0-x86_64-unknown-linux-gnu/lib/rustlib/x86_64-unknown-linux-gnu/lib/libcompiler_builtins-abe05db089cc2c62.rlib" "-Wl,-Bdynamic" "-lgcc_s" "-lutil" "-lrt" "-lpthread" "-lm" "-ldl" "-lc" "-Wl,--eh-frame-hdr" "-Wl,-z,noexecstack" "-L" "/opt/rustwide/rustup-home/toolchains/1.83.0-x86_64-unknown-linux-gnu/lib/rustlib/x86_64-unknown-linux-gnu/lib" "-o" "/tmp/rustdoctestGlh6gU/rust_out" "-Wl,--gc-sections" "-pie" "-Wl,-z,relro,-z,now" "-nodefaultlibs"
[INFO] [stdout]   = note: collect2: fatal error: ld terminated with signal 9 [Killed]
[INFO] [stdout]           compilation terminated.
[INFO] [stdout]           
[INFO] [stdout] 
[INFO] [stdout] error: aborting due to 1 previous error
[INFO] [stdout] 
[INFO] [stdout] Couldn't compile the test.
[INFO] [stdout] ---- src/tensor_library/matrix.rs - tensor_library::matrix::Matrix<T>::set (line 308) stdout ----
[INFO] [stdout] error: linking with `cc` failed: exit status: 1
[INFO] [stdout]   |
[INFO] [stdout]   = note: LC_ALL="C" PATH="/opt/rustwide/rustup-home/toolchains/1.83.0-x86_64-unknown-linux-gnu/lib/rustlib/x86_64-unknown-linux-gnu/bin:/opt/rustwide/cargo-home/bin:/usr/local/sbin:/usr/local/bin:/usr/sbin:/usr/bin:/sbin:/bin" VSLANG="1033" "cc" "-m64" "/tmp/rustczVBtpE/symbols.o" "/tmp/rustdoctestrUInY7/rust_out.rust_out.cb03291d53e4e161-cgu.0.rcgu.o" "/tmp/rustdoctestrUInY7/rust_out.1s7umcihpz0t7nkz1uc2ifee9.rcgu.o" "-Wl,--as-needed" "-Wl,-Bstatic" "/opt/rustwide/target/debug/deps/libCryptonic-da78d46a47fb246d.rlib" "/opt/rustwide/target/debug/deps/libtfhe-82a240f6cdd5a8dc.rlib" "/opt/rustwide/target/debug/deps/libitertools-fc6d08a0a8144e88.rlib" "/opt/rustwide/target/debug/deps/libbincode-cfe8cf316527e34a.rlib" "/opt/rustwide/target/debug/deps/libonce_cell-71d881f1d476ef10.rlib" "/opt/rustwide/target/debug/deps/libconcrete_csprng-2dcea919070b09f8.rlib" "/opt/rustwide/target/debug/deps/libaes-1fea785a541d6265.rlib" "/opt/rustwide/target/debug/deps/libcpufeatures-b8f04b3eb3416634.rlib" "/opt/rustwide/target/debug/deps/libcipher-602408152c4eede6.rlib" "/opt/rustwide/target/debug/deps/libinout-d3337d4bb9170d25.rlib" "/opt/rustwide/target/debug/deps/libcrypto_common-d4724082b94b0a72.rlib" "/opt/rustwide/target/debug/deps/libgeneric_array-004faa9989cf7017.rlib" "/opt/rustwide/target/debug/deps/libtypenum-4270f7746c51f4e6.rlib" "/opt/rustwide/target/debug/deps/librayon-f7b7433d22be5651.rlib" "/opt/rustwide/target/debug/deps/librayon_core-8bcbb441be29d313.rlib" "/opt/rustwide/target/debug/deps/libnum_cpus-5d67928e31f4d575.rlib" "/opt/rustwide/target/debug/deps/liblibc-87cd0e32cc8691e2.rlib" "/opt/rustwide/target/debug/deps/libcrossbeam_deque-40fcd893feff8c47.rlib" "/opt/rustwide/target/debug/deps/libcrossbeam_epoch-958f53a31bd4dd61.rlib" "/opt/rustwide/target/debug/deps/libmemoffset-0ad4b5de2bf516d5.rlib" "/opt/rustwide/target/debug/deps/libscopeguard-158c5911326f9fbb.rlib" "/opt/rustwide/target/debug/deps/libcrossbeam_channel-1cfdcc34b633cf8e.rlib" "/opt/rustwide/target/debug/deps/libcrossbeam_utils-5055aadc9943bd82.rlib" "/opt/rustwide/target/debug/deps/libcfg_if-8217498f8667ada9.rlib" "/opt/rustwide/target/debug/deps/libeither-ba7d27565d5d6c91.rlib" "/opt/rustwide/target/debug/deps/libconcrete_fft-e0645bfb7728b0c4.rlib" "/opt/rustwide/target/debug/deps/libdyn_stack-0ddc82b68ad3a590.rlib" "/opt/rustwide/target/debug/deps/libreborrow-764ec36f24157938.rlib" "/opt/rustwide/target/debug/deps/libaligned_vec-28310f598b7ab4f8.rlib" "/opt/rustwide/target/debug/deps/libnum_complex-6358dea832a160d5.rlib" "/opt/rustwide/target/debug/deps/libnum_traits-d737ff11dbbcab3e.rlib" "/opt/rustwide/target/debug/deps/libserde-dafdc0dcb247440c.rlib" "/opt/rustwide/rustup-home/toolchains/1.83.0-x86_64-unknown-linux-gnu/lib/rustlib/x86_64-unknown-linux-gnu/lib/libstd-ca74a2d9c5166d9f.rlib" "/opt/rustwide/rustup-home/toolchains/1.83.0-x86_64-unknown-linux-gnu/lib/rustlib/x86_64-unknown-linux-gnu/lib/libpanic_unwind-e31ab23316ed5080.rlib" "/opt/rustwide/rustup-home/toolchains/1.83.0-x86_64-unknown-linux-gnu/lib/rustlib/x86_64-unknown-linux-gnu/lib/libobject-27dc4aa955912662.rlib" "/opt/rustwide/rustup-home/toolchains/1.83.0-x86_64-unknown-linux-gnu/lib/rustlib/x86_64-unknown-linux-gnu/lib/libmemchr-bd0d6cccce077b99.rlib" "/opt/rustwide/rustup-home/toolchains/1.83.0-x86_64-unknown-linux-gnu/lib/rustlib/x86_64-unknown-linux-gnu/lib/libaddr2line-8d001680935b5e3c.rlib" "/opt/rustwide/rustup-home/toolchains/1.83.0-x86_64-unknown-linux-gnu/lib/rustlib/x86_64-unknown-linux-gnu/lib/libgimli-ba8ce71964f984f4.rlib" "/opt/rustwide/rustup-home/toolchains/1.83.0-x86_64-unknown-linux-gnu/lib/rustlib/x86_64-unknown-linux-gnu/lib/librustc_demangle-99a73526abcec14b.rlib" "/opt/rustwide/rustup-home/toolchains/1.83.0-x86_64-unknown-linux-gnu/lib/rustlib/x86_64-unknown-linux-gnu/lib/libstd_detect-63ac0d22cff92579.rlib" "/opt/rustwide/rustup-home/toolchains/1.83.0-x86_64-unknown-linux-gnu/lib/rustlib/x86_64-unknown-linux-gnu/lib/libhashbrown-9057355c92c922d5.rlib" "/opt/rustwide/rustup-home/toolchains/1.83.0-x86_64-unknown-linux-gnu/lib/rustlib/x86_64-unknown-linux-gnu/lib/librustc_std_workspace_alloc-358be9bc1f6bab04.rlib" "/opt/rustwide/rustup-home/toolchains/1.83.0-x86_64-unknown-linux-gnu/lib/rustlib/x86_64-unknown-linux-gnu/lib/libminiz_oxide-aca15549d5bff974.rlib" "/opt/rustwide/rustup-home/toolchains/1.83.0-x86_64-unknown-linux-gnu/lib/rustlib/x86_64-unknown-linux-gnu/lib/libadler-8251d2cef7072448.rlib" "/opt/rustwide/rustup-home/toolchains/1.83.0-x86_64-unknown-linux-gnu/lib/rustlib/x86_64-unknown-linux-gnu/lib/libunwind-7d50b86011c66411.rlib" "/opt/rustwide/rustup-home/toolchains/1.83.0-x86_64-unknown-linux-gnu/lib/rustlib/x86_64-unknown-linux-gnu/lib/libcfg_if-51ea098fce5006bf.rlib" "/opt/rustwide/rustup-home/toolchains/1.83.0-x86_64-unknown-linux-gnu/lib/rustlib/x86_64-unknown-linux-gnu/lib/liblibc-5a14e0d0b712e731.rlib" "/opt/rustwide/rustup-home/toolchains/1.83.0-x86_64-unknown-linux-gnu/lib/rustlib/x86_64-unknown-linux-gnu/lib/liballoc-8b83dbf3a7b8f999.rlib" "/opt/rustwide/rustup-home/toolchains/1.83.0-x86_64-unknown-linux-gnu/lib/rustlib/x86_64-unknown-linux-gnu/lib/librustc_std_workspace_core-c6fd227bdc7b39ff.rlib" "/opt/rustwide/rustup-home/toolchains/1.83.0-x86_64-unknown-linux-gnu/lib/rustlib/x86_64-unknown-linux-gnu/lib/libcore-959d3389fa3da8a5.rlib" "/opt/rustwide/rustup-home/toolchains/1.83.0-x86_64-unknown-linux-gnu/lib/rustlib/x86_64-unknown-linux-gnu/lib/libcompiler_builtins-abe05db089cc2c62.rlib" "-Wl,-Bdynamic" "-lgcc_s" "-lutil" "-lrt" "-lpthread" "-lm" "-ldl" "-lc" "-Wl,--eh-frame-hdr" "-Wl,-z,noexecstack" "-L" "/opt/rustwide/rustup-home/toolchains/1.83.0-x86_64-unknown-linux-gnu/lib/rustlib/x86_64-unknown-linux-gnu/lib" "-o" "/tmp/rustdoctestrUInY7/rust_out" "-Wl,--gc-sections" "-pie" "-Wl,-z,relro,-z,now" "-nodefaultlibs"
[INFO] [stdout]   = note: collect2: fatal error: ld terminated with signal 9 [Killed]
[INFO] [stdout]           compilation terminated.
[INFO] [stdout]           
[INFO] [stdout] 
[INFO] [stdout] error: aborting due to 1 previous error
[INFO] [stdout] 
[INFO] [stdout] Couldn't compile the test.
[INFO] [stdout] ---- src/tensor_library/utils.rs - tensor_library::utils::calc_size_from_shape (line 37) stdout ----
[INFO] [stdout] error[E0432]: unresolved import `Cryptonic::utils`
[INFO] [stdout]  --> src/tensor_library/utils.rs:39:16
[INFO] [stdout]   |
[INFO] [stdout] 5 | use Cryptonic::utils::calc_size_from_shape;
[INFO] [stdout]   |                ^^^^^ could not find `utils` in `Cryptonic`
[INFO] [stdout] 
[INFO] [stdout] error: aborting due to 1 previous error
[INFO] [stdout] 
[INFO] [stdout] For more information about this error, try `rustc --explain E0432`.
[INFO] [stdout] Couldn't compile the test.
[INFO] [stdout] ---- src/tensor_library/utils.rs - tensor_library::utils::calc_concat_shape (line 81) stdout ----
[INFO] [stdout] error[E0432]: unresolved import `Cryptonic::utils`
[INFO] [stdout]  --> src/tensor_library/utils.rs:83:16
[INFO] [stdout]   |
[INFO] [stdout] 5 | use Cryptonic::utils::calc_size_from_shape;
[INFO] [stdout]   |                ^^^^^ could not find `utils` in `Cryptonic`
[INFO] [stdout] 
[INFO] [stdout] error[E0432]: unresolved import `Cryptonic::utils`
[INFO] [stdout]  --> src/tensor_library/utils.rs:84:16
[INFO] [stdout]   |
[INFO] [stdout] 6 | use Cryptonic::utils::calc_concat_shape;
[INFO] [stdout]   |                ^^^^^ could not find `utils` in `Cryptonic`
[INFO] [stdout] 
[INFO] [stdout] error: aborting due to 2 previous errors
[INFO] [stdout] 
[INFO] [stdout] For more information about this error, try `rustc --explain E0432`.
[INFO] [stdout] Couldn't compile the test.
[INFO] [stdout] ---- src/tensor_library/matrix.rs - tensor_library::matrix::ConcatRetType (line 520) stdout ----
[INFO] [stdout] error: linking with `cc` failed: exit status: 1
[INFO] [stdout]   |
[INFO] [stdout]   = note: LC_ALL="C" PATH="/opt/rustwide/rustup-home/toolchains/1.83.0-x86_64-unknown-linux-gnu/lib/rustlib/x86_64-unknown-linux-gnu/bin:/opt/rustwide/cargo-home/bin:/usr/local/sbin:/usr/local/bin:/usr/sbin:/usr/bin:/sbin:/bin" VSLANG="1033" "cc" "-m64" "/tmp/rustcEIx3P0/symbols.o" "/tmp/rustdoctestL7TLlz/rust_out.rust_out.cb03291d53e4e161-cgu.0.rcgu.o" "/tmp/rustdoctestL7TLlz/rust_out.1s7umcihpz0t7nkz1uc2ifee9.rcgu.o" "-Wl,--as-needed" "-Wl,-Bstatic" "/opt/rustwide/target/debug/deps/libCryptonic-da78d46a47fb246d.rlib" "/opt/rustwide/target/debug/deps/libtfhe-82a240f6cdd5a8dc.rlib" "/opt/rustwide/target/debug/deps/libitertools-fc6d08a0a8144e88.rlib" "/opt/rustwide/target/debug/deps/libbincode-cfe8cf316527e34a.rlib" "/opt/rustwide/target/debug/deps/libonce_cell-71d881f1d476ef10.rlib" "/opt/rustwide/target/debug/deps/libconcrete_csprng-2dcea919070b09f8.rlib" "/opt/rustwide/target/debug/deps/libaes-1fea785a541d6265.rlib" "/opt/rustwide/target/debug/deps/libcpufeatures-b8f04b3eb3416634.rlib" "/opt/rustwide/target/debug/deps/libcipher-602408152c4eede6.rlib" "/opt/rustwide/target/debug/deps/libinout-d3337d4bb9170d25.rlib" "/opt/rustwide/target/debug/deps/libcrypto_common-d4724082b94b0a72.rlib" "/opt/rustwide/target/debug/deps/libgeneric_array-004faa9989cf7017.rlib" "/opt/rustwide/target/debug/deps/libtypenum-4270f7746c51f4e6.rlib" "/opt/rustwide/target/debug/deps/librayon-f7b7433d22be5651.rlib" "/opt/rustwide/target/debug/deps/librayon_core-8bcbb441be29d313.rlib" "/opt/rustwide/target/debug/deps/libnum_cpus-5d67928e31f4d575.rlib" "/opt/rustwide/target/debug/deps/liblibc-87cd0e32cc8691e2.rlib" "/opt/rustwide/target/debug/deps/libcrossbeam_deque-40fcd893feff8c47.rlib" "/opt/rustwide/target/debug/deps/libcrossbeam_epoch-958f53a31bd4dd61.rlib" "/opt/rustwide/target/debug/deps/libmemoffset-0ad4b5de2bf516d5.rlib" "/opt/rustwide/target/debug/deps/libscopeguard-158c5911326f9fbb.rlib" "/opt/rustwide/target/debug/deps/libcrossbeam_channel-1cfdcc34b633cf8e.rlib" "/opt/rustwide/target/debug/deps/libcrossbeam_utils-5055aadc9943bd82.rlib" "/opt/rustwide/target/debug/deps/libcfg_if-8217498f8667ada9.rlib" "/opt/rustwide/target/debug/deps/libeither-ba7d27565d5d6c91.rlib" "/opt/rustwide/target/debug/deps/libconcrete_fft-e0645bfb7728b0c4.rlib" "/opt/rustwide/target/debug/deps/libdyn_stack-0ddc82b68ad3a590.rlib" "/opt/rustwide/target/debug/deps/libreborrow-764ec36f24157938.rlib" "/opt/rustwide/target/debug/deps/libaligned_vec-28310f598b7ab4f8.rlib" "/opt/rustwide/target/debug/deps/libnum_complex-6358dea832a160d5.rlib" "/opt/rustwide/target/debug/deps/libnum_traits-d737ff11dbbcab3e.rlib" "/opt/rustwide/target/debug/deps/libserde-dafdc0dcb247440c.rlib" "/opt/rustwide/rustup-home/toolchains/1.83.0-x86_64-unknown-linux-gnu/lib/rustlib/x86_64-unknown-linux-gnu/lib/libstd-ca74a2d9c5166d9f.rlib" "/opt/rustwide/rustup-home/toolchains/1.83.0-x86_64-unknown-linux-gnu/lib/rustlib/x86_64-unknown-linux-gnu/lib/libpanic_unwind-e31ab23316ed5080.rlib" "/opt/rustwide/rustup-home/toolchains/1.83.0-x86_64-unknown-linux-gnu/lib/rustlib/x86_64-unknown-linux-gnu/lib/libobject-27dc4aa955912662.rlib" "/opt/rustwide/rustup-home/toolchains/1.83.0-x86_64-unknown-linux-gnu/lib/rustlib/x86_64-unknown-linux-gnu/lib/libmemchr-bd0d6cccce077b99.rlib" "/opt/rustwide/rustup-home/toolchains/1.83.0-x86_64-unknown-linux-gnu/lib/rustlib/x86_64-unknown-linux-gnu/lib/libaddr2line-8d001680935b5e3c.rlib" "/opt/rustwide/rustup-home/toolchains/1.83.0-x86_64-unknown-linux-gnu/lib/rustlib/x86_64-unknown-linux-gnu/lib/libgimli-ba8ce71964f984f4.rlib" "/opt/rustwide/rustup-home/toolchains/1.83.0-x86_64-unknown-linux-gnu/lib/rustlib/x86_64-unknown-linux-gnu/lib/librustc_demangle-99a73526abcec14b.rlib" "/opt/rustwide/rustup-home/toolchains/1.83.0-x86_64-unknown-linux-gnu/lib/rustlib/x86_64-unknown-linux-gnu/lib/libstd_detect-63ac0d22cff92579.rlib" "/opt/rustwide/rustup-home/toolchains/1.83.0-x86_64-unknown-linux-gnu/lib/rustlib/x86_64-unknown-linux-gnu/lib/libhashbrown-9057355c92c922d5.rlib" "/opt/rustwide/rustup-home/toolchains/1.83.0-x86_64-unknown-linux-gnu/lib/rustlib/x86_64-unknown-linux-gnu/lib/librustc_std_workspace_alloc-358be9bc1f6bab04.rlib" "/opt/rustwide/rustup-home/toolchains/1.83.0-x86_64-unknown-linux-gnu/lib/rustlib/x86_64-unknown-linux-gnu/lib/libminiz_oxide-aca15549d5bff974.rlib" "/opt/rustwide/rustup-home/toolchains/1.83.0-x86_64-unknown-linux-gnu/lib/rustlib/x86_64-unknown-linux-gnu/lib/libadler-8251d2cef7072448.rlib" "/opt/rustwide/rustup-home/toolchains/1.83.0-x86_64-unknown-linux-gnu/lib/rustlib/x86_64-unknown-linux-gnu/lib/libunwind-7d50b86011c66411.rlib" "/opt/rustwide/rustup-home/toolchains/1.83.0-x86_64-unknown-linux-gnu/lib/rustlib/x86_64-unknown-linux-gnu/lib/libcfg_if-51ea098fce5006bf.rlib" "/opt/rustwide/rustup-home/toolchains/1.83.0-x86_64-unknown-linux-gnu/lib/rustlib/x86_64-unknown-linux-gnu/lib/liblibc-5a14e0d0b712e731.rlib" "/opt/rustwide/rustup-home/toolchains/1.83.0-x86_64-unknown-linux-gnu/lib/rustlib/x86_64-unknown-linux-gnu/lib/liballoc-8b83dbf3a7b8f999.rlib" "/opt/rustwide/rustup-home/toolchains/1.83.0-x86_64-unknown-linux-gnu/lib/rustlib/x86_64-unknown-linux-gnu/lib/librustc_std_workspace_core-c6fd227bdc7b39ff.rlib" "/opt/rustwide/rustup-home/toolchains/1.83.0-x86_64-unknown-linux-gnu/lib/rustlib/x86_64-unknown-linux-gnu/lib/libcore-959d3389fa3da8a5.rlib" "/opt/rustwide/rustup-home/toolchains/1.83.0-x86_64-unknown-linux-gnu/lib/rustlib/x86_64-unknown-linux-gnu/lib/libcompiler_builtins-abe05db089cc2c62.rlib" "-Wl,-Bdynamic" "-lgcc_s" "-lutil" "-lrt" "-lpthread" "-lm" "-ldl" "-lc" "-Wl,--eh-frame-hdr" "-Wl,-z,noexecstack" "-L" "/opt/rustwide/rustup-home/toolchains/1.83.0-x86_64-unknown-linux-gnu/lib/rustlib/x86_64-unknown-linux-gnu/lib" "-o" "/tmp/rustdoctestL7TLlz/rust_out" "-Wl,--gc-sections" "-pie" "-Wl,-z,relro,-z,now" "-nodefaultlibs"
[INFO] [stdout]   = note: collect2: fatal error: ld terminated with signal 9 [Killed]
[INFO] [stdout]           compilation terminated.
[INFO] [stdout]           
[INFO] [stdout] 
[INFO] [stdout] error: aborting due to 1 previous error
[INFO] [stdout] 
[INFO] [stdout] Couldn't compile the test.
[INFO] [stdout] ---- src/tensor_library/utils.rs - tensor_library::utils::calc_strides_from_shape (line 7) stdout ----
[INFO] [stdout] error[E0432]: unresolved imports `Cryptonic::matrix`, `Cryptonic::layout`
[INFO] [stdout]  --> src/tensor_library/utils.rs:9:17
[INFO] [stdout]   |
[INFO] [stdout] 5 | use Cryptonic::{matrix::Matrix, layout::Layout};
[INFO] [stdout]   |                 ^^^^^^          ^^^^^^ could not find `layout` in `Cryptonic`
[INFO] [stdout]   |                 |
[INFO] [stdout]   |                 could not find `matrix` in `Cryptonic`
[INFO] [stdout] 
[INFO] [stdout] error[E0432]: unresolved import `Cryptonic::utils`
[INFO] [stdout]  --> src/tensor_library/utils.rs:10:16
[INFO] [stdout]   |
[INFO] [stdout] 6 | use Cryptonic::utils::calc_strides_from_shape;
[INFO] [stdout]   |                ^^^^^ could not find `utils` in `Cryptonic`
[INFO] [stdout] 
[INFO] [stdout] error: aborting due to 2 previous errors
[INFO] [stdout] 
[INFO] [stdout] For more information about this error, try `rustc --explain E0432`.
[INFO] [stdout] Couldn't compile the test.
[INFO] [stdout] ---- src/tensor_library/utils.rs - tensor_library::utils::check_concat_dims (line 51) stdout ----
[INFO] [stdout] error[E0432]: unresolved import `Cryptonic::utils`
[INFO] [stdout]  --> src/tensor_library/utils.rs:53:16
[INFO] [stdout]   |
[INFO] [stdout] 5 | use Cryptonic::utils::calc_size_from_shape;
[INFO] [stdout]   |                ^^^^^ could not find `utils` in `Cryptonic`
[INFO] [stdout] 
[INFO] [stdout] error[E0432]: unresolved import `Cryptonic::utils`
[INFO] [stdout]  --> src/tensor_library/utils.rs:54:16
[INFO] [stdout]   |
[INFO] [stdout] 6 | use Cryptonic::utils::check_concat_dims;
[INFO] [stdout]   |                ^^^^^ could not find `utils` in `Cryptonic`
[INFO] [stdout] 
[INFO] [stdout] error: aborting due to 2 previous errors
[INFO] [stdout] 
[INFO] [stdout] For more information about this error, try `rustc --explain E0432`.
[INFO] [stdout] Couldn't compile the test.
[INFO] [stdout] ---- src/tensor_library/matrix.rs - tensor_library::matrix::Matrix<T>::set_shape (line 192) stdout ----
[INFO] [stdout] error: linking with `cc` failed: exit status: 1
[INFO] [stdout]   |
[INFO] [stdout]   = note: LC_ALL="C" PATH="/opt/rustwide/rustup-home/toolchains/1.83.0-x86_64-unknown-linux-gnu/lib/rustlib/x86_64-unknown-linux-gnu/bin:/opt/rustwide/cargo-home/bin:/usr/local/sbin:/usr/local/bin:/usr/sbin:/usr/bin:/sbin:/bin" VSLANG="1033" "cc" "-m64" "/tmp/rustcDBN49N/symbols.o" "/tmp/rustdoctestNS0FZN/rust_out.rust_out.cb03291d53e4e161-cgu.0.rcgu.o" "/tmp/rustdoctestNS0FZN/rust_out.1s7umcihpz0t7nkz1uc2ifee9.rcgu.o" "-Wl,--as-needed" "-Wl,-Bstatic" "/opt/rustwide/target/debug/deps/libCryptonic-da78d46a47fb246d.rlib" "/opt/rustwide/target/debug/deps/libtfhe-82a240f6cdd5a8dc.rlib" "/opt/rustwide/target/debug/deps/libitertools-fc6d08a0a8144e88.rlib" "/opt/rustwide/target/debug/deps/libbincode-cfe8cf316527e34a.rlib" "/opt/rustwide/target/debug/deps/libonce_cell-71d881f1d476ef10.rlib" "/opt/rustwide/target/debug/deps/libconcrete_csprng-2dcea919070b09f8.rlib" "/opt/rustwide/target/debug/deps/libaes-1fea785a541d6265.rlib" "/opt/rustwide/target/debug/deps/libcpufeatures-b8f04b3eb3416634.rlib" "/opt/rustwide/target/debug/deps/libcipher-602408152c4eede6.rlib" "/opt/rustwide/target/debug/deps/libinout-d3337d4bb9170d25.rlib" "/opt/rustwide/target/debug/deps/libcrypto_common-d4724082b94b0a72.rlib" "/opt/rustwide/target/debug/deps/libgeneric_array-004faa9989cf7017.rlib" "/opt/rustwide/target/debug/deps/libtypenum-4270f7746c51f4e6.rlib" "/opt/rustwide/target/debug/deps/librayon-f7b7433d22be5651.rlib" "/opt/rustwide/target/debug/deps/librayon_core-8bcbb441be29d313.rlib" "/opt/rustwide/target/debug/deps/libnum_cpus-5d67928e31f4d575.rlib" "/opt/rustwide/target/debug/deps/liblibc-87cd0e32cc8691e2.rlib" "/opt/rustwide/target/debug/deps/libcrossbeam_deque-40fcd893feff8c47.rlib" "/opt/rustwide/target/debug/deps/libcrossbeam_epoch-958f53a31bd4dd61.rlib" "/opt/rustwide/target/debug/deps/libmemoffset-0ad4b5de2bf516d5.rlib" "/opt/rustwide/target/debug/deps/libscopeguard-158c5911326f9fbb.rlib" "/opt/rustwide/target/debug/deps/libcrossbeam_channel-1cfdcc34b633cf8e.rlib" "/opt/rustwide/target/debug/deps/libcrossbeam_utils-5055aadc9943bd82.rlib" "/opt/rustwide/target/debug/deps/libcfg_if-8217498f8667ada9.rlib" "/opt/rustwide/target/debug/deps/libeither-ba7d27565d5d6c91.rlib" "/opt/rustwide/target/debug/deps/libconcrete_fft-e0645bfb7728b0c4.rlib" "/opt/rustwide/target/debug/deps/libdyn_stack-0ddc82b68ad3a590.rlib" "/opt/rustwide/target/debug/deps/libreborrow-764ec36f24157938.rlib" "/opt/rustwide/target/debug/deps/libaligned_vec-28310f598b7ab4f8.rlib" "/opt/rustwide/target/debug/deps/libnum_complex-6358dea832a160d5.rlib" "/opt/rustwide/target/debug/deps/libnum_traits-d737ff11dbbcab3e.rlib" "/opt/rustwide/target/debug/deps/libserde-dafdc0dcb247440c.rlib" "/opt/rustwide/rustup-home/toolchains/1.83.0-x86_64-unknown-linux-gnu/lib/rustlib/x86_64-unknown-linux-gnu/lib/libstd-ca74a2d9c5166d9f.rlib" "/opt/rustwide/rustup-home/toolchains/1.83.0-x86_64-unknown-linux-gnu/lib/rustlib/x86_64-unknown-linux-gnu/lib/libpanic_unwind-e31ab23316ed5080.rlib" "/opt/rustwide/rustup-home/toolchains/1.83.0-x86_64-unknown-linux-gnu/lib/rustlib/x86_64-unknown-linux-gnu/lib/libobject-27dc4aa955912662.rlib" "/opt/rustwide/rustup-home/toolchains/1.83.0-x86_64-unknown-linux-gnu/lib/rustlib/x86_64-unknown-linux-gnu/lib/libmemchr-bd0d6cccce077b99.rlib" "/opt/rustwide/rustup-home/toolchains/1.83.0-x86_64-unknown-linux-gnu/lib/rustlib/x86_64-unknown-linux-gnu/lib/libaddr2line-8d001680935b5e3c.rlib" "/opt/rustwide/rustup-home/toolchains/1.83.0-x86_64-unknown-linux-gnu/lib/rustlib/x86_64-unknown-linux-gnu/lib/libgimli-ba8ce71964f984f4.rlib" "/opt/rustwide/rustup-home/toolchains/1.83.0-x86_64-unknown-linux-gnu/lib/rustlib/x86_64-unknown-linux-gnu/lib/librustc_demangle-99a73526abcec14b.rlib" "/opt/rustwide/rustup-home/toolchains/1.83.0-x86_64-unknown-linux-gnu/lib/rustlib/x86_64-unknown-linux-gnu/lib/libstd_detect-63ac0d22cff92579.rlib" "/opt/rustwide/rustup-home/toolchains/1.83.0-x86_64-unknown-linux-gnu/lib/rustlib/x86_64-unknown-linux-gnu/lib/libhashbrown-9057355c92c922d5.rlib" "/opt/rustwide/rustup-home/toolchains/1.83.0-x86_64-unknown-linux-gnu/lib/rustlib/x86_64-unknown-linux-gnu/lib/librustc_std_workspace_alloc-358be9bc1f6bab04.rlib" "/opt/rustwide/rustup-home/toolchains/1.83.0-x86_64-unknown-linux-gnu/lib/rustlib/x86_64-unknown-linux-gnu/lib/libminiz_oxide-aca15549d5bff974.rlib" "/opt/rustwide/rustup-home/toolchains/1.83.0-x86_64-unknown-linux-gnu/lib/rustlib/x86_64-unknown-linux-gnu/lib/libadler-8251d2cef7072448.rlib" "/opt/rustwide/rustup-home/toolchains/1.83.0-x86_64-unknown-linux-gnu/lib/rustlib/x86_64-unknown-linux-gnu/lib/libunwind-7d50b86011c66411.rlib" "/opt/rustwide/rustup-home/toolchains/1.83.0-x86_64-unknown-linux-gnu/lib/rustlib/x86_64-unknown-linux-gnu/lib/libcfg_if-51ea098fce5006bf.rlib" "/opt/rustwide/rustup-home/toolchains/1.83.0-x86_64-unknown-linux-gnu/lib/rustlib/x86_64-unknown-linux-gnu/lib/liblibc-5a14e0d0b712e731.rlib" "/opt/rustwide/rustup-home/toolchains/1.83.0-x86_64-unknown-linux-gnu/lib/rustlib/x86_64-unknown-linux-gnu/lib/liballoc-8b83dbf3a7b8f999.rlib" "/opt/rustwide/rustup-home/toolchains/1.83.0-x86_64-unknown-linux-gnu/lib/rustlib/x86_64-unknown-linux-gnu/lib/librustc_std_workspace_core-c6fd227bdc7b39ff.rlib" "/opt/rustwide/rustup-home/toolchains/1.83.0-x86_64-unknown-linux-gnu/lib/rustlib/x86_64-unknown-linux-gnu/lib/libcore-959d3389fa3da8a5.rlib" "/opt/rustwide/rustup-home/toolchains/1.83.0-x86_64-unknown-linux-gnu/lib/rustlib/x86_64-unknown-linux-gnu/lib/libcompiler_builtins-abe05db089cc2c62.rlib" "-Wl,-Bdynamic" "-lgcc_s" "-lutil" "-lrt" "-lpthread" "-lm" "-ldl" "-lc" "-Wl,--eh-frame-hdr" "-Wl,-z,noexecstack" "-L" "/opt/rustwide/rustup-home/toolchains/1.83.0-x86_64-unknown-linux-gnu/lib/rustlib/x86_64-unknown-linux-gnu/lib" "-o" "/tmp/rustdoctestNS0FZN/rust_out" "-Wl,--gc-sections" "-pie" "-Wl,-z,relro,-z,now" "-nodefaultlibs"
[INFO] [stdout]   = note: collect2: fatal error: ld terminated with signal 9 [Killed]
[INFO] [stdout]           compilation terminated.
[INFO] [stdout]           
[INFO] [stdout] 
[INFO] [stdout] error: aborting due to 1 previous error
[INFO] [stdout] 
[INFO] [stdout] Couldn't compile the test.
[INFO] [stdout] ---- src/tensor_library/matrix.rs - tensor_library::matrix::Matrix<T>::apply (line 357) stdout ----
[INFO] [stdout] error: linking with `cc` failed: exit status: 1
[INFO] [stdout]   |
[INFO] [stdout]   = note: LC_ALL="C" PATH="/opt/rustwide/rustup-home/toolchains/1.83.0-x86_64-unknown-linux-gnu/lib/rustlib/x86_64-unknown-linux-gnu/bin:/opt/rustwide/cargo-home/bin:/usr/local/sbin:/usr/local/bin:/usr/sbin:/usr/bin:/sbin:/bin" VSLANG="1033" "cc" "-m64" "/tmp/rustciK2CXN/symbols.o" "/tmp/rustdoctesteAM886/rust_out.rust_out.cb03291d53e4e161-cgu.0.rcgu.o" "/tmp/rustdoctesteAM886/rust_out.1s7umcihpz0t7nkz1uc2ifee9.rcgu.o" "-Wl,--as-needed" "-Wl,-Bstatic" "/opt/rustwide/target/debug/deps/libCryptonic-da78d46a47fb246d.rlib" "/opt/rustwide/target/debug/deps/libtfhe-82a240f6cdd5a8dc.rlib" "/opt/rustwide/target/debug/deps/libitertools-fc6d08a0a8144e88.rlib" "/opt/rustwide/target/debug/deps/libbincode-cfe8cf316527e34a.rlib" "/opt/rustwide/target/debug/deps/libonce_cell-71d881f1d476ef10.rlib" "/opt/rustwide/target/debug/deps/libconcrete_csprng-2dcea919070b09f8.rlib" "/opt/rustwide/target/debug/deps/libaes-1fea785a541d6265.rlib" "/opt/rustwide/target/debug/deps/libcpufeatures-b8f04b3eb3416634.rlib" "/opt/rustwide/target/debug/deps/libcipher-602408152c4eede6.rlib" "/opt/rustwide/target/debug/deps/libinout-d3337d4bb9170d25.rlib" "/opt/rustwide/target/debug/deps/libcrypto_common-d4724082b94b0a72.rlib" "/opt/rustwide/target/debug/deps/libgeneric_array-004faa9989cf7017.rlib" "/opt/rustwide/target/debug/deps/libtypenum-4270f7746c51f4e6.rlib" "/opt/rustwide/target/debug/deps/librayon-f7b7433d22be5651.rlib" "/opt/rustwide/target/debug/deps/librayon_core-8bcbb441be29d313.rlib" "/opt/rustwide/target/debug/deps/libnum_cpus-5d67928e31f4d575.rlib" "/opt/rustwide/target/debug/deps/liblibc-87cd0e32cc8691e2.rlib" "/opt/rustwide/target/debug/deps/libcrossbeam_deque-40fcd893feff8c47.rlib" "/opt/rustwide/target/debug/deps/libcrossbeam_epoch-958f53a31bd4dd61.rlib" "/opt/rustwide/target/debug/deps/libmemoffset-0ad4b5de2bf516d5.rlib" "/opt/rustwide/target/debug/deps/libscopeguard-158c5911326f9fbb.rlib" "/opt/rustwide/target/debug/deps/libcrossbeam_channel-1cfdcc34b633cf8e.rlib" "/opt/rustwide/target/debug/deps/libcrossbeam_utils-5055aadc9943bd82.rlib" "/opt/rustwide/target/debug/deps/libcfg_if-8217498f8667ada9.rlib" "/opt/rustwide/target/debug/deps/libeither-ba7d27565d5d6c91.rlib" "/opt/rustwide/target/debug/deps/libconcrete_fft-e0645bfb7728b0c4.rlib" "/opt/rustwide/target/debug/deps/libdyn_stack-0ddc82b68ad3a590.rlib" "/opt/rustwide/target/debug/deps/libreborrow-764ec36f24157938.rlib" "/opt/rustwide/target/debug/deps/libaligned_vec-28310f598b7ab4f8.rlib" "/opt/rustwide/target/debug/deps/libnum_complex-6358dea832a160d5.rlib" "/opt/rustwide/target/debug/deps/libnum_traits-d737ff11dbbcab3e.rlib" "/opt/rustwide/target/debug/deps/libserde-dafdc0dcb247440c.rlib" "/opt/rustwide/rustup-home/toolchains/1.83.0-x86_64-unknown-linux-gnu/lib/rustlib/x86_64-unknown-linux-gnu/lib/libstd-ca74a2d9c5166d9f.rlib" "/opt/rustwide/rustup-home/toolchains/1.83.0-x86_64-unknown-linux-gnu/lib/rustlib/x86_64-unknown-linux-gnu/lib/libpanic_unwind-e31ab23316ed5080.rlib" "/opt/rustwide/rustup-home/toolchains/1.83.0-x86_64-unknown-linux-gnu/lib/rustlib/x86_64-unknown-linux-gnu/lib/libobject-27dc4aa955912662.rlib" "/opt/rustwide/rustup-home/toolchains/1.83.0-x86_64-unknown-linux-gnu/lib/rustlib/x86_64-unknown-linux-gnu/lib/libmemchr-bd0d6cccce077b99.rlib" "/opt/rustwide/rustup-home/toolchains/1.83.0-x86_64-unknown-linux-gnu/lib/rustlib/x86_64-unknown-linux-gnu/lib/libaddr2line-8d001680935b5e3c.rlib" "/opt/rustwide/rustup-home/toolchains/1.83.0-x86_64-unknown-linux-gnu/lib/rustlib/x86_64-unknown-linux-gnu/lib/libgimli-ba8ce71964f984f4.rlib" "/opt/rustwide/rustup-home/toolchains/1.83.0-x86_64-unknown-linux-gnu/lib/rustlib/x86_64-unknown-linux-gnu/lib/librustc_demangle-99a73526abcec14b.rlib" "/opt/rustwide/rustup-home/toolchains/1.83.0-x86_64-unknown-linux-gnu/lib/rustlib/x86_64-unknown-linux-gnu/lib/libstd_detect-63ac0d22cff92579.rlib" "/opt/rustwide/rustup-home/toolchains/1.83.0-x86_64-unknown-linux-gnu/lib/rustlib/x86_64-unknown-linux-gnu/lib/libhashbrown-9057355c92c922d5.rlib" "/opt/rustwide/rustup-home/toolchains/1.83.0-x86_64-unknown-linux-gnu/lib/rustlib/x86_64-unknown-linux-gnu/lib/librustc_std_workspace_alloc-358be9bc1f6bab04.rlib" "/opt/rustwide/rustup-home/toolchains/1.83.0-x86_64-unknown-linux-gnu/lib/rustlib/x86_64-unknown-linux-gnu/lib/libminiz_oxide-aca15549d5bff974.rlib" "/opt/rustwide/rustup-home/toolchains/1.83.0-x86_64-unknown-linux-gnu/lib/rustlib/x86_64-unknown-linux-gnu/lib/libadler-8251d2cef7072448.rlib" "/opt/rustwide/rustup-home/toolchains/1.83.0-x86_64-unknown-linux-gnu/lib/rustlib/x86_64-unknown-linux-gnu/lib/libunwind-7d50b86011c66411.rlib" "/opt/rustwide/rustup-home/toolchains/1.83.0-x86_64-unknown-linux-gnu/lib/rustlib/x86_64-unknown-linux-gnu/lib/libcfg_if-51ea098fce5006bf.rlib" "/opt/rustwide/rustup-home/toolchains/1.83.0-x86_64-unknown-linux-gnu/lib/rustlib/x86_64-unknown-linux-gnu/lib/liblibc-5a14e0d0b712e731.rlib" "/opt/rustwide/rustup-home/toolchains/1.83.0-x86_64-unknown-linux-gnu/lib/rustlib/x86_64-unknown-linux-gnu/lib/liballoc-8b83dbf3a7b8f999.rlib" "/opt/rustwide/rustup-home/toolchains/1.83.0-x86_64-unknown-linux-gnu/lib/rustlib/x86_64-unknown-linux-gnu/lib/librustc_std_workspace_core-c6fd227bdc7b39ff.rlib" "/opt/rustwide/rustup-home/toolchains/1.83.0-x86_64-unknown-linux-gnu/lib/rustlib/x86_64-unknown-linux-gnu/lib/libcore-959d3389fa3da8a5.rlib" "/opt/rustwide/rustup-home/toolchains/1.83.0-x86_64-unknown-linux-gnu/lib/rustlib/x86_64-unknown-linux-gnu/lib/libcompiler_builtins-abe05db089cc2c62.rlib" "-Wl,-Bdynamic" "-lgcc_s" "-lutil" "-lrt" "-lpthread" "-lm" "-ldl" "-lc" "-Wl,--eh-frame-hdr" "-Wl,-z,noexecstack" "-L" "/opt/rustwide/rustup-home/toolchains/1.83.0-x86_64-unknown-linux-gnu/lib/rustlib/x86_64-unknown-linux-gnu/lib" "-o" "/tmp/rustdoctesteAM886/rust_out" "-Wl,--gc-sections" "-pie" "-Wl,-z,relro,-z,now" "-nodefaultlibs"
[INFO] [stdout]   = note: collect2: fatal error: ld terminated with signal 9 [Killed]
[INFO] [stdout]           compilation terminated.
[INFO] [stdout]           
[INFO] [stdout] 
[INFO] [stdout] error: aborting due to 1 previous error
[INFO] [stdout] 
[INFO] [stdout] Couldn't compile the test.
[INFO] [stdout] ---- src/tensor_library/matrix.rs - tensor_library::matrix::Matrix<T>::get (line 264) stdout ----
[INFO] [stdout] error: linking with `cc` failed: exit status: 1
[INFO] [stdout]   |
[INFO] [stdout]   = note: LC_ALL="C" PATH="/opt/rustwide/rustup-home/toolchains/1.83.0-x86_64-unknown-linux-gnu/lib/rustlib/x86_64-unknown-linux-gnu/bin:/opt/rustwide/cargo-home/bin:/usr/local/sbin:/usr/local/bin:/usr/sbin:/usr/bin:/sbin:/bin" VSLANG="1033" "cc" "-m64" "/tmp/rustcJEjJsi/symbols.o" "/tmp/rustdoctestN0sQui/rust_out.rust_out.cb03291d53e4e161-cgu.0.rcgu.o" "/tmp/rustdoctestN0sQui/rust_out.1s7umcihpz0t7nkz1uc2ifee9.rcgu.o" "-Wl,--as-needed" "-Wl,-Bstatic" "/opt/rustwide/target/debug/deps/libCryptonic-da78d46a47fb246d.rlib" "/opt/rustwide/target/debug/deps/libtfhe-82a240f6cdd5a8dc.rlib" "/opt/rustwide/target/debug/deps/libitertools-fc6d08a0a8144e88.rlib" "/opt/rustwide/target/debug/deps/libbincode-cfe8cf316527e34a.rlib" "/opt/rustwide/target/debug/deps/libonce_cell-71d881f1d476ef10.rlib" "/opt/rustwide/target/debug/deps/libconcrete_csprng-2dcea919070b09f8.rlib" "/opt/rustwide/target/debug/deps/libaes-1fea785a541d6265.rlib" "/opt/rustwide/target/debug/deps/libcpufeatures-b8f04b3eb3416634.rlib" "/opt/rustwide/target/debug/deps/libcipher-602408152c4eede6.rlib" "/opt/rustwide/target/debug/deps/libinout-d3337d4bb9170d25.rlib" "/opt/rustwide/target/debug/deps/libcrypto_common-d4724082b94b0a72.rlib" "/opt/rustwide/target/debug/deps/libgeneric_array-004faa9989cf7017.rlib" "/opt/rustwide/target/debug/deps/libtypenum-4270f7746c51f4e6.rlib" "/opt/rustwide/target/debug/deps/librayon-f7b7433d22be5651.rlib" "/opt/rustwide/target/debug/deps/librayon_core-8bcbb441be29d313.rlib" "/opt/rustwide/target/debug/deps/libnum_cpus-5d67928e31f4d575.rlib" "/opt/rustwide/target/debug/deps/liblibc-87cd0e32cc8691e2.rlib" "/opt/rustwide/target/debug/deps/libcrossbeam_deque-40fcd893feff8c47.rlib" "/opt/rustwide/target/debug/deps/libcrossbeam_epoch-958f53a31bd4dd61.rlib" "/opt/rustwide/target/debug/deps/libmemoffset-0ad4b5de2bf516d5.rlib" "/opt/rustwide/target/debug/deps/libscopeguard-158c5911326f9fbb.rlib" "/opt/rustwide/target/debug/deps/libcrossbeam_channel-1cfdcc34b633cf8e.rlib" "/opt/rustwide/target/debug/deps/libcrossbeam_utils-5055aadc9943bd82.rlib" "/opt/rustwide/target/debug/deps/libcfg_if-8217498f8667ada9.rlib" "/opt/rustwide/target/debug/deps/libeither-ba7d27565d5d6c91.rlib" "/opt/rustwide/target/debug/deps/libconcrete_fft-e0645bfb7728b0c4.rlib" "/opt/rustwide/target/debug/deps/libdyn_stack-0ddc82b68ad3a590.rlib" "/opt/rustwide/target/debug/deps/libreborrow-764ec36f24157938.rlib" "/opt/rustwide/target/debug/deps/libaligned_vec-28310f598b7ab4f8.rlib" "/opt/rustwide/target/debug/deps/libnum_complex-6358dea832a160d5.rlib" "/opt/rustwide/target/debug/deps/libnum_traits-d737ff11dbbcab3e.rlib" "/opt/rustwide/target/debug/deps/libserde-dafdc0dcb247440c.rlib" "/opt/rustwide/rustup-home/toolchains/1.83.0-x86_64-unknown-linux-gnu/lib/rustlib/x86_64-unknown-linux-gnu/lib/libstd-ca74a2d9c5166d9f.rlib" "/opt/rustwide/rustup-home/toolchains/1.83.0-x86_64-unknown-linux-gnu/lib/rustlib/x86_64-unknown-linux-gnu/lib/libpanic_unwind-e31ab23316ed5080.rlib" "/opt/rustwide/rustup-home/toolchains/1.83.0-x86_64-unknown-linux-gnu/lib/rustlib/x86_64-unknown-linux-gnu/lib/libobject-27dc4aa955912662.rlib" "/opt/rustwide/rustup-home/toolchains/1.83.0-x86_64-unknown-linux-gnu/lib/rustlib/x86_64-unknown-linux-gnu/lib/libmemchr-bd0d6cccce077b99.rlib" "/opt/rustwide/rustup-home/toolchains/1.83.0-x86_64-unknown-linux-gnu/lib/rustlib/x86_64-unknown-linux-gnu/lib/libaddr2line-8d001680935b5e3c.rlib" "/opt/rustwide/rustup-home/toolchains/1.83.0-x86_64-unknown-linux-gnu/lib/rustlib/x86_64-unknown-linux-gnu/lib/libgimli-ba8ce71964f984f4.rlib" "/opt/rustwide/rustup-home/toolchains/1.83.0-x86_64-unknown-linux-gnu/lib/rustlib/x86_64-unknown-linux-gnu/lib/librustc_demangle-99a73526abcec14b.rlib" "/opt/rustwide/rustup-home/toolchains/1.83.0-x86_64-unknown-linux-gnu/lib/rustlib/x86_64-unknown-linux-gnu/lib/libstd_detect-63ac0d22cff92579.rlib" "/opt/rustwide/rustup-home/toolchains/1.83.0-x86_64-unknown-linux-gnu/lib/rustlib/x86_64-unknown-linux-gnu/lib/libhashbrown-9057355c92c922d5.rlib" "/opt/rustwide/rustup-home/toolchains/1.83.0-x86_64-unknown-linux-gnu/lib/rustlib/x86_64-unknown-linux-gnu/lib/librustc_std_workspace_alloc-358be9bc1f6bab04.rlib" "/opt/rustwide/rustup-home/toolchains/1.83.0-x86_64-unknown-linux-gnu/lib/rustlib/x86_64-unknown-linux-gnu/lib/libminiz_oxide-aca15549d5bff974.rlib" "/opt/rustwide/rustup-home/toolchains/1.83.0-x86_64-unknown-linux-gnu/lib/rustlib/x86_64-unknown-linux-gnu/lib/libadler-8251d2cef7072448.rlib" "/opt/rustwide/rustup-home/toolchains/1.83.0-x86_64-unknown-linux-gnu/lib/rustlib/x86_64-unknown-linux-gnu/lib/libunwind-7d50b86011c66411.rlib" "/opt/rustwide/rustup-home/toolchains/1.83.0-x86_64-unknown-linux-gnu/lib/rustlib/x86_64-unknown-linux-gnu/lib/libcfg_if-51ea098fce5006bf.rlib" "/opt/rustwide/rustup-home/toolchains/1.83.0-x86_64-unknown-linux-gnu/lib/rustlib/x86_64-unknown-linux-gnu/lib/liblibc-5a14e0d0b712e731.rlib" "/opt/rustwide/rustup-home/toolchains/1.83.0-x86_64-unknown-linux-gnu/lib/rustlib/x86_64-unknown-linux-gnu/lib/liballoc-8b83dbf3a7b8f999.rlib" "/opt/rustwide/rustup-home/toolchains/1.83.0-x86_64-unknown-linux-gnu/lib/rustlib/x86_64-unknown-linux-gnu/lib/librustc_std_workspace_core-c6fd227bdc7b39ff.rlib" "/opt/rustwide/rustup-home/toolchains/1.83.0-x86_64-unknown-linux-gnu/lib/rustlib/x86_64-unknown-linux-gnu/lib/libcore-959d3389fa3da8a5.rlib" "/opt/rustwide/rustup-home/toolchains/1.83.0-x86_64-unknown-linux-gnu/lib/rustlib/x86_64-unknown-linux-gnu/lib/libcompiler_builtins-abe05db089cc2c62.rlib" "-Wl,-Bdynamic" "-lgcc_s" "-lutil" "-lrt" "-lpthread" "-lm" "-ldl" "-lc" "-Wl,--eh-frame-hdr" "-Wl,-z,noexecstack" "-L" "/opt/rustwide/rustup-home/toolchains/1.83.0-x86_64-unknown-linux-gnu/lib/rustlib/x86_64-unknown-linux-gnu/lib" "-o" "/tmp/rustdoctestN0sQui/rust_out" "-Wl,--gc-sections" "-pie" "-Wl,-z,relro,-z,now" "-nodefaultlibs"
[INFO] [stdout]   = note: collect2: fatal error: ld terminated with signal 9 [Killed]
[INFO] [stdout]           compilation terminated.
[INFO] [stdout]           
[INFO] [stdout] 
[INFO] [stdout] error: aborting due to 1 previous error
[INFO] [stdout] 
[INFO] [stdout] Couldn't compile the test.
[INFO] [stdout] ---- src/tensor_library/matrix.rs - tensor_library::matrix::Matrix<T>::apply_mut (line 377) stdout ----
[INFO] [stdout] error: linking with `cc` failed: exit status: 1
[INFO] [stdout]   |
[INFO] [stdout]   = note: LC_ALL="C" PATH="/opt/rustwide/rustup-home/toolchains/1.83.0-x86_64-unknown-linux-gnu/lib/rustlib/x86_64-unknown-linux-gnu/bin:/opt/rustwide/cargo-home/bin:/usr/local/sbin:/usr/local/bin:/usr/sbin:/usr/bin:/sbin:/bin" VSLANG="1033" "cc" "-m64" "/tmp/rustcp04waw/symbols.o" "/tmp/rustdoctestfoTram/rust_out.rust_out.cb03291d53e4e161-cgu.0.rcgu.o" "/tmp/rustdoctestfoTram/rust_out.1s7umcihpz0t7nkz1uc2ifee9.rcgu.o" "-Wl,--as-needed" "-Wl,-Bstatic" "/opt/rustwide/target/debug/deps/libCryptonic-da78d46a47fb246d.rlib" "/opt/rustwide/target/debug/deps/libtfhe-82a240f6cdd5a8dc.rlib" "/opt/rustwide/target/debug/deps/libitertools-fc6d08a0a8144e88.rlib" "/opt/rustwide/target/debug/deps/libbincode-cfe8cf316527e34a.rlib" "/opt/rustwide/target/debug/deps/libonce_cell-71d881f1d476ef10.rlib" "/opt/rustwide/target/debug/deps/libconcrete_csprng-2dcea919070b09f8.rlib" "/opt/rustwide/target/debug/deps/libaes-1fea785a541d6265.rlib" "/opt/rustwide/target/debug/deps/libcpufeatures-b8f04b3eb3416634.rlib" "/opt/rustwide/target/debug/deps/libcipher-602408152c4eede6.rlib" "/opt/rustwide/target/debug/deps/libinout-d3337d4bb9170d25.rlib" "/opt/rustwide/target/debug/deps/libcrypto_common-d4724082b94b0a72.rlib" "/opt/rustwide/target/debug/deps/libgeneric_array-004faa9989cf7017.rlib" "/opt/rustwide/target/debug/deps/libtypenum-4270f7746c51f4e6.rlib" "/opt/rustwide/target/debug/deps/librayon-f7b7433d22be5651.rlib" "/opt/rustwide/target/debug/deps/librayon_core-8bcbb441be29d313.rlib" "/opt/rustwide/target/debug/deps/libnum_cpus-5d67928e31f4d575.rlib" "/opt/rustwide/target/debug/deps/liblibc-87cd0e32cc8691e2.rlib" "/opt/rustwide/target/debug/deps/libcrossbeam_deque-40fcd893feff8c47.rlib" "/opt/rustwide/target/debug/deps/libcrossbeam_epoch-958f53a31bd4dd61.rlib" "/opt/rustwide/target/debug/deps/libmemoffset-0ad4b5de2bf516d5.rlib" "/opt/rustwide/target/debug/deps/libscopeguard-158c5911326f9fbb.rlib" "/opt/rustwide/target/debug/deps/libcrossbeam_channel-1cfdcc34b633cf8e.rlib" "/opt/rustwide/target/debug/deps/libcrossbeam_utils-5055aadc9943bd82.rlib" "/opt/rustwide/target/debug/deps/libcfg_if-8217498f8667ada9.rlib" "/opt/rustwide/target/debug/deps/libeither-ba7d27565d5d6c91.rlib" "/opt/rustwide/target/debug/deps/libconcrete_fft-e0645bfb7728b0c4.rlib" "/opt/rustwide/target/debug/deps/libdyn_stack-0ddc82b68ad3a590.rlib" "/opt/rustwide/target/debug/deps/libreborrow-764ec36f24157938.rlib" "/opt/rustwide/target/debug/deps/libaligned_vec-28310f598b7ab4f8.rlib" "/opt/rustwide/target/debug/deps/libnum_complex-6358dea832a160d5.rlib" "/opt/rustwide/target/debug/deps/libnum_traits-d737ff11dbbcab3e.rlib" "/opt/rustwide/target/debug/deps/libserde-dafdc0dcb247440c.rlib" "/opt/rustwide/rustup-home/toolchains/1.83.0-x86_64-unknown-linux-gnu/lib/rustlib/x86_64-unknown-linux-gnu/lib/libstd-ca74a2d9c5166d9f.rlib" "/opt/rustwide/rustup-home/toolchains/1.83.0-x86_64-unknown-linux-gnu/lib/rustlib/x86_64-unknown-linux-gnu/lib/libpanic_unwind-e31ab23316ed5080.rlib" "/opt/rustwide/rustup-home/toolchains/1.83.0-x86_64-unknown-linux-gnu/lib/rustlib/x86_64-unknown-linux-gnu/lib/libobject-27dc4aa955912662.rlib" "/opt/rustwide/rustup-home/toolchains/1.83.0-x86_64-unknown-linux-gnu/lib/rustlib/x86_64-unknown-linux-gnu/lib/libmemchr-bd0d6cccce077b99.rlib" "/opt/rustwide/rustup-home/toolchains/1.83.0-x86_64-unknown-linux-gnu/lib/rustlib/x86_64-unknown-linux-gnu/lib/libaddr2line-8d001680935b5e3c.rlib" "/opt/rustwide/rustup-home/toolchains/1.83.0-x86_64-unknown-linux-gnu/lib/rustlib/x86_64-unknown-linux-gnu/lib/libgimli-ba8ce71964f984f4.rlib" "/opt/rustwide/rustup-home/toolchains/1.83.0-x86_64-unknown-linux-gnu/lib/rustlib/x86_64-unknown-linux-gnu/lib/librustc_demangle-99a73526abcec14b.rlib" "/opt/rustwide/rustup-home/toolchains/1.83.0-x86_64-unknown-linux-gnu/lib/rustlib/x86_64-unknown-linux-gnu/lib/libstd_detect-63ac0d22cff92579.rlib" "/opt/rustwide/rustup-home/toolchains/1.83.0-x86_64-unknown-linux-gnu/lib/rustlib/x86_64-unknown-linux-gnu/lib/libhashbrown-9057355c92c922d5.rlib" "/opt/rustwide/rustup-home/toolchains/1.83.0-x86_64-unknown-linux-gnu/lib/rustlib/x86_64-unknown-linux-gnu/lib/librustc_std_workspace_alloc-358be9bc1f6bab04.rlib" "/opt/rustwide/rustup-home/toolchains/1.83.0-x86_64-unknown-linux-gnu/lib/rustlib/x86_64-unknown-linux-gnu/lib/libminiz_oxide-aca15549d5bff974.rlib" "/opt/rustwide/rustup-home/toolchains/1.83.0-x86_64-unknown-linux-gnu/lib/rustlib/x86_64-unknown-linux-gnu/lib/libadler-8251d2cef7072448.rlib" "/opt/rustwide/rustup-home/toolchains/1.83.0-x86_64-unknown-linux-gnu/lib/rustlib/x86_64-unknown-linux-gnu/lib/libunwind-7d50b86011c66411.rlib" "/opt/rustwide/rustup-home/toolchains/1.83.0-x86_64-unknown-linux-gnu/lib/rustlib/x86_64-unknown-linux-gnu/lib/libcfg_if-51ea098fce5006bf.rlib" "/opt/rustwide/rustup-home/toolchains/1.83.0-x86_64-unknown-linux-gnu/lib/rustlib/x86_64-unknown-linux-gnu/lib/liblibc-5a14e0d0b712e731.rlib" "/opt/rustwide/rustup-home/toolchains/1.83.0-x86_64-unknown-linux-gnu/lib/rustlib/x86_64-unknown-linux-gnu/lib/liballoc-8b83dbf3a7b8f999.rlib" "/opt/rustwide/rustup-home/toolchains/1.83.0-x86_64-unknown-linux-gnu/lib/rustlib/x86_64-unknown-linux-gnu/lib/librustc_std_workspace_core-c6fd227bdc7b39ff.rlib" "/opt/rustwide/rustup-home/toolchains/1.83.0-x86_64-unknown-linux-gnu/lib/rustlib/x86_64-unknown-linux-gnu/lib/libcore-959d3389fa3da8a5.rlib" "/opt/rustwide/rustup-home/toolchains/1.83.0-x86_64-unknown-linux-gnu/lib/rustlib/x86_64-unknown-linux-gnu/lib/libcompiler_builtins-abe05db089cc2c62.rlib" "-Wl,-Bdynamic" "-lgcc_s" "-lutil" "-lrt" "-lpthread" "-lm" "-ldl" "-lc" "-Wl,--eh-frame-hdr" "-Wl,-z,noexecstack" "-L" "/opt/rustwide/rustup-home/toolchains/1.83.0-x86_64-unknown-linux-gnu/lib/rustlib/x86_64-unknown-linux-gnu/lib" "-o" "/tmp/rustdoctestfoTram/rust_out" "-Wl,--gc-sections" "-pie" "-Wl,-z,relro,-z,now" "-nodefaultlibs"
[INFO] [stdout]   = note: collect2: fatal error: ld terminated with signal 9 [Killed]
[INFO] [stdout]           compilation terminated.
[INFO] [stdout]           
[INFO] [stdout] 
[INFO] [stdout] error: aborting due to 1 previous error
[INFO] [stdout] 
[INFO] [stdout] Couldn't compile the test.
[INFO] [stdout] ---- src/tensor_library/matrix.rs - tensor_library::matrix::Matrix<T>::get_physical_idx (line 237) stdout ----
[INFO] [stdout] error: linking with `cc` failed: exit status: 1
[INFO] [stdout]   |
[INFO] [stdout]   = note: LC_ALL="C" PATH="/opt/rustwide/rustup-home/toolchains/1.83.0-x86_64-unknown-linux-gnu/lib/rustlib/x86_64-unknown-linux-gnu/bin:/opt/rustwide/cargo-home/bin:/usr/local/sbin:/usr/local/bin:/usr/sbin:/usr/bin:/sbin:/bin" VSLANG="1033" "cc" "-m64" "/tmp/rustcv5igZu/symbols.o" "/tmp/rustdoctestztd403/rust_out.rust_out.cb03291d53e4e161-cgu.0.rcgu.o" "/tmp/rustdoctestztd403/rust_out.1s7umcihpz0t7nkz1uc2ifee9.rcgu.o" "-Wl,--as-needed" "-Wl,-Bstatic" "/opt/rustwide/target/debug/deps/libCryptonic-da78d46a47fb246d.rlib" "/opt/rustwide/target/debug/deps/libtfhe-82a240f6cdd5a8dc.rlib" "/opt/rustwide/target/debug/deps/libitertools-fc6d08a0a8144e88.rlib" "/opt/rustwide/target/debug/deps/libbincode-cfe8cf316527e34a.rlib" "/opt/rustwide/target/debug/deps/libonce_cell-71d881f1d476ef10.rlib" "/opt/rustwide/target/debug/deps/libconcrete_csprng-2dcea919070b09f8.rlib" "/opt/rustwide/target/debug/deps/libaes-1fea785a541d6265.rlib" "/opt/rustwide/target/debug/deps/libcpufeatures-b8f04b3eb3416634.rlib" "/opt/rustwide/target/debug/deps/libcipher-602408152c4eede6.rlib" "/opt/rustwide/target/debug/deps/libinout-d3337d4bb9170d25.rlib" "/opt/rustwide/target/debug/deps/libcrypto_common-d4724082b94b0a72.rlib" "/opt/rustwide/target/debug/deps/libgeneric_array-004faa9989cf7017.rlib" "/opt/rustwide/target/debug/deps/libtypenum-4270f7746c51f4e6.rlib" "/opt/rustwide/target/debug/deps/librayon-f7b7433d22be5651.rlib" "/opt/rustwide/target/debug/deps/librayon_core-8bcbb441be29d313.rlib" "/opt/rustwide/target/debug/deps/libnum_cpus-5d67928e31f4d575.rlib" "/opt/rustwide/target/debug/deps/liblibc-87cd0e32cc8691e2.rlib" "/opt/rustwide/target/debug/deps/libcrossbeam_deque-40fcd893feff8c47.rlib" "/opt/rustwide/target/debug/deps/libcrossbeam_epoch-958f53a31bd4dd61.rlib" "/opt/rustwide/target/debug/deps/libmemoffset-0ad4b5de2bf516d5.rlib" "/opt/rustwide/target/debug/deps/libscopeguard-158c5911326f9fbb.rlib" "/opt/rustwide/target/debug/deps/libcrossbeam_channel-1cfdcc34b633cf8e.rlib" "/opt/rustwide/target/debug/deps/libcrossbeam_utils-5055aadc9943bd82.rlib" "/opt/rustwide/target/debug/deps/libcfg_if-8217498f8667ada9.rlib" "/opt/rustwide/target/debug/deps/libeither-ba7d27565d5d6c91.rlib" "/opt/rustwide/target/debug/deps/libconcrete_fft-e0645bfb7728b0c4.rlib" "/opt/rustwide/target/debug/deps/libdyn_stack-0ddc82b68ad3a590.rlib" "/opt/rustwide/target/debug/deps/libreborrow-764ec36f24157938.rlib" "/opt/rustwide/target/debug/deps/libaligned_vec-28310f598b7ab4f8.rlib" "/opt/rustwide/target/debug/deps/libnum_complex-6358dea832a160d5.rlib" "/opt/rustwide/target/debug/deps/libnum_traits-d737ff11dbbcab3e.rlib" "/opt/rustwide/target/debug/deps/libserde-dafdc0dcb247440c.rlib" "/opt/rustwide/rustup-home/toolchains/1.83.0-x86_64-unknown-linux-gnu/lib/rustlib/x86_64-unknown-linux-gnu/lib/libstd-ca74a2d9c5166d9f.rlib" "/opt/rustwide/rustup-home/toolchains/1.83.0-x86_64-unknown-linux-gnu/lib/rustlib/x86_64-unknown-linux-gnu/lib/libpanic_unwind-e31ab23316ed5080.rlib" "/opt/rustwide/rustup-home/toolchains/1.83.0-x86_64-unknown-linux-gnu/lib/rustlib/x86_64-unknown-linux-gnu/lib/libobject-27dc4aa955912662.rlib" "/opt/rustwide/rustup-home/toolchains/1.83.0-x86_64-unknown-linux-gnu/lib/rustlib/x86_64-unknown-linux-gnu/lib/libmemchr-bd0d6cccce077b99.rlib" "/opt/rustwide/rustup-home/toolchains/1.83.0-x86_64-unknown-linux-gnu/lib/rustlib/x86_64-unknown-linux-gnu/lib/libaddr2line-8d001680935b5e3c.rlib" "/opt/rustwide/rustup-home/toolchains/1.83.0-x86_64-unknown-linux-gnu/lib/rustlib/x86_64-unknown-linux-gnu/lib/libgimli-ba8ce71964f984f4.rlib" "/opt/rustwide/rustup-home/toolchains/1.83.0-x86_64-unknown-linux-gnu/lib/rustlib/x86_64-unknown-linux-gnu/lib/librustc_demangle-99a73526abcec14b.rlib" "/opt/rustwide/rustup-home/toolchains/1.83.0-x86_64-unknown-linux-gnu/lib/rustlib/x86_64-unknown-linux-gnu/lib/libstd_detect-63ac0d22cff92579.rlib" "/opt/rustwide/rustup-home/toolchains/1.83.0-x86_64-unknown-linux-gnu/lib/rustlib/x86_64-unknown-linux-gnu/lib/libhashbrown-9057355c92c922d5.rlib" "/opt/rustwide/rustup-home/toolchains/1.83.0-x86_64-unknown-linux-gnu/lib/rustlib/x86_64-unknown-linux-gnu/lib/librustc_std_workspace_alloc-358be9bc1f6bab04.rlib" "/opt/rustwide/rustup-home/toolchains/1.83.0-x86_64-unknown-linux-gnu/lib/rustlib/x86_64-unknown-linux-gnu/lib/libminiz_oxide-aca15549d5bff974.rlib" "/opt/rustwide/rustup-home/toolchains/1.83.0-x86_64-unknown-linux-gnu/lib/rustlib/x86_64-unknown-linux-gnu/lib/libadler-8251d2cef7072448.rlib" "/opt/rustwide/rustup-home/toolchains/1.83.0-x86_64-unknown-linux-gnu/lib/rustlib/x86_64-unknown-linux-gnu/lib/libunwind-7d50b86011c66411.rlib" "/opt/rustwide/rustup-home/toolchains/1.83.0-x86_64-unknown-linux-gnu/lib/rustlib/x86_64-unknown-linux-gnu/lib/libcfg_if-51ea098fce5006bf.rlib" "/opt/rustwide/rustup-home/toolchains/1.83.0-x86_64-unknown-linux-gnu/lib/rustlib/x86_64-unknown-linux-gnu/lib/liblibc-5a14e0d0b712e731.rlib" "/opt/rustwide/rustup-home/toolchains/1.83.0-x86_64-unknown-linux-gnu/lib/rustlib/x86_64-unknown-linux-gnu/lib/liballoc-8b83dbf3a7b8f999.rlib" "/opt/rustwide/rustup-home/toolchains/1.83.0-x86_64-unknown-linux-gnu/lib/rustlib/x86_64-unknown-linux-gnu/lib/librustc_std_workspace_core-c6fd227bdc7b39ff.rlib" "/opt/rustwide/rustup-home/toolchains/1.83.0-x86_64-unknown-linux-gnu/lib/rustlib/x86_64-unknown-linux-gnu/lib/libcore-959d3389fa3da8a5.rlib" "/opt/rustwide/rustup-home/toolchains/1.83.0-x86_64-unknown-linux-gnu/lib/rustlib/x86_64-unknown-linux-gnu/lib/libcompiler_builtins-abe05db089cc2c62.rlib" "-Wl,-Bdynamic" "-lgcc_s" "-lutil" "-lrt" "-lpthread" "-lm" "-ldl" "-lc" "-Wl,--eh-frame-hdr" "-Wl,-z,noexecstack" "-L" "/opt/rustwide/rustup-home/toolchains/1.83.0-x86_64-unknown-linux-gnu/lib/rustlib/x86_64-unknown-linux-gnu/lib" "-o" "/tmp/rustdoctestztd403/rust_out" "-Wl,--gc-sections" "-pie" "-Wl,-z,relro,-z,now" "-nodefaultlibs"
[INFO] [stderr] error: doctest failed, to rerun pass `--doc`
[INFO] [stdout]   = note: collect2: fatal error: ld terminated with signal 9 [Killed]
[INFO] [stdout]           compilation terminated.
[INFO] [stdout]           
[INFO] [stdout] 
[INFO] [stdout] error: aborting due to 1 previous error
[INFO] [stdout] 
[INFO] [stdout] Couldn't compile the test.
[INFO] [stdout] 
[INFO] [stdout] failures:
[INFO] [stdout]     src/cryptography/key_gen.rs - cryptography::key_gen::custom_gen_keys (line 30)
[INFO] [stdout]     src/cryptography/key_gen.rs - cryptography::key_gen::get_modulus (line 65)
[INFO] [stdout]     src/neural_network/nnet.rs - neural_network::nnet::Nnet<T>::add_layer (line 32)
[INFO] [stdout]     src/neural_network/nnet.rs - neural_network::nnet::Nnet<T>::add_node (line 51)
[INFO] [stdout]     src/tensor_library/matrix.rs - tensor_library::matrix::AddRetType (line 670)
[INFO] [stdout]     src/tensor_library/matrix.rs - tensor_library::matrix::BroadcastRetType (line 448)
[INFO] [stdout]     src/tensor_library/matrix.rs - tensor_library::matrix::ConcatRetType (line 520)
[INFO] [stdout]     src/tensor_library/matrix.rs - tensor_library::matrix::Matrix<T>::apply (line 357)
[INFO] [stdout]     src/tensor_library/matrix.rs - tensor_library::matrix::Matrix<T>::apply_mut (line 377)
[INFO] [stdout]     src/tensor_library/matrix.rs - tensor_library::matrix::Matrix<T>::check_bounds (line 214)
[INFO] [stdout]     src/tensor_library/matrix.rs - tensor_library::matrix::Matrix<T>::flatten (line 422)
[INFO] [stdout]     src/tensor_library/matrix.rs - tensor_library::matrix::Matrix<T>::from_iter (line 48)
[INFO] [stdout]     src/tensor_library/matrix.rs - tensor_library::matrix::Matrix<T>::get (line 264)
[INFO] [stdout]     src/tensor_library/matrix.rs - tensor_library::matrix::Matrix<T>::get_physical_idx (line 237)
[INFO] [stdout]     src/tensor_library/matrix.rs - tensor_library::matrix::Matrix<T>::new (line 29)
[INFO] [stdout]     src/tensor_library/matrix.rs - tensor_library::matrix::Matrix<T>::reshape (line 131)
[INFO] [stdout]     src/tensor_library/matrix.rs - tensor_library::matrix::Matrix<T>::set (line 308)
[INFO] [stdout]     src/tensor_library/matrix.rs - tensor_library::matrix::Matrix<T>::set_shape (line 192)
[INFO] [stdout]     src/tensor_library/matrix.rs - tensor_library::matrix::Matrix<T>::set_strides (line 176)
[INFO] [stdout]     src/tensor_library/matrix.rs - tensor_library::matrix::Matrix<T>::size (line 105)
[INFO] [stdout]     src/tensor_library/utils.rs - tensor_library::utils::calc_concat_shape (line 81)
[INFO] [stdout]     src/tensor_library/utils.rs - tensor_library::utils::calc_size_from_shape (line 37)
[INFO] [stdout]     src/tensor_library/utils.rs - tensor_library::utils::calc_strides_from_shape (line 7)
[INFO] [stdout]     src/tensor_library/utils.rs - tensor_library::utils::check_concat_dims (line 51)
[INFO] [stdout] 
[INFO] [stdout] test result: FAILED. 8 passed; 24 failed; 0 ignored; 0 measured; 0 filtered out; finished in 16.35s
[INFO] [stdout] 
[INFO] running `Command { std: "docker" "inspect" "662efebcdd023165d5236606fe7ec86580636a09584ec11488e1c404bab08c3c", kill_on_drop: false }`
[INFO] running `Command { std: "docker" "rm" "-f" "662efebcdd023165d5236606fe7ec86580636a09584ec11488e1c404bab08c3c", kill_on_drop: false }`
[INFO] [stdout] 662efebcdd023165d5236606fe7ec86580636a09584ec11488e1c404bab08c3c
