[INFO] cloning repository https://github.com/Insopitus/advent-of-code-2024
[INFO] running `Command { std: "git" "-c" "credential.helper=" "-c" "credential.helper=/workspace/cargo-home/bin/git-credential-null" "clone" "--bare" "https://github.com/Insopitus/advent-of-code-2024" "/workspace/cache/git-repos/https%3A%2F%2Fgithub.com%2FInsopitus%2Fadvent-of-code-2024", kill_on_drop: false }`
[INFO] [stderr] Cloning into bare repository '/workspace/cache/git-repos/https%3A%2F%2Fgithub.com%2FInsopitus%2Fadvent-of-code-2024'...
[INFO] running `Command { std: "git" "rev-parse" "HEAD", kill_on_drop: false }`
[INFO] [stdout] e8531f28f528d45939c67b32a7c717d4bcb2ae99
[INFO] testing Insopitus/advent-of-code-2024 against 1.83.0 for beta-1.84.0-4-retry
[INFO] running `Command { std: "git" "clone" "/workspace/cache/git-repos/https%3A%2F%2Fgithub.com%2FInsopitus%2Fadvent-of-code-2024" "/workspace/builds/worker-3-tc1/source", kill_on_drop: false }`
[INFO] [stderr] Cloning into '/workspace/builds/worker-3-tc1/source'...
[INFO] [stderr] done.
[INFO] validating manifest of git repo https://github.com/Insopitus/advent-of-code-2024 on toolchain 1.83.0
[INFO] running `Command { std: CARGO_HOME="/workspace/cargo-home" RUSTUP_HOME="/workspace/rustup-home" "/workspace/cargo-home/bin/cargo" "+1.83.0" "metadata" "--manifest-path" "Cargo.toml" "--no-deps", kill_on_drop: false }`
[INFO] started tweaking git repo https://github.com/Insopitus/advent-of-code-2024
[INFO] finished tweaking git repo https://github.com/Insopitus/advent-of-code-2024
[INFO] tweaked toml for git repo https://github.com/Insopitus/advent-of-code-2024 written to /workspace/builds/worker-3-tc1/source/Cargo.toml
[INFO] crate git repo https://github.com/Insopitus/advent-of-code-2024 already has a lockfile, it will not be regenerated
[INFO] running `Command { std: CARGO_HOME="/workspace/cargo-home" RUSTUP_HOME="/workspace/rustup-home" "/workspace/cargo-home/bin/cargo" "+1.83.0" "fetch" "--manifest-path" "Cargo.toml", kill_on_drop: false }`
[INFO] running `Command { std: "docker" "create" "-v" "/var/lib/crater-agent-workspace/builds/worker-3-tc1/target:/opt/rustwide/target:rw,Z" "-v" "/var/lib/crater-agent-workspace/builds/worker-3-tc1/source:/opt/rustwide/workdir:ro,Z" "-v" "/var/lib/crater-agent-workspace/cargo-home:/opt/rustwide/cargo-home:ro,Z" "-v" "/var/lib/crater-agent-workspace/rustup-home:/opt/rustwide/rustup-home:ro,Z" "-e" "SOURCE_DIR=/opt/rustwide/workdir" "-e" "CARGO_TARGET_DIR=/opt/rustwide/target" "-e" "CARGO_HOME=/opt/rustwide/cargo-home" "-e" "RUSTUP_HOME=/opt/rustwide/rustup-home" "-w" "/opt/rustwide/workdir" "-m" "1610612736" "--user" "0:0" "--network" "none" "ghcr.io/rust-lang/crates-build-env/linux@sha256:f3a9d4ad9d972b27faf3965f35b62e55ba32bbce8f20bc8fe909558a86702fde" "/opt/rustwide/cargo-home/bin/cargo" "+1.83.0" "metadata" "--no-deps" "--format-version=1", kill_on_drop: false }`
[INFO] [stdout] 3f36e1f8b51da9897d614bf494724bb941064cca2e2a67ea9e008ad8432c8f0f
[INFO] running `Command { std: "docker" "start" "-a" "3f36e1f8b51da9897d614bf494724bb941064cca2e2a67ea9e008ad8432c8f0f", kill_on_drop: false }`
[INFO] running `Command { std: "docker" "inspect" "3f36e1f8b51da9897d614bf494724bb941064cca2e2a67ea9e008ad8432c8f0f", kill_on_drop: false }`
[INFO] running `Command { std: "docker" "rm" "-f" "3f36e1f8b51da9897d614bf494724bb941064cca2e2a67ea9e008ad8432c8f0f", kill_on_drop: false }`
[INFO] [stdout] 3f36e1f8b51da9897d614bf494724bb941064cca2e2a67ea9e008ad8432c8f0f
[INFO] running `Command { std: "docker" "create" "-v" "/var/lib/crater-agent-workspace/builds/worker-3-tc1/target:/opt/rustwide/target:rw,Z" "-v" "/var/lib/crater-agent-workspace/builds/worker-3-tc1/source:/opt/rustwide/workdir:ro,Z" "-v" "/var/lib/crater-agent-workspace/cargo-home:/opt/rustwide/cargo-home:ro,Z" "-v" "/var/lib/crater-agent-workspace/rustup-home:/opt/rustwide/rustup-home:ro,Z" "-e" "SOURCE_DIR=/opt/rustwide/workdir" "-e" "CARGO_TARGET_DIR=/opt/rustwide/target" "-e" "CARGO_INCREMENTAL=0" "-e" "RUST_BACKTRACE=full" "-e" "RUSTFLAGS=--cap-lints=warn" "-e" "RUSTDOCFLAGS=--cap-lints=warn" "-e" "CARGO_HOME=/opt/rustwide/cargo-home" "-e" "RUSTUP_HOME=/opt/rustwide/rustup-home" "-w" "/opt/rustwide/workdir" "-m" "1610612736" "--user" "0:0" "--network" "none" "ghcr.io/rust-lang/crates-build-env/linux@sha256:f3a9d4ad9d972b27faf3965f35b62e55ba32bbce8f20bc8fe909558a86702fde" "/opt/rustwide/cargo-home/bin/cargo" "+1.83.0" "build" "--frozen" "--message-format=json", kill_on_drop: false }`
[INFO] [stdout] 0e53d0a190c4b2d1b94b5cbbefb6117f7bf72f7b3c6547d3ec584328dff37a72
[INFO] running `Command { std: "docker" "start" "-a" "0e53d0a190c4b2d1b94b5cbbefb6117f7bf72f7b3c6547d3ec584328dff37a72", kill_on_drop: false }`
[INFO] [stderr]    Compiling advent-of-code-2024 v0.1.0 (/opt/rustwide/workdir)
[INFO] [stdout] warning: function `parse` is never used
[INFO] [stdout]     --> src/day1.rs:1011:4
[INFO] [stdout]      |
[INFO] [stdout] 1011 | fn parse(input:&str)->(Vec<i32>,Vec<i32>){
[INFO] [stdout]      |    ^^^^^
[INFO] [stdout]      |
[INFO] [stdout]      = note: `#[warn(dead_code)]` on by default
[INFO] [stdout] 
[INFO] [stdout] 
[INFO] [stdout] warning: constant `example` is never used
[INFO] [stdout]  --> src/day1.rs:2:15
[INFO] [stdout]   |
[INFO] [stdout] 2 |     pub const example:&str = "3   4
[INFO] [stdout]   |               ^^^^^^^
[INFO] [stdout] 
[INFO] [stdout] 
[INFO] [stdout] warning: constant `actual` is never used
[INFO] [stdout]  --> src/day1.rs:9:15
[INFO] [stdout]   |
[INFO] [stdout] 9 |     pub const actual:&str = "53906   14872
[INFO] [stdout]   |               ^^^^^^
[INFO] [stdout] 
[INFO] [stdout] 
[INFO] [stdout] warning: function `solve` is never used
[INFO] [stdout]     --> src/day1.rs:1024:8
[INFO] [stdout]      |
[INFO] [stdout] 1024 |     fn solve(mut left:Vec<i32>,mut right:Vec<i32>)->i32{
[INFO] [stdout]      |        ^^^^^
[INFO] [stdout] 
[INFO] [stdout] 
[INFO] [stdout] warning: function `solve` is never used
[INFO] [stdout]     --> src/day1.rs:1060:8
[INFO] [stdout]      |
[INFO] [stdout] 1060 |     fn solve(left:Vec<i32>,right:Vec<i32>)->i32{
[INFO] [stdout]      |        ^^^^^
[INFO] [stdout] 
[INFO] [stdout] 
[INFO] [stdout] warning: function `parse` is never used
[INFO] [stdout]     --> src/day2.rs:1011:4
[INFO] [stdout]      |
[INFO] [stdout] 1011 | fn parse(input:&str)->(Vec<i32>,Vec<i32>){
[INFO] [stdout]      |    ^^^^^
[INFO] [stdout] 
[INFO] [stdout] 
[INFO] [stdout] warning: constant `example` is never used
[INFO] [stdout]  --> src/day2.rs:2:15
[INFO] [stdout]   |
[INFO] [stdout] 2 |     pub const example:&str = "7 6 4 2 1
[INFO] [stdout]   |               ^^^^^^^
[INFO] [stdout] 
[INFO] [stdout] 
[INFO] [stdout] warning: constant `actual` is never used
[INFO] [stdout]  --> src/day2.rs:9:15
[INFO] [stdout]   |
[INFO] [stdout] 9 |     pub const actual:&str = "53906   14872
[INFO] [stdout]   |               ^^^^^^
[INFO] [stdout] 
[INFO] [stdout] 
[INFO] [stdout] warning: function `is_safe` is never used
[INFO] [stdout]     --> src/day2.rs:1023:8
[INFO] [stdout]      |
[INFO] [stdout] 1023 |     fn is_safe(arr:&Vec<i32>)->bool{
[INFO] [stdout]      |        ^^^^^^^
[INFO] [stdout] 
[INFO] [stdout] 
[INFO] [stdout] warning: function `solve` is never used
[INFO] [stdout]     --> src/day2.rs:1042:8
[INFO] [stdout]      |
[INFO] [stdout] 1042 |     fn solve(mut left:Vec<i32>,mut right:Vec<i32>)->i32{
[INFO] [stdout]      |        ^^^^^
[INFO] [stdout] 
[INFO] [stdout] 
[INFO] [stdout] warning: function `solve` is never used
[INFO] [stdout]     --> src/day2.rs:1078:8
[INFO] [stdout]      |
[INFO] [stdout] 1078 |     fn solve(left:Vec<i32>,right:Vec<i32>)->i32{
[INFO] [stdout]      |        ^^^^^
[INFO] [stdout] 
[INFO] [stdout] 
[INFO] [stdout] warning: constant `example` should have an upper case name
[INFO] [stdout]  --> src/day1.rs:2:15
[INFO] [stdout]   |
[INFO] [stdout] 2 |     pub const example:&str = "3   4
[INFO] [stdout]   |               ^^^^^^^ help: convert the identifier to upper case: `EXAMPLE`
[INFO] [stdout]   |
[INFO] [stdout]   = note: `#[warn(non_upper_case_globals)]` on by default
[INFO] [stdout] 
[INFO] [stdout] 
[INFO] [stdout] warning: constant `actual` should have an upper case name
[INFO] [stdout]  --> src/day1.rs:9:15
[INFO] [stdout]   |
[INFO] [stdout] 9 |     pub const actual:&str = "53906   14872
[INFO] [stdout]   |               ^^^^^^ help: convert the identifier to upper case: `ACTUAL`
[INFO] [stdout] 
[INFO] [stdout] 
[INFO] [stdout] warning: constant `example` should have an upper case name
[INFO] [stdout]  --> src/day2.rs:2:15
[INFO] [stdout]   |
[INFO] [stdout] 2 |     pub const example:&str = "7 6 4 2 1
[INFO] [stdout]   |               ^^^^^^^ help: convert the identifier to upper case: `EXAMPLE`
[INFO] [stdout] 
[INFO] [stdout] 
[INFO] [stdout] warning: constant `actual` should have an upper case name
[INFO] [stdout]  --> src/day2.rs:9:15
[INFO] [stdout]   |
[INFO] [stdout] 9 |     pub const actual:&str = "53906   14872
[INFO] [stdout]   |               ^^^^^^ help: convert the identifier to upper case: `ACTUAL`
[INFO] [stdout] 
[INFO] [stdout] 
[INFO] [stderr]     Finished `dev` profile [unoptimized + debuginfo] target(s) in 0.19s
[INFO] running `Command { std: "docker" "inspect" "0e53d0a190c4b2d1b94b5cbbefb6117f7bf72f7b3c6547d3ec584328dff37a72", kill_on_drop: false }`
[INFO] running `Command { std: "docker" "rm" "-f" "0e53d0a190c4b2d1b94b5cbbefb6117f7bf72f7b3c6547d3ec584328dff37a72", kill_on_drop: false }`
[INFO] [stdout] 0e53d0a190c4b2d1b94b5cbbefb6117f7bf72f7b3c6547d3ec584328dff37a72
[INFO] running `Command { std: "docker" "create" "-v" "/var/lib/crater-agent-workspace/builds/worker-3-tc1/target:/opt/rustwide/target:rw,Z" "-v" "/var/lib/crater-agent-workspace/builds/worker-3-tc1/source:/opt/rustwide/workdir:ro,Z" "-v" "/var/lib/crater-agent-workspace/cargo-home:/opt/rustwide/cargo-home:ro,Z" "-v" "/var/lib/crater-agent-workspace/rustup-home:/opt/rustwide/rustup-home:ro,Z" "-e" "SOURCE_DIR=/opt/rustwide/workdir" "-e" "CARGO_TARGET_DIR=/opt/rustwide/target" "-e" "CARGO_INCREMENTAL=0" "-e" "RUST_BACKTRACE=full" "-e" "RUSTFLAGS=--cap-lints=warn" "-e" "RUSTDOCFLAGS=--cap-lints=warn" "-e" "CARGO_HOME=/opt/rustwide/cargo-home" "-e" "RUSTUP_HOME=/opt/rustwide/rustup-home" "-w" "/opt/rustwide/workdir" "-m" "1610612736" "--user" "0:0" "--network" "none" "ghcr.io/rust-lang/crates-build-env/linux@sha256:f3a9d4ad9d972b27faf3965f35b62e55ba32bbce8f20bc8fe909558a86702fde" "/opt/rustwide/cargo-home/bin/cargo" "+1.83.0" "test" "--frozen" "--no-run" "--message-format=json", kill_on_drop: false }`
[INFO] [stdout] 50b53c7934ea1237e6bfe5b7d1154748c1d4d3f2efe9678bfc3193224def36c2
[INFO] running `Command { std: "docker" "start" "-a" "50b53c7934ea1237e6bfe5b7d1154748c1d4d3f2efe9678bfc3193224def36c2", kill_on_drop: false }`
[INFO] [stdout] warning: function `parse` is never used
[INFO] [stdout]     --> src/day1.rs:1011:4
[INFO] [stdout]      |
[INFO] [stdout] 1011 | fn parse(input:&str)->(Vec<i32>,Vec<i32>){
[INFO] [stdout]      |    ^^^^^
[INFO] [stdout]      |
[INFO] [stdout]      = note: `#[warn(dead_code)]` on by default
[INFO] [stdout] 
[INFO] [stdout] 
[INFO] [stdout] warning: constant `example` is never used
[INFO] [stdout]  --> src/day1.rs:2:15
[INFO] [stdout]   |
[INFO] [stdout] 2 |     pub const example:&str = "3   4
[INFO] [stdout]   |               ^^^^^^^
[INFO] [stdout] 
[INFO] [stdout] 
[INFO] [stdout] warning: constant `actual` is never used
[INFO] [stdout]  --> src/day1.rs:9:15
[INFO] [stdout]   |
[INFO] [stdout] 9 |     pub const actual:&str = "53906   14872
[INFO] [stdout]   |               ^^^^^^
[INFO] [stdout] 
[INFO] [stdout] 
[INFO] [stdout] warning: function `solve` is never used
[INFO] [stdout]     --> src/day1.rs:1024:8
[INFO] [stdout]      |
[INFO] [stdout] 1024 |     fn solve(mut left:Vec<i32>,mut right:Vec<i32>)->i32{
[INFO] [stdout]      |        ^^^^^
[INFO] [stdout] 
[INFO] [stdout] 
[INFO] [stdout] warning: function `solve` is never used
[INFO] [stdout]     --> src/day1.rs:1060:8
[INFO] [stdout]      |
[INFO] [stdout] 1060 |     fn solve(left:Vec<i32>,right:Vec<i32>)->i32{
[INFO] [stdout]      |        ^^^^^
[INFO] [stdout] 
[INFO] [stdout] 
[INFO] [stdout] warning: function `parse` is never used
[INFO] [stdout]     --> src/day2.rs:1011:4
[INFO] [stdout]      |
[INFO] [stdout] 1011 | fn parse(input:&str)->(Vec<i32>,Vec<i32>){
[INFO] [stdout]      |    ^^^^^
[INFO] [stdout] 
[INFO] [stdout] 
[INFO] [stderr]    Compiling advent-of-code-2024 v0.1.0 (/opt/rustwide/workdir)
[INFO] [stdout] warning: constant `example` is never used
[INFO] [stdout]  --> src/day2.rs:2:15
[INFO] [stdout]   |
[INFO] [stdout] 2 |     pub const example:&str = "7 6 4 2 1
[INFO] [stdout]   |               ^^^^^^^
[INFO] [stdout] 
[INFO] [stdout] 
[INFO] [stdout] warning: constant `actual` is never used
[INFO] [stdout]  --> src/day2.rs:9:15
[INFO] [stdout]   |
[INFO] [stdout] 9 |     pub const actual:&str = "53906   14872
[INFO] [stdout]   |               ^^^^^^
[INFO] [stdout] 
[INFO] [stdout] 
[INFO] [stdout] warning: function `is_safe` is never used
[INFO] [stdout]     --> src/day2.rs:1023:8
[INFO] [stdout]      |
[INFO] [stdout] 1023 |     fn is_safe(arr:&Vec<i32>)->bool{
[INFO] [stdout]      |        ^^^^^^^
[INFO] [stdout] 
[INFO] [stdout] 
[INFO] [stdout] warning: function `solve` is never used
[INFO] [stdout]     --> src/day2.rs:1042:8
[INFO] [stdout]      |
[INFO] [stdout] 1042 |     fn solve(mut left:Vec<i32>,mut right:Vec<i32>)->i32{
[INFO] [stdout]      |        ^^^^^
[INFO] [stdout] 
[INFO] [stdout] 
[INFO] [stdout] warning: function `solve` is never used
[INFO] [stdout]     --> src/day2.rs:1078:8
[INFO] [stdout]      |
[INFO] [stdout] 1078 |     fn solve(left:Vec<i32>,right:Vec<i32>)->i32{
[INFO] [stdout]      |        ^^^^^
[INFO] [stdout] 
[INFO] [stdout] 
[INFO] [stdout] warning: constant `example` should have an upper case name
[INFO] [stdout]  --> src/day1.rs:2:15
[INFO] [stdout]   |
[INFO] [stdout] 2 |     pub const example:&str = "3   4
[INFO] [stdout]   |               ^^^^^^^ help: convert the identifier to upper case: `EXAMPLE`
[INFO] [stdout]   |
[INFO] [stdout]   = note: `#[warn(non_upper_case_globals)]` on by default
[INFO] [stdout] 
[INFO] [stdout] 
[INFO] [stdout] warning: constant `actual` should have an upper case name
[INFO] [stdout]  --> src/day1.rs:9:15
[INFO] [stdout]   |
[INFO] [stdout] 9 |     pub const actual:&str = "53906   14872
[INFO] [stdout]   |               ^^^^^^ help: convert the identifier to upper case: `ACTUAL`
[INFO] [stdout] 
[INFO] [stdout] 
[INFO] [stdout] warning: constant `example` should have an upper case name
[INFO] [stdout]  --> src/day2.rs:2:15
[INFO] [stdout]   |
[INFO] [stdout] 2 |     pub const example:&str = "7 6 4 2 1
[INFO] [stdout]   |               ^^^^^^^ help: convert the identifier to upper case: `EXAMPLE`
[INFO] [stdout] 
[INFO] [stdout] 
[INFO] [stdout] warning: constant `actual` should have an upper case name
[INFO] [stdout]  --> src/day2.rs:9:15
[INFO] [stdout]   |
[INFO] [stdout] 9 |     pub const actual:&str = "53906   14872
[INFO] [stdout]   |               ^^^^^^ help: convert the identifier to upper case: `ACTUAL`
[INFO] [stdout] 
[INFO] [stdout] 
[INFO] [stdout] warning: function `is_safe` is never used
[INFO] [stdout]     --> src/day2.rs:1023:8
[INFO] [stdout]      |
[INFO] [stdout] 1023 |     fn is_safe(arr:&Vec<i32>)->bool{
[INFO] [stdout]      |        ^^^^^^^
[INFO] [stdout]      |
[INFO] [stdout]      = note: `#[warn(dead_code)]` on by default
[INFO] [stdout] 
[INFO] [stdout] 
[INFO] [stdout] warning: constant `example` should have an upper case name
[INFO] [stdout]  --> src/day1.rs:2:15
[INFO] [stdout]   |
[INFO] [stdout] 2 |     pub const example:&str = "3   4
[INFO] [stdout]   |               ^^^^^^^ help: convert the identifier to upper case: `EXAMPLE`
[INFO] [stdout]   |
[INFO] [stdout]   = note: `#[warn(non_upper_case_globals)]` on by default
[INFO] [stdout] 
[INFO] [stdout] 
[INFO] [stdout] warning: constant `actual` should have an upper case name
[INFO] [stdout]  --> src/day1.rs:9:15
[INFO] [stdout]   |
[INFO] [stdout] 9 |     pub const actual:&str = "53906   14872
[INFO] [stdout]   |               ^^^^^^ help: convert the identifier to upper case: `ACTUAL`
[INFO] [stdout] 
[INFO] [stdout] 
[INFO] [stdout] warning: constant `example` should have an upper case name
[INFO] [stdout]  --> src/day2.rs:2:15
[INFO] [stdout]   |
[INFO] [stdout] 2 |     pub const example:&str = "7 6 4 2 1
[INFO] [stdout]   |               ^^^^^^^ help: convert the identifier to upper case: `EXAMPLE`
[INFO] [stdout] 
[INFO] [stdout] 
[INFO] [stdout] warning: constant `actual` should have an upper case name
[INFO] [stdout]  --> src/day2.rs:9:15
[INFO] [stdout]   |
[INFO] [stdout] 9 |     pub const actual:&str = "53906   14872
[INFO] [stdout]   |               ^^^^^^ help: convert the identifier to upper case: `ACTUAL`
[INFO] [stdout] 
[INFO] [stdout] 
[INFO] [stderr]     Finished `test` profile [unoptimized + debuginfo] target(s) in 0.96s
[INFO] running `Command { std: "docker" "inspect" "50b53c7934ea1237e6bfe5b7d1154748c1d4d3f2efe9678bfc3193224def36c2", kill_on_drop: false }`
[INFO] running `Command { std: "docker" "rm" "-f" "50b53c7934ea1237e6bfe5b7d1154748c1d4d3f2efe9678bfc3193224def36c2", kill_on_drop: false }`
[INFO] [stdout] 50b53c7934ea1237e6bfe5b7d1154748c1d4d3f2efe9678bfc3193224def36c2
[INFO] running `Command { std: "docker" "create" "-v" "/var/lib/crater-agent-workspace/builds/worker-3-tc1/target:/opt/rustwide/target:rw,Z" "-v" "/var/lib/crater-agent-workspace/builds/worker-3-tc1/source:/opt/rustwide/workdir:ro,Z" "-v" "/var/lib/crater-agent-workspace/cargo-home:/opt/rustwide/cargo-home:ro,Z" "-v" "/var/lib/crater-agent-workspace/rustup-home:/opt/rustwide/rustup-home:ro,Z" "-e" "SOURCE_DIR=/opt/rustwide/workdir" "-e" "CARGO_TARGET_DIR=/opt/rustwide/target" "-e" "CARGO_INCREMENTAL=0" "-e" "RUST_BACKTRACE=full" "-e" "RUSTFLAGS=--cap-lints=warn" "-e" "RUSTDOCFLAGS=--cap-lints=warn" "-e" "CARGO_HOME=/opt/rustwide/cargo-home" "-e" "RUSTUP_HOME=/opt/rustwide/rustup-home" "-w" "/opt/rustwide/workdir" "-m" "1610612736" "--user" "0:0" "--network" "none" "ghcr.io/rust-lang/crates-build-env/linux@sha256:f3a9d4ad9d972b27faf3965f35b62e55ba32bbce8f20bc8fe909558a86702fde" "/opt/rustwide/cargo-home/bin/cargo" "+1.83.0" "test" "--frozen", kill_on_drop: false }`
[INFO] [stdout] 4e310bd25ff09ef111aa2a281f75a60af9159a6bd01bf76317a8000ef203c07b
[INFO] running `Command { std: "docker" "start" "-a" "4e310bd25ff09ef111aa2a281f75a60af9159a6bd01bf76317a8000ef203c07b", kill_on_drop: false }`
[INFO] [stderr] warning: function `parse` is never used
[INFO] [stderr]     --> src/day1.rs:1011:4
[INFO] [stderr]      |
[INFO] [stderr] 1011 | fn parse(input:&str)->(Vec<i32>,Vec<i32>){
[INFO] [stderr]      |    ^^^^^
[INFO] [stderr]      |
[INFO] [stderr]      = note: `#[warn(dead_code)]` on by default
[INFO] [stderr] 
[INFO] [stderr] warning: constant `example` is never used
[INFO] [stderr]  --> src/day1.rs:2:15
[INFO] [stderr]   |
[INFO] [stderr] 2 |     pub const example:&str = "3   4
[INFO] [stderr]   |               ^^^^^^^
[INFO] [stderr] 
[INFO] [stderr] warning: constant `actual` is never used
[INFO] [stderr]  --> src/day1.rs:9:15
[INFO] [stderr]   |
[INFO] [stderr] 9 |     pub const actual:&str = "53906   14872
[INFO] [stderr]   |               ^^^^^^
[INFO] [stderr] 
[INFO] [stderr] warning: function `solve` is never used
[INFO] [stderr]     --> src/day1.rs:1024:8
[INFO] [stderr]      |
[INFO] [stderr] 1024 |     fn solve(mut left:Vec<i32>,mut right:Vec<i32>)->i32{
[INFO] [stderr]      |        ^^^^^
[INFO] [stderr] 
[INFO] [stderr] warning: function `solve` is never used
[INFO] [stderr]     --> src/day1.rs:1060:8
[INFO] [stderr]      |
[INFO] [stderr] 1060 |     fn solve(left:Vec<i32>,right:Vec<i32>)->i32{
[INFO] [stderr]      |        ^^^^^
[INFO] [stderr] 
[INFO] [stderr] warning: function `parse` is never used
[INFO] [stderr]     --> src/day2.rs:1011:4
[INFO] [stderr]      |
[INFO] [stderr] 1011 | fn parse(input:&str)->(Vec<i32>,Vec<i32>){
[INFO] [stderr]      |    ^^^^^
[INFO] [stderr] 
[INFO] [stderr] warning: constant `example` is never used
[INFO] [stderr]  --> src/day2.rs:2:15
[INFO] [stderr]   |
[INFO] [stderr] 2 |     pub const example:&str = "7 6 4 2 1
[INFO] [stderr]   |               ^^^^^^^
[INFO] [stderr] 
[INFO] [stderr] warning: constant `actual` is never used
[INFO] [stderr]  --> src/day2.rs:9:15
[INFO] [stderr]   |
[INFO] [stderr] 9 |     pub const actual:&str = "53906   14872
[INFO] [stderr]   |               ^^^^^^
[INFO] [stderr] 
[INFO] [stderr] warning: function `is_safe` is never used
[INFO] [stderr]     --> src/day2.rs:1023:8
[INFO] [stderr]      |
[INFO] [stderr] 1023 |     fn is_safe(arr:&Vec<i32>)->bool{
[INFO] [stderr]      |        ^^^^^^^
[INFO] [stderr] 
[INFO] [stderr] warning: function `solve` is never used
[INFO] [stderr]     --> src/day2.rs:1042:8
[INFO] [stderr]      |
[INFO] [stderr] 1042 |     fn solve(mut left:Vec<i32>,mut right:Vec<i32>)->i32{
[INFO] [stderr]      |        ^^^^^
[INFO] [stderr] 
[INFO] [stderr] warning: function `solve` is never used
[INFO] [stderr]     --> src/day2.rs:1078:8
[INFO] [stderr]      |
[INFO] [stderr] 1078 |     fn solve(left:Vec<i32>,right:Vec<i32>)->i32{
[INFO] [stderr]      |        ^^^^^
[INFO] [stderr] 
[INFO] [stderr] warning: constant `example` should have an upper case name
[INFO] [stderr]  --> src/day1.rs:2:15
[INFO] [stderr]   |
[INFO] [stderr] 2 |     pub const example:&str = "3   4
[INFO] [stderr]   |               ^^^^^^^ help: convert the identifier to upper case: `EXAMPLE`
[INFO] [stderr]   |
[INFO] [stderr]   = note: `#[warn(non_upper_case_globals)]` on by default
[INFO] [stderr] 
[INFO] [stderr] warning: constant `actual` should have an upper case name
[INFO] [stderr]  --> src/day1.rs:9:15
[INFO] [stderr]   |
[INFO] [stderr] 9 |     pub const actual:&str = "53906   14872
[INFO] [stderr]   |               ^^^^^^ help: convert the identifier to upper case: `ACTUAL`
[INFO] [stderr] 
[INFO] [stderr] warning: constant `example` should have an upper case name
[INFO] [stderr]  --> src/day2.rs:2:15
[INFO] [stderr]   |
[INFO] [stderr] 2 |     pub const example:&str = "7 6 4 2 1
[INFO] [stderr]   |               ^^^^^^^ help: convert the identifier to upper case: `EXAMPLE`
[INFO] [stderr] 
[INFO] [stderr] warning: constant `actual` should have an upper case name
[INFO] [stderr]  --> src/day2.rs:9:15
[INFO] [stderr]   |
[INFO] [stderr] 9 |     pub const actual:&str = "53906   14872
[INFO] [stderr]   |               ^^^^^^ help: convert the identifier to upper case: `ACTUAL`
[INFO] [stderr] 
[INFO] [stderr] warning: `advent-of-code-2024` (lib) generated 15 warnings
[INFO] [stderr] warning: function `is_safe` is never used
[INFO] [stderr]     --> src/day2.rs:1023:8
[INFO] [stderr]      |
[INFO] [stderr] 1023 |     fn is_safe(arr:&Vec<i32>)->bool{
[INFO] [stderr]      |        ^^^^^^^
[INFO] [stderr]      |
[INFO] [stderr]      = note: `#[warn(dead_code)]` on by default
[INFO] [stderr] 
[INFO] [stderr] warning: `advent-of-code-2024` (lib test) generated 5 warnings (4 duplicates)
[INFO] [stderr]     Finished `test` profile [unoptimized + debuginfo] target(s) in 0.03s
[INFO] [stderr]      Running unittests src/lib.rs (/opt/rustwide/target/debug/deps/advent_of_code_2024-c93a9aab43890ed3)
[INFO] [stdout] 
[INFO] [stdout] running 8 tests
[INFO] [stdout] test day1::part_1::test::example ... ok
[INFO] [stdout] test day1::part_2::test::example ... ok
[INFO] [stdout] test day1::part_2::test::question ... ok
[INFO] [stdout] test day2::part_1::test::question ... ok
[INFO] [stdout] test day2::part_2::test::question ... ok
[INFO] [stdout] test day1::part_1::test::question ... ok
[INFO] [stdout] test day2::part_2::test::example ... FAILED
[INFO] [stderr] error: test failed, to rerun pass `--lib`
[INFO] [stdout] test day2::part_1::test::example ... FAILED
[INFO] [stdout] 
[INFO] [stdout] failures:
[INFO] [stdout] 
[INFO] [stdout] ---- day2::part_2::test::example stdout ----
[INFO] [stdout] thread 'day2::part_2::test::example' panicked at src/day2.rs:1100:13:
[INFO] [stdout] assertion `left == right` failed
[INFO] [stdout]   left: 7
[INFO] [stdout]  right: 31
[INFO] [stdout] stack backtrace:
[INFO] [stdout]    0:     0x57623445008a - std::backtrace_rs::backtrace::libunwind::trace::h5a5b8284f2d0c266
[INFO] [stdout]                                at /rustc/90b35a6239c3d8bdabc530a6a0816f7ff89a0aaf/library/std/src/../../backtrace/src/backtrace/libunwind.rs:116:5
[INFO] [stdout]    1:     0x57623445008a - std::backtrace_rs::backtrace::trace_unsynchronized::h76d4f1c9b0b875e3
[INFO] [stdout]                                at /rustc/90b35a6239c3d8bdabc530a6a0816f7ff89a0aaf/library/std/src/../../backtrace/src/backtrace/mod.rs:66:5
[INFO] [stdout]    2:     0x57623445008a - std::sys::backtrace::_print_fmt::hc4546b8364a537c6
[INFO] [stdout]                                at /rustc/90b35a6239c3d8bdabc530a6a0816f7ff89a0aaf/library/std/src/sys/backtrace.rs:66:9
[INFO] [stdout]    3:     0x57623445008a - <std::sys::backtrace::BacktraceLock::print::DisplayBacktrace as core::fmt::Display>::fmt::h5b6bd5631a6d1f6b
[INFO] [stdout]                                at /rustc/90b35a6239c3d8bdabc530a6a0816f7ff89a0aaf/library/std/src/sys/backtrace.rs:39:26
[INFO] [stdout]    4:     0x5762344754a3 - core::fmt::rt::Argument::fmt::h270f6602a2b96f62
[INFO] [stdout]                                at /rustc/90b35a6239c3d8bdabc530a6a0816f7ff89a0aaf/library/core/src/fmt/rt.rs:177:76
[INFO] [stdout]    5:     0x5762344754a3 - core::fmt::write::h7550c97b06c86515
[INFO] [stdout]                                at /rustc/90b35a6239c3d8bdabc530a6a0816f7ff89a0aaf/library/core/src/fmt/mod.rs:1186:21
[INFO] [stdout]    6:     0x57623444d253 - std::io::Write::write_fmt::h509ff860e5956e5e
[INFO] [stdout]                                at /rustc/90b35a6239c3d8bdabc530a6a0816f7ff89a0aaf/library/std/src/io/mod.rs:1839:15
[INFO] [stdout]    7:     0x57623444fed2 - std::sys::backtrace::BacktraceLock::print::h2395ccd2c84ba3aa
[INFO] [stdout]                                at /rustc/90b35a6239c3d8bdabc530a6a0816f7ff89a0aaf/library/std/src/sys/backtrace.rs:42:9
[INFO] [stdout]    8:     0x5762344514ea - std::panicking::default_hook::{{closure}}::he19d4c7230e07961
[INFO] [stdout]                                at /rustc/90b35a6239c3d8bdabc530a6a0816f7ff89a0aaf/library/std/src/panicking.rs:268:22
[INFO] [stdout]    9:     0x5762344512f4 - std::panicking::default_hook::hf614597d3c67bbdb
[INFO] [stdout]                                at /rustc/90b35a6239c3d8bdabc530a6a0816f7ff89a0aaf/library/std/src/panicking.rs:292:9
[INFO] [stdout]   10:     0x57623441cbd9 - <alloc::boxed::Box<F,A> as core::ops::function::Fn<Args>>::call::h39b51ce4599c23d1
[INFO] [stdout]                                at /rustc/90b35a6239c3d8bdabc530a6a0816f7ff89a0aaf/library/alloc/src/boxed.rs:2468:9
[INFO] [stdout]   11:     0x57623441cbd9 - test::test_main::{{closure}}::he977ae839a582784
[INFO] [stdout]                                at /rustc/90b35a6239c3d8bdabc530a6a0816f7ff89a0aaf/library/test/src/lib.rs:133:21
[INFO] [stdout]   12:     0x576234451b88 - <alloc::boxed::Box<F,A> as core::ops::function::Fn<Args>>::call::h9455091b6b06f9fb
[INFO] [stdout]                                at /rustc/90b35a6239c3d8bdabc530a6a0816f7ff89a0aaf/library/alloc/src/boxed.rs:2468:9
[INFO] [stdout]   13:     0x576234451b88 - std::panicking::rust_panic_with_hook::h8942133a8b252070
[INFO] [stdout]                                at /rustc/90b35a6239c3d8bdabc530a6a0816f7ff89a0aaf/library/std/src/panicking.rs:809:13
[INFO] [stdout]   14:     0x57623445194a - std::panicking::begin_panic_handler::{{closure}}::hb5f5963570096b29
[INFO] [stdout]                                at /rustc/90b35a6239c3d8bdabc530a6a0816f7ff89a0aaf/library/std/src/panicking.rs:674:13
[INFO] [stdout]   15:     0x576234450569 - std::sys::backtrace::__rust_end_short_backtrace::h6208cedc1922feda
[INFO] [stdout]                                at /rustc/90b35a6239c3d8bdabc530a6a0816f7ff89a0aaf/library/std/src/sys/backtrace.rs:170:18
[INFO] [stdout]   16:     0x5762344515dc - rust_begin_unwind
[INFO] [stdout]                                at /rustc/90b35a6239c3d8bdabc530a6a0816f7ff89a0aaf/library/std/src/panicking.rs:665:5
[INFO] [stdout]   17:     0x5762343d0aa0 - core::panicking::panic_fmt::h0c3082644d1bf418
[INFO] [stdout]                                at /rustc/90b35a6239c3d8bdabc530a6a0816f7ff89a0aaf/library/core/src/panicking.rs:74:14
[INFO] [stdout]   18:     0x5762343d0dcb - core::panicking::assert_failed_inner::h2ddf1fcc067fa858
[INFO] [stdout]   19:     0x5762343da8aa - core::panicking::assert_failed::he25296b2696531c0
[INFO] [stdout]                                at /rustc/90b35a6239c3d8bdabc530a6a0816f7ff89a0aaf/library/core/src/panicking.rs:367:5
[INFO] [stdout]   20:     0x5762343dc3ad - advent_of_code_2024::day2::part_2::test::example::hf3aaae19a777d410
[INFO] [stdout]                                at /opt/rustwide/workdir/src/day2.rs:1100:13
[INFO] [stdout]   21:     0x5762343dc227 - advent_of_code_2024::day2::part_2::test::example::{{closure}}::h870f3d54db860a77
[INFO] [stdout]                                at /opt/rustwide/workdir/src/day2.rs:1097:21
[INFO] [stdout]   22:     0x5762343dce76 - core::ops::function::FnOnce::call_once::h9e2b9520051c0c4c
[INFO] [stdout]                                at /rustc/90b35a6239c3d8bdabc530a6a0816f7ff89a0aaf/library/core/src/ops/function.rs:250:5
[INFO] [stdout]   23:     0x57623442159b - core::ops::function::FnOnce::call_once::h109cf8051a59b34e
[INFO] [stdout]                                at /rustc/90b35a6239c3d8bdabc530a6a0816f7ff89a0aaf/library/core/src/ops/function.rs:250:5
[INFO] [stdout]   24:     0x57623442159b - test::__rust_begin_short_backtrace::hf4fff89d377446ba
[INFO] [stdout]                                at /rustc/90b35a6239c3d8bdabc530a6a0816f7ff89a0aaf/library/test/src/lib.rs:621:18
[INFO] [stdout]   25:     0x576234420dd7 - test::run_test_in_process::{{closure}}::h0e39181dd7ee5a43
[INFO] [stdout]                                at /rustc/90b35a6239c3d8bdabc530a6a0816f7ff89a0aaf/library/test/src/lib.rs:644:60
[INFO] [stdout]   26:     0x576234420dd7 - <core::panic::unwind_safe::AssertUnwindSafe<F> as core::ops::function::FnOnce<()>>::call_once::hc5a66a30f0bdfd1f
[INFO] [stdout]                                at /rustc/90b35a6239c3d8bdabc530a6a0816f7ff89a0aaf/library/core/src/panic/unwind_safe.rs:272:9
[INFO] [stdout]   27:     0x576234420dd7 - std::panicking::try::do_call::h873b7cf639554a5e
[INFO] [stdout]                                at /rustc/90b35a6239c3d8bdabc530a6a0816f7ff89a0aaf/library/std/src/panicking.rs:557:40
[INFO] [stdout]   28:     0x576234420dd7 - std::panicking::try::hdb19862fad9c8bd1
[INFO] [stdout]                                at /rustc/90b35a6239c3d8bdabc530a6a0816f7ff89a0aaf/library/std/src/panicking.rs:520:19
[INFO] [stdout]   29:     0x576234420dd7 - std::panic::catch_unwind::h281fe732d236d260
[INFO] [stdout]                                at /rustc/90b35a6239c3d8bdabc530a6a0816f7ff89a0aaf/library/std/src/panic.rs:358:14
[INFO] [stdout]   30:     0x576234420dd7 - test::run_test_in_process::h949b6df8457ed338
[INFO] [stdout]                                at /rustc/90b35a6239c3d8bdabc530a6a0816f7ff89a0aaf/library/test/src/lib.rs:644:27
[INFO] [stdout]   31:     0x576234420dd7 - test::run_test::{{closure}}::h52c556a6d4740e10
[INFO] [stdout]                                at /rustc/90b35a6239c3d8bdabc530a6a0816f7ff89a0aaf/library/test/src/lib.rs:565:43
[INFO] [stdout]   32:     0x5762343e60b4 - test::run_test::{{closure}}::h4237f6381c45ccb9
[INFO] [stdout]                                at /rustc/90b35a6239c3d8bdabc530a6a0816f7ff89a0aaf/library/test/src/lib.rs:595:41
[INFO] [stdout]   33:     0x5762343e60b4 - std::sys::backtrace::__rust_begin_short_backtrace::h505c97a579eca628
[INFO] [stdout]                                at /rustc/90b35a6239c3d8bdabc530a6a0816f7ff89a0aaf/library/std/src/sys/backtrace.rs:154:18
[INFO] [stdout]   34:     0x5762343e977e - std::thread::Builder::spawn_unchecked_::{{closure}}::{{closure}}::h9e86b2e2bc107ea3
[INFO] [stdout]                                at /rustc/90b35a6239c3d8bdabc530a6a0816f7ff89a0aaf/library/std/src/thread/mod.rs:538:17
[INFO] [stdout]   35:     0x5762343e977e - <core::panic::unwind_safe::AssertUnwindSafe<F> as core::ops::function::FnOnce<()>>::call_once::h8b06ddb275ff4a25
[INFO] [stdout]                                at /rustc/90b35a6239c3d8bdabc530a6a0816f7ff89a0aaf/library/core/src/panic/unwind_safe.rs:272:9
[INFO] [stdout]   36:     0x5762343e977e - std::panicking::try::do_call::hb26ecd7cd9a9355d
[INFO] [stdout]                                at /rustc/90b35a6239c3d8bdabc530a6a0816f7ff89a0aaf/library/std/src/panicking.rs:557:40
[INFO] [stdout]   37:     0x5762343e977e - std::panicking::try::h8ddeca9d705f9069
[INFO] [stdout]                                at /rustc/90b35a6239c3d8bdabc530a6a0816f7ff89a0aaf/library/std/src/panicking.rs:520:19
[INFO] [stdout]   38:     0x5762343e977e - std::panic::catch_unwind::h49e1c33078844c46
[INFO] [stdout]                                at /rustc/90b35a6239c3d8bdabc530a6a0816f7ff89a0aaf/library/std/src/panic.rs:358:14
[INFO] [stdout]   39:     0x5762343e977e - std::thread::Builder::spawn_unchecked_::{{closure}}::h6073db6ff56ad35d
[INFO] [stdout]                                at /rustc/90b35a6239c3d8bdabc530a6a0816f7ff89a0aaf/library/std/src/thread/mod.rs:537:30
[INFO] [stdout]   40:     0x5762343e977e - core::ops::function::FnOnce::call_once{{vtable.shim}}::h2c5a5f3779c774f1
[INFO] [stdout]                                at /rustc/90b35a6239c3d8bdabc530a6a0816f7ff89a0aaf/library/core/src/ops/function.rs:250:5
[INFO] [stdout]   41:     0x5762344558db - <alloc::boxed::Box<F,A> as core::ops::function::FnOnce<Args>>::call_once::hf75717d9f28faebf
[INFO] [stdout]                                at /rustc/90b35a6239c3d8bdabc530a6a0816f7ff89a0aaf/library/alloc/src/boxed.rs:2454:9
[INFO] [stdout]   42:     0x5762344558db - <alloc::boxed::Box<F,A> as core::ops::function::FnOnce<Args>>::call_once::h7bd883a5f3c5f3c1
[INFO] [stdout]                                at /rustc/90b35a6239c3d8bdabc530a6a0816f7ff89a0aaf/library/alloc/src/boxed.rs:2454:9
[INFO] [stdout]   43:     0x5762344558db - std::sys::pal::unix::thread::Thread::new::thread_start::hcc78f3943333fa94
[INFO] [stdout]                                at /rustc/90b35a6239c3d8bdabc530a6a0816f7ff89a0aaf/library/std/src/sys/pal/unix/thread.rs:105:17
[INFO] [stdout]   44:     0x79409d6feac3 - <unknown>
[INFO] [stdout]   45:     0x79409d78fa04 - clone
[INFO] [stdout]   46:                0x0 - <unknown>
[INFO] [stdout] 
[INFO] [stdout] ---- day2::part_1::test::example stdout ----
[INFO] [stdout] thread 'day2::part_1::test::example' panicked at src/day2.rs:1061:13:
[INFO] [stdout] assertion `left == right` failed
[INFO] [stdout]   left: 10
[INFO] [stdout]  right: 11
[INFO] [stdout] stack backtrace:
[INFO] [stdout]    0:     0x57623445008a - std::backtrace_rs::backtrace::libunwind::trace::h5a5b8284f2d0c266
[INFO] [stdout]                                at /rustc/90b35a6239c3d8bdabc530a6a0816f7ff89a0aaf/library/std/src/../../backtrace/src/backtrace/libunwind.rs:116:5
[INFO] [stdout]    1:     0x57623445008a - std::backtrace_rs::backtrace::trace_unsynchronized::h76d4f1c9b0b875e3
[INFO] [stdout]                                at /rustc/90b35a6239c3d8bdabc530a6a0816f7ff89a0aaf/library/std/src/../../backtrace/src/backtrace/mod.rs:66:5
[INFO] [stdout]    2:     0x57623445008a - std::sys::backtrace::_print_fmt::hc4546b8364a537c6
[INFO] [stdout]                                at /rustc/90b35a6239c3d8bdabc530a6a0816f7ff89a0aaf/library/std/src/sys/backtrace.rs:66:9
[INFO] [stdout]    3:     0x57623445008a - <std::sys::backtrace::BacktraceLock::print::DisplayBacktrace as core::fmt::Display>::fmt::h5b6bd5631a6d1f6b
[INFO] [stdout]                                at /rustc/90b35a6239c3d8bdabc530a6a0816f7ff89a0aaf/library/std/src/sys/backtrace.rs:39:26
[INFO] [stdout]    4:     0x5762344754a3 - core::fmt::rt::Argument::fmt::h270f6602a2b96f62
[INFO] [stdout]                                at /rustc/90b35a6239c3d8bdabc530a6a0816f7ff89a0aaf/library/core/src/fmt/rt.rs:177:76
[INFO] [stdout]    5:     0x5762344754a3 - core::fmt::write::h7550c97b06c86515
[INFO] [stdout]                                at /rustc/90b35a6239c3d8bdabc530a6a0816f7ff89a0aaf/library/core/src/fmt/mod.rs:1186:21
[INFO] [stdout]    6:     0x57623444d253 - std::io::Write::write_fmt::h509ff860e5956e5e
[INFO] [stdout]                                at /rustc/90b35a6239c3d8bdabc530a6a0816f7ff89a0aaf/library/std/src/io/mod.rs:1839:15
[INFO] [stdout]    7:     0x57623444fed2 - std::sys::backtrace::BacktraceLock::print::h2395ccd2c84ba3aa
[INFO] [stdout]                                at /rustc/90b35a6239c3d8bdabc530a6a0816f7ff89a0aaf/library/std/src/sys/backtrace.rs:42:9
[INFO] [stdout]    8:     0x5762344514ea - std::panicking::default_hook::{{closure}}::he19d4c7230e07961
[INFO] [stdout]                                at /rustc/90b35a6239c3d8bdabc530a6a0816f7ff89a0aaf/library/std/src/panicking.rs:268:22
[INFO] [stdout]    9:     0x5762344512f4 - std::panicking::default_hook::hf614597d3c67bbdb
[INFO] [stdout]                                at /rustc/90b35a6239c3d8bdabc530a6a0816f7ff89a0aaf/library/std/src/panicking.rs:292:9
[INFO] [stdout]   10:     0x57623441cbd9 - <alloc::boxed::Box<F,A> as core::ops::function::Fn<Args>>::call::h39b51ce4599c23d1
[INFO] [stdout]                                at /rustc/90b35a6239c3d8bdabc530a6a0816f7ff89a0aaf/library/alloc/src/boxed.rs:2468:9
[INFO] [stdout]   11:     0x57623441cbd9 - test::test_main::{{closure}}::he977ae839a582784
[INFO] [stdout]                                at /rustc/90b35a6239c3d8bdabc530a6a0816f7ff89a0aaf/library/test/src/lib.rs:133:21
[INFO] [stdout]   12:     0x576234451b88 - <alloc::boxed::Box<F,A> as core::ops::function::Fn<Args>>::call::h9455091b6b06f9fb
[INFO] [stdout]                                at /rustc/90b35a6239c3d8bdabc530a6a0816f7ff89a0aaf/library/alloc/src/boxed.rs:2468:9
[INFO] [stdout]   13:     0x576234451b88 - std::panicking::rust_panic_with_hook::h8942133a8b252070
[INFO] [stdout]                                at /rustc/90b35a6239c3d8bdabc530a6a0816f7ff89a0aaf/library/std/src/panicking.rs:809:13
[INFO] [stdout]   14:     0x57623445194a - std::panicking::begin_panic_handler::{{closure}}::hb5f5963570096b29
[INFO] [stdout]                                at /rustc/90b35a6239c3d8bdabc530a6a0816f7ff89a0aaf/library/std/src/panicking.rs:674:13
[INFO] [stdout]   15:     0x576234450569 - std::sys::backtrace::__rust_end_short_backtrace::h6208cedc1922feda
[INFO] [stdout]                                at /rustc/90b35a6239c3d8bdabc530a6a0816f7ff89a0aaf/library/std/src/sys/backtrace.rs:170:18
[INFO] [stdout]   16:     0x5762344515dc - rust_begin_unwind
[INFO] [stdout]                                at /rustc/90b35a6239c3d8bdabc530a6a0816f7ff89a0aaf/library/std/src/panicking.rs:665:5
[INFO] [stdout]   17:     0x5762343d0aa0 - core::panicking::panic_fmt::h0c3082644d1bf418
[INFO] [stdout]                                at /rustc/90b35a6239c3d8bdabc530a6a0816f7ff89a0aaf/library/core/src/panicking.rs:74:14
[INFO] [stdout]   18:     0x5762343d0dcb - core::panicking::assert_failed_inner::h2ddf1fcc067fa858
[INFO] [stdout]   19:     0x5762343da8aa - core::panicking::assert_failed::he25296b2696531c0
[INFO] [stdout]                                at /rustc/90b35a6239c3d8bdabc530a6a0816f7ff89a0aaf/library/core/src/panicking.rs:367:5
[INFO] [stdout]   20:     0x5762343e454d - advent_of_code_2024::day2::part_1::test::example::h1f9f50e757192972
[INFO] [stdout]                                at /opt/rustwide/workdir/src/day2.rs:1061:13
[INFO] [stdout]   21:     0x5762343e43c7 - advent_of_code_2024::day2::part_1::test::example::{{closure}}::hc4eb5a15554879aa
[INFO] [stdout]                                at /opt/rustwide/workdir/src/day2.rs:1058:21
[INFO] [stdout]   22:     0x5762343dccf6 - core::ops::function::FnOnce::call_once::h400ce8057e3f5852
[INFO] [stdout]                                at /rustc/90b35a6239c3d8bdabc530a6a0816f7ff89a0aaf/library/core/src/ops/function.rs:250:5
[INFO] [stdout]   23:     0x57623442159b - core::ops::function::FnOnce::call_once::h109cf8051a59b34e
[INFO] [stdout]                                at /rustc/90b35a6239c3d8bdabc530a6a0816f7ff89a0aaf/library/core/src/ops/function.rs:250:5
[INFO] [stdout]   24:     0x57623442159b - test::__rust_begin_short_backtrace::hf4fff89d377446ba
[INFO] [stdout]                                at /rustc/90b35a6239c3d8bdabc530a6a0816f7ff89a0aaf/library/test/src/lib.rs:621:18
[INFO] [stdout]   25:     0x576234420dd7 - test::run_test_in_process::{{closure}}::h0e39181dd7ee5a43
[INFO] [stdout]                                at /rustc/90b35a6239c3d8bdabc530a6a0816f7ff89a0aaf/library/test/src/lib.rs:644:60
[INFO] [stdout]   26:     0x576234420dd7 - <core::panic::unwind_safe::AssertUnwindSafe<F> as core::ops::function::FnOnce<()>>::call_once::hc5a66a30f0bdfd1f
[INFO] [stdout]                                at /rustc/90b35a6239c3d8bdabc530a6a0816f7ff89a0aaf/library/core/src/panic/unwind_safe.rs:272:9
[INFO] [stdout]   27:     0x576234420dd7 - std::panicking::try::do_call::h873b7cf639554a5e
[INFO] [stdout]                                at /rustc/90b35a6239c3d8bdabc530a6a0816f7ff89a0aaf/library/std/src/panicking.rs:557:40
[INFO] [stdout]   28:     0x576234420dd7 - std::panicking::try::hdb19862fad9c8bd1
[INFO] [stdout]                                at /rustc/90b35a6239c3d8bdabc530a6a0816f7ff89a0aaf/library/std/src/panicking.rs:520:19
[INFO] [stdout]   29:     0x576234420dd7 - std::panic::catch_unwind::h281fe732d236d260
[INFO] [stdout]                                at /rustc/90b35a6239c3d8bdabc530a6a0816f7ff89a0aaf/library/std/src/panic.rs:358:14
[INFO] [stdout]   30:     0x576234420dd7 - test::run_test_in_process::h949b6df8457ed338
[INFO] [stdout]                                at /rustc/90b35a6239c3d8bdabc530a6a0816f7ff89a0aaf/library/test/src/lib.rs:644:27
[INFO] [stdout]   31:     0x576234420dd7 - test::run_test::{{closure}}::h52c556a6d4740e10
[INFO] [stdout]                                at /rustc/90b35a6239c3d8bdabc530a6a0816f7ff89a0aaf/library/test/src/lib.rs:565:43
[INFO] [stdout]   32:     0x5762343e60b4 - test::run_test::{{closure}}::h4237f6381c45ccb9
[INFO] [stdout]                                at /rustc/90b35a6239c3d8bdabc530a6a0816f7ff89a0aaf/library/test/src/lib.rs:595:41
[INFO] [stdout]   33:     0x5762343e60b4 - std::sys::backtrace::__rust_begin_short_backtrace::h505c97a579eca628
[INFO] [stdout]                                at /rustc/90b35a6239c3d8bdabc530a6a0816f7ff89a0aaf/library/std/src/sys/backtrace.rs:154:18
[INFO] [stdout]   34:     0x5762343e977e - std::thread::Builder::spawn_unchecked_::{{closure}}::{{closure}}::h9e86b2e2bc107ea3
[INFO] [stdout]                                at /rustc/90b35a6239c3d8bdabc530a6a0816f7ff89a0aaf/library/std/src/thread/mod.rs:538:17
[INFO] [stdout]   35:     0x5762343e977e - <core::panic::unwind_safe::AssertUnwindSafe<F> as core::ops::function::FnOnce<()>>::call_once::h8b06ddb275ff4a25
[INFO] [stdout]                                at /rustc/90b35a6239c3d8bdabc530a6a0816f7ff89a0aaf/library/core/src/panic/unwind_safe.rs:272:9
[INFO] [stdout]   36:     0x5762343e977e - std::panicking::try::do_call::hb26ecd7cd9a9355d
[INFO] [stdout]                                at /rustc/90b35a6239c3d8bdabc530a6a0816f7ff89a0aaf/library/std/src/panicking.rs:557:40
[INFO] [stdout]   37:     0x5762343e977e - std::panicking::try::h8ddeca9d705f9069
[INFO] [stdout]                                at /rustc/90b35a6239c3d8bdabc530a6a0816f7ff89a0aaf/library/std/src/panicking.rs:520:19
[INFO] [stdout]   38:     0x5762343e977e - std::panic::catch_unwind::h49e1c33078844c46
[INFO] [stdout]                                at /rustc/90b35a6239c3d8bdabc530a6a0816f7ff89a0aaf/library/std/src/panic.rs:358:14
[INFO] [stdout]   39:     0x5762343e977e - std::thread::Builder::spawn_unchecked_::{{closure}}::h6073db6ff56ad35d
[INFO] [stdout]                                at /rustc/90b35a6239c3d8bdabc530a6a0816f7ff89a0aaf/library/std/src/thread/mod.rs:537:30
[INFO] [stdout]   40:     0x5762343e977e - core::ops::function::FnOnce::call_once{{vtable.shim}}::h2c5a5f3779c774f1
[INFO] [stdout]                                at /rustc/90b35a6239c3d8bdabc530a6a0816f7ff89a0aaf/library/core/src/ops/function.rs:250:5
[INFO] [stdout]   41:     0x5762344558db - <alloc::boxed::Box<F,A> as core::ops::function::FnOnce<Args>>::call_once::hf75717d9f28faebf
[INFO] [stdout]                                at /rustc/90b35a6239c3d8bdabc530a6a0816f7ff89a0aaf/library/alloc/src/boxed.rs:2454:9
[INFO] [stdout]   42:     0x5762344558db - <alloc::boxed::Box<F,A> as core::ops::function::FnOnce<Args>>::call_once::h7bd883a5f3c5f3c1
[INFO] [stdout]                                at /rustc/90b35a6239c3d8bdabc530a6a0816f7ff89a0aaf/library/alloc/src/boxed.rs:2454:9
[INFO] [stdout]   43:     0x5762344558db - std::sys::pal::unix::thread::Thread::new::thread_start::hcc78f3943333fa94
[INFO] [stdout]                                at /rustc/90b35a6239c3d8bdabc530a6a0816f7ff89a0aaf/library/std/src/sys/pal/unix/thread.rs:105:17
[INFO] [stdout]   44:     0x79409d6feac3 - <unknown>
[INFO] [stdout]   45:     0x79409d78fa04 - clone
[INFO] [stdout]   46:                0x0 - <unknown>
[INFO] [stdout] 
[INFO] [stdout] 
[INFO] [stdout] failures:
[INFO] [stdout]     day2::part_1::test::example
[INFO] [stdout]     day2::part_2::test::example
[INFO] [stdout] 
[INFO] [stdout] test result: FAILED. 6 passed; 2 failed; 0 ignored; 0 measured; 0 filtered out; finished in 0.06s
[INFO] [stdout] 
[INFO] running `Command { std: "docker" "inspect" "4e310bd25ff09ef111aa2a281f75a60af9159a6bd01bf76317a8000ef203c07b", kill_on_drop: false }`
[INFO] running `Command { std: "docker" "rm" "-f" "4e310bd25ff09ef111aa2a281f75a60af9159a6bd01bf76317a8000ef203c07b", kill_on_drop: false }`
[INFO] [stdout] 4e310bd25ff09ef111aa2a281f75a60af9159a6bd01bf76317a8000ef203c07b
