[INFO] cloning repository https://github.com/IndaPlus22/daniels5-sorting
[INFO] running `Command { std: "git" "-c" "credential.helper=" "-c" "credential.helper=/workspace/cargo-home/bin/git-credential-null" "clone" "--bare" "https://github.com/IndaPlus22/daniels5-sorting" "/workspace/cache/git-repos/https%3A%2F%2Fgithub.com%2FIndaPlus22%2Fdaniels5-sorting", kill_on_drop: false }`
[INFO] [stderr] Cloning into bare repository '/workspace/cache/git-repos/https%3A%2F%2Fgithub.com%2FIndaPlus22%2Fdaniels5-sorting'...
[INFO] running `Command { std: "git" "rev-parse" "HEAD", kill_on_drop: false }`
[INFO] [stdout] 09d5d9a8d07fa6e1e512f36dd9bbc44a186da5b9
[INFO] testing IndaPlus22/daniels5-sorting against 1.83.0 for beta-1.84.0-4-retry
[INFO] running `Command { std: "git" "clone" "/workspace/cache/git-repos/https%3A%2F%2Fgithub.com%2FIndaPlus22%2Fdaniels5-sorting" "/workspace/builds/worker-7-tc1/source", kill_on_drop: false }`
[INFO] [stderr] Cloning into '/workspace/builds/worker-7-tc1/source'...
[INFO] [stderr] done.
[INFO] validating manifest of git repo https://github.com/IndaPlus22/daniels5-sorting on toolchain 1.83.0
[INFO] running `Command { std: CARGO_HOME="/workspace/cargo-home" RUSTUP_HOME="/workspace/rustup-home" "/workspace/cargo-home/bin/cargo" "+1.83.0" "metadata" "--manifest-path" "Cargo.toml" "--no-deps", kill_on_drop: false }`
[INFO] started tweaking git repo https://github.com/IndaPlus22/daniels5-sorting
[INFO] finished tweaking git repo https://github.com/IndaPlus22/daniels5-sorting
[INFO] tweaked toml for git repo https://github.com/IndaPlus22/daniels5-sorting written to /workspace/builds/worker-7-tc1/source/Cargo.toml
[INFO] crate git repo https://github.com/IndaPlus22/daniels5-sorting already has a lockfile, it will not be regenerated
[INFO] running `Command { std: CARGO_HOME="/workspace/cargo-home" RUSTUP_HOME="/workspace/rustup-home" "/workspace/cargo-home/bin/cargo" "+1.83.0" "fetch" "--manifest-path" "Cargo.toml", kill_on_drop: false }`
[INFO] [stderr]  Downloading crates ...
[INFO] [stderr]   Downloaded piston-texture v0.9.0
[INFO] [stderr]   Downloaded piston2d-graphics v0.43.0
[INFO] [stderr]   Downloaded piston_window v0.127.0
[INFO] [stderr]   Downloaded piston-graphics_api_version v1.0.1
[INFO] [stderr]   Downloaded gl v0.13.0
[INFO] [stderr]   Downloaded pistoncore-window v0.47.1
[INFO] [stderr]   Downloaded piston-gfx_texture v0.44.0
[INFO] [stderr]   Downloaded piston-shaders_graphics2d v0.4.0
[INFO] [stderr]   Downloaded pistoncore-event_loop v0.53.1
[INFO] [stderr]   Downloaded piston2d-opengl_graphics v0.82.0
[INFO] [stderr]   Downloaded piston v0.53.2
[INFO] [stderr]   Downloaded half v2.1.0
[INFO] [stderr]   Downloaded piston2d-gfx_graphics v0.79.0
[INFO] [stderr]   Downloaded pistoncore-glutin_window v0.70.1
[INFO] [stderr]   Downloaded rayon v1.6.0
[INFO] [stderr]   Downloaded syn v1.0.104
[INFO] [stderr]   Downloaded exr v1.5.2
[INFO] [stderr]   Downloaded tiff v0.8.0
[INFO] running `Command { std: "docker" "create" "-v" "/var/lib/crater-agent-workspace/builds/worker-7-tc1/target:/opt/rustwide/target:rw,Z" "-v" "/var/lib/crater-agent-workspace/builds/worker-7-tc1/source:/opt/rustwide/workdir:ro,Z" "-v" "/var/lib/crater-agent-workspace/cargo-home:/opt/rustwide/cargo-home:ro,Z" "-v" "/var/lib/crater-agent-workspace/rustup-home:/opt/rustwide/rustup-home:ro,Z" "-e" "SOURCE_DIR=/opt/rustwide/workdir" "-e" "CARGO_TARGET_DIR=/opt/rustwide/target" "-e" "CARGO_HOME=/opt/rustwide/cargo-home" "-e" "RUSTUP_HOME=/opt/rustwide/rustup-home" "-w" "/opt/rustwide/workdir" "-m" "1610612736" "--user" "0:0" "--network" "none" "ghcr.io/rust-lang/crates-build-env/linux@sha256:f3a9d4ad9d972b27faf3965f35b62e55ba32bbce8f20bc8fe909558a86702fde" "/opt/rustwide/cargo-home/bin/cargo" "+1.83.0" "metadata" "--no-deps" "--format-version=1", kill_on_drop: false }`
[INFO] [stdout] 590a8c6199f048589fdab532227f94aa7af4483522701a4d95b70c8b7465ea67
[INFO] running `Command { std: "docker" "start" "-a" "590a8c6199f048589fdab532227f94aa7af4483522701a4d95b70c8b7465ea67", kill_on_drop: false }`
[INFO] running `Command { std: "docker" "inspect" "590a8c6199f048589fdab532227f94aa7af4483522701a4d95b70c8b7465ea67", kill_on_drop: false }`
[INFO] running `Command { std: "docker" "rm" "-f" "590a8c6199f048589fdab532227f94aa7af4483522701a4d95b70c8b7465ea67", kill_on_drop: false }`
[INFO] [stdout] 590a8c6199f048589fdab532227f94aa7af4483522701a4d95b70c8b7465ea67
[INFO] running `Command { std: "docker" "create" "-v" "/var/lib/crater-agent-workspace/builds/worker-7-tc1/target:/opt/rustwide/target:rw,Z" "-v" "/var/lib/crater-agent-workspace/builds/worker-7-tc1/source:/opt/rustwide/workdir:ro,Z" "-v" "/var/lib/crater-agent-workspace/cargo-home:/opt/rustwide/cargo-home:ro,Z" "-v" "/var/lib/crater-agent-workspace/rustup-home:/opt/rustwide/rustup-home:ro,Z" "-e" "SOURCE_DIR=/opt/rustwide/workdir" "-e" "CARGO_TARGET_DIR=/opt/rustwide/target" "-e" "CARGO_INCREMENTAL=0" "-e" "RUST_BACKTRACE=full" "-e" "RUSTFLAGS=--cap-lints=warn" "-e" "RUSTDOCFLAGS=--cap-lints=warn" "-e" "CARGO_HOME=/opt/rustwide/cargo-home" "-e" "RUSTUP_HOME=/opt/rustwide/rustup-home" "-w" "/opt/rustwide/workdir" "-m" "1610612736" "--user" "0:0" "--network" "none" "ghcr.io/rust-lang/crates-build-env/linux@sha256:f3a9d4ad9d972b27faf3965f35b62e55ba32bbce8f20bc8fe909558a86702fde" "/opt/rustwide/cargo-home/bin/cargo" "+1.83.0" "build" "--frozen" "--message-format=json", kill_on_drop: false }`
[INFO] [stdout] a88a56847bf0376f8b1abed38b44cbee29670e6921db843265731d6ce452a759
[INFO] running `Command { std: "docker" "start" "-a" "a88a56847bf0376f8b1abed38b44cbee29670e6921db843265731d6ce452a759", kill_on_drop: false }`
[INFO] [stderr]    Compiling libc v0.2.137
[INFO] [stderr]    Compiling xml-rs v0.8.4
[INFO] [stderr]    Compiling proc-macro2 v1.0.47
[INFO] [stderr]    Compiling quote v1.0.21
[INFO] [stderr]    Compiling log v0.4.17
[INFO] [stderr]    Compiling unicode-ident v1.0.5
[INFO] [stderr]    Compiling khronos_api v3.1.0
[INFO] [stderr]    Compiling syn v1.0.104
[INFO] [stderr]    Compiling smallvec v1.10.0
[INFO] [stderr]    Compiling pkg-config v0.3.26
[INFO] [stderr]    Compiling lazy_static v1.4.0
[INFO] [stderr]    Compiling lock_api v0.4.9
[INFO] [stderr]    Compiling crossbeam-utils v0.8.14
[INFO] [stderr]    Compiling memoffset v0.7.1
[INFO] [stderr]    Compiling crossbeam-epoch v0.9.13
[INFO] [stderr]    Compiling gl_generator v0.14.0
[INFO] [stderr]    Compiling libloading v0.7.4
[INFO] [stderr]    Compiling wayland-sys v0.28.6
[INFO] [stderr]    Compiling dlib v0.5.0
[INFO] [stderr]    Compiling ttf-parser v0.15.2
[INFO] [stderr]    Compiling wayland-scanner v0.28.6
[INFO] [stderr]    Compiling piston-float v1.0.1
[INFO] [stderr]    Compiling memchr v2.5.0
[INFO] [stderr]    Compiling rayon-core v1.10.1
[INFO] [stderr]    Compiling ab_glyph_rasterizer v0.1.7
[INFO] [stderr]    Compiling once_cell v1.16.0
[INFO] [stderr]    Compiling crossbeam-deque v0.8.2
[INFO] [stderr]    Compiling piston-viewport v1.0.2
[INFO] [stderr]    Compiling crossbeam-channel v0.5.6
[INFO] [stderr]    Compiling scoped-tls v1.0.1
[INFO] [stderr]    Compiling futures-core v0.3.25
[INFO] [stderr]    Compiling downcast-rs v1.2.0
[INFO] [stderr]    Compiling getrandom v0.2.8
[INFO] [stderr]    Compiling num_cpus v1.14.0
[INFO] [stderr]    Compiling nix v0.20.0
[INFO] [stderr]    Compiling dirs-sys v0.3.7
[INFO] [stderr]    Compiling owned_ttf_parser v0.15.2
[INFO] [stderr]    Compiling rusttype v0.9.3
[INFO] [stderr]    Compiling wayland-client v0.28.6
[INFO] [stderr]    Compiling slab v0.4.7
[INFO] [stderr]    Compiling nix v0.18.0
[INFO] [stderr]    Compiling either v1.8.0
[INFO] [stderr]    Compiling serde v1.0.148
[INFO] [stderr]    Compiling serde_derive v1.0.148
[INFO] [stderr]    Compiling piston-graphics_api_version v1.0.1
[INFO] [stderr]    Compiling nom v7.1.1
[INFO] [stderr]    Compiling rayon v1.6.0
[INFO] [stderr]    Compiling wayland-protocols v0.28.6
[INFO] [stderr]    Compiling dirs v4.0.0
[INFO] [stderr]    Compiling nanorand v0.7.0
[INFO] [stderr]    Compiling x11-dl v2.20.1
[INFO] [stderr]    Compiling spin v0.9.4
[INFO] [stderr]    Compiling same-file v1.0.6
[INFO] [stderr]    Compiling parking_lot_core v0.8.5
[INFO] [stderr]    Compiling futures-sink v0.3.25
[INFO] [stderr]    Compiling weezl v0.1.7
[INFO] [stderr]    Compiling walkdir v2.3.2
[INFO] [stderr]    Compiling xdg v2.4.1
[INFO] [stderr]    Compiling threadpool v1.8.1
[INFO] [stderr]    Compiling jpeg-decoder v0.3.0
[INFO] [stderr]    Compiling wayland-commons v0.28.6
[INFO] [stderr]    Compiling xcursor v0.3.4
[INFO] [stderr]    Compiling iovec v0.1.4
[INFO] [stderr]    Compiling net2 v0.2.38
[INFO] [stderr]    Compiling gl_generator v0.13.1
[INFO] [stderr]    Compiling draw_state v0.8.0
[INFO] [stderr]    Compiling libloading v0.6.7
[INFO] [stderr]    Compiling instant v0.1.12
[INFO] [stderr]    Compiling cty v0.2.2
[INFO] [stderr]    Compiling half v2.1.0
[INFO] [stderr]    Compiling bit_field v0.10.1
[INFO] [stderr]    Compiling lebe v0.5.2
[INFO] [stderr]    Compiling gl v0.13.0
[INFO] [stderr]    Compiling raw-window-handle v0.4.3
[INFO] [stderr]    Compiling gif v0.11.4
[INFO] [stderr]    Compiling wayland-cursor v0.28.6
[INFO] [stderr]    Compiling calloop v0.6.5
[INFO] [stderr]    Compiling dlib v0.4.2
[INFO] [stderr]    Compiling pin-project-internal v1.0.12
[INFO] [stderr]    Compiling gfx_core v0.9.2
[INFO] [stderr]    Compiling mio v0.6.23
[INFO] [stderr]    Compiling tiff v0.8.0
[INFO] [stderr]    Compiling andrew v0.3.1
[INFO] [stderr]    Compiling memmap2 v0.1.0
[INFO] [stderr]    Compiling glutin_egl_sys v0.1.6
[INFO] [stderr]    Compiling pin-project v1.0.12
[INFO] [stderr]    Compiling glutin_glx_sys v0.1.8
[INFO] [stderr]    Compiling flume v0.10.14
[INFO] [stderr]    Compiling piston-texture v0.9.0
[INFO] [stderr]    Compiling exr v1.5.2
[INFO] [stderr]    Compiling lazycell v1.3.0
[INFO] [stderr]    Compiling scoped_threadpool v0.1.9
[INFO] [stderr]    Compiling mio-extras v2.0.6
[INFO] [stderr]    Compiling parking_lot v0.11.2
[INFO] [stderr]    Compiling raw-window-handle v0.3.4
[INFO] [stderr]    Compiling shader_version v0.7.0
[INFO] [stderr]    Compiling shared_library v0.1.9
[INFO] [stderr]    Compiling gfx_gl v0.6.1
[INFO] [stderr]    Compiling vecmath v1.0.0
[INFO] [stderr]    Compiling percent-encoding v2.2.0
[INFO] [stderr]    Compiling interpolation v0.2.0
[INFO] [stderr]    Compiling read_color v1.0.0
[INFO] [stderr]    Compiling osmesa-sys v0.1.2
[INFO] [stderr]    Compiling piston2d-graphics v0.43.0
[INFO] [stderr]    Compiling gfx v0.18.2
[INFO] [stderr]    Compiling wayland-egl v0.28.6
[INFO] [stderr]    Compiling piston-shaders_graphics2d v0.4.0
[INFO] [stderr]    Compiling spin_sleep v1.1.1
[INFO] [stderr]    Compiling rand_core v0.6.4
[INFO] [stderr]    Compiling rand_chacha v0.3.1
[INFO] [stderr]    Compiling rand v0.8.5
[INFO] [stderr]    Compiling image v0.24.5
[INFO] [stderr]    Compiling pistoncore-input v1.0.1
[INFO] [stderr]    Compiling pistoncore-window v0.47.1
[INFO] [stderr]    Compiling pistoncore-event_loop v0.53.1
[INFO] [stderr]    Compiling piston v0.53.2
[INFO] [stderr]    Compiling gfx_device_gl v0.16.2
[INFO] [stderr]    Compiling piston-gfx_texture v0.44.0
[INFO] [stderr]    Compiling piston2d-opengl_graphics v0.82.0
[INFO] [stderr]    Compiling piston2d-gfx_graphics v0.79.0
[INFO] [stderr]    Compiling smithay-client-toolkit v0.12.3
[INFO] [stderr]    Compiling winit v0.24.0
[INFO] [stderr]    Compiling glutin v0.26.0
[INFO] [stderr]    Compiling pistoncore-glutin_window v0.70.1
[INFO] [stderr]    Compiling piston_window v0.127.0
[INFO] [stderr]    Compiling sorting-visualisation v0.1.0 (/opt/rustwide/workdir)
[INFO] [stdout] warning: unused import: `std::ptr::null`
[INFO] [stdout]  --> src/main.rs:6:5
[INFO] [stdout]   |
[INFO] [stdout] 6 | use std::ptr::null;
[INFO] [stdout]   |     ^^^^^^^^^^^^^^
[INFO] [stdout]   |
[INFO] [stdout]   = note: `#[warn(unused_imports)]` on by default
[INFO] [stdout] 
[INFO] [stdout] 
[INFO] [stdout] warning: unused import: `graphics::types::Matrix2d`
[INFO] [stdout]   --> src/main.rs:11:5
[INFO] [stdout]    |
[INFO] [stdout] 11 | use graphics::types::Matrix2d;
[INFO] [stdout]    |     ^^^^^^^^^^^^^^^^^^^^^^^^^
[INFO] [stdout] 
[INFO] [stdout] 
[INFO] [stdout] warning: unused import: `UpdateArgs`
[INFO] [stdout]   --> src/main.rs:14:46
[INFO] [stdout]    |
[INFO] [stdout] 14 | use piston::input::{RenderArgs, RenderEvent, UpdateArgs, UpdateEvent};
[INFO] [stdout]    |                                              ^^^^^^^^^^
[INFO] [stdout] 
[INFO] [stdout] 
[INFO] [stdout] warning: unnecessary parentheses around `if` condition
[INFO] [stdout]   --> src/main.rs:48:19
[INFO] [stdout]    |
[INFO] [stdout] 48 |                 if(points[n].1 == true){
[INFO] [stdout]    |                   ^                   ^
[INFO] [stdout]    |
[INFO] [stdout]    = note: `#[warn(unused_parens)]` on by default
[INFO] [stdout] help: remove these parentheses
[INFO] [stdout]    |
[INFO] [stdout] 48 -                 if(points[n].1 == true){
[INFO] [stdout] 48 +                 if points[n].1 == true {
[INFO] [stdout]    |
[INFO] [stdout] 
[INFO] [stdout] 
[INFO] [stdout] warning: unnecessary parentheses around `while` condition
[INFO] [stdout]   --> src/main.rs:71:15
[INFO] [stdout]    |
[INFO] [stdout] 71 |         while (i < self.data_points.len()){
[INFO] [stdout]    |               ^                          ^
[INFO] [stdout]    |
[INFO] [stdout] help: remove these parentheses
[INFO] [stdout]    |
[INFO] [stdout] 71 -         while (i < self.data_points.len()){
[INFO] [stdout] 71 +         while i < self.data_points.len() {
[INFO] [stdout]    |
[INFO] [stdout] 
[INFO] [stdout] 
[INFO] [stdout] warning: unnecessary parentheses around `while` condition
[INFO] [stdout]   --> src/main.rs:73:19
[INFO] [stdout]    |
[INFO] [stdout] 73 |             while (j > 0 && self.data_points[j-1] > self.data_points[j]){
[INFO] [stdout]    |                   ^                                                    ^
[INFO] [stdout]    |
[INFO] [stdout] help: remove these parentheses
[INFO] [stdout]    |
[INFO] [stdout] 73 -             while (j > 0 && self.data_points[j-1] > self.data_points[j]){
[INFO] [stdout] 73 +             while j > 0 && self.data_points[j-1] > self.data_points[j] {
[INFO] [stdout]    |
[INFO] [stdout] 
[INFO] [stdout] 
[INFO] [stdout] warning: unnecessary parentheses around `if` condition
[INFO] [stdout]   --> src/main.rs:99:20
[INFO] [stdout]    |
[INFO] [stdout] 99 |                 if (self.data_points[j] < self.data_points[min]){
[INFO] [stdout]    |                    ^                                           ^
[INFO] [stdout]    |
[INFO] [stdout] help: remove these parentheses
[INFO] [stdout]    |
[INFO] [stdout] 99 -                 if (self.data_points[j] < self.data_points[min]){
[INFO] [stdout] 99 +                 if self.data_points[j] < self.data_points[min] {
[INFO] [stdout]    |
[INFO] [stdout] 
[INFO] [stdout] 
[INFO] [stdout] warning: unnecessary parentheses around `if` condition
[INFO] [stdout]    --> src/main.rs:103:16
[INFO] [stdout]     |
[INFO] [stdout] 103 |             if (min != i){
[INFO] [stdout]     |                ^        ^
[INFO] [stdout]     |
[INFO] [stdout] help: remove these parentheses
[INFO] [stdout]     |
[INFO] [stdout] 103 -             if (min != i){
[INFO] [stdout] 103 +             if min != i {
[INFO] [stdout]     |
[INFO] [stdout] 
[INFO] [stdout] 
[INFO] [stdout] warning: unnecessary parentheses around `while` condition
[INFO] [stdout]    --> src/main.rs:149:15
[INFO] [stdout]     |
[INFO] [stdout] 149 |         while (left.len() >= 1 && right.len() >= 1){
[INFO] [stdout]     |               ^                                   ^
[INFO] [stdout]     |
[INFO] [stdout] help: remove these parentheses
[INFO] [stdout]     |
[INFO] [stdout] 149 -         while (left.len() >= 1 && right.len() >= 1){
[INFO] [stdout] 149 +         while left.len() >= 1 && right.len() >= 1 {
[INFO] [stdout]     |
[INFO] [stdout] 
[INFO] [stdout] 
[INFO] [stdout] warning: unnecessary parentheses around `if` condition
[INFO] [stdout]    --> src/main.rs:151:16
[INFO] [stdout]     |
[INFO] [stdout] 151 |             if (left[0] <= right[0]){
[INFO] [stdout]     |                ^                   ^
[INFO] [stdout]     |
[INFO] [stdout] help: remove these parentheses
[INFO] [stdout]     |
[INFO] [stdout] 151 -             if (left[0] <= right[0]){
[INFO] [stdout] 151 +             if left[0] <= right[0] {
[INFO] [stdout]     |
[INFO] [stdout] 
[INFO] [stdout] 
[INFO] [stdout] warning: unnecessary parentheses around `while` condition
[INFO] [stdout]    --> src/main.rs:161:15
[INFO] [stdout]     |
[INFO] [stdout] 161 |         while (left.len() >= 1){
[INFO] [stdout]     |               ^               ^
[INFO] [stdout]     |
[INFO] [stdout] help: remove these parentheses
[INFO] [stdout]     |
[INFO] [stdout] 161 -         while (left.len() >= 1){
[INFO] [stdout] 161 +         while left.len() >= 1 {
[INFO] [stdout]     |
[INFO] [stdout] 
[INFO] [stdout] 
[INFO] [stdout] warning: unnecessary parentheses around `while` condition
[INFO] [stdout]    --> src/main.rs:165:15
[INFO] [stdout]     |
[INFO] [stdout] 165 |         while (right.len() >= 1){
[INFO] [stdout]     |               ^                ^
[INFO] [stdout]     |
[INFO] [stdout] help: remove these parentheses
[INFO] [stdout]     |
[INFO] [stdout] 165 -         while (right.len() >= 1){
[INFO] [stdout] 165 +         while right.len() >= 1 {
[INFO] [stdout]     |
[INFO] [stdout] 
[INFO] [stdout] 
[INFO] [stdout] warning: unnecessary parentheses around `for` iterator expression
[INFO] [stdout]    --> src/main.rs:183:14
[INFO] [stdout]     |
[INFO] [stdout] 183 |     for n in (0..size){
[INFO] [stdout]     |              ^       ^
[INFO] [stdout]     |
[INFO] [stdout] help: remove these parentheses
[INFO] [stdout]     |
[INFO] [stdout] 183 -     for n in (0..size){
[INFO] [stdout] 183 +     for n in 0..size {
[INFO] [stdout]     |
[INFO] [stdout] 
[INFO] [stdout] 
[INFO] [stdout] warning: unused import: `UpdateEvent`
[INFO] [stdout]   --> src/main.rs:14:58
[INFO] [stdout]    |
[INFO] [stdout] 14 | use piston::input::{RenderArgs, RenderEvent, UpdateArgs, UpdateEvent};
[INFO] [stdout]    |                                                          ^^^^^^^^^^^
[INFO] [stdout] 
[INFO] [stdout] 
[INFO] [stdout] warning: unused variable: `b`
[INFO] [stdout]   --> src/main.rs:24:9
[INFO] [stdout]    |
[INFO] [stdout] 24 |     let b = WIDTH/points.len() as u32;
[INFO] [stdout]    |         ^ help: if this is intentional, prefix it with an underscore: `_b`
[INFO] [stdout]    |
[INFO] [stdout]    = note: `#[warn(unused_variables)]` on by default
[INFO] [stdout] 
[INFO] [stdout] 
[INFO] [stdout] warning: unused variable: `range`
[INFO] [stdout]    --> src/main.rs:180:9
[INFO] [stdout]     |
[INFO] [stdout] 180 |     let range = 50;
[INFO] [stdout]     |         ^^^^^ help: if this is intentional, prefix it with an underscore: `_range`
[INFO] [stdout] 
[INFO] [stdout] 
[INFO] [stdout] warning: unused variable: `n`
[INFO] [stdout]    --> src/main.rs:183:9
[INFO] [stdout]     |
[INFO] [stdout] 183 |     for n in (0..size){
[INFO] [stdout]     |         ^ help: if this is intentional, prefix it with an underscore: `_n`
[INFO] [stdout] 
[INFO] [stdout] 
[INFO] [stdout] warning: variable does not need to be mutable
[INFO] [stdout]    --> src/main.rs:207:9
[INFO] [stdout]     |
[INFO] [stdout] 207 |     let mut window: Window = WindowSettings::new("spinning-square", [WIDTH, HEIGHT])
[INFO] [stdout]     |         ----^^^^^^
[INFO] [stdout]     |         |
[INFO] [stdout]     |         help: remove this `mut`
[INFO] [stdout]     |
[INFO] [stdout]     = note: `#[warn(unused_mut)]` on by default
[INFO] [stdout] 
[INFO] [stdout] 
[INFO] [stdout] warning: constant `RED` is never used
[INFO] [stdout]   --> src/main.rs:39:15
[INFO] [stdout]    |
[INFO] [stdout] 39 |         const RED: [f32; 4] = [1.0, 0.0, 0.0, 1.0];
[INFO] [stdout]    |               ^^^
[INFO] [stdout]    |
[INFO] [stdout]    = note: `#[warn(dead_code)]` on by default
[INFO] [stdout] 
[INFO] [stdout] 
[INFO] [stdout] warning: function `createRects` should have a snake case name
[INFO] [stdout]   --> src/main.rs:23:4
[INFO] [stdout]    |
[INFO] [stdout] 23 | fn createRects(points: &Vec<(u32,bool)>) -> Vec<[f64;4]>{
[INFO] [stdout]    |    ^^^^^^^^^^^ help: convert the identifier to snake case: `create_rects`
[INFO] [stdout]    |
[INFO] [stdout]    = note: `#[warn(non_snake_case)]` on by default
[INFO] [stdout] 
[INFO] [stdout] 
[INFO] [stdout] warning: function `generatePoints` should have a snake case name
[INFO] [stdout]    --> src/main.rs:178:4
[INFO] [stdout]     |
[INFO] [stdout] 178 | fn generatePoints()-> Vec<(u32,bool)>{
[INFO] [stdout]     |    ^^^^^^^^^^^^^^ help: convert the identifier to snake case: `generate_points`
[INFO] [stdout] 
[INFO] [stdout] 
[INFO] [stderr]     Finished `dev` profile [unoptimized + debuginfo] target(s) in 3m 02s
[INFO] running `Command { std: "docker" "inspect" "a88a56847bf0376f8b1abed38b44cbee29670e6921db843265731d6ce452a759", kill_on_drop: false }`
[INFO] running `Command { std: "docker" "rm" "-f" "a88a56847bf0376f8b1abed38b44cbee29670e6921db843265731d6ce452a759", kill_on_drop: false }`
[INFO] [stdout] a88a56847bf0376f8b1abed38b44cbee29670e6921db843265731d6ce452a759
[INFO] running `Command { std: "docker" "create" "-v" "/var/lib/crater-agent-workspace/builds/worker-7-tc1/target:/opt/rustwide/target:rw,Z" "-v" "/var/lib/crater-agent-workspace/builds/worker-7-tc1/source:/opt/rustwide/workdir:ro,Z" "-v" "/var/lib/crater-agent-workspace/cargo-home:/opt/rustwide/cargo-home:ro,Z" "-v" "/var/lib/crater-agent-workspace/rustup-home:/opt/rustwide/rustup-home:ro,Z" "-e" "SOURCE_DIR=/opt/rustwide/workdir" "-e" "CARGO_TARGET_DIR=/opt/rustwide/target" "-e" "CARGO_INCREMENTAL=0" "-e" "RUST_BACKTRACE=full" "-e" "RUSTFLAGS=--cap-lints=warn" "-e" "RUSTDOCFLAGS=--cap-lints=warn" "-e" "CARGO_HOME=/opt/rustwide/cargo-home" "-e" "RUSTUP_HOME=/opt/rustwide/rustup-home" "-w" "/opt/rustwide/workdir" "-m" "1610612736" "--user" "0:0" "--network" "none" "ghcr.io/rust-lang/crates-build-env/linux@sha256:f3a9d4ad9d972b27faf3965f35b62e55ba32bbce8f20bc8fe909558a86702fde" "/opt/rustwide/cargo-home/bin/cargo" "+1.83.0" "test" "--frozen" "--no-run" "--message-format=json", kill_on_drop: false }`
[INFO] [stdout] 0930ce8ad83ab455f808164e10081bf8ff4553540e3fe04332a2cb46db6481a8
[INFO] running `Command { std: "docker" "start" "-a" "0930ce8ad83ab455f808164e10081bf8ff4553540e3fe04332a2cb46db6481a8", kill_on_drop: false }`
[INFO] [stderr]    Compiling sorting-visualisation v0.1.0 (/opt/rustwide/workdir)
[INFO] [stdout] warning: unused import: `std::ptr::null`
[INFO] [stdout]  --> src/main.rs:6:5
[INFO] [stdout]   |
[INFO] [stdout] 6 | use std::ptr::null;
[INFO] [stdout]   |     ^^^^^^^^^^^^^^
[INFO] [stdout]   |
[INFO] [stdout]   = note: `#[warn(unused_imports)]` on by default
[INFO] [stdout] 
[INFO] [stdout] 
[INFO] [stdout] warning: unused import: `graphics::types::Matrix2d`
[INFO] [stdout]   --> src/main.rs:11:5
[INFO] [stdout]    |
[INFO] [stdout] 11 | use graphics::types::Matrix2d;
[INFO] [stdout]    |     ^^^^^^^^^^^^^^^^^^^^^^^^^
[INFO] [stdout] 
[INFO] [stdout] 
[INFO] [stdout] warning: unused import: `UpdateArgs`
[INFO] [stdout]   --> src/main.rs:14:46
[INFO] [stdout]    |
[INFO] [stdout] 14 | use piston::input::{RenderArgs, RenderEvent, UpdateArgs, UpdateEvent};
[INFO] [stdout]    |                                              ^^^^^^^^^^
[INFO] [stdout] 
[INFO] [stdout] 
[INFO] [stdout] warning: unnecessary parentheses around `if` condition
[INFO] [stdout]   --> src/main.rs:48:19
[INFO] [stdout]    |
[INFO] [stdout] 48 |                 if(points[n].1 == true){
[INFO] [stdout]    |                   ^                   ^
[INFO] [stdout]    |
[INFO] [stdout]    = note: `#[warn(unused_parens)]` on by default
[INFO] [stdout] help: remove these parentheses
[INFO] [stdout]    |
[INFO] [stdout] 48 -                 if(points[n].1 == true){
[INFO] [stdout] 48 +                 if points[n].1 == true {
[INFO] [stdout]    |
[INFO] [stdout] 
[INFO] [stdout] 
[INFO] [stdout] warning: unnecessary parentheses around `while` condition
[INFO] [stdout]   --> src/main.rs:71:15
[INFO] [stdout]    |
[INFO] [stdout] 71 |         while (i < self.data_points.len()){
[INFO] [stdout]    |               ^                          ^
[INFO] [stdout]    |
[INFO] [stdout] help: remove these parentheses
[INFO] [stdout]    |
[INFO] [stdout] 71 -         while (i < self.data_points.len()){
[INFO] [stdout] 71 +         while i < self.data_points.len() {
[INFO] [stdout]    |
[INFO] [stdout] 
[INFO] [stdout] 
[INFO] [stdout] warning: unnecessary parentheses around `while` condition
[INFO] [stdout]   --> src/main.rs:73:19
[INFO] [stdout]    |
[INFO] [stdout] 73 |             while (j > 0 && self.data_points[j-1] > self.data_points[j]){
[INFO] [stdout]    |                   ^                                                    ^
[INFO] [stdout]    |
[INFO] [stdout] help: remove these parentheses
[INFO] [stdout]    |
[INFO] [stdout] 73 -             while (j > 0 && self.data_points[j-1] > self.data_points[j]){
[INFO] [stdout] 73 +             while j > 0 && self.data_points[j-1] > self.data_points[j] {
[INFO] [stdout]    |
[INFO] [stdout] 
[INFO] [stdout] 
[INFO] [stdout] warning: unnecessary parentheses around `if` condition
[INFO] [stdout]   --> src/main.rs:99:20
[INFO] [stdout]    |
[INFO] [stdout] 99 |                 if (self.data_points[j] < self.data_points[min]){
[INFO] [stdout]    |                    ^                                           ^
[INFO] [stdout]    |
[INFO] [stdout] help: remove these parentheses
[INFO] [stdout]    |
[INFO] [stdout] 99 -                 if (self.data_points[j] < self.data_points[min]){
[INFO] [stdout] 99 +                 if self.data_points[j] < self.data_points[min] {
[INFO] [stdout]    |
[INFO] [stdout] 
[INFO] [stdout] 
[INFO] [stdout] warning: unnecessary parentheses around `if` condition
[INFO] [stdout]    --> src/main.rs:103:16
[INFO] [stdout]     |
[INFO] [stdout] 103 |             if (min != i){
[INFO] [stdout]     |                ^        ^
[INFO] [stdout]     |
[INFO] [stdout] help: remove these parentheses
[INFO] [stdout]     |
[INFO] [stdout] 103 -             if (min != i){
[INFO] [stdout] 103 +             if min != i {
[INFO] [stdout]     |
[INFO] [stdout] 
[INFO] [stdout] 
[INFO] [stdout] warning: unnecessary parentheses around `while` condition
[INFO] [stdout]    --> src/main.rs:149:15
[INFO] [stdout]     |
[INFO] [stdout] 149 |         while (left.len() >= 1 && right.len() >= 1){
[INFO] [stdout]     |               ^                                   ^
[INFO] [stdout]     |
[INFO] [stdout] help: remove these parentheses
[INFO] [stdout]     |
[INFO] [stdout] 149 -         while (left.len() >= 1 && right.len() >= 1){
[INFO] [stdout] 149 +         while left.len() >= 1 && right.len() >= 1 {
[INFO] [stdout]     |
[INFO] [stdout] 
[INFO] [stdout] 
[INFO] [stdout] warning: unnecessary parentheses around `if` condition
[INFO] [stdout]    --> src/main.rs:151:16
[INFO] [stdout]     |
[INFO] [stdout] 151 |             if (left[0] <= right[0]){
[INFO] [stdout]     |                ^                   ^
[INFO] [stdout]     |
[INFO] [stdout] help: remove these parentheses
[INFO] [stdout]     |
[INFO] [stdout] 151 -             if (left[0] <= right[0]){
[INFO] [stdout] 151 +             if left[0] <= right[0] {
[INFO] [stdout]     |
[INFO] [stdout] 
[INFO] [stdout] 
[INFO] [stdout] warning: unnecessary parentheses around `while` condition
[INFO] [stdout]    --> src/main.rs:161:15
[INFO] [stdout]     |
[INFO] [stdout] 161 |         while (left.len() >= 1){
[INFO] [stdout]     |               ^               ^
[INFO] [stdout]     |
[INFO] [stdout] help: remove these parentheses
[INFO] [stdout]     |
[INFO] [stdout] 161 -         while (left.len() >= 1){
[INFO] [stdout] 161 +         while left.len() >= 1 {
[INFO] [stdout]     |
[INFO] [stdout] 
[INFO] [stdout] 
[INFO] [stdout] warning: unnecessary parentheses around `while` condition
[INFO] [stdout]    --> src/main.rs:165:15
[INFO] [stdout]     |
[INFO] [stdout] 165 |         while (right.len() >= 1){
[INFO] [stdout]     |               ^                ^
[INFO] [stdout]     |
[INFO] [stdout] help: remove these parentheses
[INFO] [stdout]     |
[INFO] [stdout] 165 -         while (right.len() >= 1){
[INFO] [stdout] 165 +         while right.len() >= 1 {
[INFO] [stdout]     |
[INFO] [stdout] 
[INFO] [stdout] 
[INFO] [stdout] warning: unnecessary parentheses around `for` iterator expression
[INFO] [stdout]    --> src/main.rs:183:14
[INFO] [stdout]     |
[INFO] [stdout] 183 |     for n in (0..size){
[INFO] [stdout]     |              ^       ^
[INFO] [stdout]     |
[INFO] [stdout] help: remove these parentheses
[INFO] [stdout]     |
[INFO] [stdout] 183 -     for n in (0..size){
[INFO] [stdout] 183 +     for n in 0..size {
[INFO] [stdout]     |
[INFO] [stdout] 
[INFO] [stdout] 
[INFO] [stdout] warning: unused import: `UpdateEvent`
[INFO] [stdout]   --> src/main.rs:14:58
[INFO] [stdout]    |
[INFO] [stdout] 14 | use piston::input::{RenderArgs, RenderEvent, UpdateArgs, UpdateEvent};
[INFO] [stdout]    |                                                          ^^^^^^^^^^^
[INFO] [stdout] 
[INFO] [stdout] 
[INFO] [stdout] warning: unused variable: `b`
[INFO] [stdout]   --> src/main.rs:24:9
[INFO] [stdout]    |
[INFO] [stdout] 24 |     let b = WIDTH/points.len() as u32;
[INFO] [stdout]    |         ^ help: if this is intentional, prefix it with an underscore: `_b`
[INFO] [stdout]    |
[INFO] [stdout]    = note: `#[warn(unused_variables)]` on by default
[INFO] [stdout] 
[INFO] [stdout] 
[INFO] [stdout] warning: unused variable: `range`
[INFO] [stdout]    --> src/main.rs:180:9
[INFO] [stdout]     |
[INFO] [stdout] 180 |     let range = 50;
[INFO] [stdout]     |         ^^^^^ help: if this is intentional, prefix it with an underscore: `_range`
[INFO] [stdout] 
[INFO] [stdout] 
[INFO] [stdout] warning: unused variable: `n`
[INFO] [stdout]    --> src/main.rs:183:9
[INFO] [stdout]     |
[INFO] [stdout] 183 |     for n in (0..size){
[INFO] [stdout]     |         ^ help: if this is intentional, prefix it with an underscore: `_n`
[INFO] [stdout] 
[INFO] [stdout] 
[INFO] [stdout] warning: variable does not need to be mutable
[INFO] [stdout]    --> src/main.rs:207:9
[INFO] [stdout]     |
[INFO] [stdout] 207 |     let mut window: Window = WindowSettings::new("spinning-square", [WIDTH, HEIGHT])
[INFO] [stdout]     |         ----^^^^^^
[INFO] [stdout]     |         |
[INFO] [stdout]     |         help: remove this `mut`
[INFO] [stdout]     |
[INFO] [stdout]     = note: `#[warn(unused_mut)]` on by default
[INFO] [stdout] 
[INFO] [stdout] 
[INFO] [stdout] warning: variable does not need to be mutable
[INFO] [stdout]    --> src/main.rs:251:9
[INFO] [stdout]     |
[INFO] [stdout] 251 |     let mut window: Window = WindowSettings::new("spinning-square", [WIDTH, HEIGHT])
[INFO] [stdout]     |         ----^^^^^^
[INFO] [stdout]     |         |
[INFO] [stdout]     |         help: remove this `mut`
[INFO] [stdout] 
[INFO] [stdout] 
[INFO] [stdout] warning: variable does not need to be mutable
[INFO] [stdout]    --> src/main.rs:258:9
[INFO] [stdout]     |
[INFO] [stdout] 258 |     let mut events = Events::new(EventSettings::new());
[INFO] [stdout]     |         ----^^^^^^
[INFO] [stdout]     |         |
[INFO] [stdout]     |         help: remove this `mut`
[INFO] [stdout] 
[INFO] [stdout] 
[INFO] [stdout] warning: variable does not need to be mutable
[INFO] [stdout]    --> src/main.rs:259:9
[INFO] [stdout]     |
[INFO] [stdout] 259 |     let mut app = App {
[INFO] [stdout]     |         ----^^^
[INFO] [stdout]     |         |
[INFO] [stdout]     |         help: remove this `mut`
[INFO] [stdout] 
[INFO] [stdout] 
[INFO] [stdout] warning: constant `RED` is never used
[INFO] [stdout]   --> src/main.rs:39:15
[INFO] [stdout]    |
[INFO] [stdout] 39 |         const RED: [f32; 4] = [1.0, 0.0, 0.0, 1.0];
[INFO] [stdout]    |               ^^^
[INFO] [stdout]    |
[INFO] [stdout]    = note: `#[warn(dead_code)]` on by default
[INFO] [stdout] 
[INFO] [stdout] 
[INFO] [stdout] warning: function `createRects` should have a snake case name
[INFO] [stdout]   --> src/main.rs:23:4
[INFO] [stdout]    |
[INFO] [stdout] 23 | fn createRects(points: &Vec<(u32,bool)>) -> Vec<[f64;4]>{
[INFO] [stdout]    |    ^^^^^^^^^^^ help: convert the identifier to snake case: `create_rects`
[INFO] [stdout]    |
[INFO] [stdout]    = note: `#[warn(non_snake_case)]` on by default
[INFO] [stdout] 
[INFO] [stdout] 
[INFO] [stdout] warning: function `generatePoints` should have a snake case name
[INFO] [stdout]    --> src/main.rs:178:4
[INFO] [stdout]     |
[INFO] [stdout] 178 | fn generatePoints()-> Vec<(u32,bool)>{
[INFO] [stdout]     |    ^^^^^^^^^^^^^^ help: convert the identifier to snake case: `generate_points`
[INFO] [stdout] 
[INFO] [stdout] 
[INFO] [stderr]     Finished `test` profile [unoptimized + debuginfo] target(s) in 4.79s
[INFO] running `Command { std: "docker" "inspect" "0930ce8ad83ab455f808164e10081bf8ff4553540e3fe04332a2cb46db6481a8", kill_on_drop: false }`
[INFO] running `Command { std: "docker" "rm" "-f" "0930ce8ad83ab455f808164e10081bf8ff4553540e3fe04332a2cb46db6481a8", kill_on_drop: false }`
[INFO] [stdout] 0930ce8ad83ab455f808164e10081bf8ff4553540e3fe04332a2cb46db6481a8
[INFO] running `Command { std: "docker" "create" "-v" "/var/lib/crater-agent-workspace/builds/worker-7-tc1/target:/opt/rustwide/target:rw,Z" "-v" "/var/lib/crater-agent-workspace/builds/worker-7-tc1/source:/opt/rustwide/workdir:ro,Z" "-v" "/var/lib/crater-agent-workspace/cargo-home:/opt/rustwide/cargo-home:ro,Z" "-v" "/var/lib/crater-agent-workspace/rustup-home:/opt/rustwide/rustup-home:ro,Z" "-e" "SOURCE_DIR=/opt/rustwide/workdir" "-e" "CARGO_TARGET_DIR=/opt/rustwide/target" "-e" "CARGO_INCREMENTAL=0" "-e" "RUST_BACKTRACE=full" "-e" "RUSTFLAGS=--cap-lints=warn" "-e" "RUSTDOCFLAGS=--cap-lints=warn" "-e" "CARGO_HOME=/opt/rustwide/cargo-home" "-e" "RUSTUP_HOME=/opt/rustwide/rustup-home" "-w" "/opt/rustwide/workdir" "-m" "1610612736" "--user" "0:0" "--network" "none" "ghcr.io/rust-lang/crates-build-env/linux@sha256:f3a9d4ad9d972b27faf3965f35b62e55ba32bbce8f20bc8fe909558a86702fde" "/opt/rustwide/cargo-home/bin/cargo" "+1.83.0" "test" "--frozen", kill_on_drop: false }`
[INFO] [stdout] c95d5db90c71d16dc292144d6f6d9f493af3ae0fb1302244b3bc5b224c57f9be
[INFO] running `Command { std: "docker" "start" "-a" "c95d5db90c71d16dc292144d6f6d9f493af3ae0fb1302244b3bc5b224c57f9be", kill_on_drop: false }`
[INFO] [stderr] warning: unused import: `std::ptr::null`
[INFO] [stderr]  --> src/main.rs:6:5
[INFO] [stderr]   |
[INFO] [stderr] 6 | use std::ptr::null;
[INFO] [stderr]   |     ^^^^^^^^^^^^^^
[INFO] [stderr]   |
[INFO] [stderr]   = note: `#[warn(unused_imports)]` on by default
[INFO] [stderr] 
[INFO] [stderr] warning: unused import: `graphics::types::Matrix2d`
[INFO] [stderr]   --> src/main.rs:11:5
[INFO] [stderr]    |
[INFO] [stderr] 11 | use graphics::types::Matrix2d;
[INFO] [stderr]    |     ^^^^^^^^^^^^^^^^^^^^^^^^^
[INFO] [stderr] 
[INFO] [stderr] warning: unused import: `UpdateArgs`
[INFO] [stderr]   --> src/main.rs:14:46
[INFO] [stderr]    |
[INFO] [stderr] 14 | use piston::input::{RenderArgs, RenderEvent, UpdateArgs, UpdateEvent};
[INFO] [stderr]    |                                              ^^^^^^^^^^
[INFO] [stderr] 
[INFO] [stderr] warning: unnecessary parentheses around `if` condition
[INFO] [stderr]   --> src/main.rs:48:19
[INFO] [stderr]    |
[INFO] [stderr] 48 |                 if(points[n].1 == true){
[INFO] [stderr]    |                   ^                   ^
[INFO] [stderr]    |
[INFO] [stderr]    = note: `#[warn(unused_parens)]` on by default
[INFO] [stderr] help: remove these parentheses
[INFO] [stderr]    |
[INFO] [stderr] 48 -                 if(points[n].1 == true){
[INFO] [stderr] 48 +                 if points[n].1 == true {
[INFO] [stderr]    |
[INFO] [stderr] 
[INFO] [stderr] warning: unnecessary parentheses around `while` condition
[INFO] [stderr]   --> src/main.rs:71:15
[INFO] [stderr]    |
[INFO] [stderr] 71 |         while (i < self.data_points.len()){
[INFO] [stderr]    |               ^                          ^
[INFO] [stderr]    |
[INFO] [stderr] help: remove these parentheses
[INFO] [stderr]    |
[INFO] [stderr] 71 -         while (i < self.data_points.len()){
[INFO] [stderr] 71 +         while i < self.data_points.len() {
[INFO] [stderr]    |
[INFO] [stderr] 
[INFO] [stderr] warning: unnecessary parentheses around `while` condition
[INFO] [stderr]   --> src/main.rs:73:19
[INFO] [stderr]    |
[INFO] [stderr] 73 |             while (j > 0 && self.data_points[j-1] > self.data_points[j]){
[INFO] [stderr]    |                   ^                                                    ^
[INFO] [stderr]    |
[INFO] [stderr] help: remove these parentheses
[INFO] [stderr]    |
[INFO] [stderr] 73 -             while (j > 0 && self.data_points[j-1] > self.data_points[j]){
[INFO] [stderr] 73 +             while j > 0 && self.data_points[j-1] > self.data_points[j] {
[INFO] [stderr]    |
[INFO] [stderr] 
[INFO] [stderr] warning: unnecessary parentheses around `if` condition
[INFO] [stderr]   --> src/main.rs:99:20
[INFO] [stderr]    |
[INFO] [stderr] 99 |                 if (self.data_points[j] < self.data_points[min]){
[INFO] [stderr]    |                    ^                                           ^
[INFO] [stderr]    |
[INFO] [stderr] help: remove these parentheses
[INFO] [stderr]    |
[INFO] [stderr] 99 -                 if (self.data_points[j] < self.data_points[min]){
[INFO] [stderr] 99 +                 if self.data_points[j] < self.data_points[min] {
[INFO] [stderr]    |
[INFO] [stderr] 
[INFO] [stderr] warning: unnecessary parentheses around `if` condition
[INFO] [stderr]    --> src/main.rs:103:16
[INFO] [stderr]     |
[INFO] [stderr] 103 |             if (min != i){
[INFO] [stderr]     |                ^        ^
[INFO] [stderr]     |
[INFO] [stderr] help: remove these parentheses
[INFO] [stderr]     |
[INFO] [stderr] 103 -             if (min != i){
[INFO] [stderr] 103 +             if min != i {
[INFO] [stderr]     |
[INFO] [stderr] 
[INFO] [stderr] warning: unnecessary parentheses around `while` condition
[INFO] [stderr]    --> src/main.rs:149:15
[INFO] [stderr]     |
[INFO] [stderr] 149 |         while (left.len() >= 1 && right.len() >= 1){
[INFO] [stderr]     |               ^                                   ^
[INFO] [stderr]     |
[INFO] [stderr] help: remove these parentheses
[INFO] [stderr]     |
[INFO] [stderr] 149 -         while (left.len() >= 1 && right.len() >= 1){
[INFO] [stderr] 149 +         while left.len() >= 1 && right.len() >= 1 {
[INFO] [stderr]     |
[INFO] [stderr] 
[INFO] [stderr] warning: unnecessary parentheses around `if` condition
[INFO] [stderr]    --> src/main.rs:151:16
[INFO] [stderr]     |
[INFO] [stderr] 151 |             if (left[0] <= right[0]){
[INFO] [stderr]     |                ^                   ^
[INFO] [stderr]     |
[INFO] [stderr] help: remove these parentheses
[INFO] [stderr]     |
[INFO] [stderr] 151 -             if (left[0] <= right[0]){
[INFO] [stderr] 151 +             if left[0] <= right[0] {
[INFO] [stderr]     |
[INFO] [stderr] 
[INFO] [stderr] warning: unnecessary parentheses around `while` condition
[INFO] [stderr]    --> src/main.rs:161:15
[INFO] [stderr]     |
[INFO] [stderr] 161 |         while (left.len() >= 1){
[INFO] [stderr]     |               ^               ^
[INFO] [stderr]     |
[INFO] [stderr] help: remove these parentheses
[INFO] [stderr]     |
[INFO] [stderr] 161 -         while (left.len() >= 1){
[INFO] [stderr] 161 +         while left.len() >= 1 {
[INFO] [stderr]     |
[INFO] [stderr] 
[INFO] [stderr] warning: unnecessary parentheses around `while` condition
[INFO] [stderr]    --> src/main.rs:165:15
[INFO] [stderr]     |
[INFO] [stderr] 165 |         while (right.len() >= 1){
[INFO] [stderr]     |               ^                ^
[INFO] [stderr]     |
[INFO] [stderr] help: remove these parentheses
[INFO] [stderr]     |
[INFO] [stderr] 165 -         while (right.len() >= 1){
[INFO] [stderr] 165 +         while right.len() >= 1 {
[INFO] [stderr]     |
[INFO] [stderr] 
[INFO] [stderr] warning: unnecessary parentheses around `for` iterator expression
[INFO] [stderr]    --> src/main.rs:183:14
[INFO] [stderr]     |
[INFO] [stderr] 183 |     for n in (0..size){
[INFO] [stderr]     |              ^       ^
[INFO] [stderr]     |
[INFO] [stderr] help: remove these parentheses
[INFO] [stderr]     |
[INFO] [stderr] 183 -     for n in (0..size){
[INFO] [stderr] 183 +     for n in 0..size {
[INFO] [stderr]     |
[INFO] [stderr] 
[INFO] [stderr] warning: unused import: `UpdateEvent`
[INFO] [stderr]   --> src/main.rs:14:58
[INFO] [stderr]    |
[INFO] [stderr] 14 | use piston::input::{RenderArgs, RenderEvent, UpdateArgs, UpdateEvent};
[INFO] [stderr]    |                                                          ^^^^^^^^^^^
[INFO] [stderr] 
[INFO] [stderr] warning: unused variable: `b`
[INFO] [stderr]   --> src/main.rs:24:9
[INFO] [stderr]    |
[INFO] [stderr] 24 |     let b = WIDTH/points.len() as u32;
[INFO] [stderr]    |         ^ help: if this is intentional, prefix it with an underscore: `_b`
[INFO] [stderr]    |
[INFO] [stderr]    = note: `#[warn(unused_variables)]` on by default
[INFO] [stderr] 
[INFO] [stderr] warning: unused variable: `range`
[INFO] [stderr]    --> src/main.rs:180:9
[INFO] [stderr]     |
[INFO] [stderr] 180 |     let range = 50;
[INFO] [stderr]     |         ^^^^^ help: if this is intentional, prefix it with an underscore: `_range`
[INFO] [stderr] 
[INFO] [stderr] warning: unused variable: `n`
[INFO] [stderr]    --> src/main.rs:183:9
[INFO] [stderr]     |
[INFO] [stderr] 183 |     for n in (0..size){
[INFO] [stderr]     |         ^ help: if this is intentional, prefix it with an underscore: `_n`
[INFO] [stderr] 
[INFO] [stderr] warning: variable does not need to be mutable
[INFO] [stderr]    --> src/main.rs:207:9
[INFO] [stderr]     |
[INFO] [stderr] 207 |     let mut window: Window = WindowSettings::new("spinning-square", [WIDTH, HEIGHT])
[INFO] [stderr]     |         ----^^^^^^
[INFO] [stderr]     |         |
[INFO] [stderr]     |         help: remove this `mut`
[INFO] [stderr]     |
[INFO] [stderr]     = note: `#[warn(unused_mut)]` on by default
[INFO] [stderr] 
[INFO] [stderr] warning: variable does not need to be mutable
[INFO] [stderr]    --> src/main.rs:251:9
[INFO] [stderr]     |
[INFO] [stderr] 251 |     let mut window: Window = WindowSettings::new("spinning-square", [WIDTH, HEIGHT])
[INFO] [stderr]     |         ----^^^^^^
[INFO] [stderr]     |         |
[INFO] [stderr]     |         help: remove this `mut`
[INFO] [stderr] 
[INFO] [stderr] warning: variable does not need to be mutable
[INFO] [stderr]    --> src/main.rs:258:9
[INFO] [stderr]     |
[INFO] [stderr] 258 |     let mut events = Events::new(EventSettings::new());
[INFO] [stderr]     |         ----^^^^^^
[INFO] [stderr]     |         |
[INFO] [stderr]     |         help: remove this `mut`
[INFO] [stderr] 
[INFO] [stderr] warning: variable does not need to be mutable
[INFO] [stderr]    --> src/main.rs:259:9
[INFO] [stderr]     |
[INFO] [stderr] 259 |     let mut app = App {
[INFO] [stderr]     |         ----^^^
[INFO] [stderr]     |         |
[INFO] [stderr]     |         help: remove this `mut`
[INFO] [stderr] 
[INFO] [stderr] warning: constant `RED` is never used
[INFO] [stderr]   --> src/main.rs:39:15
[INFO] [stderr]    |
[INFO] [stderr] 39 |         const RED: [f32; 4] = [1.0, 0.0, 0.0, 1.0];
[INFO] [stderr]    |               ^^^
[INFO] [stderr]    |
[INFO] [stderr]    = note: `#[warn(dead_code)]` on by default
[INFO] [stderr] 
[INFO] [stderr] warning: function `createRects` should have a snake case name
[INFO] [stderr]   --> src/main.rs:23:4
[INFO] [stderr]    |
[INFO] [stderr] 23 | fn createRects(points: &Vec<(u32,bool)>) -> Vec<[f64;4]>{
[INFO] [stderr]    |    ^^^^^^^^^^^ help: convert the identifier to snake case: `create_rects`
[INFO] [stderr]    |
[INFO] [stderr]    = note: `#[warn(non_snake_case)]` on by default
[INFO] [stderr] 
[INFO] [stderr] warning: function `generatePoints` should have a snake case name
[INFO] [stderr]    --> src/main.rs:178:4
[INFO] [stderr]     |
[INFO] [stderr] 178 | fn generatePoints()-> Vec<(u32,bool)>{
[INFO] [stderr]     |    ^^^^^^^^^^^^^^ help: convert the identifier to snake case: `generate_points`
[INFO] [stderr] 
[INFO] [stderr] warning: `sorting-visualisation` (bin "sorting-visualisation" test) generated 24 warnings (run `cargo fix --bin "sorting-visualisation" --tests` to apply 17 suggestions)
[INFO] [stderr]     Finished `test` profile [unoptimized + debuginfo] target(s) in 0.23s
[INFO] [stderr]      Running unittests src/main.rs (/opt/rustwide/target/debug/deps/sorting_visualisation-2f485540e310eb15)
[INFO] [stdout] 
[INFO] [stdout] running 1 test
[INFO] [stdout] test insert_sort_test ... FAILED
[INFO] [stdout] 
[INFO] [stdout] failures:
[INFO] [stdout] 
[INFO] [stdout] ---- insert_sort_test stdout ----
[INFO] [stdout] thread 'insert_sort_test' panicked at /opt/rustwide/cargo-home/registry/src/index.crates.io-6f17d22bba15001f/winit-0.24.0/src/platform_impl/linux/mod.rs:741:9:
[INFO] [stdout] Initializing the event loop outside of the main thread is a significant cross-platform compatibility hazard. If you really, absolutely need to create an EventLoop on a different thread, please use the `EventLoopExtUnix::new_any_thread` function.
[INFO] [stdout] stack backtrace:
[INFO] [stdout]    0:     0x5d71a095139a - std::backtrace_rs::backtrace::libunwind::trace::h5a5b8284f2d0c266
[INFO] [stdout]                                at /rustc/90b35a6239c3d8bdabc530a6a0816f7ff89a0aaf/library/std/src/../../backtrace/src/backtrace/libunwind.rs:116:5
[INFO] [stdout]    1:     0x5d71a095139a - std::backtrace_rs::backtrace::trace_unsynchronized::h76d4f1c9b0b875e3
[INFO] [stdout]                                at /rustc/90b35a6239c3d8bdabc530a6a0816f7ff89a0aaf/library/std/src/../../backtrace/src/backtrace/mod.rs:66:5
[INFO] [stdout]    2:     0x5d71a095139a - std::sys::backtrace::_print_fmt::hc4546b8364a537c6
[INFO] [stdout]                                at /rustc/90b35a6239c3d8bdabc530a6a0816f7ff89a0aaf/library/std/src/sys/backtrace.rs:66:9
[INFO] [stdout]    3:     0x5d71a095139a - <std::sys::backtrace::BacktraceLock::print::DisplayBacktrace as core::fmt::Display>::fmt::h5b6bd5631a6d1f6b
[INFO] [stdout]                                at /rustc/90b35a6239c3d8bdabc530a6a0816f7ff89a0aaf/library/std/src/sys/backtrace.rs:39:26
[INFO] [stdout]    4:     0x5d71a09791f3 - core::fmt::rt::Argument::fmt::h270f6602a2b96f62
[INFO] [stdout]                                at /rustc/90b35a6239c3d8bdabc530a6a0816f7ff89a0aaf/library/core/src/fmt/rt.rs:177:76
[INFO] [stdout]    5:     0x5d71a09791f3 - core::fmt::write::h7550c97b06c86515
[INFO] [stdout]                                at /rustc/90b35a6239c3d8bdabc530a6a0816f7ff89a0aaf/library/core/src/fmt/mod.rs:1186:21
[INFO] [stdout]    6:     0x5d71a094de73 - std::io::Write::write_fmt::h509ff860e5956e5e
[INFO] [stdout]                                at /rustc/90b35a6239c3d8bdabc530a6a0816f7ff89a0aaf/library/std/src/io/mod.rs:1839:15
[INFO] [stdout]    7:     0x5d71a09511e2 - std::sys::backtrace::BacktraceLock::print::h2395ccd2c84ba3aa
[INFO] [stdout]                                at /rustc/90b35a6239c3d8bdabc530a6a0816f7ff89a0aaf/library/std/src/sys/backtrace.rs:42:9
[INFO] [stdout]    8:     0x5d71a09527fa - std::panicking::default_hook::{{closure}}::he19d4c7230e07961
[INFO] [stdout]                                at /rustc/90b35a6239c3d8bdabc530a6a0816f7ff89a0aaf/library/std/src/panicking.rs:268:22
[INFO] [stdout]    9:     0x5d71a0952604 - std::panicking::default_hook::hf614597d3c67bbdb
[INFO] [stdout]                                at /rustc/90b35a6239c3d8bdabc530a6a0816f7ff89a0aaf/library/std/src/panicking.rs:292:9
[INFO] [stdout]   10:     0x5d71a0509299 - <alloc::boxed::Box<F,A> as core::ops::function::Fn<Args>>::call::h39b51ce4599c23d1
[INFO] [stdout]                                at /rustc/90b35a6239c3d8bdabc530a6a0816f7ff89a0aaf/library/alloc/src/boxed.rs:2468:9
[INFO] [stdout]   11:     0x5d71a0509299 - test::test_main::{{closure}}::he977ae839a582784
[INFO] [stdout]                                at /rustc/90b35a6239c3d8bdabc530a6a0816f7ff89a0aaf/library/test/src/lib.rs:133:21
[INFO] [stdout]   12:     0x5d71a0952e98 - <alloc::boxed::Box<F,A> as core::ops::function::Fn<Args>>::call::h9455091b6b06f9fb
[INFO] [stdout]                                at /rustc/90b35a6239c3d8bdabc530a6a0816f7ff89a0aaf/library/alloc/src/boxed.rs:2468:9
[INFO] [stdout]   13:     0x5d71a0952e98 - std::panicking::rust_panic_with_hook::h8942133a8b252070
[INFO] [stdout]                                at /rustc/90b35a6239c3d8bdabc530a6a0816f7ff89a0aaf/library/std/src/panicking.rs:809:13
[INFO] [stdout]   14:     0x5d71a0952c5a - std::panicking::begin_panic_handler::{{closure}}::hb5f5963570096b29
[INFO] [stdout]                                at /rustc/90b35a6239c3d8bdabc530a6a0816f7ff89a0aaf/library/std/src/panicking.rs:674:13
[INFO] [stdout]   15:     0x5d71a0951879 - std::sys::backtrace::__rust_end_short_backtrace::h6208cedc1922feda
[INFO] [stdout]                                at /rustc/90b35a6239c3d8bdabc530a6a0816f7ff89a0aaf/library/std/src/sys/backtrace.rs:170:18
[INFO] [stdout]   16:     0x5d71a09528ec - rust_begin_unwind
[INFO] [stdout]                                at /rustc/90b35a6239c3d8bdabc530a6a0816f7ff89a0aaf/library/std/src/panicking.rs:665:5
[INFO] [stdout]   17:     0x5d71a04ce220 - core::panicking::panic_fmt::h0c3082644d1bf418
[INFO] [stdout]                                at /rustc/90b35a6239c3d8bdabc530a6a0816f7ff89a0aaf/library/core/src/panicking.rs:74:14
[INFO] [stdout]   18:     0x5d71a062a790 - winit::platform_impl::platform::assert_is_main_thread::h5745cd7f6675f607
[INFO] [stdout]                                at /opt/rustwide/cargo-home/registry/src/index.crates.io-6f17d22bba15001f/winit-0.24.0/src/platform_impl/linux/mod.rs:741:9
[INFO] [stdout]   19:     0x5d71a0581470 - winit::platform_impl::platform::EventLoop<T>::new::h7f6af8b4cc7874d0
[INFO] [stdout]                                at /opt/rustwide/cargo-home/registry/src/index.crates.io-6f17d22bba15001f/winit-0.24.0/src/platform_impl/linux/mod.rs:554:9
[INFO] [stdout]   20:     0x5d71a0578b7c - winit::event_loop::EventLoop<T>::with_user_event::h92e7d9cfd4514ca7
[INFO] [stdout]                                at /opt/rustwide/cargo-home/registry/src/index.crates.io-6f17d22bba15001f/winit-0.24.0/src/event_loop.rs:134:25
[INFO] [stdout]   21:     0x5d71a0569536 - glutin_window::GlutinWindow::new::h48cd7c6837afcef7
[INFO] [stdout]                                at /opt/rustwide/cargo-home/registry/src/index.crates.io-6f17d22bba15001f/pistoncore-glutin_window-0.70.1/src/lib.rs:120:26
[INFO] [stdout]   22:     0x5d71a056a1a7 - <glutin_window::GlutinWindow as window::BuildFromWindowSettings>::build_from_window_settings::h45df9b0a5db772f1
[INFO] [stdout]                                at /opt/rustwide/cargo-home/registry/src/index.crates.io-6f17d22bba15001f/pistoncore-glutin_window-0.70.1/src/lib.rs:541:9
[INFO] [stdout]   23:     0x5d71a04d06f7 - window::WindowSettings::build::h388a0f464c619e7c
[INFO] [stdout]                                at /opt/rustwide/cargo-home/registry/src/index.crates.io-6f17d22bba15001f/pistoncore-window-0.47.1/src/lib.rs:470:9
[INFO] [stdout]   24:     0x5d71a04d0b7c - sorting_visualisation::insert_sort_test::h929be358f6e154d8
[INFO] [stdout]                                at /opt/rustwide/workdir/src/main.rs:251:30
[INFO] [stdout]   25:     0x5d71a04d0a77 - sorting_visualisation::insert_sort_test::{{closure}}::h9cd70fb65876b760
[INFO] [stdout]                                at /opt/rustwide/workdir/src/main.rs:246:22
[INFO] [stdout]   26:     0x5d71a04cf436 - core::ops::function::FnOnce::call_once::hbccbc4664f189865
[INFO] [stdout]                                at /rustc/90b35a6239c3d8bdabc530a6a0816f7ff89a0aaf/library/core/src/ops/function.rs:250:5
[INFO] [stdout]   27:     0x5d71a050dc5b - core::ops::function::FnOnce::call_once::h109cf8051a59b34e
[INFO] [stdout]                                at /rustc/90b35a6239c3d8bdabc530a6a0816f7ff89a0aaf/library/core/src/ops/function.rs:250:5
[INFO] [stdout]   28:     0x5d71a050dc5b - test::__rust_begin_short_backtrace::hf4fff89d377446ba
[INFO] [stdout]                                at /rustc/90b35a6239c3d8bdabc530a6a0816f7ff89a0aaf/library/test/src/lib.rs:621:18
[INFO] [stdout]   29:     0x5d71a050d497 - test::run_test_in_process::{{closure}}::h0e39181dd7ee5a43
[INFO] [stdout]                                at /rustc/90b35a6239c3d8bdabc530a6a0816f7ff89a0aaf/library/test/src/lib.rs:644:60
[INFO] [stdout]   30:     0x5d71a050d497 - <core::panic::unwind_safe::AssertUnwindSafe<F> as core::ops::function::FnOnce<()>>::call_once::hc5a66a30f0bdfd1f
[INFO] [stdout]                                at /rustc/90b35a6239c3d8bdabc530a6a0816f7ff89a0aaf/library/core/src/panic/unwind_safe.rs:272:9
[INFO] [stdout]   31:     0x5d71a050d497 - std::panicking::try::do_call::h873b7cf639554a5e
[INFO] [stdout]                                at /rustc/90b35a6239c3d8bdabc530a6a0816f7ff89a0aaf/library/std/src/panicking.rs:557:40
[INFO] [stdout]   32:     0x5d71a050d497 - std::panicking::try::hdb19862fad9c8bd1
[INFO] [stdout]                                at /rustc/90b35a6239c3d8bdabc530a6a0816f7ff89a0aaf/library/std/src/panicking.rs:520:19
[INFO] [stdout]   33:     0x5d71a050d497 - std::panic::catch_unwind::h281fe732d236d260
[INFO] [stdout]                                at /rustc/90b35a6239c3d8bdabc530a6a0816f7ff89a0aaf/library/std/src/panic.rs:358:14
[INFO] [stdout]   34:     0x5d71a050d497 - test::run_test_in_process::h949b6df8457ed338
[INFO] [stdout]                                at /rustc/90b35a6239c3d8bdabc530a6a0816f7ff89a0aaf/library/test/src/lib.rs:644:27
[INFO] [stdout]   35:     0x5d71a050d497 - test::run_test::{{closure}}::h52c556a6d4740e10
[INFO] [stdout]                                at /rustc/90b35a6239c3d8bdabc530a6a0816f7ff89a0aaf/library/test/src/lib.rs:565:43
[INFO] [stdout]   36:     0x5d71a04d2774 - test::run_test::{{closure}}::h4237f6381c45ccb9
[INFO] [stdout]                                at /rustc/90b35a6239c3d8bdabc530a6a0816f7ff89a0aaf/library/test/src/lib.rs:595:41
[INFO] [stdout]   37:     0x5d71a04d2774 - std::sys::backtrace::__rust_begin_short_backtrace::h505c97a579eca628
[INFO] [stdout]                                at /rustc/90b35a6239c3d8bdabc530a6a0816f7ff89a0aaf/library/std/src/sys/backtrace.rs:154:18
[INFO] [stdout]   38:     0x5d71a04d5e3e - std::thread::Builder::spawn_unchecked_::{{closure}}::{{closure}}::h9e86b2e2bc107ea3
[INFO] [stdout]                                at /rustc/90b35a6239c3d8bdabc530a6a0816f7ff89a0aaf/library/std/src/thread/mod.rs:538:17
[INFO] [stdout]   39:     0x5d71a04d5e3e - <core::panic::unwind_safe::AssertUnwindSafe<F> as core::ops::function::FnOnce<()>>::call_once::h8b06ddb275ff4a25
[INFO] [stdout]                                at /rustc/90b35a6239c3d8bdabc530a6a0816f7ff89a0aaf/library/core/src/panic/unwind_safe.rs:272:9
[INFO] [stdout]   40:     0x5d71a04d5e3e - std::panicking::try::do_call::hb26ecd7cd9a9355d
[INFO] [stdout]                                at /rustc/90b35a6239c3d8bdabc530a6a0816f7ff89a0aaf/library/std/src/panicking.rs:557:40
[INFO] [stdout]   41:     0x5d71a04d5e3e - std::panicking::try::h8ddeca9d705f9069
[INFO] [stdout]                                at /rustc/90b35a6239c3d8bdabc530a6a0816f7ff89a0aaf/library/std/src/panicking.rs:520:19
[INFO] [stdout]   42:     0x5d71a04d5e3e - std::panic::catch_unwind::h49e1c33078844c46
[INFO] [stdout]                                at /rustc/90b35a6239c3d8bdabc530a6a0816f7ff89a0aaf/library/std/src/panic.rs:358:14
[INFO] [stdout]   43:     0x5d71a04d5e3e - std::thread::Builder::spawn_unchecked_::{{closure}}::h6073db6ff56ad35d
[INFO] [stdout]                                at /rustc/90b35a6239c3d8bdabc530a6a0816f7ff89a0aaf/library/std/src/thread/mod.rs:537:30
[INFO] [stdout]   44:     0x5d71a04d5e3e - core::ops::function::FnOnce::call_once{{vtable.shim}}::h2c5a5f3779c774f1
[INFO] [stdout]                                at /rustc/90b35a6239c3d8bdabc530a6a0816f7ff89a0aaf/library/core/src/ops/function.rs:250:5
[INFO] [stdout]   45:     0x5d71a095760b - <alloc::boxed::Box<F,A> as core::ops::function::FnOnce<Args>>::call_once::hf75717d9f28faebf
[INFO] [stdout]                                at /rustc/90b35a6239c3d8bdabc530a6a0816f7ff89a0aaf/library/alloc/src/boxed.rs:2454:9
[INFO] [stdout]   46:     0x5d71a095760b - <alloc::boxed::Box<F,A> as core::ops::function::FnOnce<Args>>::call_once::h7bd883a5f3c5f3c1
[INFO] [stdout]                                at /rustc/90b35a6239c3d8bdabc530a6a0816f7ff89a0aaf/library/alloc/src/boxed.rs:2454:9
[INFO] [stdout]   47:     0x5d71a095760b - std::sys::pal::unix::thread::Thread::new::thread_start::hcc78f3943333fa94
[INFO] [stdout]                                at /rustc/90b35a6239c3d8bdabc530a6a0816f7ff89a0aaf/library/std/src/sys/pal/unix/thread.rs:105:17
[INFO] [stdout]   48:     0x795c9ef36ac3 - <unknown>
[INFO] [stdout]   49:     0x795c9efc7a04 - clone
[INFO] [stdout]   50:                0x0 - <unknown>
[INFO] [stdout] 
[INFO] [stdout] 
[INFO] [stdout] failures:
[INFO] [stdout]     insert_sort_test
[INFO] [stdout] 
[INFO] [stdout] test result: FAILED. 0 passed; 1 failed; 0 ignored; 0 measured; 0 filtered out; finished in 0.14s
[INFO] [stdout] 
[INFO] [stderr] error: test failed, to rerun pass `--bin sorting-visualisation`
[INFO] running `Command { std: "docker" "inspect" "c95d5db90c71d16dc292144d6f6d9f493af3ae0fb1302244b3bc5b224c57f9be", kill_on_drop: false }`
[INFO] running `Command { std: "docker" "rm" "-f" "c95d5db90c71d16dc292144d6f6d9f493af3ae0fb1302244b3bc5b224c57f9be", kill_on_drop: false }`
[INFO] [stdout] c95d5db90c71d16dc292144d6f6d9f493af3ae0fb1302244b3bc5b224c57f9be
