[INFO] cloning repository https://github.com/IlyaSelivanov/algos
[INFO] running `Command { std: "git" "-c" "credential.helper=" "-c" "credential.helper=/workspace/cargo-home/bin/git-credential-null" "clone" "--bare" "https://github.com/IlyaSelivanov/algos" "/workspace/cache/git-repos/https%3A%2F%2Fgithub.com%2FIlyaSelivanov%2Falgos", kill_on_drop: false }`
[INFO] [stderr] Cloning into bare repository '/workspace/cache/git-repos/https%3A%2F%2Fgithub.com%2FIlyaSelivanov%2Falgos'...
[INFO] running `Command { std: "git" "rev-parse" "HEAD", kill_on_drop: false }`
[INFO] [stdout] 7b8a6bfa93d6ee046750d50e734cf6d443c4b80f
[INFO] testing IlyaSelivanov/algos against beta-2024-12-08 for beta-1.84.0-4-retry
[INFO] running `Command { std: "git" "clone" "/workspace/cache/git-repos/https%3A%2F%2Fgithub.com%2FIlyaSelivanov%2Falgos" "/workspace/builds/worker-1-tc2/source", kill_on_drop: false }`
[INFO] [stderr] Cloning into '/workspace/builds/worker-1-tc2/source'...
[INFO] [stderr] done.
[INFO] validating manifest of git repo https://github.com/IlyaSelivanov/algos on toolchain beta-2024-12-08
[INFO] running `Command { std: CARGO_HOME="/workspace/cargo-home" RUSTUP_HOME="/workspace/rustup-home" "/workspace/cargo-home/bin/cargo" "+beta-2024-12-08" "metadata" "--manifest-path" "Cargo.toml" "--no-deps", kill_on_drop: false }`
[INFO] started tweaking git repo https://github.com/IlyaSelivanov/algos
[INFO] finished tweaking git repo https://github.com/IlyaSelivanov/algos
[INFO] tweaked toml for git repo https://github.com/IlyaSelivanov/algos written to /workspace/builds/worker-1-tc2/source/Cargo.toml
[INFO] crate git repo https://github.com/IlyaSelivanov/algos already has a lockfile, it will not be regenerated
[INFO] running `Command { std: CARGO_HOME="/workspace/cargo-home" RUSTUP_HOME="/workspace/rustup-home" "/workspace/cargo-home/bin/cargo" "+beta-2024-12-08" "fetch" "--manifest-path" "Cargo.toml", kill_on_drop: false }`
[INFO] running `Command { std: "docker" "create" "-v" "/var/lib/crater-agent-workspace/builds/worker-1-tc2/target:/opt/rustwide/target:rw,Z" "-v" "/var/lib/crater-agent-workspace/builds/worker-1-tc2/source:/opt/rustwide/workdir:ro,Z" "-v" "/var/lib/crater-agent-workspace/cargo-home:/opt/rustwide/cargo-home:ro,Z" "-v" "/var/lib/crater-agent-workspace/rustup-home:/opt/rustwide/rustup-home:ro,Z" "-e" "SOURCE_DIR=/opt/rustwide/workdir" "-e" "CARGO_TARGET_DIR=/opt/rustwide/target" "-e" "CARGO_HOME=/opt/rustwide/cargo-home" "-e" "RUSTUP_HOME=/opt/rustwide/rustup-home" "-w" "/opt/rustwide/workdir" "-m" "1610612736" "--user" "0:0" "--network" "none" "ghcr.io/rust-lang/crates-build-env/linux@sha256:f3a9d4ad9d972b27faf3965f35b62e55ba32bbce8f20bc8fe909558a86702fde" "/opt/rustwide/cargo-home/bin/cargo" "+beta-2024-12-08" "metadata" "--no-deps" "--format-version=1", kill_on_drop: false }`
[INFO] [stdout] ebf71521884372dcb70067b67618b04caf2e2c389d2b4091304189d62ea1f65d
[INFO] running `Command { std: "docker" "start" "-a" "ebf71521884372dcb70067b67618b04caf2e2c389d2b4091304189d62ea1f65d", kill_on_drop: false }`
[INFO] running `Command { std: "docker" "inspect" "ebf71521884372dcb70067b67618b04caf2e2c389d2b4091304189d62ea1f65d", kill_on_drop: false }`
[INFO] running `Command { std: "docker" "rm" "-f" "ebf71521884372dcb70067b67618b04caf2e2c389d2b4091304189d62ea1f65d", kill_on_drop: false }`
[INFO] [stdout] ebf71521884372dcb70067b67618b04caf2e2c389d2b4091304189d62ea1f65d
[INFO] running `Command { std: "docker" "create" "-v" "/var/lib/crater-agent-workspace/builds/worker-1-tc2/target:/opt/rustwide/target:rw,Z" "-v" "/var/lib/crater-agent-workspace/builds/worker-1-tc2/source:/opt/rustwide/workdir:ro,Z" "-v" "/var/lib/crater-agent-workspace/cargo-home:/opt/rustwide/cargo-home:ro,Z" "-v" "/var/lib/crater-agent-workspace/rustup-home:/opt/rustwide/rustup-home:ro,Z" "-e" "SOURCE_DIR=/opt/rustwide/workdir" "-e" "CARGO_TARGET_DIR=/opt/rustwide/target" "-e" "CARGO_INCREMENTAL=0" "-e" "RUST_BACKTRACE=full" "-e" "RUSTFLAGS=--cap-lints=warn" "-e" "RUSTDOCFLAGS=--cap-lints=warn" "-e" "CARGO_HOME=/opt/rustwide/cargo-home" "-e" "RUSTUP_HOME=/opt/rustwide/rustup-home" "-w" "/opt/rustwide/workdir" "-m" "1610612736" "--user" "0:0" "--network" "none" "ghcr.io/rust-lang/crates-build-env/linux@sha256:f3a9d4ad9d972b27faf3965f35b62e55ba32bbce8f20bc8fe909558a86702fde" "/opt/rustwide/cargo-home/bin/cargo" "+beta-2024-12-08" "build" "--frozen" "--message-format=json", kill_on_drop: false }`
[INFO] [stdout] cfcd185b184b75d87ef36f92669979d47d38eea86ef89260a31c018a7220ade7
[INFO] running `Command { std: "docker" "start" "-a" "cfcd185b184b75d87ef36f92669979d47d38eea86ef89260a31c018a7220ade7", kill_on_drop: false }`
[INFO] [stderr]    Compiling algos v0.1.0 (/opt/rustwide/workdir)
[INFO] [stderr]     Finished `dev` profile [unoptimized + debuginfo] target(s) in 0.99s
[INFO] running `Command { std: "docker" "inspect" "cfcd185b184b75d87ef36f92669979d47d38eea86ef89260a31c018a7220ade7", kill_on_drop: false }`
[INFO] running `Command { std: "docker" "rm" "-f" "cfcd185b184b75d87ef36f92669979d47d38eea86ef89260a31c018a7220ade7", kill_on_drop: false }`
[INFO] [stdout] cfcd185b184b75d87ef36f92669979d47d38eea86ef89260a31c018a7220ade7
[INFO] running `Command { std: "docker" "create" "-v" "/var/lib/crater-agent-workspace/builds/worker-1-tc2/target:/opt/rustwide/target:rw,Z" "-v" "/var/lib/crater-agent-workspace/builds/worker-1-tc2/source:/opt/rustwide/workdir:ro,Z" "-v" "/var/lib/crater-agent-workspace/cargo-home:/opt/rustwide/cargo-home:ro,Z" "-v" "/var/lib/crater-agent-workspace/rustup-home:/opt/rustwide/rustup-home:ro,Z" "-e" "SOURCE_DIR=/opt/rustwide/workdir" "-e" "CARGO_TARGET_DIR=/opt/rustwide/target" "-e" "CARGO_INCREMENTAL=0" "-e" "RUST_BACKTRACE=full" "-e" "RUSTFLAGS=--cap-lints=warn" "-e" "RUSTDOCFLAGS=--cap-lints=warn" "-e" "CARGO_HOME=/opt/rustwide/cargo-home" "-e" "RUSTUP_HOME=/opt/rustwide/rustup-home" "-w" "/opt/rustwide/workdir" "-m" "1610612736" "--user" "0:0" "--network" "none" "ghcr.io/rust-lang/crates-build-env/linux@sha256:f3a9d4ad9d972b27faf3965f35b62e55ba32bbce8f20bc8fe909558a86702fde" "/opt/rustwide/cargo-home/bin/cargo" "+beta-2024-12-08" "test" "--frozen" "--no-run" "--message-format=json", kill_on_drop: false }`
[INFO] [stdout] 0026775661ccdc2d6a4dac80b1350886c533281260476a869da2e31db9ffb015
[INFO] running `Command { std: "docker" "start" "-a" "0026775661ccdc2d6a4dac80b1350886c533281260476a869da2e31db9ffb015", kill_on_drop: false }`
[INFO] [stderr]    Compiling proc-macro2 v1.0.80
[INFO] [stderr]    Compiling crossbeam-utils v0.8.19
[INFO] [stderr]    Compiling serde v1.0.197
[INFO] [stderr]    Compiling serde_json v1.0.115
[INFO] [stderr]    Compiling num-traits v0.2.18
[INFO] [stderr]    Compiling either v1.11.0
[INFO] [stderr]    Compiling rayon-core v1.12.1
[INFO] [stderr]    Compiling half v2.4.1
[INFO] [stderr]    Compiling ciborium-io v0.2.2
[INFO] [stderr]    Compiling regex-syntax v0.8.3
[INFO] [stderr]    Compiling plotters-backend v0.3.5
[INFO] [stderr]    Compiling ciborium-ll v0.2.2
[INFO] [stderr]    Compiling itertools v0.10.5
[INFO] [stderr]    Compiling clap_builder v4.5.2
[INFO] [stderr]    Compiling same-file v1.0.6
[INFO] [stderr]    Compiling quote v1.0.36
[INFO] [stderr]    Compiling plotters-svg v0.3.5
[INFO] [stderr]    Compiling syn v2.0.59
[INFO] [stderr]    Compiling cast v0.3.0
[INFO] [stderr]    Compiling walkdir v2.5.0
[INFO] [stderr]    Compiling crossbeam-epoch v0.9.18
[INFO] [stderr]    Compiling anes v0.1.6
[INFO] [stderr]    Compiling crossbeam-deque v0.8.5
[INFO] [stderr]    Compiling criterion-plot v0.5.0
[INFO] [stderr]    Compiling oorandom v11.1.3
[INFO] [stderr]    Compiling regex-automata v0.4.6
[INFO] [stderr]    Compiling rayon v1.10.0
[INFO] [stderr]    Compiling plotters v0.3.5
[INFO] [stderr]    Compiling clap v4.5.4
[INFO] [stderr]    Compiling serde_derive v1.0.197
[INFO] [stderr]    Compiling regex v1.10.4
[INFO] [stderr]    Compiling ciborium v0.2.2
[INFO] [stderr]    Compiling tinytemplate v1.2.1
[INFO] [stderr]    Compiling criterion v0.5.1
[INFO] [stderr]    Compiling algos v0.1.0 (/opt/rustwide/workdir)
[INFO] [stderr]     Finished `test` profile [unoptimized + debuginfo] target(s) in 47.07s
[INFO] running `Command { std: "docker" "inspect" "0026775661ccdc2d6a4dac80b1350886c533281260476a869da2e31db9ffb015", kill_on_drop: false }`
[INFO] running `Command { std: "docker" "rm" "-f" "0026775661ccdc2d6a4dac80b1350886c533281260476a869da2e31db9ffb015", kill_on_drop: false }`
[INFO] [stdout] 0026775661ccdc2d6a4dac80b1350886c533281260476a869da2e31db9ffb015
[INFO] running `Command { std: "docker" "create" "-v" "/var/lib/crater-agent-workspace/builds/worker-1-tc2/target:/opt/rustwide/target:rw,Z" "-v" "/var/lib/crater-agent-workspace/builds/worker-1-tc2/source:/opt/rustwide/workdir:ro,Z" "-v" "/var/lib/crater-agent-workspace/cargo-home:/opt/rustwide/cargo-home:ro,Z" "-v" "/var/lib/crater-agent-workspace/rustup-home:/opt/rustwide/rustup-home:ro,Z" "-e" "SOURCE_DIR=/opt/rustwide/workdir" "-e" "CARGO_TARGET_DIR=/opt/rustwide/target" "-e" "CARGO_INCREMENTAL=0" "-e" "RUST_BACKTRACE=full" "-e" "RUSTFLAGS=--cap-lints=warn" "-e" "RUSTDOCFLAGS=--cap-lints=warn" "-e" "CARGO_HOME=/opt/rustwide/cargo-home" "-e" "RUSTUP_HOME=/opt/rustwide/rustup-home" "-w" "/opt/rustwide/workdir" "-m" "1610612736" "--user" "0:0" "--network" "none" "ghcr.io/rust-lang/crates-build-env/linux@sha256:f3a9d4ad9d972b27faf3965f35b62e55ba32bbce8f20bc8fe909558a86702fde" "/opt/rustwide/cargo-home/bin/cargo" "+beta-2024-12-08" "test" "--frozen", kill_on_drop: false }`
[INFO] [stdout] 915177cea92df220f20745d9cd68994d3e1dc7eeb9ac595de16d729e333d3916
[INFO] running `Command { std: "docker" "start" "-a" "915177cea92df220f20745d9cd68994d3e1dc7eeb9ac595de16d729e333d3916", kill_on_drop: false }`
[INFO] [stderr]     Finished `test` profile [unoptimized + debuginfo] target(s) in 0.11s
[INFO] [stderr]      Running unittests src/lib.rs (/opt/rustwide/target/debug/deps/algos-f9dadeb092c30ca3)
[INFO] [stdout] 
[INFO] [stdout] running 0 tests
[INFO] [stdout] 
[INFO] [stdout] test result: ok. 0 passed; 0 failed; 0 ignored; 0 measured; 0 filtered out; finished in 0.00s
[INFO] [stdout] 
[INFO] [stdout] 
[INFO] [stderr]      Running unittests src/main.rs (/opt/rustwide/target/debug/deps/algos-a667ab25f9672ca8)
[INFO] [stdout] running 0 tests
[INFO] [stderr]    Doc-tests algos
[INFO] [stdout] 
[INFO] [stdout] test result: ok. 0 passed; 0 failed; 0 ignored; 0 measured; 0 filtered out; finished in 0.00s
[INFO] [stdout] 
[INFO] [stdout] 
[INFO] [stdout] running 4 tests
[INFO] [stdout] test src/searching/search_subarray.rs - searching::search_subarray::find_maximum_subarray_kad (line 136) ... FAILED
[INFO] [stdout] test src/sorting/mod.rs - sorting::merge_sort (line 40) ... ok
[INFO] [stdout] test src/sorting/mod.rs - sorting::insertion_sort (line 9) ... ok
[INFO] [stdout] test src/searching/search_subarray.rs - searching::search_subarray::find_maximum_subarray (line 71) ... ok
[INFO] [stdout] 
[INFO] [stdout] failures:
[INFO] [stdout] 
[INFO] [stdout] ---- src/searching/search_subarray.rs - searching::search_subarray::find_maximum_subarray_kad (line 136) stdout ----
[INFO] [stdout] error[E0432]: unresolved import `algos::searching::search_subarray::max_subarray_kad`
[INFO] [stdout]  --> src/searching/search_subarray.rs:138:5
[INFO] [stdout]   |
[INFO] [stdout] 5 | use algos::searching::search_subarray::max_subarray_kad;
[INFO] [stdout]   |     ^^^^^^^^^^^^^^^^^^^^^^^^^^^^^^^^^^^^^^^^^^^^^^^^^^^ no `max_subarray_kad` in `searching::search_subarray`
[INFO] [stdout] 
[INFO] [stdout] error: aborting due to 1 previous error
[INFO] [stdout] 
[INFO] [stdout] For more information about this error, try `rustc --explain E0432`.
[INFO] [stdout] Couldn't compile the test.
[INFO] [stdout] 
[INFO] [stdout] failures:
[INFO] [stdout]     src/searching/search_subarray.rs - searching::search_subarray::find_maximum_subarray_kad (line 136)
[INFO] [stdout] 
[INFO] [stdout] test result: FAILED. 3 passed; 1 failed; 0 ignored; 0 measured; 0 filtered out; finished in 0.88s
[INFO] [stdout] 
[INFO] [stderr] error: doctest failed, to rerun pass `--doc`
[INFO] running `Command { std: "docker" "inspect" "915177cea92df220f20745d9cd68994d3e1dc7eeb9ac595de16d729e333d3916", kill_on_drop: false }`
[INFO] running `Command { std: "docker" "rm" "-f" "915177cea92df220f20745d9cd68994d3e1dc7eeb9ac595de16d729e333d3916", kill_on_drop: false }`
[INFO] [stdout] 915177cea92df220f20745d9cd68994d3e1dc7eeb9ac595de16d729e333d3916
