[INFO] cloning repository https://github.com/Ilgmi/A-Tree
[INFO] running `Command { std: "git" "-c" "credential.helper=" "-c" "credential.helper=/workspace/cargo-home/bin/git-credential-null" "clone" "--bare" "https://github.com/Ilgmi/A-Tree" "/workspace/cache/git-repos/https%3A%2F%2Fgithub.com%2FIlgmi%2FA-Tree", kill_on_drop: false }`
[INFO] [stderr] Cloning into bare repository '/workspace/cache/git-repos/https%3A%2F%2Fgithub.com%2FIlgmi%2FA-Tree'...
[INFO] running `Command { std: "git" "rev-parse" "HEAD", kill_on_drop: false }`
[INFO] [stdout] 48c965af69ab7147bc720e1064a50c3387ae5827
[INFO] testing Ilgmi/A-Tree against beta-2024-12-08 for beta-1.84.0-4-retry
[INFO] running `Command { std: "git" "clone" "/workspace/cache/git-repos/https%3A%2F%2Fgithub.com%2FIlgmi%2FA-Tree" "/workspace/builds/worker-7-tc2/source", kill_on_drop: false }`
[INFO] [stderr] Cloning into '/workspace/builds/worker-7-tc2/source'...
[INFO] [stderr] done.
[INFO] validating manifest of git repo https://github.com/Ilgmi/A-Tree on toolchain beta-2024-12-08
[INFO] running `Command { std: CARGO_HOME="/workspace/cargo-home" RUSTUP_HOME="/workspace/rustup-home" "/workspace/cargo-home/bin/cargo" "+beta-2024-12-08" "metadata" "--manifest-path" "Cargo.toml" "--no-deps", kill_on_drop: false }`
[INFO] started tweaking git repo https://github.com/Ilgmi/A-Tree
[INFO] finished tweaking git repo https://github.com/Ilgmi/A-Tree
[INFO] tweaked toml for git repo https://github.com/Ilgmi/A-Tree written to /workspace/builds/worker-7-tc2/source/Cargo.toml
[INFO] crate git repo https://github.com/Ilgmi/A-Tree already has a lockfile, it will not be regenerated
[INFO] running `Command { std: CARGO_HOME="/workspace/cargo-home" RUSTUP_HOME="/workspace/rustup-home" "/workspace/cargo-home/bin/cargo" "+beta-2024-12-08" "fetch" "--manifest-path" "Cargo.toml", kill_on_drop: false }`
[INFO] running `Command { std: "docker" "create" "-v" "/var/lib/crater-agent-workspace/builds/worker-7-tc2/target:/opt/rustwide/target:rw,Z" "-v" "/var/lib/crater-agent-workspace/builds/worker-7-tc2/source:/opt/rustwide/workdir:ro,Z" "-v" "/var/lib/crater-agent-workspace/cargo-home:/opt/rustwide/cargo-home:ro,Z" "-v" "/var/lib/crater-agent-workspace/rustup-home:/opt/rustwide/rustup-home:ro,Z" "-e" "SOURCE_DIR=/opt/rustwide/workdir" "-e" "CARGO_TARGET_DIR=/opt/rustwide/target" "-e" "CARGO_HOME=/opt/rustwide/cargo-home" "-e" "RUSTUP_HOME=/opt/rustwide/rustup-home" "-w" "/opt/rustwide/workdir" "-m" "1610612736" "--user" "0:0" "--network" "none" "ghcr.io/rust-lang/crates-build-env/linux@sha256:f3a9d4ad9d972b27faf3965f35b62e55ba32bbce8f20bc8fe909558a86702fde" "/opt/rustwide/cargo-home/bin/cargo" "+beta-2024-12-08" "metadata" "--no-deps" "--format-version=1", kill_on_drop: false }`
[INFO] [stdout] 451f976103a5b952cf35fe47a55d97008b5639bfa03d90762778ef715d0bc7b4
[INFO] running `Command { std: "docker" "start" "-a" "451f976103a5b952cf35fe47a55d97008b5639bfa03d90762778ef715d0bc7b4", kill_on_drop: false }`
[INFO] running `Command { std: "docker" "inspect" "451f976103a5b952cf35fe47a55d97008b5639bfa03d90762778ef715d0bc7b4", kill_on_drop: false }`
[INFO] running `Command { std: "docker" "rm" "-f" "451f976103a5b952cf35fe47a55d97008b5639bfa03d90762778ef715d0bc7b4", kill_on_drop: false }`
[INFO] [stdout] 451f976103a5b952cf35fe47a55d97008b5639bfa03d90762778ef715d0bc7b4
[INFO] running `Command { std: "docker" "create" "-v" "/var/lib/crater-agent-workspace/builds/worker-7-tc2/target:/opt/rustwide/target:rw,Z" "-v" "/var/lib/crater-agent-workspace/builds/worker-7-tc2/source:/opt/rustwide/workdir:ro,Z" "-v" "/var/lib/crater-agent-workspace/cargo-home:/opt/rustwide/cargo-home:ro,Z" "-v" "/var/lib/crater-agent-workspace/rustup-home:/opt/rustwide/rustup-home:ro,Z" "-e" "SOURCE_DIR=/opt/rustwide/workdir" "-e" "CARGO_TARGET_DIR=/opt/rustwide/target" "-e" "CARGO_INCREMENTAL=0" "-e" "RUST_BACKTRACE=full" "-e" "RUSTFLAGS=--cap-lints=warn" "-e" "RUSTDOCFLAGS=--cap-lints=warn" "-e" "CARGO_HOME=/opt/rustwide/cargo-home" "-e" "RUSTUP_HOME=/opt/rustwide/rustup-home" "-w" "/opt/rustwide/workdir" "-m" "1610612736" "--user" "0:0" "--network" "none" "ghcr.io/rust-lang/crates-build-env/linux@sha256:f3a9d4ad9d972b27faf3965f35b62e55ba32bbce8f20bc8fe909558a86702fde" "/opt/rustwide/cargo-home/bin/cargo" "+beta-2024-12-08" "build" "--frozen" "--message-format=json", kill_on_drop: false }`
[INFO] [stdout] 90f0eaa45deb5004833375373af7cb9469494ccbec8fb3172b05d3dac96c18e4
[INFO] running `Command { std: "docker" "start" "-a" "90f0eaa45deb5004833375373af7cb9469494ccbec8fb3172b05d3dac96c18e4", kill_on_drop: false }`
[INFO] [stderr]    Compiling A-Tree v0.1.0 (/opt/rustwide/workdir)
[INFO] [stdout] warning: type `And` is more private than the item `PredicateOperationExt::and`
[INFO] [stdout]    --> src/predicates/logical_operations.rs:161:5
[INFO] [stdout]     |
[INFO] [stdout] 161 | /     fn and(self, other: impl Predicate + 'static) -> And
[INFO] [stdout] 162 | |     where Self: Sized
[INFO] [stdout]     | |_____________________^ method `PredicateOperationExt::and` is reachable at visibility `pub(crate)`
[INFO] [stdout]     |
[INFO] [stdout] note: but type `And` is only usable at visibility `pub(self)`
[INFO] [stdout]    --> src/predicates/logical_operations.rs:4:1
[INFO] [stdout]     |
[INFO] [stdout] 4   | struct And
[INFO] [stdout]     | ^^^^^^^^^^
[INFO] [stdout]     = note: `#[warn(private_interfaces)]` on by default
[INFO] [stdout] 
[INFO] [stdout] 
[INFO] [stdout] warning: type `Or` is more private than the item `PredicateOperationExt::or`
[INFO] [stdout]    --> src/predicates/logical_operations.rs:167:5
[INFO] [stdout]     |
[INFO] [stdout] 167 | /     fn or(self, other: impl Predicate + 'static) -> Or
[INFO] [stdout] 168 | |     where Self: Sized{
[INFO] [stdout]     | |_____________________^ method `PredicateOperationExt::or` is reachable at visibility `pub(crate)`
[INFO] [stdout]     |
[INFO] [stdout] note: but type `Or` is only usable at visibility `pub(self)`
[INFO] [stdout]    --> src/predicates/logical_operations.rs:72:1
[INFO] [stdout]     |
[INFO] [stdout] 72  | struct Or
[INFO] [stdout]     | ^^^^^^^^^
[INFO] [stdout] 
[INFO] [stdout] 
[INFO] [stdout] warning: type `logical_operations::Not` is more private than the item `PredicateOperationExt::not`
[INFO] [stdout]    --> src/predicates/logical_operations.rs:172:5
[INFO] [stdout]     |
[INFO] [stdout] 172 | /     fn not(self) -> Not
[INFO] [stdout] 173 | |     where Self: Sized{
[INFO] [stdout]     | |_____________________^ method `PredicateOperationExt::not` is reachable at visibility `pub(crate)`
[INFO] [stdout]     |
[INFO] [stdout] note: but type `logical_operations::Not` is only usable at visibility `pub(self)`
[INFO] [stdout]    --> src/predicates/logical_operations.rs:133:1
[INFO] [stdout]     |
[INFO] [stdout] 133 | struct Not
[INFO] [stdout]     | ^^^^^^^^^^
[INFO] [stdout] 
[INFO] [stdout] 
[INFO] [stdout] warning: variants `LeafNodeType`, `InnerNodeType`, and `RootNodeType` are never constructed
[INFO] [stdout]   --> src/lib.rs:13:5
[INFO] [stdout]    |
[INFO] [stdout] 12 | enum NodeType {
[INFO] [stdout]    |      -------- variants in this enum
[INFO] [stdout] 13 |     LeafNodeType(LeafNode),
[INFO] [stdout]    |     ^^^^^^^^^^^^
[INFO] [stdout] 14 |     InnerNodeType(InnerNode),
[INFO] [stdout]    |     ^^^^^^^^^^^^^
[INFO] [stdout] 15 |     RootNodeType(RootNode)
[INFO] [stdout]    |     ^^^^^^^^^^^^
[INFO] [stdout]    |
[INFO] [stdout]    = note: `NodeType` has derived impls for the traits `Clone` and `Debug`, but these are intentionally ignored during dead code analysis
[INFO] [stdout]    = note: `#[warn(dead_code)]` on by default
[INFO] [stdout] 
[INFO] [stdout] 
[INFO] [stdout] warning: associated functions `new_leaf`, `new_inner`, and `new_root` are never used
[INFO] [stdout]   --> src/lib.rs:19:8
[INFO] [stdout]    |
[INFO] [stdout] 18 | impl NodeType{
[INFO] [stdout]    | ------------- associated functions in this implementation
[INFO] [stdout] 19 |     fn new_leaf(node: LeafNode) -> ArcNodeLink{
[INFO] [stdout]    |        ^^^^^^^^
[INFO] [stdout] ...
[INFO] [stdout] 23 |     fn new_inner(node: InnerNode) -> ArcNodeLink{
[INFO] [stdout]    |        ^^^^^^^^^
[INFO] [stdout] ...
[INFO] [stdout] 27 |     fn new_root(node: RootNode) -> ArcNodeLink{
[INFO] [stdout]    |        ^^^^^^^^
[INFO] [stdout] 
[INFO] [stdout] 
[INFO] [stdout] warning: variants `And` and `Or` are never constructed
[INFO] [stdout]    --> src/lib.rs:104:5
[INFO] [stdout]     |
[INFO] [stdout] 103 | enum LogOperation{
[INFO] [stdout]     |      ------------ variants in this enum
[INFO] [stdout] 104 |     And,Or
[INFO] [stdout]     |     ^^^ ^^
[INFO] [stdout]     |
[INFO] [stdout]     = note: `LogOperation` has derived impls for the traits `Clone` and `Debug`, but these are intentionally ignored during dead code analysis
[INFO] [stdout] 
[INFO] [stdout] 
[INFO] [stdout] warning: trait `Node` is never used
[INFO] [stdout]    --> src/lib.rs:108:7
[INFO] [stdout]     |
[INFO] [stdout] 108 | trait Node{
[INFO] [stdout]     |       ^^^^
[INFO] [stdout] 
[INFO] [stdout] 
[INFO] [stdout] warning: fields `predicate_id`, `parents`, and `result` are never read
[INFO] [stdout]    --> src/lib.rs:130:5
[INFO] [stdout]     |
[INFO] [stdout] 129 | struct LeafNode{
[INFO] [stdout]     |        -------- fields in this struct
[INFO] [stdout] 130 |     predicate_id: u64,
[INFO] [stdout]     |     ^^^^^^^^^^^^
[INFO] [stdout] 131 |     parents: Vec<ArcNodeLink>,
[INFO] [stdout]     |     ^^^^^^^
[INFO] [stdout] 132 |     pub result: Option<bool>
[INFO] [stdout]     |         ^^^^^^
[INFO] [stdout]     |
[INFO] [stdout]     = note: `LeafNode` has derived impls for the traits `Clone` and `Debug`, but these are intentionally ignored during dead code analysis
[INFO] [stdout] 
[INFO] [stdout] 
[INFO] [stdout] warning: associated function `new` is never used
[INFO] [stdout]    --> src/lib.rs:136:8
[INFO] [stdout]     |
[INFO] [stdout] 135 | impl LeafNode{
[INFO] [stdout]     | ------------- associated function in this implementation
[INFO] [stdout] 136 |     fn new(predicate_id: u64) -> Self{
[INFO] [stdout]     |        ^^^
[INFO] [stdout] 
[INFO] [stdout] 
[INFO] [stdout] warning: fields `log_operation`, `parents`, `childrens`, and `operands` are never read
[INFO] [stdout]    --> src/lib.rs:187:9
[INFO] [stdout]     |
[INFO] [stdout] 186 | struct InnerNode{
[INFO] [stdout]     |        --------- fields in this struct
[INFO] [stdout] 187 |     pub log_operation: LogOperation,
[INFO] [stdout]     |         ^^^^^^^^^^^^^
[INFO] [stdout] 188 |     parents: Vec<ArcNodeLink>,
[INFO] [stdout]     |     ^^^^^^^
[INFO] [stdout] 189 |     childrens: Vec<ArcNodeLink>,
[INFO] [stdout]     |     ^^^^^^^^^
[INFO] [stdout] 190 |     pub operands: Vec<Option<bool>>
[INFO] [stdout]     |         ^^^^^^^^
[INFO] [stdout]     |
[INFO] [stdout]     = note: `InnerNode` has derived impls for the traits `Clone` and `Debug`, but these are intentionally ignored during dead code analysis
[INFO] [stdout] 
[INFO] [stdout] 
[INFO] [stdout] warning: associated functions `new`, `and`, and `or` are never used
[INFO] [stdout]    --> src/lib.rs:194:8
[INFO] [stdout]     |
[INFO] [stdout] 193 | impl InnerNode{
[INFO] [stdout]     | -------------- associated functions in this implementation
[INFO] [stdout] 194 |     fn new(log_operation: LogOperation) -> Self{
[INFO] [stdout]     |        ^^^
[INFO] [stdout] ...
[INFO] [stdout] 203 |     fn and() -> Self {
[INFO] [stdout]     |        ^^^
[INFO] [stdout] ...
[INFO] [stdout] 212 |     fn or() -> Self {
[INFO] [stdout]     |        ^^
[INFO] [stdout] 
[INFO] [stdout] 
[INFO] [stdout] warning: fields `childrens`, `log_operation`, `operands`, `ids`, and `id` are never read
[INFO] [stdout]    --> src/lib.rs:307:5
[INFO] [stdout]     |
[INFO] [stdout] 306 | struct RootNode{
[INFO] [stdout]     |        -------- fields in this struct
[INFO] [stdout] 307 |     childrens: Vec<ArcNodeLink>,
[INFO] [stdout]     |     ^^^^^^^^^
[INFO] [stdout] 308 |     pub log_operation: LogOperation,
[INFO] [stdout]     |         ^^^^^^^^^^^^^
[INFO] [stdout] 309 |     pub operands: Vec<Option<bool>>,
[INFO] [stdout]     |         ^^^^^^^^
[INFO] [stdout] 310 |     pub ids: HashSet<String>,
[INFO] [stdout]     |         ^^^
[INFO] [stdout] 311 |     pub id: String,
[INFO] [stdout]     |         ^^
[INFO] [stdout]     |
[INFO] [stdout]     = note: `RootNode` has derived impls for the traits `Clone` and `Debug`, but these are intentionally ignored during dead code analysis
[INFO] [stdout] 
[INFO] [stdout] 
[INFO] [stdout] warning: struct `RootNodeBuilder` is never constructed
[INFO] [stdout]    --> src/lib.rs:314:8
[INFO] [stdout]     |
[INFO] [stdout] 314 | struct RootNodeBuilder{
[INFO] [stdout]     |        ^^^^^^^^^^^^^^^
[INFO] [stdout] 
[INFO] [stdout] 
[INFO] [stdout] warning: associated items `and`, `or`, `with_inner_node`, and `with_leaf_node` are never used
[INFO] [stdout]    --> src/lib.rs:321:8
[INFO] [stdout]     |
[INFO] [stdout] 318 | impl RootNodeBuilder{
[INFO] [stdout]     | -------------------- associated items in this implementation
[INFO] [stdout] ...
[INFO] [stdout] 321 |     fn and(id: String) -> Self{
[INFO] [stdout]     |        ^^^
[INFO] [stdout] ...
[INFO] [stdout] 327 |     fn or(id: String,) -> Self{
[INFO] [stdout]     |        ^^
[INFO] [stdout] ...
[INFO] [stdout] 333 |     fn with_inner_node(&mut self, node: InnerNode) -> &mut Self{
[INFO] [stdout]     |        ^^^^^^^^^^^^^^^
[INFO] [stdout] ...
[INFO] [stdout] 340 |     fn with_leaf_node(&mut self, node: LeafNode) -> &mut Self{
[INFO] [stdout]     |        ^^^^^^^^^^^^^^
[INFO] [stdout] 
[INFO] [stdout] 
[INFO] [stdout] warning: associated functions `new`, `and`, and `or` are never used
[INFO] [stdout]    --> src/lib.rs:349:8
[INFO] [stdout]     |
[INFO] [stdout] 348 | impl RootNode{
[INFO] [stdout]     | ------------- associated functions in this implementation
[INFO] [stdout] 349 |     fn new(id: String, log_operation: LogOperation) -> Self{
[INFO] [stdout]     |        ^^^
[INFO] [stdout] ...
[INFO] [stdout] 361 |     fn and(id: String) -> Self {
[INFO] [stdout]     |        ^^^
[INFO] [stdout] ...
[INFO] [stdout] 373 |     fn or(id: String) -> Self {
[INFO] [stdout]     |        ^^
[INFO] [stdout] 
[INFO] [stdout] 
[INFO] [stdout] warning: function `add_children` is never used
[INFO] [stdout]    --> src/lib.rs:471:4
[INFO] [stdout]     |
[INFO] [stdout] 471 | fn add_children(node: &mut ArcNodeLink, children: &mut ArcNodeLink){
[INFO] [stdout]     |    ^^^^^^^^^^^^
[INFO] [stdout] 
[INFO] [stdout] 
[INFO] [stdout] warning: struct `PredResult` is never constructed
[INFO] [stdout]    --> src/lib.rs:476:8
[INFO] [stdout]     |
[INFO] [stdout] 476 | struct PredResult{
[INFO] [stdout]     |        ^^^^^^^^^^
[INFO] [stdout] 
[INFO] [stdout] 
[INFO] [stdout] warning: struct `ATree` is never constructed
[INFO] [stdout]    --> src/lib.rs:482:8
[INFO] [stdout]     |
[INFO] [stdout] 482 | struct ATree{
[INFO] [stdout]     |        ^^^^^
[INFO] [stdout] 
[INFO] [stdout] 
[INFO] [stdout] warning: associated items `new`, `len`, `insert`, `get_m`, `matches`, and `create_new_node` are never used
[INFO] [stdout]    --> src/lib.rs:490:8
[INFO] [stdout]     |
[INFO] [stdout] 488 | impl ATree{
[INFO] [stdout]     | ---------- associated items in this implementation
[INFO] [stdout] 489 |
[INFO] [stdout] 490 |     fn new() -> Self{
[INFO] [stdout]     |        ^^^
[INFO] [stdout] ...
[INFO] [stdout] 496 |     fn len(&self) -> usize{
[INFO] [stdout]     |        ^^^
[INFO] [stdout] ...
[INFO] [stdout] 500 |     pub fn insert(&mut self, node: ArcNodeLink) -> ArcNodeLink{
[INFO] [stdout]     |            ^^^^^^
[INFO] [stdout] ...
[INFO] [stdout] 527 |     pub fn get_m(&self) -> u32{
[INFO] [stdout]     |            ^^^^^
[INFO] [stdout] ...
[INFO] [stdout] 536 |     pub fn matches(&mut self, predicates: &[PredResult]) -> HashSet<String> {
[INFO] [stdout]     |            ^^^^^^^
[INFO] [stdout] ...
[INFO] [stdout] 605 |     fn create_new_node(&mut self, node: &ArcNodeLink, child_nodes: &mut [ArcNodeLink]) -> ArcNodeLink{
[INFO] [stdout]     |        ^^^^^^^^^^^^^^^
[INFO] [stdout] 
[INFO] [stdout] 
[INFO] [stdout] warning: struct `EventValue` is never constructed
[INFO] [stdout]    --> src/lib.rs:634:8
[INFO] [stdout]     |
[INFO] [stdout] 634 | struct EventValue{
[INFO] [stdout]     |        ^^^^^^^^^^
[INFO] [stdout] 
[INFO] [stdout] 
[INFO] [stdout] warning: struct `Event` is never constructed
[INFO] [stdout]    --> src/lib.rs:639:8
[INFO] [stdout]     |
[INFO] [stdout] 639 | struct Event{
[INFO] [stdout]     |        ^^^^^
[INFO] [stdout] 
[INFO] [stdout] 
[INFO] [stdout] warning: struct `PredicateStore` is never constructed
[INFO] [stdout]    --> src/lib.rs:644:8
[INFO] [stdout]     |
[INFO] [stdout] 644 | struct PredicateStore{
[INFO] [stdout]     |        ^^^^^^^^^^^^^^
[INFO] [stdout] 
[INFO] [stdout] 
[INFO] [stdout] warning: associated items `new`, `add`, and `evaluate` are never used
[INFO] [stdout]    --> src/lib.rs:651:8
[INFO] [stdout]     |
[INFO] [stdout] 649 | impl PredicateStore {
[INFO] [stdout]     | ------------------- associated items in this implementation
[INFO] [stdout] 650 |
[INFO] [stdout] 651 |     fn new() -> Self{
[INFO] [stdout]     |        ^^^
[INFO] [stdout] ...
[INFO] [stdout] 657 |     fn add(&mut self, attribute: String, p: impl Predicate + 'static) -> u64 {
[INFO] [stdout]     |        ^^^
[INFO] [stdout] ...
[INFO] [stdout] 664 |     fn evaluate(&self, event: &Event) -> Vec<PredResult> {
[INFO] [stdout]     |        ^^^^^^^^
[INFO] [stdout] 
[INFO] [stdout] 
[INFO] [stdout] warning: variants `Int`, `Double`, `String`, and `Bool` are never constructed
[INFO] [stdout]   --> src/predicates.rs:33:5
[INFO] [stdout]    |
[INFO] [stdout] 32 | pub enum Value{
[INFO] [stdout]    |          ----- variants in this enum
[INFO] [stdout] 33 |     Int(i32),
[INFO] [stdout]    |     ^^^
[INFO] [stdout] 34 |     Double(Double),
[INFO] [stdout]    |     ^^^^^^
[INFO] [stdout] 35 |     String(String),
[INFO] [stdout]    |     ^^^^^^
[INFO] [stdout] 36 |     Bool(bool)
[INFO] [stdout]    |     ^^^^
[INFO] [stdout]    |
[INFO] [stdout]    = note: `Value` has a derived impl for the trait `Debug`, but this is intentionally ignored during dead code analysis
[INFO] [stdout] 
[INFO] [stdout] 
[INFO] [stdout] warning: variants `Equal` and `NotEqual` are never constructed
[INFO] [stdout]   --> src/predicates.rs:47:5
[INFO] [stdout]    |
[INFO] [stdout] 46 | pub enum EqOperation{
[INFO] [stdout]    |          ----------- variants in this enum
[INFO] [stdout] 47 |     Equal,NotEqual
[INFO] [stdout]    |     ^^^^^ ^^^^^^^^
[INFO] [stdout] 
[INFO] [stdout] 
[INFO] [stdout] warning: associated function `new` is never used
[INFO] [stdout]   --> src/predicates.rs:56:12
[INFO] [stdout]    |
[INFO] [stdout] 55 | impl EqualPredicate {
[INFO] [stdout]    | ------------------- associated function in this implementation
[INFO] [stdout] 56 |     pub fn new(constant: Value, operation: EqOperation) -> Self{
[INFO] [stdout]    |            ^^^
[INFO] [stdout] 
[INFO] [stdout] 
[INFO] [stdout] warning: function `equal` is never used
[INFO] [stdout]   --> src/predicates.rs:81:8
[INFO] [stdout]    |
[INFO] [stdout] 81 | pub fn equal(value: Value) -> EqualPredicate{
[INFO] [stdout]    |        ^^^^^
[INFO] [stdout] 
[INFO] [stdout] 
[INFO] [stdout] warning: function `not_equal` is never used
[INFO] [stdout]   --> src/predicates.rs:85:8
[INFO] [stdout]    |
[INFO] [stdout] 85 | pub fn not_equal(value: Value) -> EqualPredicate{
[INFO] [stdout]    |        ^^^^^^^^^
[INFO] [stdout] 
[INFO] [stdout] 
[INFO] [stdout] warning: variants `Greater`, `GreaterEqual`, `LessEqual`, and `Less` are never constructed
[INFO] [stdout]   --> src/predicates.rs:92:5
[INFO] [stdout]    |
[INFO] [stdout] 91 | pub enum OrdOperation{
[INFO] [stdout]    |          ------------ variants in this enum
[INFO] [stdout] 92 |     Greater,GreaterEqual,LessEqual,Less
[INFO] [stdout]    |     ^^^^^^^ ^^^^^^^^^^^^ ^^^^^^^^^ ^^^^
[INFO] [stdout] 
[INFO] [stdout] 
[INFO] [stdout] warning: associated function `new` is never used
[INFO] [stdout]    --> src/predicates.rs:101:12
[INFO] [stdout]     |
[INFO] [stdout] 100 | impl OrdPredicate{
[INFO] [stdout]     | ----------------- associated function in this implementation
[INFO] [stdout] 101 |     pub fn new(constant: Value, operation: OrdOperation) -> Self{
[INFO] [stdout]     |            ^^^
[INFO] [stdout] 
[INFO] [stdout] 
[INFO] [stdout] warning: function `greater` is never used
[INFO] [stdout]    --> src/predicates.rs:127:8
[INFO] [stdout]     |
[INFO] [stdout] 127 | pub fn greater(value: Value) -> OrdPredicate{
[INFO] [stdout]     |        ^^^^^^^
[INFO] [stdout] 
[INFO] [stdout] 
[INFO] [stdout] warning: function `greater_equal` is never used
[INFO] [stdout]    --> src/predicates.rs:131:8
[INFO] [stdout]     |
[INFO] [stdout] 131 | pub fn greater_equal(value: Value) -> OrdPredicate{
[INFO] [stdout]     |        ^^^^^^^^^^^^^
[INFO] [stdout] 
[INFO] [stdout] 
[INFO] [stdout] warning: function `less_equal` is never used
[INFO] [stdout]    --> src/predicates.rs:135:8
[INFO] [stdout]     |
[INFO] [stdout] 135 | pub fn less_equal(value: Value) -> OrdPredicate{
[INFO] [stdout]     |        ^^^^^^^^^^
[INFO] [stdout] 
[INFO] [stdout] 
[INFO] [stdout] warning: function `less` is never used
[INFO] [stdout]    --> src/predicates.rs:139:8
[INFO] [stdout]     |
[INFO] [stdout] 139 | pub fn less(value: Value) -> OrdPredicate{
[INFO] [stdout]     |        ^^^^
[INFO] [stdout] 
[INFO] [stdout] 
[INFO] [stdout] warning: variants `ElementOf` and `NotElementOf` are never constructed
[INFO] [stdout]    --> src/predicates.rs:144:5
[INFO] [stdout]     |
[INFO] [stdout] 143 | pub enum SetOperation{
[INFO] [stdout]     |          ------------ variants in this enum
[INFO] [stdout] 144 |     ElementOf, NotElementOf
[INFO] [stdout]     |     ^^^^^^^^^  ^^^^^^^^^^^^
[INFO] [stdout] 
[INFO] [stdout] 
[INFO] [stdout] warning: associated items `new` and `push` are never used
[INFO] [stdout]    --> src/predicates.rs:153:12
[INFO] [stdout]     |
[INFO] [stdout] 152 | impl SetPredicate{
[INFO] [stdout]     | ----------------- associated items in this implementation
[INFO] [stdout] 153 |     pub fn new(constants: Vec<Value>, operation: SetOperation) -> Self{
[INFO] [stdout]     |            ^^^
[INFO] [stdout] ...
[INFO] [stdout] 160 |     pub fn push(&mut self, value: Value){
[INFO] [stdout]     |            ^^^^
[INFO] [stdout] 
[INFO] [stdout] 
[INFO] [stdout] warning: function `element_of` is never used
[INFO] [stdout]    --> src/predicates.rs:182:8
[INFO] [stdout]     |
[INFO] [stdout] 182 | pub fn element_of(values: Vec<Value>) -> SetPredicate{
[INFO] [stdout]     |        ^^^^^^^^^^
[INFO] [stdout] 
[INFO] [stdout] 
[INFO] [stdout] warning: function `not_element_of` is never used
[INFO] [stdout]    --> src/predicates.rs:186:8
[INFO] [stdout]     |
[INFO] [stdout] 186 | pub fn not_element_of(values: Vec<Value>) -> SetPredicate{
[INFO] [stdout]     |        ^^^^^^^^^^^^^^
[INFO] [stdout] 
[INFO] [stdout] 
[INFO] [stdout] warning: associated function `new` is never used
[INFO] [stdout]    --> src/predicates.rs:196:8
[INFO] [stdout]     |
[INFO] [stdout] 195 | impl BetweenPredicate{
[INFO] [stdout]     | --------------------- associated function in this implementation
[INFO] [stdout] 196 |     fn new(start_constant: Value, end_constant: Value) -> Self{
[INFO] [stdout]     |        ^^^
[INFO] [stdout] 
[INFO] [stdout] 
[INFO] [stdout] warning: function `between` is never used
[INFO] [stdout]    --> src/predicates.rs:217:8
[INFO] [stdout]     |
[INFO] [stdout] 217 | pub fn between(start: Value, end: Value) -> BetweenPredicate{
[INFO] [stdout]     |        ^^^^^^^
[INFO] [stdout] 
[INFO] [stdout] 
[INFO] [stdout] warning: struct `And` is never constructed
[INFO] [stdout]  --> src/predicates/logical_operations.rs:4:8
[INFO] [stdout]   |
[INFO] [stdout] 4 | struct And
[INFO] [stdout]   |        ^^^
[INFO] [stdout] 
[INFO] [stdout] 
[INFO] [stdout] warning: associated function `new` is never used
[INFO] [stdout]   --> src/predicates/logical_operations.rs:11:8
[INFO] [stdout]    |
[INFO] [stdout] 10 | impl And {
[INFO] [stdout]    | -------- associated function in this implementation
[INFO] [stdout] 11 |     fn new(lhs: Box<dyn Predicate>, rhs: Box<dyn Predicate>) -> Self{
[INFO] [stdout]    |        ^^^
[INFO] [stdout] 
[INFO] [stdout] 
[INFO] [stdout] warning: associated function `new` is never used
[INFO] [stdout]   --> src/predicates/logical_operations.rs:36:8
[INFO] [stdout]    |
[INFO] [stdout] 35 | impl Ands {
[INFO] [stdout]    | --------- associated function in this implementation
[INFO] [stdout] 36 |     fn new() -> Self{
[INFO] [stdout]    |        ^^^
[INFO] [stdout] 
[INFO] [stdout] 
[INFO] [stdout] warning: method `with` is never used
[INFO] [stdout]   --> src/predicates/logical_operations.rs:45:8
[INFO] [stdout]    |
[INFO] [stdout] 43 | impl Ands
[INFO] [stdout]    | --------- method in this implementation
[INFO] [stdout] 44 | {
[INFO] [stdout] 45 |     fn with(&mut self, other: impl Predicate + 'static){
[INFO] [stdout]    |        ^^^^
[INFO] [stdout] 
[INFO] [stdout] 
[INFO] [stdout] warning: struct `Or` is never constructed
[INFO] [stdout]   --> src/predicates/logical_operations.rs:72:8
[INFO] [stdout]    |
[INFO] [stdout] 72 | struct Or
[INFO] [stdout]    |        ^^
[INFO] [stdout] 
[INFO] [stdout] 
[INFO] [stdout] warning: associated function `new` is never used
[INFO] [stdout]   --> src/predicates/logical_operations.rs:79:8
[INFO] [stdout]    |
[INFO] [stdout] 78 | impl Or {
[INFO] [stdout]    | ------- associated function in this implementation
[INFO] [stdout] 79 |     fn new(lhs: Box<dyn Predicate>, rhs: Box<dyn Predicate>) -> Self{
[INFO] [stdout]    |        ^^^
[INFO] [stdout] 
[INFO] [stdout] 
[INFO] [stdout] warning: struct `Ors` is never constructed
[INFO] [stdout]   --> src/predicates/logical_operations.rs:98:8
[INFO] [stdout]    |
[INFO] [stdout] 98 | struct Ors {
[INFO] [stdout]    |        ^^^
[INFO] [stdout] 
[INFO] [stdout] 
[INFO] [stdout] warning: associated items `new` and `with` are never used
[INFO] [stdout]    --> src/predicates/logical_operations.rs:103:8
[INFO] [stdout]     |
[INFO] [stdout] 102 | impl Ors {
[INFO] [stdout]     | -------- associated items in this implementation
[INFO] [stdout] 103 |     fn new() -> Self{
[INFO] [stdout]     |        ^^^
[INFO] [stdout] ...
[INFO] [stdout] 109 |     fn with(&mut self, predicate: impl Predicate + 'static){
[INFO] [stdout]     |        ^^^^
[INFO] [stdout] 
[INFO] [stdout] 
[INFO] [stdout] warning: struct `Not` is never constructed
[INFO] [stdout]    --> src/predicates/logical_operations.rs:133:8
[INFO] [stdout]     |
[INFO] [stdout] 133 | struct Not
[INFO] [stdout]     |        ^^^
[INFO] [stdout] 
[INFO] [stdout] 
[INFO] [stdout] warning: associated function `new` is never used
[INFO] [stdout]    --> src/predicates/logical_operations.rs:139:8
[INFO] [stdout]     |
[INFO] [stdout] 138 | impl Not {
[INFO] [stdout]     | -------- associated function in this implementation
[INFO] [stdout] 139 |     fn new(pred: Box<dyn Predicate>) -> Self{
[INFO] [stdout]     |        ^^^
[INFO] [stdout] 
[INFO] [stdout] 
[INFO] [stdout] warning: trait `PredicateOperationExt` is never used
[INFO] [stdout]    --> src/predicates/logical_operations.rs:157:11
[INFO] [stdout]     |
[INFO] [stdout] 157 | pub trait PredicateOperationExt
[INFO] [stdout]     |           ^^^^^^^^^^^^^^^^^^^^^
[INFO] [stdout] 
[INFO] [stdout] 
[INFO] [stdout] warning: function `multiple_and` is never used
[INFO] [stdout]    --> src/predicates/logical_operations.rs:184:4
[INFO] [stdout]     |
[INFO] [stdout] 184 | fn multiple_and() -> Ands {
[INFO] [stdout]     |    ^^^^^^^^^^^^
[INFO] [stdout] 
[INFO] [stdout] 
[INFO] [stdout] warning: crate `A_Tree` should have a snake case name
[INFO] [stdout]   |
[INFO] [stdout]   = help: convert the identifier to snake case: `a_tree`
[INFO] [stdout]   = note: `#[warn(non_snake_case)]` on by default
[INFO] [stdout] 
[INFO] [stdout] 
[INFO] [stderr]     Finished `dev` profile [unoptimized + debuginfo] target(s) in 0.34s
[INFO] running `Command { std: "docker" "inspect" "90f0eaa45deb5004833375373af7cb9469494ccbec8fb3172b05d3dac96c18e4", kill_on_drop: false }`
[INFO] running `Command { std: "docker" "rm" "-f" "90f0eaa45deb5004833375373af7cb9469494ccbec8fb3172b05d3dac96c18e4", kill_on_drop: false }`
[INFO] [stdout] 90f0eaa45deb5004833375373af7cb9469494ccbec8fb3172b05d3dac96c18e4
[INFO] running `Command { std: "docker" "create" "-v" "/var/lib/crater-agent-workspace/builds/worker-7-tc2/target:/opt/rustwide/target:rw,Z" "-v" "/var/lib/crater-agent-workspace/builds/worker-7-tc2/source:/opt/rustwide/workdir:ro,Z" "-v" "/var/lib/crater-agent-workspace/cargo-home:/opt/rustwide/cargo-home:ro,Z" "-v" "/var/lib/crater-agent-workspace/rustup-home:/opt/rustwide/rustup-home:ro,Z" "-e" "SOURCE_DIR=/opt/rustwide/workdir" "-e" "CARGO_TARGET_DIR=/opt/rustwide/target" "-e" "CARGO_INCREMENTAL=0" "-e" "RUST_BACKTRACE=full" "-e" "RUSTFLAGS=--cap-lints=warn" "-e" "RUSTDOCFLAGS=--cap-lints=warn" "-e" "CARGO_HOME=/opt/rustwide/cargo-home" "-e" "RUSTUP_HOME=/opt/rustwide/rustup-home" "-w" "/opt/rustwide/workdir" "-m" "1610612736" "--user" "0:0" "--network" "none" "ghcr.io/rust-lang/crates-build-env/linux@sha256:f3a9d4ad9d972b27faf3965f35b62e55ba32bbce8f20bc8fe909558a86702fde" "/opt/rustwide/cargo-home/bin/cargo" "+beta-2024-12-08" "test" "--frozen" "--no-run" "--message-format=json", kill_on_drop: false }`
[INFO] [stdout] 259799c254884478048d64b1906944df8a7526380111d6c92671fc9753c956e0
[INFO] running `Command { std: "docker" "start" "-a" "259799c254884478048d64b1906944df8a7526380111d6c92671fc9753c956e0", kill_on_drop: false }`
[INFO] [stdout] warning: type `And` is more private than the item `PredicateOperationExt::and`
[INFO] [stdout]    --> src/predicates/logical_operations.rs:161:5
[INFO] [stdout]     |
[INFO] [stdout] 161 | /     fn and(self, other: impl Predicate + 'static) -> And
[INFO] [stdout] 162 | |     where Self: Sized
[INFO] [stdout]     | |_____________________^ method `PredicateOperationExt::and` is reachable at visibility `pub(crate)`
[INFO] [stdout]     |
[INFO] [stdout] note: but type `And` is only usable at visibility `pub(self)`
[INFO] [stdout]    --> src/predicates/logical_operations.rs:4:1
[INFO] [stdout]     |
[INFO] [stdout] 4   | struct And
[INFO] [stdout]     | ^^^^^^^^^^
[INFO] [stdout]     = note: `#[warn(private_interfaces)]` on by default
[INFO] [stdout] 
[INFO] [stdout] 
[INFO] [stdout] warning: type `Or` is more private than the item `PredicateOperationExt::or`
[INFO] [stdout]    --> src/predicates/logical_operations.rs:167:5
[INFO] [stdout]     |
[INFO] [stdout] 167 | /     fn or(self, other: impl Predicate + 'static) -> Or
[INFO] [stdout] 168 | |     where Self: Sized{
[INFO] [stdout]     | |_____________________^ method `PredicateOperationExt::or` is reachable at visibility `pub(crate)`
[INFO] [stdout]     |
[INFO] [stdout] note: but type `Or` is only usable at visibility `pub(self)`
[INFO] [stdout]    --> src/predicates/logical_operations.rs:72:1
[INFO] [stdout]     |
[INFO] [stdout] 72  | struct Or
[INFO] [stdout]     | ^^^^^^^^^
[INFO] [stdout] 
[INFO] [stdout] 
[INFO] [stdout] warning: type `logical_operations::Not` is more private than the item `PredicateOperationExt::not`
[INFO] [stdout]    --> src/predicates/logical_operations.rs:172:5
[INFO] [stdout]     |
[INFO] [stdout] 172 | /     fn not(self) -> Not
[INFO] [stdout] 173 | |     where Self: Sized{
[INFO] [stdout]     | |_____________________^ method `PredicateOperationExt::not` is reachable at visibility `pub(crate)`
[INFO] [stdout]     |
[INFO] [stdout] note: but type `logical_operations::Not` is only usable at visibility `pub(self)`
[INFO] [stdout]    --> src/predicates/logical_operations.rs:133:1
[INFO] [stdout]     |
[INFO] [stdout] 133 | struct Not
[INFO] [stdout]     | ^^^^^^^^^^
[INFO] [stdout] 
[INFO] [stdout] 
[INFO] [stdout] warning: variants `LeafNodeType`, `InnerNodeType`, and `RootNodeType` are never constructed
[INFO] [stdout]   --> src/lib.rs:13:5
[INFO] [stdout]    |
[INFO] [stdout] 12 | enum NodeType {
[INFO] [stdout]    |      -------- variants in this enum
[INFO] [stdout] 13 |     LeafNodeType(LeafNode),
[INFO] [stdout]    |     ^^^^^^^^^^^^
[INFO] [stdout] 14 |     InnerNodeType(InnerNode),
[INFO] [stdout]    |     ^^^^^^^^^^^^^
[INFO] [stdout] 15 |     RootNodeType(RootNode)
[INFO] [stdout]    |     ^^^^^^^^^^^^
[INFO] [stdout]    |
[INFO] [stdout]    = note: `NodeType` has derived impls for the traits `Clone` and `Debug`, but these are intentionally ignored during dead code analysis
[INFO] [stdout]    = note: `#[warn(dead_code)]` on by default
[INFO] [stdout] 
[INFO] [stdout] 
[INFO] [stdout] warning: associated functions `new_leaf`, `new_inner`, and `new_root` are never used
[INFO] [stdout]   --> src/lib.rs:19:8
[INFO] [stdout]    |
[INFO] [stdout] 18 | impl NodeType{
[INFO] [stdout]    | ------------- associated functions in this implementation
[INFO] [stdout] 19 |     fn new_leaf(node: LeafNode) -> ArcNodeLink{
[INFO] [stdout]    |        ^^^^^^^^
[INFO] [stdout] ...
[INFO] [stdout] 23 |     fn new_inner(node: InnerNode) -> ArcNodeLink{
[INFO] [stdout]    |        ^^^^^^^^^
[INFO] [stdout] ...
[INFO] [stdout] 27 |     fn new_root(node: RootNode) -> ArcNodeLink{
[INFO] [stdout]    |        ^^^^^^^^
[INFO] [stdout] 
[INFO] [stdout] 
[INFO] [stdout] warning: variants `And` and `Or` are never constructed
[INFO] [stdout]    --> src/lib.rs:104:5
[INFO] [stdout]     |
[INFO] [stdout] 103 | enum LogOperation{
[INFO] [stdout]     |      ------------ variants in this enum
[INFO] [stdout] 104 |     And,Or
[INFO] [stdout]     |     ^^^ ^^
[INFO] [stdout]     |
[INFO] [stdout]     = note: `LogOperation` has derived impls for the traits `Clone` and `Debug`, but these are intentionally ignored during dead code analysis
[INFO] [stdout] 
[INFO] [stdout] 
[INFO] [stdout] warning: trait `Node` is never used
[INFO] [stdout]    --> src/lib.rs:108:7
[INFO] [stdout]     |
[INFO] [stdout] 108 | trait Node{
[INFO] [stdout]     |       ^^^^
[INFO] [stdout] 
[INFO] [stdout] 
[INFO] [stdout] warning: fields `predicate_id`, `parents`, and `result` are never read
[INFO] [stdout]    --> src/lib.rs:130:5
[INFO] [stdout]     |
[INFO] [stdout] 129 | struct LeafNode{
[INFO] [stdout]     |        -------- fields in this struct
[INFO] [stdout] 130 |     predicate_id: u64,
[INFO] [stdout]     |     ^^^^^^^^^^^^
[INFO] [stdout] 131 |     parents: Vec<ArcNodeLink>,
[INFO] [stdout]     |     ^^^^^^^
[INFO] [stdout] 132 |     pub result: Option<bool>
[INFO] [stdout]     |         ^^^^^^
[INFO] [stdout]     |
[INFO] [stdout]     = note: `LeafNode` has derived impls for the traits `Clone` and `Debug`, but these are intentionally ignored during dead code analysis
[INFO] [stdout] 
[INFO] [stdout] 
[INFO] [stdout] warning: associated function `new` is never used
[INFO] [stdout]    --> src/lib.rs:136:8
[INFO] [stdout]     |
[INFO] [stdout] 135 | impl LeafNode{
[INFO] [stdout]     | ------------- associated function in this implementation
[INFO] [stdout] 136 |     fn new(predicate_id: u64) -> Self{
[INFO] [stdout]     |        ^^^
[INFO] [stdout] 
[INFO] [stdout] 
[INFO] [stdout] warning: fields `log_operation`, `parents`, `childrens`, and `operands` are never read
[INFO] [stdout]    --> src/lib.rs:187:9
[INFO] [stdout]     |
[INFO] [stdout] 186 | struct InnerNode{
[INFO] [stdout]     |        --------- fields in this struct
[INFO] [stdout] 187 |     pub log_operation: LogOperation,
[INFO] [stdout]     |         ^^^^^^^^^^^^^
[INFO] [stdout] 188 |     parents: Vec<ArcNodeLink>,
[INFO] [stdout]     |     ^^^^^^^
[INFO] [stdout] 189 |     childrens: Vec<ArcNodeLink>,
[INFO] [stdout]     |     ^^^^^^^^^
[INFO] [stdout] 190 |     pub operands: Vec<Option<bool>>
[INFO] [stdout]     |         ^^^^^^^^
[INFO] [stdout]     |
[INFO] [stdout]     = note: `InnerNode` has derived impls for the traits `Clone` and `Debug`, but these are intentionally ignored during dead code analysis
[INFO] [stdout] 
[INFO] [stdout] 
[INFO] [stdout] warning: associated functions `new`, `and`, and `or` are never used
[INFO] [stdout]    --> src/lib.rs:194:8
[INFO] [stdout]     |
[INFO] [stdout] 193 | impl InnerNode{
[INFO] [stdout]     | -------------- associated functions in this implementation
[INFO] [stdout] 194 |     fn new(log_operation: LogOperation) -> Self{
[INFO] [stdout]     |        ^^^
[INFO] [stdout] ...
[INFO] [stdout] 203 |     fn and() -> Self {
[INFO] [stdout]     |        ^^^
[INFO] [stdout] ...
[INFO] [stdout] 212 |     fn or() -> Self {
[INFO] [stdout]     |        ^^
[INFO] [stdout] 
[INFO] [stdout] 
[INFO] [stdout] warning: fields `childrens`, `log_operation`, `operands`, `ids`, and `id` are never read
[INFO] [stdout]    --> src/lib.rs:307:5
[INFO] [stdout]     |
[INFO] [stdout] 306 | struct RootNode{
[INFO] [stdout]     |        -------- fields in this struct
[INFO] [stdout] 307 |     childrens: Vec<ArcNodeLink>,
[INFO] [stdout]     |     ^^^^^^^^^
[INFO] [stdout] 308 |     pub log_operation: LogOperation,
[INFO] [stdout]     |         ^^^^^^^^^^^^^
[INFO] [stdout] 309 |     pub operands: Vec<Option<bool>>,
[INFO] [stdout]     |         ^^^^^^^^
[INFO] [stdout] 310 |     pub ids: HashSet<String>,
[INFO] [stdout]     |         ^^^
[INFO] [stdout] 311 |     pub id: String,
[INFO] [stdout]     |         ^^
[INFO] [stdout]     |
[INFO] [stdout]     = note: `RootNode` has derived impls for the traits `Clone` and `Debug`, but these are intentionally ignored during dead code analysis
[INFO] [stdout] 
[INFO] [stdout] 
[INFO] [stdout] warning: struct `RootNodeBuilder` is never constructed
[INFO] [stdout]    --> src/lib.rs:314:8
[INFO] [stdout]     |
[INFO] [stdout] 314 | struct RootNodeBuilder{
[INFO] [stdout]     |        ^^^^^^^^^^^^^^^
[INFO] [stdout] 
[INFO] [stdout] 
[INFO] [stdout] warning: associated items `and`, `or`, `with_inner_node`, and `with_leaf_node` are never used
[INFO] [stdout]    --> src/lib.rs:321:8
[INFO] [stdout]     |
[INFO] [stdout] 318 | impl RootNodeBuilder{
[INFO] [stdout]     | -------------------- associated items in this implementation
[INFO] [stdout] ...
[INFO] [stdout] 321 |     fn and(id: String) -> Self{
[INFO] [stdout]     |        ^^^
[INFO] [stdout] ...
[INFO] [stdout] 327 |     fn or(id: String,) -> Self{
[INFO] [stdout]     |        ^^
[INFO] [stdout] ...
[INFO] [stdout] 333 |     fn with_inner_node(&mut self, node: InnerNode) -> &mut Self{
[INFO] [stdout]     |        ^^^^^^^^^^^^^^^
[INFO] [stdout] ...
[INFO] [stdout] 340 |     fn with_leaf_node(&mut self, node: LeafNode) -> &mut Self{
[INFO] [stdout]     |        ^^^^^^^^^^^^^^
[INFO] [stdout] 
[INFO] [stdout] 
[INFO] [stdout] warning: associated functions `new`, `and`, and `or` are never used
[INFO] [stdout]    --> src/lib.rs:349:8
[INFO] [stdout]     |
[INFO] [stdout] 348 | impl RootNode{
[INFO] [stdout]     | ------------- associated functions in this implementation
[INFO] [stdout] 349 |     fn new(id: String, log_operation: LogOperation) -> Self{
[INFO] [stdout]     |        ^^^
[INFO] [stdout] ...
[INFO] [stdout] 361 |     fn and(id: String) -> Self {
[INFO] [stdout]     |        ^^^
[INFO] [stdout] ...
[INFO] [stdout] 373 |     fn or(id: String) -> Self {
[INFO] [stdout]     |        ^^
[INFO] [stdout] 
[INFO] [stdout] 
[INFO] [stdout] warning: function `add_children` is never used
[INFO] [stdout]    --> src/lib.rs:471:4
[INFO] [stdout]     |
[INFO] [stdout] 471 | fn add_children(node: &mut ArcNodeLink, children: &mut ArcNodeLink){
[INFO] [stdout]     |    ^^^^^^^^^^^^
[INFO] [stdout] 
[INFO] [stdout] 
[INFO] [stdout] warning: struct `PredResult` is never constructed
[INFO] [stdout]    --> src/lib.rs:476:8
[INFO] [stdout]     |
[INFO] [stdout] 476 | struct PredResult{
[INFO] [stdout]     |        ^^^^^^^^^^
[INFO] [stdout] 
[INFO] [stdout] 
[INFO] [stdout] warning: struct `ATree` is never constructed
[INFO] [stdout]    --> src/lib.rs:482:8
[INFO] [stdout]     |
[INFO] [stdout] 482 | struct ATree{
[INFO] [stdout]     |        ^^^^^
[INFO] [stdout] 
[INFO] [stdout] 
[INFO] [stdout] warning: associated items `new`, `len`, `insert`, `get_m`, `matches`, and `create_new_node` are never used
[INFO] [stdout]    --> src/lib.rs:490:8
[INFO] [stdout]     |
[INFO] [stdout] 488 | impl ATree{
[INFO] [stdout]     | ---------- associated items in this implementation
[INFO] [stdout] 489 |
[INFO] [stdout] 490 |     fn new() -> Self{
[INFO] [stdout]     |        ^^^
[INFO] [stdout] ...
[INFO] [stdout] 496 |     fn len(&self) -> usize{
[INFO] [stdout]     |        ^^^
[INFO] [stdout] ...
[INFO] [stdout] 500 |     pub fn insert(&mut self, node: ArcNodeLink) -> ArcNodeLink{
[INFO] [stdout]     |            ^^^^^^
[INFO] [stdout] ...
[INFO] [stdout] 527 |     pub fn get_m(&self) -> u32{
[INFO] [stdout]     |            ^^^^^
[INFO] [stdout] ...
[INFO] [stdout] 536 |     pub fn matches(&mut self, predicates: &[PredResult]) -> HashSet<String> {
[INFO] [stdout]     |            ^^^^^^^
[INFO] [stdout] ...
[INFO] [stdout] 605 |     fn create_new_node(&mut self, node: &ArcNodeLink, child_nodes: &mut [ArcNodeLink]) -> ArcNodeLink{
[INFO] [stdout]     |        ^^^^^^^^^^^^^^^
[INFO] [stdout] 
[INFO] [stdout] 
[INFO] [stdout] warning: struct `EventValue` is never constructed
[INFO] [stdout]    --> src/lib.rs:634:8
[INFO] [stdout]     |
[INFO] [stdout] 634 | struct EventValue{
[INFO] [stdout]     |        ^^^^^^^^^^
[INFO] [stdout] 
[INFO] [stdout] 
[INFO] [stdout] warning: struct `Event` is never constructed
[INFO] [stdout]    --> src/lib.rs:639:8
[INFO] [stdout]     |
[INFO] [stdout] 639 | struct Event{
[INFO] [stdout]     |        ^^^^^
[INFO] [stdout] 
[INFO] [stdout] 
[INFO] [stdout] warning: struct `PredicateStore` is never constructed
[INFO] [stdout]    --> src/lib.rs:644:8
[INFO] [stdout]     |
[INFO] [stdout] 644 | struct PredicateStore{
[INFO] [stdout]     |        ^^^^^^^^^^^^^^
[INFO] [stdout] 
[INFO] [stdout] 
[INFO] [stdout] warning: associated items `new`, `add`, and `evaluate` are never used
[INFO] [stdout]    --> src/lib.rs:651:8
[INFO] [stdout]     |
[INFO] [stdout] 649 | impl PredicateStore {
[INFO] [stdout]     | ------------------- associated items in this implementation
[INFO] [stdout] 650 |
[INFO] [stdout] 651 |     fn new() -> Self{
[INFO] [stdout]     |        ^^^
[INFO] [stdout] ...
[INFO] [stdout] 657 |     fn add(&mut self, attribute: String, p: impl Predicate + 'static) -> u64 {
[INFO] [stdout]     |        ^^^
[INFO] [stdout] ...
[INFO] [stdout] 664 |     fn evaluate(&self, event: &Event) -> Vec<PredResult> {
[INFO] [stdout]     |        ^^^^^^^^
[INFO] [stdout] 
[INFO] [stdout] 
[INFO] [stdout] warning: variants `Int`, `Double`, `String`, and `Bool` are never constructed
[INFO] [stdout]   --> src/predicates.rs:33:5
[INFO] [stdout]    |
[INFO] [stdout] 32 | pub enum Value{
[INFO] [stdout]    |          ----- variants in this enum
[INFO] [stdout] 33 |     Int(i32),
[INFO] [stdout]    |     ^^^
[INFO] [stdout] 34 |     Double(Double),
[INFO] [stdout]    |     ^^^^^^
[INFO] [stdout] 35 |     String(String),
[INFO] [stdout]    |     ^^^^^^
[INFO] [stdout] 36 |     Bool(bool)
[INFO] [stdout]    |     ^^^^
[INFO] [stdout]    |
[INFO] [stdout]    = note: `Value` has a derived impl for the trait `Debug`, but this is intentionally ignored during dead code analysis
[INFO] [stdout] 
[INFO] [stdout] 
[INFO] [stdout] warning: variants `Equal` and `NotEqual` are never constructed
[INFO] [stdout]   --> src/predicates.rs:47:5
[INFO] [stdout]    |
[INFO] [stdout] 46 | pub enum EqOperation{
[INFO] [stdout]    |          ----------- variants in this enum
[INFO] [stdout] 47 |     Equal,NotEqual
[INFO] [stdout]    |     ^^^^^ ^^^^^^^^
[INFO] [stdout] 
[INFO] [stdout] 
[INFO] [stdout] warning: associated function `new` is never used
[INFO] [stdout]   --> src/predicates.rs:56:12
[INFO] [stdout]    |
[INFO] [stdout] 55 | impl EqualPredicate {
[INFO] [stdout]    | ------------------- associated function in this implementation
[INFO] [stdout] 56 |     pub fn new(constant: Value, operation: EqOperation) -> Self{
[INFO] [stdout]    |            ^^^
[INFO] [stdout] 
[INFO] [stdout] 
[INFO] [stdout] warning: function `equal` is never used
[INFO] [stdout]   --> src/predicates.rs:81:8
[INFO] [stdout]    |
[INFO] [stdout] 81 | pub fn equal(value: Value) -> EqualPredicate{
[INFO] [stdout]    |        ^^^^^
[INFO] [stdout] 
[INFO] [stdout] 
[INFO] [stdout] warning: function `not_equal` is never used
[INFO] [stdout]   --> src/predicates.rs:85:8
[INFO] [stdout]    |
[INFO] [stdout] 85 | pub fn not_equal(value: Value) -> EqualPredicate{
[INFO] [stdout]    |        ^^^^^^^^^
[INFO] [stdout] 
[INFO] [stdout] 
[INFO] [stdout] warning: variants `Greater`, `GreaterEqual`, `LessEqual`, and `Less` are never constructed
[INFO] [stdout]   --> src/predicates.rs:92:5
[INFO] [stdout]    |
[INFO] [stdout] 91 | pub enum OrdOperation{
[INFO] [stdout]    |          ------------ variants in this enum
[INFO] [stdout] 92 |     Greater,GreaterEqual,LessEqual,Less
[INFO] [stdout]    |     ^^^^^^^ ^^^^^^^^^^^^ ^^^^^^^^^ ^^^^
[INFO] [stdout] 
[INFO] [stdout] 
[INFO] [stdout] warning: associated function `new` is never used
[INFO] [stdout]    --> src/predicates.rs:101:12
[INFO] [stdout]     |
[INFO] [stdout] 100 | impl OrdPredicate{
[INFO] [stdout]     | ----------------- associated function in this implementation
[INFO] [stdout] 101 |     pub fn new(constant: Value, operation: OrdOperation) -> Self{
[INFO] [stdout]     |            ^^^
[INFO] [stdout] 
[INFO] [stdout] 
[INFO] [stdout] warning: function `greater` is never used
[INFO] [stdout]    --> src/predicates.rs:127:8
[INFO] [stdout]     |
[INFO] [stdout] 127 | pub fn greater(value: Value) -> OrdPredicate{
[INFO] [stdout]     |        ^^^^^^^
[INFO] [stdout] 
[INFO] [stdout] 
[INFO] [stderr]    Compiling A-Tree v0.1.0 (/opt/rustwide/workdir)
[INFO] [stdout] warning: function `greater_equal` is never used
[INFO] [stdout]    --> src/predicates.rs:131:8
[INFO] [stdout]     |
[INFO] [stdout] 131 | pub fn greater_equal(value: Value) -> OrdPredicate{
[INFO] [stdout]     |        ^^^^^^^^^^^^^
[INFO] [stdout] 
[INFO] [stdout] 
[INFO] [stdout] warning: function `less_equal` is never used
[INFO] [stdout]    --> src/predicates.rs:135:8
[INFO] [stdout]     |
[INFO] [stdout] 135 | pub fn less_equal(value: Value) -> OrdPredicate{
[INFO] [stdout]     |        ^^^^^^^^^^
[INFO] [stdout] 
[INFO] [stdout] 
[INFO] [stdout] warning: function `less` is never used
[INFO] [stdout]    --> src/predicates.rs:139:8
[INFO] [stdout]     |
[INFO] [stdout] 139 | pub fn less(value: Value) -> OrdPredicate{
[INFO] [stdout]     |        ^^^^
[INFO] [stdout] 
[INFO] [stdout] 
[INFO] [stdout] warning: variants `ElementOf` and `NotElementOf` are never constructed
[INFO] [stdout]    --> src/predicates.rs:144:5
[INFO] [stdout]     |
[INFO] [stdout] 143 | pub enum SetOperation{
[INFO] [stdout]     |          ------------ variants in this enum
[INFO] [stdout] 144 |     ElementOf, NotElementOf
[INFO] [stdout]     |     ^^^^^^^^^  ^^^^^^^^^^^^
[INFO] [stdout] 
[INFO] [stdout] 
[INFO] [stdout] warning: associated items `new` and `push` are never used
[INFO] [stdout]    --> src/predicates.rs:153:12
[INFO] [stdout]     |
[INFO] [stdout] 152 | impl SetPredicate{
[INFO] [stdout]     | ----------------- associated items in this implementation
[INFO] [stdout] 153 |     pub fn new(constants: Vec<Value>, operation: SetOperation) -> Self{
[INFO] [stdout]     |            ^^^
[INFO] [stdout] ...
[INFO] [stdout] 160 |     pub fn push(&mut self, value: Value){
[INFO] [stdout]     |            ^^^^
[INFO] [stdout] 
[INFO] [stdout] 
[INFO] [stdout] warning: function `element_of` is never used
[INFO] [stdout]    --> src/predicates.rs:182:8
[INFO] [stdout]     |
[INFO] [stdout] 182 | pub fn element_of(values: Vec<Value>) -> SetPredicate{
[INFO] [stdout]     |        ^^^^^^^^^^
[INFO] [stdout] 
[INFO] [stdout] 
[INFO] [stdout] warning: function `not_element_of` is never used
[INFO] [stdout]    --> src/predicates.rs:186:8
[INFO] [stdout]     |
[INFO] [stdout] 186 | pub fn not_element_of(values: Vec<Value>) -> SetPredicate{
[INFO] [stdout]     |        ^^^^^^^^^^^^^^
[INFO] [stdout] 
[INFO] [stdout] 
[INFO] [stdout] warning: associated function `new` is never used
[INFO] [stdout]    --> src/predicates.rs:196:8
[INFO] [stdout]     |
[INFO] [stdout] 195 | impl BetweenPredicate{
[INFO] [stdout]     | --------------------- associated function in this implementation
[INFO] [stdout] 196 |     fn new(start_constant: Value, end_constant: Value) -> Self{
[INFO] [stdout]     |        ^^^
[INFO] [stdout] 
[INFO] [stdout] 
[INFO] [stdout] warning: function `between` is never used
[INFO] [stdout]    --> src/predicates.rs:217:8
[INFO] [stdout]     |
[INFO] [stdout] 217 | pub fn between(start: Value, end: Value) -> BetweenPredicate{
[INFO] [stdout]     |        ^^^^^^^
[INFO] [stdout] 
[INFO] [stdout] 
[INFO] [stdout] warning: struct `And` is never constructed
[INFO] [stdout]  --> src/predicates/logical_operations.rs:4:8
[INFO] [stdout]   |
[INFO] [stdout] 4 | struct And
[INFO] [stdout]   |        ^^^
[INFO] [stdout] 
[INFO] [stdout] 
[INFO] [stdout] warning: associated function `new` is never used
[INFO] [stdout]   --> src/predicates/logical_operations.rs:11:8
[INFO] [stdout]    |
[INFO] [stdout] 10 | impl And {
[INFO] [stdout]    | -------- associated function in this implementation
[INFO] [stdout] 11 |     fn new(lhs: Box<dyn Predicate>, rhs: Box<dyn Predicate>) -> Self{
[INFO] [stdout]    |        ^^^
[INFO] [stdout] 
[INFO] [stdout] 
[INFO] [stdout] warning: associated function `new` is never used
[INFO] [stdout]   --> src/predicates/logical_operations.rs:36:8
[INFO] [stdout]    |
[INFO] [stdout] 35 | impl Ands {
[INFO] [stdout]    | --------- associated function in this implementation
[INFO] [stdout] 36 |     fn new() -> Self{
[INFO] [stdout]    |        ^^^
[INFO] [stdout] 
[INFO] [stdout] 
[INFO] [stdout] warning: method `with` is never used
[INFO] [stdout]   --> src/predicates/logical_operations.rs:45:8
[INFO] [stdout]    |
[INFO] [stdout] 43 | impl Ands
[INFO] [stdout]    | --------- method in this implementation
[INFO] [stdout] 44 | {
[INFO] [stdout] 45 |     fn with(&mut self, other: impl Predicate + 'static){
[INFO] [stdout]    |        ^^^^
[INFO] [stdout] 
[INFO] [stdout] 
[INFO] [stdout] warning: struct `Or` is never constructed
[INFO] [stdout]   --> src/predicates/logical_operations.rs:72:8
[INFO] [stdout]    |
[INFO] [stdout] 72 | struct Or
[INFO] [stdout]    |        ^^
[INFO] [stdout] 
[INFO] [stdout] 
[INFO] [stdout] warning: associated function `new` is never used
[INFO] [stdout]   --> src/predicates/logical_operations.rs:79:8
[INFO] [stdout]    |
[INFO] [stdout] 78 | impl Or {
[INFO] [stdout]    | ------- associated function in this implementation
[INFO] [stdout] 79 |     fn new(lhs: Box<dyn Predicate>, rhs: Box<dyn Predicate>) -> Self{
[INFO] [stdout]    |        ^^^
[INFO] [stdout] 
[INFO] [stdout] 
[INFO] [stdout] warning: struct `Ors` is never constructed
[INFO] [stdout]   --> src/predicates/logical_operations.rs:98:8
[INFO] [stdout]    |
[INFO] [stdout] 98 | struct Ors {
[INFO] [stdout]    |        ^^^
[INFO] [stdout] 
[INFO] [stdout] 
[INFO] [stdout] warning: associated items `new` and `with` are never used
[INFO] [stdout]    --> src/predicates/logical_operations.rs:103:8
[INFO] [stdout]     |
[INFO] [stdout] 102 | impl Ors {
[INFO] [stdout]     | -------- associated items in this implementation
[INFO] [stdout] 103 |     fn new() -> Self{
[INFO] [stdout]     |        ^^^
[INFO] [stdout] ...
[INFO] [stdout] 109 |     fn with(&mut self, predicate: impl Predicate + 'static){
[INFO] [stdout]     |        ^^^^
[INFO] [stdout] 
[INFO] [stdout] 
[INFO] [stdout] warning: struct `Not` is never constructed
[INFO] [stdout]    --> src/predicates/logical_operations.rs:133:8
[INFO] [stdout]     |
[INFO] [stdout] 133 | struct Not
[INFO] [stdout]     |        ^^^
[INFO] [stdout] 
[INFO] [stdout] 
[INFO] [stdout] warning: associated function `new` is never used
[INFO] [stdout]    --> src/predicates/logical_operations.rs:139:8
[INFO] [stdout]     |
[INFO] [stdout] 138 | impl Not {
[INFO] [stdout]     | -------- associated function in this implementation
[INFO] [stdout] 139 |     fn new(pred: Box<dyn Predicate>) -> Self{
[INFO] [stdout]     |        ^^^
[INFO] [stdout] 
[INFO] [stdout] 
[INFO] [stdout] warning: trait `PredicateOperationExt` is never used
[INFO] [stdout]    --> src/predicates/logical_operations.rs:157:11
[INFO] [stdout]     |
[INFO] [stdout] 157 | pub trait PredicateOperationExt
[INFO] [stdout]     |           ^^^^^^^^^^^^^^^^^^^^^
[INFO] [stdout] 
[INFO] [stdout] 
[INFO] [stdout] warning: function `multiple_and` is never used
[INFO] [stdout]    --> src/predicates/logical_operations.rs:184:4
[INFO] [stdout]     |
[INFO] [stdout] 184 | fn multiple_and() -> Ands {
[INFO] [stdout]     |    ^^^^^^^^^^^^
[INFO] [stdout] 
[INFO] [stdout] 
[INFO] [stdout] warning: crate `A_Tree` should have a snake case name
[INFO] [stdout]   |
[INFO] [stdout]   = help: convert the identifier to snake case: `a_tree`
[INFO] [stdout]   = note: `#[warn(non_snake_case)]` on by default
[INFO] [stdout] 
[INFO] [stdout] 
[INFO] [stdout] warning: type `And` is more private than the item `PredicateOperationExt::and`
[INFO] [stdout]    --> src/predicates/logical_operations.rs:161:5
[INFO] [stdout]     |
[INFO] [stdout] 161 | /     fn and(self, other: impl Predicate + 'static) -> And
[INFO] [stdout] 162 | |     where Self: Sized
[INFO] [stdout]     | |_____________________^ method `PredicateOperationExt::and` is reachable at visibility `pub(crate)`
[INFO] [stdout]     |
[INFO] [stdout] note: but type `And` is only usable at visibility `pub(self)`
[INFO] [stdout]    --> src/predicates/logical_operations.rs:4:1
[INFO] [stdout]     |
[INFO] [stdout] 4   | struct And
[INFO] [stdout]     | ^^^^^^^^^^
[INFO] [stdout]     = note: `#[warn(private_interfaces)]` on by default
[INFO] [stdout] 
[INFO] [stdout] 
[INFO] [stdout] warning: type `Or` is more private than the item `PredicateOperationExt::or`
[INFO] [stdout]    --> src/predicates/logical_operations.rs:167:5
[INFO] [stdout]     |
[INFO] [stdout] 167 | /     fn or(self, other: impl Predicate + 'static) -> Or
[INFO] [stdout] 168 | |     where Self: Sized{
[INFO] [stdout]     | |_____________________^ method `PredicateOperationExt::or` is reachable at visibility `pub(crate)`
[INFO] [stdout]     |
[INFO] [stdout] note: but type `Or` is only usable at visibility `pub(self)`
[INFO] [stdout]    --> src/predicates/logical_operations.rs:72:1
[INFO] [stdout]     |
[INFO] [stdout] 72  | struct Or
[INFO] [stdout]     | ^^^^^^^^^
[INFO] [stdout] 
[INFO] [stdout] 
[INFO] [stdout] warning: type `logical_operations::Not` is more private than the item `PredicateOperationExt::not`
[INFO] [stdout]    --> src/predicates/logical_operations.rs:172:5
[INFO] [stdout]     |
[INFO] [stdout] 172 | /     fn not(self) -> Not
[INFO] [stdout] 173 | |     where Self: Sized{
[INFO] [stdout]     | |_____________________^ method `PredicateOperationExt::not` is reachable at visibility `pub(crate)`
[INFO] [stdout]     |
[INFO] [stdout] note: but type `logical_operations::Not` is only usable at visibility `pub(self)`
[INFO] [stdout]    --> src/predicates/logical_operations.rs:133:1
[INFO] [stdout]     |
[INFO] [stdout] 133 | struct Not
[INFO] [stdout]     | ^^^^^^^^^^
[INFO] [stdout] 
[INFO] [stdout] 
[INFO] [stdout] warning: struct `RootNodeBuilder` is never constructed
[INFO] [stdout]    --> src/lib.rs:314:8
[INFO] [stdout]     |
[INFO] [stdout] 314 | struct RootNodeBuilder{
[INFO] [stdout]     |        ^^^^^^^^^^^^^^^
[INFO] [stdout]     |
[INFO] [stdout]     = note: `#[warn(dead_code)]` on by default
[INFO] [stdout] 
[INFO] [stdout] 
[INFO] [stdout] warning: associated items `and`, `or`, `with_inner_node`, and `with_leaf_node` are never used
[INFO] [stdout]    --> src/lib.rs:321:8
[INFO] [stdout]     |
[INFO] [stdout] 318 | impl RootNodeBuilder{
[INFO] [stdout]     | -------------------- associated items in this implementation
[INFO] [stdout] ...
[INFO] [stdout] 321 |     fn and(id: String) -> Self{
[INFO] [stdout]     |        ^^^
[INFO] [stdout] ...
[INFO] [stdout] 327 |     fn or(id: String,) -> Self{
[INFO] [stdout]     |        ^^
[INFO] [stdout] ...
[INFO] [stdout] 333 |     fn with_inner_node(&mut self, node: InnerNode) -> &mut Self{
[INFO] [stdout]     |        ^^^^^^^^^^^^^^^
[INFO] [stdout] ...
[INFO] [stdout] 340 |     fn with_leaf_node(&mut self, node: LeafNode) -> &mut Self{
[INFO] [stdout]     |        ^^^^^^^^^^^^^^
[INFO] [stdout] 
[INFO] [stdout] 
[INFO] [stdout] warning: associated function `or` is never used
[INFO] [stdout]    --> src/lib.rs:373:8
[INFO] [stdout]     |
[INFO] [stdout] 348 | impl RootNode{
[INFO] [stdout]     | ------------- associated function in this implementation
[INFO] [stdout] ...
[INFO] [stdout] 373 |     fn or(id: String) -> Self {
[INFO] [stdout]     |        ^^
[INFO] [stdout] 
[INFO] [stdout] 
[INFO] [stdout] warning: variants `GreaterEqual`, `LessEqual`, and `Less` are never constructed
[INFO] [stdout]   --> src/predicates.rs:92:13
[INFO] [stdout]    |
[INFO] [stdout] 91 | pub enum OrdOperation{
[INFO] [stdout]    |          ------------ variants in this enum
[INFO] [stdout] 92 |     Greater,GreaterEqual,LessEqual,Less
[INFO] [stdout]    |             ^^^^^^^^^^^^ ^^^^^^^^^ ^^^^
[INFO] [stdout] 
[INFO] [stdout] 
[INFO] [stdout] warning: function `greater_equal` is never used
[INFO] [stdout]    --> src/predicates.rs:131:8
[INFO] [stdout]     |
[INFO] [stdout] 131 | pub fn greater_equal(value: Value) -> OrdPredicate{
[INFO] [stdout]     |        ^^^^^^^^^^^^^
[INFO] [stdout] 
[INFO] [stdout] 
[INFO] [stdout] warning: function `less_equal` is never used
[INFO] [stdout]    --> src/predicates.rs:135:8
[INFO] [stdout]     |
[INFO] [stdout] 135 | pub fn less_equal(value: Value) -> OrdPredicate{
[INFO] [stdout]     |        ^^^^^^^^^^
[INFO] [stdout] 
[INFO] [stdout] 
[INFO] [stdout] warning: function `less` is never used
[INFO] [stdout]    --> src/predicates.rs:139:8
[INFO] [stdout]     |
[INFO] [stdout] 139 | pub fn less(value: Value) -> OrdPredicate{
[INFO] [stdout]     |        ^^^^
[INFO] [stdout] 
[INFO] [stdout] 
[INFO] [stdout] warning: variants `ElementOf` and `NotElementOf` are never constructed
[INFO] [stdout]    --> src/predicates.rs:144:5
[INFO] [stdout]     |
[INFO] [stdout] 143 | pub enum SetOperation{
[INFO] [stdout]     |          ------------ variants in this enum
[INFO] [stdout] 144 |     ElementOf, NotElementOf
[INFO] [stdout]     |     ^^^^^^^^^  ^^^^^^^^^^^^
[INFO] [stdout] 
[INFO] [stdout] 
[INFO] [stdout] warning: associated items `new` and `push` are never used
[INFO] [stdout]    --> src/predicates.rs:153:12
[INFO] [stdout]     |
[INFO] [stdout] 152 | impl SetPredicate{
[INFO] [stdout]     | ----------------- associated items in this implementation
[INFO] [stdout] 153 |     pub fn new(constants: Vec<Value>, operation: SetOperation) -> Self{
[INFO] [stdout]     |            ^^^
[INFO] [stdout] ...
[INFO] [stdout] 160 |     pub fn push(&mut self, value: Value){
[INFO] [stdout]     |            ^^^^
[INFO] [stdout] 
[INFO] [stdout] 
[INFO] [stdout] warning: function `element_of` is never used
[INFO] [stdout]    --> src/predicates.rs:182:8
[INFO] [stdout]     |
[INFO] [stdout] 182 | pub fn element_of(values: Vec<Value>) -> SetPredicate{
[INFO] [stdout]     |        ^^^^^^^^^^
[INFO] [stdout] 
[INFO] [stdout] 
[INFO] [stdout] warning: function `not_element_of` is never used
[INFO] [stdout]    --> src/predicates.rs:186:8
[INFO] [stdout]     |
[INFO] [stdout] 186 | pub fn not_element_of(values: Vec<Value>) -> SetPredicate{
[INFO] [stdout]     |        ^^^^^^^^^^^^^^
[INFO] [stdout] 
[INFO] [stdout] 
[INFO] [stdout] warning: associated function `new` is never used
[INFO] [stdout]    --> src/predicates.rs:196:8
[INFO] [stdout]     |
[INFO] [stdout] 195 | impl BetweenPredicate{
[INFO] [stdout]     | --------------------- associated function in this implementation
[INFO] [stdout] 196 |     fn new(start_constant: Value, end_constant: Value) -> Self{
[INFO] [stdout]     |        ^^^
[INFO] [stdout] 
[INFO] [stdout] 
[INFO] [stdout] warning: function `between` is never used
[INFO] [stdout]    --> src/predicates.rs:217:8
[INFO] [stdout]     |
[INFO] [stdout] 217 | pub fn between(start: Value, end: Value) -> BetweenPredicate{
[INFO] [stdout]     |        ^^^^^^^
[INFO] [stdout] 
[INFO] [stdout] 
[INFO] [stdout] warning: struct `And` is never constructed
[INFO] [stdout]  --> src/predicates/logical_operations.rs:4:8
[INFO] [stdout]   |
[INFO] [stdout] 4 | struct And
[INFO] [stdout]   |        ^^^
[INFO] [stdout] 
[INFO] [stdout] 
[INFO] [stdout] warning: associated function `new` is never used
[INFO] [stdout]   --> src/predicates/logical_operations.rs:11:8
[INFO] [stdout]    |
[INFO] [stdout] 10 | impl And {
[INFO] [stdout]    | -------- associated function in this implementation
[INFO] [stdout] 11 |     fn new(lhs: Box<dyn Predicate>, rhs: Box<dyn Predicate>) -> Self{
[INFO] [stdout]    |        ^^^
[INFO] [stdout] 
[INFO] [stdout] 
[INFO] [stdout] warning: associated function `new` is never used
[INFO] [stdout]   --> src/predicates/logical_operations.rs:36:8
[INFO] [stdout]    |
[INFO] [stdout] 35 | impl Ands {
[INFO] [stdout]    | --------- associated function in this implementation
[INFO] [stdout] 36 |     fn new() -> Self{
[INFO] [stdout]    |        ^^^
[INFO] [stdout] 
[INFO] [stdout] 
[INFO] [stdout] warning: method `with` is never used
[INFO] [stdout]   --> src/predicates/logical_operations.rs:45:8
[INFO] [stdout]    |
[INFO] [stdout] 43 | impl Ands
[INFO] [stdout]    | --------- method in this implementation
[INFO] [stdout] 44 | {
[INFO] [stdout] 45 |     fn with(&mut self, other: impl Predicate + 'static){
[INFO] [stdout]    |        ^^^^
[INFO] [stdout] 
[INFO] [stdout] 
[INFO] [stdout] warning: struct `Or` is never constructed
[INFO] [stdout]   --> src/predicates/logical_operations.rs:72:8
[INFO] [stdout]    |
[INFO] [stdout] 72 | struct Or
[INFO] [stdout]    |        ^^
[INFO] [stdout] 
[INFO] [stdout] 
[INFO] [stdout] warning: associated function `new` is never used
[INFO] [stdout]   --> src/predicates/logical_operations.rs:79:8
[INFO] [stdout]    |
[INFO] [stdout] 78 | impl Or {
[INFO] [stdout]    | ------- associated function in this implementation
[INFO] [stdout] 79 |     fn new(lhs: Box<dyn Predicate>, rhs: Box<dyn Predicate>) -> Self{
[INFO] [stdout]    |        ^^^
[INFO] [stdout] 
[INFO] [stdout] 
[INFO] [stdout] warning: struct `Ors` is never constructed
[INFO] [stdout]   --> src/predicates/logical_operations.rs:98:8
[INFO] [stdout]    |
[INFO] [stdout] 98 | struct Ors {
[INFO] [stdout]    |        ^^^
[INFO] [stdout] 
[INFO] [stdout] 
[INFO] [stdout] warning: associated items `new` and `with` are never used
[INFO] [stdout]    --> src/predicates/logical_operations.rs:103:8
[INFO] [stdout]     |
[INFO] [stdout] 102 | impl Ors {
[INFO] [stdout]     | -------- associated items in this implementation
[INFO] [stdout] 103 |     fn new() -> Self{
[INFO] [stdout]     |        ^^^
[INFO] [stdout] ...
[INFO] [stdout] 109 |     fn with(&mut self, predicate: impl Predicate + 'static){
[INFO] [stdout]     |        ^^^^
[INFO] [stdout] 
[INFO] [stdout] 
[INFO] [stdout] warning: struct `Not` is never constructed
[INFO] [stdout]    --> src/predicates/logical_operations.rs:133:8
[INFO] [stdout]     |
[INFO] [stdout] 133 | struct Not
[INFO] [stdout]     |        ^^^
[INFO] [stdout] 
[INFO] [stdout] 
[INFO] [stdout] warning: associated function `new` is never used
[INFO] [stdout]    --> src/predicates/logical_operations.rs:139:8
[INFO] [stdout]     |
[INFO] [stdout] 138 | impl Not {
[INFO] [stdout]     | -------- associated function in this implementation
[INFO] [stdout] 139 |     fn new(pred: Box<dyn Predicate>) -> Self{
[INFO] [stdout]     |        ^^^
[INFO] [stdout] 
[INFO] [stdout] 
[INFO] [stdout] warning: trait `PredicateOperationExt` is never used
[INFO] [stdout]    --> src/predicates/logical_operations.rs:157:11
[INFO] [stdout]     |
[INFO] [stdout] 157 | pub trait PredicateOperationExt
[INFO] [stdout]     |           ^^^^^^^^^^^^^^^^^^^^^
[INFO] [stdout] 
[INFO] [stdout] 
[INFO] [stdout] warning: function `multiple_and` is never used
[INFO] [stdout]    --> src/predicates/logical_operations.rs:184:4
[INFO] [stdout]     |
[INFO] [stdout] 184 | fn multiple_and() -> Ands {
[INFO] [stdout]     |    ^^^^^^^^^^^^
[INFO] [stdout] 
[INFO] [stdout] 
[INFO] [stderr]     Finished `test` profile [unoptimized + debuginfo] target(s) in 0.81s
[INFO] running `Command { std: "docker" "inspect" "259799c254884478048d64b1906944df8a7526380111d6c92671fc9753c956e0", kill_on_drop: false }`
[INFO] running `Command { std: "docker" "rm" "-f" "259799c254884478048d64b1906944df8a7526380111d6c92671fc9753c956e0", kill_on_drop: false }`
[INFO] [stdout] 259799c254884478048d64b1906944df8a7526380111d6c92671fc9753c956e0
[INFO] running `Command { std: "docker" "create" "-v" "/var/lib/crater-agent-workspace/builds/worker-7-tc2/target:/opt/rustwide/target:rw,Z" "-v" "/var/lib/crater-agent-workspace/builds/worker-7-tc2/source:/opt/rustwide/workdir:ro,Z" "-v" "/var/lib/crater-agent-workspace/cargo-home:/opt/rustwide/cargo-home:ro,Z" "-v" "/var/lib/crater-agent-workspace/rustup-home:/opt/rustwide/rustup-home:ro,Z" "-e" "SOURCE_DIR=/opt/rustwide/workdir" "-e" "CARGO_TARGET_DIR=/opt/rustwide/target" "-e" "CARGO_INCREMENTAL=0" "-e" "RUST_BACKTRACE=full" "-e" "RUSTFLAGS=--cap-lints=warn" "-e" "RUSTDOCFLAGS=--cap-lints=warn" "-e" "CARGO_HOME=/opt/rustwide/cargo-home" "-e" "RUSTUP_HOME=/opt/rustwide/rustup-home" "-w" "/opt/rustwide/workdir" "-m" "1610612736" "--user" "0:0" "--network" "none" "ghcr.io/rust-lang/crates-build-env/linux@sha256:f3a9d4ad9d972b27faf3965f35b62e55ba32bbce8f20bc8fe909558a86702fde" "/opt/rustwide/cargo-home/bin/cargo" "+beta-2024-12-08" "test" "--frozen", kill_on_drop: false }`
[INFO] [stdout] 833405a7ed69191af1f992d8968923c0ab8b7d5a4abe9f0f8e1e80c685ff02ef
[INFO] running `Command { std: "docker" "start" "-a" "833405a7ed69191af1f992d8968923c0ab8b7d5a4abe9f0f8e1e80c685ff02ef", kill_on_drop: false }`
[INFO] [stderr] warning: type `And` is more private than the item `PredicateOperationExt::and`
[INFO] [stderr]    --> src/predicates/logical_operations.rs:161:5
[INFO] [stderr]     |
[INFO] [stderr] 161 | /     fn and(self, other: impl Predicate + 'static) -> And
[INFO] [stderr] 162 | |     where Self: Sized
[INFO] [stderr]     | |_____________________^ method `PredicateOperationExt::and` is reachable at visibility `pub(crate)`
[INFO] [stderr]     |
[INFO] [stderr] note: but type `And` is only usable at visibility `pub(self)`
[INFO] [stderr]    --> src/predicates/logical_operations.rs:4:1
[INFO] [stderr]     |
[INFO] [stderr] 4   | struct And
[INFO] [stderr]     | ^^^^^^^^^^
[INFO] [stderr]     = note: `#[warn(private_interfaces)]` on by default
[INFO] [stderr] 
[INFO] [stderr] warning: type `Or` is more private than the item `PredicateOperationExt::or`
[INFO] [stderr]    --> src/predicates/logical_operations.rs:167:5
[INFO] [stderr]     |
[INFO] [stderr] 167 | /     fn or(self, other: impl Predicate + 'static) -> Or
[INFO] [stderr] 168 | |     where Self: Sized{
[INFO] [stderr]     | |_____________________^ method `PredicateOperationExt::or` is reachable at visibility `pub(crate)`
[INFO] [stderr]     |
[INFO] [stderr] note: but type `Or` is only usable at visibility `pub(self)`
[INFO] [stderr]    --> src/predicates/logical_operations.rs:72:1
[INFO] [stderr]     |
[INFO] [stderr] 72  | struct Or
[INFO] [stderr]     | ^^^^^^^^^
[INFO] [stderr] 
[INFO] [stderr] warning: type `logical_operations::Not` is more private than the item `PredicateOperationExt::not`
[INFO] [stderr]    --> src/predicates/logical_operations.rs:172:5
[INFO] [stderr]     |
[INFO] [stderr] 172 | /     fn not(self) -> Not
[INFO] [stderr] 173 | |     where Self: Sized{
[INFO] [stderr]     | |_____________________^ method `PredicateOperationExt::not` is reachable at visibility `pub(crate)`
[INFO] [stderr]     |
[INFO] [stderr] note: but type `logical_operations::Not` is only usable at visibility `pub(self)`
[INFO] [stderr]    --> src/predicates/logical_operations.rs:133:1
[INFO] [stderr]     |
[INFO] [stderr] 133 | struct Not
[INFO] [stderr]     | ^^^^^^^^^^
[INFO] [stderr] 
[INFO] [stderr] warning: variants `LeafNodeType`, `InnerNodeType`, and `RootNodeType` are never constructed
[INFO] [stderr]   --> src/lib.rs:13:5
[INFO] [stderr]    |
[INFO] [stderr] 12 | enum NodeType {
[INFO] [stderr]    |      -------- variants in this enum
[INFO] [stderr] 13 |     LeafNodeType(LeafNode),
[INFO] [stderr]    |     ^^^^^^^^^^^^
[INFO] [stderr] 14 |     InnerNodeType(InnerNode),
[INFO] [stderr]    |     ^^^^^^^^^^^^^
[INFO] [stderr] 15 |     RootNodeType(RootNode)
[INFO] [stderr]    |     ^^^^^^^^^^^^
[INFO] [stderr]    |
[INFO] [stderr]    = note: `NodeType` has derived impls for the traits `Clone` and `Debug`, but these are intentionally ignored during dead code analysis
[INFO] [stderr]    = note: `#[warn(dead_code)]` on by default
[INFO] [stderr] 
[INFO] [stderr] warning: associated functions `new_leaf`, `new_inner`, and `new_root` are never used
[INFO] [stderr]   --> src/lib.rs:19:8
[INFO] [stderr]    |
[INFO] [stderr] 18 | impl NodeType{
[INFO] [stderr]    | ------------- associated functions in this implementation
[INFO] [stderr] 19 |     fn new_leaf(node: LeafNode) -> ArcNodeLink{
[INFO] [stderr]    |        ^^^^^^^^
[INFO] [stderr] ...
[INFO] [stderr] 23 |     fn new_inner(node: InnerNode) -> ArcNodeLink{
[INFO] [stderr]    |        ^^^^^^^^^
[INFO] [stderr] ...
[INFO] [stderr] 27 |     fn new_root(node: RootNode) -> ArcNodeLink{
[INFO] [stderr]    |        ^^^^^^^^
[INFO] [stderr] 
[INFO] [stderr] warning: variants `And` and `Or` are never constructed
[INFO] [stderr]    --> src/lib.rs:104:5
[INFO] [stderr]     |
[INFO] [stderr] 103 | enum LogOperation{
[INFO] [stderr]     |      ------------ variants in this enum
[INFO] [stderr] 104 |     And,Or
[INFO] [stderr]     |     ^^^ ^^
[INFO] [stderr]     |
[INFO] [stderr]     = note: `LogOperation` has derived impls for the traits `Clone` and `Debug`, but these are intentionally ignored during dead code analysis
[INFO] [stderr] 
[INFO] [stderr] warning: trait `Node` is never used
[INFO] [stderr]    --> src/lib.rs:108:7
[INFO] [stderr]     |
[INFO] [stderr] 108 | trait Node{
[INFO] [stderr]     |       ^^^^
[INFO] [stderr] 
[INFO] [stderr] warning: fields `predicate_id`, `parents`, and `result` are never read
[INFO] [stderr]    --> src/lib.rs:130:5
[INFO] [stderr]     |
[INFO] [stderr] 129 | struct LeafNode{
[INFO] [stderr]     |        -------- fields in this struct
[INFO] [stderr] 130 |     predicate_id: u64,
[INFO] [stderr]     |     ^^^^^^^^^^^^
[INFO] [stderr] 131 |     parents: Vec<ArcNodeLink>,
[INFO] [stderr]     |     ^^^^^^^
[INFO] [stderr] 132 |     pub result: Option<bool>
[INFO] [stderr]     |         ^^^^^^
[INFO] [stderr]     |
[INFO] [stderr]     = note: `LeafNode` has derived impls for the traits `Clone` and `Debug`, but these are intentionally ignored during dead code analysis
[INFO] [stderr] 
[INFO] [stderr] warning: associated function `new` is never used
[INFO] [stderr]    --> src/lib.rs:136:8
[INFO] [stderr]     |
[INFO] [stderr] 135 | impl LeafNode{
[INFO] [stderr]     | ------------- associated function in this implementation
[INFO] [stderr] 136 |     fn new(predicate_id: u64) -> Self{
[INFO] [stderr]     |        ^^^
[INFO] [stderr] 
[INFO] [stderr] warning: fields `log_operation`, `parents`, `childrens`, and `operands` are never read
[INFO] [stderr]    --> src/lib.rs:187:9
[INFO] [stderr]     |
[INFO] [stderr] 186 | struct InnerNode{
[INFO] [stderr]     |        --------- fields in this struct
[INFO] [stderr] 187 |     pub log_operation: LogOperation,
[INFO] [stderr]     |         ^^^^^^^^^^^^^
[INFO] [stderr] 188 |     parents: Vec<ArcNodeLink>,
[INFO] [stderr]     |     ^^^^^^^
[INFO] [stderr] 189 |     childrens: Vec<ArcNodeLink>,
[INFO] [stderr]     |     ^^^^^^^^^
[INFO] [stderr] 190 |     pub operands: Vec<Option<bool>>
[INFO] [stderr]     |         ^^^^^^^^
[INFO] [stderr]     |
[INFO] [stderr]     = note: `InnerNode` has derived impls for the traits `Clone` and `Debug`, but these are intentionally ignored during dead code analysis
[INFO] [stderr] 
[INFO] [stderr] warning: associated functions `new`, `and`, and `or` are never used
[INFO] [stderr]    --> src/lib.rs:194:8
[INFO] [stderr]     |
[INFO] [stderr] 193 | impl InnerNode{
[INFO] [stderr]     | -------------- associated functions in this implementation
[INFO] [stderr] 194 |     fn new(log_operation: LogOperation) -> Self{
[INFO] [stderr]     |        ^^^
[INFO] [stderr] ...
[INFO] [stderr] 203 |     fn and() -> Self {
[INFO] [stderr]     |        ^^^
[INFO] [stderr] ...
[INFO] [stderr] 212 |     fn or() -> Self {
[INFO] [stderr]     |        ^^
[INFO] [stderr] 
[INFO] [stderr] warning: fields `childrens`, `log_operation`, `operands`, `ids`, and `id` are never read
[INFO] [stderr]    --> src/lib.rs:307:5
[INFO] [stderr]     |
[INFO] [stderr] 306 | struct RootNode{
[INFO] [stderr]     |        -------- fields in this struct
[INFO] [stderr] 307 |     childrens: Vec<ArcNodeLink>,
[INFO] [stderr]     |     ^^^^^^^^^
[INFO] [stderr] 308 |     pub log_operation: LogOperation,
[INFO] [stderr]     |         ^^^^^^^^^^^^^
[INFO] [stderr] 309 |     pub operands: Vec<Option<bool>>,
[INFO] [stderr]     |         ^^^^^^^^
[INFO] [stderr] 310 |     pub ids: HashSet<String>,
[INFO] [stderr]     |         ^^^
[INFO] [stderr] 311 |     pub id: String,
[INFO] [stderr]     |         ^^
[INFO] [stderr]     |
[INFO] [stderr]     = note: `RootNode` has derived impls for the traits `Clone` and `Debug`, but these are intentionally ignored during dead code analysis
[INFO] [stderr] 
[INFO] [stderr] warning: struct `RootNodeBuilder` is never constructed
[INFO] [stderr]    --> src/lib.rs:314:8
[INFO] [stderr]     |
[INFO] [stderr] 314 | struct RootNodeBuilder{
[INFO] [stderr]     |        ^^^^^^^^^^^^^^^
[INFO] [stderr] 
[INFO] [stderr] warning: associated items `and`, `or`, `with_inner_node`, and `with_leaf_node` are never used
[INFO] [stderr]    --> src/lib.rs:321:8
[INFO] [stderr]     |
[INFO] [stderr] 318 | impl RootNodeBuilder{
[INFO] [stderr]     | -------------------- associated items in this implementation
[INFO] [stderr] ...
[INFO] [stderr] 321 |     fn and(id: String) -> Self{
[INFO] [stderr]     |        ^^^
[INFO] [stderr] ...
[INFO] [stderr] 327 |     fn or(id: String,) -> Self{
[INFO] [stderr]     |        ^^
[INFO] [stderr] ...
[INFO] [stderr] 333 |     fn with_inner_node(&mut self, node: InnerNode) -> &mut Self{
[INFO] [stderr]     |        ^^^^^^^^^^^^^^^
[INFO] [stderr] ...
[INFO] [stderr] 340 |     fn with_leaf_node(&mut self, node: LeafNode) -> &mut Self{
[INFO] [stderr]     |        ^^^^^^^^^^^^^^
[INFO] [stderr] 
[INFO] [stderr] warning: associated functions `new`, `and`, and `or` are never used
[INFO] [stderr]    --> src/lib.rs:349:8
[INFO] [stderr]     |
[INFO] [stderr] 348 | impl RootNode{
[INFO] [stderr]     | ------------- associated functions in this implementation
[INFO] [stderr] 349 |     fn new(id: String, log_operation: LogOperation) -> Self{
[INFO] [stderr]     |        ^^^
[INFO] [stderr] ...
[INFO] [stderr] 361 |     fn and(id: String) -> Self {
[INFO] [stderr]     |        ^^^
[INFO] [stderr] ...
[INFO] [stderr] 373 |     fn or(id: String) -> Self {
[INFO] [stderr]     |        ^^
[INFO] [stderr] 
[INFO] [stderr] warning: function `add_children` is never used
[INFO] [stderr]    --> src/lib.rs:471:4
[INFO] [stderr]     |
[INFO] [stderr] 471 | fn add_children(node: &mut ArcNodeLink, children: &mut ArcNodeLink){
[INFO] [stderr]     |    ^^^^^^^^^^^^
[INFO] [stderr] 
[INFO] [stderr] warning: struct `PredResult` is never constructed
[INFO] [stderr]    --> src/lib.rs:476:8
[INFO] [stderr]     |
[INFO] [stderr] 476 | struct PredResult{
[INFO] [stderr]     |        ^^^^^^^^^^
[INFO] [stderr] 
[INFO] [stderr] warning: struct `ATree` is never constructed
[INFO] [stderr]    --> src/lib.rs:482:8
[INFO] [stderr]     |
[INFO] [stderr] 482 | struct ATree{
[INFO] [stderr]     |        ^^^^^
[INFO] [stderr] 
[INFO] [stderr] warning: associated items `new`, `len`, `insert`, `get_m`, `matches`, and `create_new_node` are never used
[INFO] [stderr]    --> src/lib.rs:490:8
[INFO] [stderr]     |
[INFO] [stderr] 488 | impl ATree{
[INFO] [stderr]     | ---------- associated items in this implementation
[INFO] [stderr] 489 |
[INFO] [stderr] 490 |     fn new() -> Self{
[INFO] [stderr]     |        ^^^
[INFO] [stderr] ...
[INFO] [stderr] 496 |     fn len(&self) -> usize{
[INFO] [stderr]     |        ^^^
[INFO] [stderr] ...
[INFO] [stderr] 500 |     pub fn insert(&mut self, node: ArcNodeLink) -> ArcNodeLink{
[INFO] [stderr]     |            ^^^^^^
[INFO] [stderr] ...
[INFO] [stderr] 527 |     pub fn get_m(&self) -> u32{
[INFO] [stderr]     |            ^^^^^
[INFO] [stderr] ...
[INFO] [stderr] 536 |     pub fn matches(&mut self, predicates: &[PredResult]) -> HashSet<String> {
[INFO] [stderr]     |            ^^^^^^^
[INFO] [stderr] ...
[INFO] [stderr] 605 |     fn create_new_node(&mut self, node: &ArcNodeLink, child_nodes: &mut [ArcNodeLink]) -> ArcNodeLink{
[INFO] [stderr]     |        ^^^^^^^^^^^^^^^
[INFO] [stderr] 
[INFO] [stderr] warning: struct `EventValue` is never constructed
[INFO] [stderr]    --> src/lib.rs:634:8
[INFO] [stderr]     |
[INFO] [stderr] 634 | struct EventValue{
[INFO] [stderr]     |        ^^^^^^^^^^
[INFO] [stderr] 
[INFO] [stderr] warning: struct `Event` is never constructed
[INFO] [stderr]    --> src/lib.rs:639:8
[INFO] [stderr]     |
[INFO] [stderr] 639 | struct Event{
[INFO] [stderr]     |        ^^^^^
[INFO] [stderr] 
[INFO] [stderr] warning: struct `PredicateStore` is never constructed
[INFO] [stderr]    --> src/lib.rs:644:8
[INFO] [stderr]     |
[INFO] [stderr] 644 | struct PredicateStore{
[INFO] [stderr]     |        ^^^^^^^^^^^^^^
[INFO] [stderr] 
[INFO] [stderr] warning: associated items `new`, `add`, and `evaluate` are never used
[INFO] [stderr]    --> src/lib.rs:651:8
[INFO] [stderr]     |
[INFO] [stderr] 649 | impl PredicateStore {
[INFO] [stderr]     | ------------------- associated items in this implementation
[INFO] [stderr] 650 |
[INFO] [stderr] 651 |     fn new() -> Self{
[INFO] [stderr]     |        ^^^
[INFO] [stderr] ...
[INFO] [stderr] 657 |     fn add(&mut self, attribute: String, p: impl Predicate + 'static) -> u64 {
[INFO] [stderr]     |        ^^^
[INFO] [stderr] ...
[INFO] [stderr] 664 |     fn evaluate(&self, event: &Event) -> Vec<PredResult> {
[INFO] [stderr]     |        ^^^^^^^^
[INFO] [stderr] 
[INFO] [stderr] warning: variants `Int`, `Double`, `String`, and `Bool` are never constructed
[INFO] [stderr]   --> src/predicates.rs:33:5
[INFO] [stderr]    |
[INFO] [stderr] 32 | pub enum Value{
[INFO] [stderr]    |          ----- variants in this enum
[INFO] [stderr] 33 |     Int(i32),
[INFO] [stderr]    |     ^^^
[INFO] [stderr] 34 |     Double(Double),
[INFO] [stderr]    |     ^^^^^^
[INFO] [stderr] 35 |     String(String),
[INFO] [stderr]    |     ^^^^^^
[INFO] [stderr] 36 |     Bool(bool)
[INFO] [stderr]    |     ^^^^
[INFO] [stderr]    |
[INFO] [stderr]    = note: `Value` has a derived impl for the trait `Debug`, but this is intentionally ignored during dead code analysis
[INFO] [stderr] 
[INFO] [stderr] warning: variants `Equal` and `NotEqual` are never constructed
[INFO] [stderr]   --> src/predicates.rs:47:5
[INFO] [stderr]    |
[INFO] [stderr] 46 | pub enum EqOperation{
[INFO] [stderr]    |          ----------- variants in this enum
[INFO] [stderr] 47 |     Equal,NotEqual
[INFO] [stderr]    |     ^^^^^ ^^^^^^^^
[INFO] [stderr] 
[INFO] [stderr] warning: associated function `new` is never used
[INFO] [stderr]   --> src/predicates.rs:56:12
[INFO] [stderr]    |
[INFO] [stderr] 55 | impl EqualPredicate {
[INFO] [stderr]    | ------------------- associated function in this implementation
[INFO] [stderr] 56 |     pub fn new(constant: Value, operation: EqOperation) -> Self{
[INFO] [stderr]    |            ^^^
[INFO] [stderr] 
[INFO] [stderr] warning: function `equal` is never used
[INFO] [stderr]   --> src/predicates.rs:81:8
[INFO] [stderr]    |
[INFO] [stderr] 81 | pub fn equal(value: Value) -> EqualPredicate{
[INFO] [stderr]    |        ^^^^^
[INFO] [stderr] 
[INFO] [stderr] warning: function `not_equal` is never used
[INFO] [stderr]   --> src/predicates.rs:85:8
[INFO] [stderr]    |
[INFO] [stderr] 85 | pub fn not_equal(value: Value) -> EqualPredicate{
[INFO] [stderr]    |        ^^^^^^^^^
[INFO] [stderr] 
[INFO] [stderr] warning: variants `Greater`, `GreaterEqual`, `LessEqual`, and `Less` are never constructed
[INFO] [stderr]   --> src/predicates.rs:92:5
[INFO] [stderr]    |
[INFO] [stderr] 91 | pub enum OrdOperation{
[INFO] [stderr]    |          ------------ variants in this enum
[INFO] [stderr] 92 |     Greater,GreaterEqual,LessEqual,Less
[INFO] [stderr]    |     ^^^^^^^ ^^^^^^^^^^^^ ^^^^^^^^^ ^^^^
[INFO] [stderr] 
[INFO] [stderr] warning: associated function `new` is never used
[INFO] [stderr]    --> src/predicates.rs:101:12
[INFO] [stderr]     |
[INFO] [stderr] 100 | impl OrdPredicate{
[INFO] [stderr]     | ----------------- associated function in this implementation
[INFO] [stderr] 101 |     pub fn new(constant: Value, operation: OrdOperation) -> Self{
[INFO] [stderr]     |            ^^^
[INFO] [stderr] 
[INFO] [stderr] warning: function `greater` is never used
[INFO] [stderr]    --> src/predicates.rs:127:8
[INFO] [stderr]     |
[INFO] [stderr] 127 | pub fn greater(value: Value) -> OrdPredicate{
[INFO] [stderr]     |        ^^^^^^^
[INFO] [stderr] 
[INFO] [stderr] warning: function `greater_equal` is never used
[INFO] [stderr]    --> src/predicates.rs:131:8
[INFO] [stderr]     |
[INFO] [stderr] 131 | pub fn greater_equal(value: Value) -> OrdPredicate{
[INFO] [stderr]     |        ^^^^^^^^^^^^^
[INFO] [stderr] 
[INFO] [stderr] warning: function `less_equal` is never used
[INFO] [stderr]    --> src/predicates.rs:135:8
[INFO] [stderr]     |
[INFO] [stderr] 135 | pub fn less_equal(value: Value) -> OrdPredicate{
[INFO] [stderr]     |        ^^^^^^^^^^
[INFO] [stderr] 
[INFO] [stderr] warning: function `less` is never used
[INFO] [stderr]    --> src/predicates.rs:139:8
[INFO] [stderr]     |
[INFO] [stderr] 139 | pub fn less(value: Value) -> OrdPredicate{
[INFO] [stderr]     |        ^^^^
[INFO] [stderr] 
[INFO] [stderr] warning: variants `ElementOf` and `NotElementOf` are never constructed
[INFO] [stderr]    --> src/predicates.rs:144:5
[INFO] [stderr]     |
[INFO] [stderr] 143 | pub enum SetOperation{
[INFO] [stderr]     |          ------------ variants in this enum
[INFO] [stderr] 144 |     ElementOf, NotElementOf
[INFO] [stderr]     |     ^^^^^^^^^  ^^^^^^^^^^^^
[INFO] [stderr] 
[INFO] [stderr] warning: associated items `new` and `push` are never used
[INFO] [stderr]    --> src/predicates.rs:153:12
[INFO] [stderr]     |
[INFO] [stderr] 152 | impl SetPredicate{
[INFO] [stderr]     | ----------------- associated items in this implementation
[INFO] [stderr] 153 |     pub fn new(constants: Vec<Value>, operation: SetOperation) -> Self{
[INFO] [stderr]     |            ^^^
[INFO] [stderr] ...
[INFO] [stderr] 160 |     pub fn push(&mut self, value: Value){
[INFO] [stderr]     |            ^^^^
[INFO] [stderr] 
[INFO] [stderr] warning: function `element_of` is never used
[INFO] [stderr]    --> src/predicates.rs:182:8
[INFO] [stderr]     |
[INFO] [stderr] 182 | pub fn element_of(values: Vec<Value>) -> SetPredicate{
[INFO] [stderr]     |        ^^^^^^^^^^
[INFO] [stderr] 
[INFO] [stderr] warning: function `not_element_of` is never used
[INFO] [stderr]    --> src/predicates.rs:186:8
[INFO] [stderr]     |
[INFO] [stderr] 186 | pub fn not_element_of(values: Vec<Value>) -> SetPredicate{
[INFO] [stderr]     |        ^^^^^^^^^^^^^^
[INFO] [stderr] 
[INFO] [stderr] warning: associated function `new` is never used
[INFO] [stderr]    --> src/predicates.rs:196:8
[INFO] [stderr]     |
[INFO] [stderr] 195 | impl BetweenPredicate{
[INFO] [stderr]     | --------------------- associated function in this implementation
[INFO] [stderr] 196 |     fn new(start_constant: Value, end_constant: Value) -> Self{
[INFO] [stderr]     |        ^^^
[INFO] [stderr] 
[INFO] [stderr] warning: function `between` is never used
[INFO] [stderr]    --> src/predicates.rs:217:8
[INFO] [stderr]     |
[INFO] [stderr] 217 | pub fn between(start: Value, end: Value) -> BetweenPredicate{
[INFO] [stderr]     |        ^^^^^^^
[INFO] [stderr] 
[INFO] [stderr] warning: struct `And` is never constructed
[INFO] [stderr]  --> src/predicates/logical_operations.rs:4:8
[INFO] [stderr]   |
[INFO] [stderr] 4 | struct And
[INFO] [stderr]   |        ^^^
[INFO] [stderr] 
[INFO] [stderr] warning: associated function `new` is never used
[INFO] [stderr]   --> src/predicates/logical_operations.rs:11:8
[INFO] [stderr]    |
[INFO] [stderr] 10 | impl And {
[INFO] [stderr]    | -------- associated function in this implementation
[INFO] [stderr] 11 |     fn new(lhs: Box<dyn Predicate>, rhs: Box<dyn Predicate>) -> Self{
[INFO] [stderr]    |        ^^^
[INFO] [stderr] 
[INFO] [stderr] warning: associated function `new` is never used
[INFO] [stderr]   --> src/predicates/logical_operations.rs:36:8
[INFO] [stderr]    |
[INFO] [stderr] 35 | impl Ands {
[INFO] [stderr]    | --------- associated function in this implementation
[INFO] [stderr] 36 |     fn new() -> Self{
[INFO] [stderr]    |        ^^^
[INFO] [stderr] 
[INFO] [stderr] warning: method `with` is never used
[INFO] [stderr]   --> src/predicates/logical_operations.rs:45:8
[INFO] [stderr]    |
[INFO] [stderr] 43 | impl Ands
[INFO] [stderr]    | --------- method in this implementation
[INFO] [stderr] 44 | {
[INFO] [stderr] 45 |     fn with(&mut self, other: impl Predicate + 'static){
[INFO] [stderr]    |        ^^^^
[INFO] [stderr] 
[INFO] [stderr] warning: struct `Or` is never constructed
[INFO] [stderr]   --> src/predicates/logical_operations.rs:72:8
[INFO] [stderr]    |
[INFO] [stderr] 72 | struct Or
[INFO] [stderr]    |        ^^
[INFO] [stderr] 
[INFO] [stderr] warning: associated function `new` is never used
[INFO] [stderr]   --> src/predicates/logical_operations.rs:79:8
[INFO] [stderr]    |
[INFO] [stderr] 78 | impl Or {
[INFO] [stderr]    | ------- associated function in this implementation
[INFO] [stderr] 79 |     fn new(lhs: Box<dyn Predicate>, rhs: Box<dyn Predicate>) -> Self{
[INFO] [stderr]    |        ^^^
[INFO] [stderr] 
[INFO] [stderr] warning: struct `Ors` is never constructed
[INFO] [stderr]   --> src/predicates/logical_operations.rs:98:8
[INFO] [stderr]    |
[INFO] [stderr] 98 | struct Ors {
[INFO] [stderr]    |        ^^^
[INFO] [stderr] 
[INFO] [stderr] warning: associated items `new` and `with` are never used
[INFO] [stderr]    --> src/predicates/logical_operations.rs:103:8
[INFO] [stderr]     |
[INFO] [stderr] 102 | impl Ors {
[INFO] [stderr]     | -------- associated items in this implementation
[INFO] [stderr] 103 |     fn new() -> Self{
[INFO] [stderr]     |        ^^^
[INFO] [stderr] ...
[INFO] [stderr] 109 |     fn with(&mut self, predicate: impl Predicate + 'static){
[INFO] [stderr]     |        ^^^^
[INFO] [stderr] 
[INFO] [stderr] warning: struct `Not` is never constructed
[INFO] [stderr]    --> src/predicates/logical_operations.rs:133:8
[INFO] [stderr]     |
[INFO] [stderr] 133 | struct Not
[INFO] [stderr]     |        ^^^
[INFO] [stderr] 
[INFO] [stderr] warning: associated function `new` is never used
[INFO] [stderr]    --> src/predicates/logical_operations.rs:139:8
[INFO] [stderr]     |
[INFO] [stderr] 138 | impl Not {
[INFO] [stderr]     | -------- associated function in this implementation
[INFO] [stderr] 139 |     fn new(pred: Box<dyn Predicate>) -> Self{
[INFO] [stderr]     |        ^^^
[INFO] [stderr] 
[INFO] [stderr] warning: trait `PredicateOperationExt` is never used
[INFO] [stderr]    --> src/predicates/logical_operations.rs:157:11
[INFO] [stderr]     |
[INFO] [stderr] 157 | pub trait PredicateOperationExt
[INFO] [stderr]     |           ^^^^^^^^^^^^^^^^^^^^^
[INFO] [stderr] 
[INFO] [stderr] warning: function `multiple_and` is never used
[INFO] [stderr]    --> src/predicates/logical_operations.rs:184:4
[INFO] [stderr]     |
[INFO] [stderr] 184 | fn multiple_and() -> Ands {
[INFO] [stderr]     |    ^^^^^^^^^^^^
[INFO] [stderr] 
[INFO] [stderr] warning: crate `A_Tree` should have a snake case name
[INFO] [stderr]   |
[INFO] [stderr]   = help: convert the identifier to snake case: `a_tree`
[INFO] [stderr]   = note: `#[warn(non_snake_case)]` on by default
[INFO] [stderr] 
[INFO] [stderr] warning: `A-Tree` (lib) generated 53 warnings
[INFO] [stderr] warning: struct `RootNodeBuilder` is never constructed
[INFO] [stderr]    --> src/lib.rs:314:8
[INFO] [stderr]     |
[INFO] [stderr] 314 | struct RootNodeBuilder{
[INFO] [stderr]     |        ^^^^^^^^^^^^^^^
[INFO] [stderr]     |
[INFO] [stderr]     = note: `#[warn(dead_code)]` on by default
[INFO] [stderr] 
[INFO] [stderr] warning: associated function `or` is never used
[INFO] [stderr]    --> src/lib.rs:373:8
[INFO] [stderr]     |
[INFO] [stderr] 348 | impl RootNode{
[INFO] [stderr]     | ------------- associated function in this implementation
[INFO] [stderr] ...
[INFO] [stderr] 373 |     fn or(id: String) -> Self {
[INFO] [stderr]     |        ^^
[INFO] [stderr] 
[INFO] [stderr] warning: variants `GreaterEqual`, `LessEqual`, and `Less` are never constructed
[INFO] [stderr]   --> src/predicates.rs:92:13
[INFO] [stderr]    |
[INFO] [stderr] 91 | pub enum OrdOperation{
[INFO] [stderr]    |          ------------ variants in this enum
[INFO] [stderr] 92 |     Greater,GreaterEqual,LessEqual,Less
[INFO] [stderr]    |             ^^^^^^^^^^^^ ^^^^^^^^^ ^^^^
[INFO] [stderr] 
[INFO] [stderr] warning: `A-Tree` (lib test) generated 28 warnings (25 duplicates)
[INFO] [stderr]     Finished `test` profile [unoptimized + debuginfo] target(s) in 0.03s
[INFO] [stderr]      Running unittests src/lib.rs (/opt/rustwide/target/debug/deps/A_Tree-32631b6ca4197266)
[INFO] [stdout] 
[INFO] [stdout] running 12 tests
[INFO] [stdout] test predicates::tests::equal_evaluation_for_not_the_same_value_is_true ... ok
[INFO] [stdout] test predicates::tests::not_equal_evaluation_for_same_value_is_correct ... ok
[INFO] [stdout] test predicates::tests::not_equal_evaluation_for_not_the_same_value_is_not_correct ... ok
[INFO] [stdout] test predicates::tests::not_equal_evaluation_for_same_value_is_false ... ok
[INFO] [stdout] test tests::calculate_level_for_three_nodes ... ok
[INFO] [stdout] test tests::insert_three_nodes ... ok
[INFO] [stdout] test tests::calculate_level_for_a_depth_of_four ... ok
[INFO] [stdout] test tests::insert_two_nodes ... ok
[INFO] [stdout] test tests::test_match ... ok
[INFO] [stdout] test tests::insert_two_dif_root_nodes ... ok
[INFO] [stderr] error: test failed, to rerun pass `--lib`
[INFO] [stdout] test tests::insert_two_dif_root_and_m_4_nodes ... FAILED
[INFO] [stdout] test tests::insert_two_same_root_nodes ... FAILED
[INFO] [stdout] 
[INFO] [stdout] failures:
[INFO] [stdout] 
[INFO] [stdout] ---- tests::insert_two_dif_root_and_m_4_nodes stdout ----
[INFO] [stdout] thread 'tests::insert_two_dif_root_and_m_4_nodes' panicked at src/lib.rs:503:48:
[INFO] [stdout] already borrowed: BorrowMutError
[INFO] [stdout] stack backtrace:
[INFO] [stdout]    0:     0x5f579778e92a - std::backtrace_rs::backtrace::libunwind::trace::h8810477743020387
[INFO] [stdout]                                at /rustc/202008a1b8de96d2e5b6bc02d379db03a877d34d/library/std/src/../../backtrace/src/backtrace/libunwind.rs:116:5
[INFO] [stdout]    1:     0x5f579778e92a - std::backtrace_rs::backtrace::trace_unsynchronized::h3aa55355dd6c54a6
[INFO] [stdout]                                at /rustc/202008a1b8de96d2e5b6bc02d379db03a877d34d/library/std/src/../../backtrace/src/backtrace/mod.rs:66:5
[INFO] [stdout]    2:     0x5f579778e92a - std::sys::backtrace::_print_fmt::h8588b0f62410823f
[INFO] [stdout]                                at /rustc/202008a1b8de96d2e5b6bc02d379db03a877d34d/library/std/src/sys/backtrace.rs:66:9
[INFO] [stdout]    3:     0x5f579778e92a - <std::sys::backtrace::BacktraceLock::print::DisplayBacktrace as core::fmt::Display>::fmt::h98c26ac25ffe89bb
[INFO] [stdout]                                at /rustc/202008a1b8de96d2e5b6bc02d379db03a877d34d/library/std/src/sys/backtrace.rs:39:26
[INFO] [stdout]    4:     0x5f57977b4803 - core::fmt::rt::Argument::fmt::hf95377f4aebd453b
[INFO] [stdout]                                at /rustc/202008a1b8de96d2e5b6bc02d379db03a877d34d/library/core/src/fmt/rt.rs:177:76
[INFO] [stdout]    5:     0x5f57977b4803 - core::fmt::write::h0dd5f6e2238c7982
[INFO] [stdout]                                at /rustc/202008a1b8de96d2e5b6bc02d379db03a877d34d/library/core/src/fmt/mod.rs:1189:21
[INFO] [stdout]    6:     0x5f579778bac3 - std::io::Write::write_fmt::h03bb0ca26e6faf8c
[INFO] [stdout]                                at /rustc/202008a1b8de96d2e5b6bc02d379db03a877d34d/library/std/src/io/mod.rs:1884:15
[INFO] [stdout]    7:     0x5f579778e772 - std::sys::backtrace::BacktraceLock::print::h5c19c1c038ee186d
[INFO] [stdout]                                at /rustc/202008a1b8de96d2e5b6bc02d379db03a877d34d/library/std/src/sys/backtrace.rs:42:9
[INFO] [stdout]    8:     0x5f579778fdad - std::panicking::default_hook::{{closure}}::h77172f079a1fcb13
[INFO] [stdout]                                at /rustc/202008a1b8de96d2e5b6bc02d379db03a877d34d/library/std/src/panicking.rs:268:22
[INFO] [stdout]    9:     0x5f579778fbb7 - std::panicking::default_hook::he5f8e3b203ccddba
[INFO] [stdout]                                at /rustc/202008a1b8de96d2e5b6bc02d379db03a877d34d/library/std/src/panicking.rs:292:9
[INFO] [stdout]   10:     0x5f57977594e7 - <alloc::boxed::Box<F,A> as core::ops::function::Fn<Args>>::call::h7a3c7b4a1ae77f2f
[INFO] [stdout]                                at /rustc/202008a1b8de96d2e5b6bc02d379db03a877d34d/library/alloc/src/boxed.rs:1986:9
[INFO] [stdout]   11:     0x5f57977594e7 - test::test_main::{{closure}}::hf0d3b69ae9b353d1
[INFO] [stdout]                                at /rustc/202008a1b8de96d2e5b6bc02d379db03a877d34d/library/test/src/lib.rs:134:21
[INFO] [stdout]   12:     0x5f5797790458 - <alloc::boxed::Box<F,A> as core::ops::function::Fn<Args>>::call::h6332e82e7b189abd
[INFO] [stdout]                                at /rustc/202008a1b8de96d2e5b6bc02d379db03a877d34d/library/alloc/src/boxed.rs:1986:9
[INFO] [stdout]   13:     0x5f5797790458 - std::panicking::rust_panic_with_hook::h53863d4e9018df39
[INFO] [stdout]                                at /rustc/202008a1b8de96d2e5b6bc02d379db03a877d34d/library/std/src/panicking.rs:809:13
[INFO] [stdout]   14:     0x5f579779021a - std::panicking::begin_panic_handler::{{closure}}::h67280e6fa0757873
[INFO] [stdout]                                at /rustc/202008a1b8de96d2e5b6bc02d379db03a877d34d/library/std/src/panicking.rs:674:13
[INFO] [stdout]   15:     0x5f579778ee09 - std::sys::backtrace::__rust_end_short_backtrace::h1dac3f54d6fbbeb2
[INFO] [stdout]                                at /rustc/202008a1b8de96d2e5b6bc02d379db03a877d34d/library/std/src/sys/backtrace.rs:170:18
[INFO] [stdout]   16:     0x5f579778feac - rust_begin_unwind
[INFO] [stdout]                                at /rustc/202008a1b8de96d2e5b6bc02d379db03a877d34d/library/std/src/panicking.rs:665:5
[INFO] [stdout]   17:     0x5f57976fcb00 - core::panicking::panic_fmt::h6792bd1b2bf01041
[INFO] [stdout]                                at /rustc/202008a1b8de96d2e5b6bc02d379db03a877d34d/library/core/src/panicking.rs:76:14
[INFO] [stdout]   18:     0x5f57976fc9f3 - core::cell::panic_already_borrowed::h9df9b2fab43cbc88
[INFO] [stdout]                                at /rustc/202008a1b8de96d2e5b6bc02d379db03a877d34d/library/core/src/cell.rs:798:5
[INFO] [stdout]   19:     0x5f579771d99c - core::cell::RefCell<T>::borrow_mut::hdf6748434858fbea
[INFO] [stdout]                                at /rustc/202008a1b8de96d2e5b6bc02d379db03a877d34d/library/core/src/cell.rs:1090:25
[INFO] [stdout]   20:     0x5f579770deae - A_Tree::ATree::insert::h6506dda6f5fd92de
[INFO] [stdout]                                at /opt/rustwide/workdir/src/lib.rs:503:43
[INFO] [stdout]   21:     0x5f579770e245 - A_Tree::ATree::insert::h6506dda6f5fd92de
[INFO] [stdout]                                at /opt/rustwide/workdir/src/lib.rs:515:38
[INFO] [stdout]   22:     0x5f579770e245 - A_Tree::ATree::insert::h6506dda6f5fd92de
[INFO] [stdout]                                at /opt/rustwide/workdir/src/lib.rs:515:38
[INFO] [stdout]   23:     0x5f579770e245 - A_Tree::ATree::insert::h6506dda6f5fd92de
[INFO] [stdout]                                at /opt/rustwide/workdir/src/lib.rs:515:38
[INFO] [stdout]   24:     0x5f579771c3f7 - A_Tree::tests::insert_two_dif_root_and_m_4_nodes::h41fb0c873f63e077
[INFO] [stdout]                                at /opt/rustwide/workdir/src/lib.rs:863:13
[INFO] [stdout]   25:     0x5f579771bf07 - A_Tree::tests::insert_two_dif_root_and_m_4_nodes::{{closure}}::hdb935c2e21e7d028
[INFO] [stdout]                                at /opt/rustwide/workdir/src/lib.rs:829:43
[INFO] [stdout]   26:     0x5f5797716c66 - core::ops::function::FnOnce::call_once::h0daffbaa1a5fac55
[INFO] [stdout]                                at /rustc/202008a1b8de96d2e5b6bc02d379db03a877d34d/library/core/src/ops/function.rs:250:5
[INFO] [stdout]   27:     0x5f579775e00b - core::ops::function::FnOnce::call_once::h871bf86719ec9aa4
[INFO] [stdout]                                at /rustc/202008a1b8de96d2e5b6bc02d379db03a877d34d/library/core/src/ops/function.rs:250:5
[INFO] [stdout]   28:     0x5f579775e00b - test::__rust_begin_short_backtrace::h2167df1e2b7d76fd
[INFO] [stdout]                                at /rustc/202008a1b8de96d2e5b6bc02d379db03a877d34d/library/test/src/lib.rs:632:18
[INFO] [stdout]   29:     0x5f579775d9f8 - test::run_test_in_process::{{closure}}::h15d92f75a3adfb79
[INFO] [stdout]                                at /rustc/202008a1b8de96d2e5b6bc02d379db03a877d34d/library/test/src/lib.rs:655:60
[INFO] [stdout]   30:     0x5f579775d9f8 - <core::panic::unwind_safe::AssertUnwindSafe<F> as core::ops::function::FnOnce<()>>::call_once::hb6c8955835a8dbbb
[INFO] [stdout]                                at /rustc/202008a1b8de96d2e5b6bc02d379db03a877d34d/library/core/src/panic/unwind_safe.rs:272:9
[INFO] [stdout]   31:     0x5f579775d9f8 - std::panicking::try::do_call::hc79d0fc888a0bd30
[INFO] [stdout]                                at /rustc/202008a1b8de96d2e5b6bc02d379db03a877d34d/library/std/src/panicking.rs:557:40
[INFO] [stdout]   32:     0x5f579775d9f8 - std::panicking::try::hb8a7878e3a8589d6
[INFO] [stdout]                                at /rustc/202008a1b8de96d2e5b6bc02d379db03a877d34d/library/std/src/panicking.rs:520:19
[INFO] [stdout]   33:     0x5f579775d9f8 - std::panic::catch_unwind::hb8e4600ff0ff5cfa
[INFO] [stdout]                                at /rustc/202008a1b8de96d2e5b6bc02d379db03a877d34d/library/std/src/panic.rs:358:14
[INFO] [stdout]   34:     0x5f579775d9f8 - test::run_test_in_process::hc2900b0b18688dd6
[INFO] [stdout]                                at /rustc/202008a1b8de96d2e5b6bc02d379db03a877d34d/library/test/src/lib.rs:655:27
[INFO] [stdout]   35:     0x5f579775d9f8 - test::run_test::{{closure}}::hac2a9cb07be3d48d
[INFO] [stdout]                                at /rustc/202008a1b8de96d2e5b6bc02d379db03a877d34d/library/test/src/lib.rs:576:43
[INFO] [stdout]   36:     0x5f579772149a - test::run_test::{{closure}}::h4a5b729e66a38cd8
[INFO] [stdout]                                at /rustc/202008a1b8de96d2e5b6bc02d379db03a877d34d/library/test/src/lib.rs:606:41
[INFO] [stdout]   37:     0x5f579772149a - std::sys::backtrace::__rust_begin_short_backtrace::h0496fb742492f573
[INFO] [stdout]                                at /rustc/202008a1b8de96d2e5b6bc02d379db03a877d34d/library/std/src/sys/backtrace.rs:154:18
[INFO] [stdout]   38:     0x5f5797724e14 - std::thread::Builder::spawn_unchecked_::{{closure}}::{{closure}}::hbb6d257c550a54bd
[INFO] [stdout]                                at /rustc/202008a1b8de96d2e5b6bc02d379db03a877d34d/library/std/src/thread/mod.rs:561:17
[INFO] [stdout]   39:     0x5f5797724e14 - <core::panic::unwind_safe::AssertUnwindSafe<F> as core::ops::function::FnOnce<()>>::call_once::h46696fe4a6832328
[INFO] [stdout]                                at /rustc/202008a1b8de96d2e5b6bc02d379db03a877d34d/library/core/src/panic/unwind_safe.rs:272:9
[INFO] [stdout]   40:     0x5f5797724e14 - std::panicking::try::do_call::h2625a51b667bfb64
[INFO] [stdout]                                at /rustc/202008a1b8de96d2e5b6bc02d379db03a877d34d/library/std/src/panicking.rs:557:40
[INFO] [stdout]   41:     0x5f5797724e14 - std::panicking::try::hb956a59a1973aa4c
[INFO] [stdout]                                at /rustc/202008a1b8de96d2e5b6bc02d379db03a877d34d/library/std/src/panicking.rs:520:19
[INFO] [stdout]   42:     0x5f5797724e14 - std::panic::catch_unwind::h64f3b9d1067ef6a0
[INFO] [stdout]                                at /rustc/202008a1b8de96d2e5b6bc02d379db03a877d34d/library/std/src/panic.rs:358:14
[INFO] [stdout]   43:     0x5f5797724e14 - std::thread::Builder::spawn_unchecked_::{{closure}}::h42b2841295b6c0b2
[INFO] [stdout]                                at /rustc/202008a1b8de96d2e5b6bc02d379db03a877d34d/library/std/src/thread/mod.rs:559:30
[INFO] [stdout]   44:     0x5f5797724e14 - core::ops::function::FnOnce::call_once{{vtable.shim}}::h6127de71b8124639
[INFO] [stdout]                                at /rustc/202008a1b8de96d2e5b6bc02d379db03a877d34d/library/core/src/ops/function.rs:250:5
[INFO] [stdout]   45:     0x5f579779439b - <alloc::boxed::Box<F,A> as core::ops::function::FnOnce<Args>>::call_once::h42f0ba71002a1b2c
[INFO] [stdout]                                at /rustc/202008a1b8de96d2e5b6bc02d379db03a877d34d/library/alloc/src/boxed.rs:1972:9
[INFO] [stdout]   46:     0x5f579779439b - <alloc::boxed::Box<F,A> as core::ops::function::FnOnce<Args>>::call_once::had9e47d7a3dcecb8
[INFO] [stdout]                                at /rustc/202008a1b8de96d2e5b6bc02d379db03a877d34d/library/alloc/src/boxed.rs:1972:9
[INFO] [stdout]   47:     0x5f579779439b - std::sys::pal::unix::thread::Thread::new::thread_start::h48cf765408f6f5f2
[INFO] [stdout]                                at /rustc/202008a1b8de96d2e5b6bc02d379db03a877d34d/library/std/src/sys/pal/unix/thread.rs:105:17
[INFO] [stdout]   48:     0x7a73093f0ac3 - <unknown>
[INFO] [stdout]   49:     0x7a7309481a04 - clone
[INFO] [stdout]   50:                0x0 - <unknown>
[INFO] [stdout] 
[INFO] [stdout] ---- tests::insert_two_same_root_nodes stdout ----
[INFO] [stdout] thread 'tests::insert_two_same_root_nodes' panicked at src/lib.rs:503:48:
[INFO] [stdout] already borrowed: BorrowMutError
[INFO] [stdout] stack backtrace:
[INFO] [stdout]    0:     0x5f579778e92a - std::backtrace_rs::backtrace::libunwind::trace::h8810477743020387
[INFO] [stdout]                                at /rustc/202008a1b8de96d2e5b6bc02d379db03a877d34d/library/std/src/../../backtrace/src/backtrace/libunwind.rs:116:5
[INFO] [stdout]    1:     0x5f579778e92a - std::backtrace_rs::backtrace::trace_unsynchronized::h3aa55355dd6c54a6
[INFO] [stdout]                                at /rustc/202008a1b8de96d2e5b6bc02d379db03a877d34d/library/std/src/../../backtrace/src/backtrace/mod.rs:66:5
[INFO] [stdout]    2:     0x5f579778e92a - std::sys::backtrace::_print_fmt::h8588b0f62410823f
[INFO] [stdout]                                at /rustc/202008a1b8de96d2e5b6bc02d379db03a877d34d/library/std/src/sys/backtrace.rs:66:9
[INFO] [stdout]    3:     0x5f579778e92a - <std::sys::backtrace::BacktraceLock::print::DisplayBacktrace as core::fmt::Display>::fmt::h98c26ac25ffe89bb
[INFO] [stdout]                                at /rustc/202008a1b8de96d2e5b6bc02d379db03a877d34d/library/std/src/sys/backtrace.rs:39:26
[INFO] [stdout]    4:     0x5f57977b4803 - core::fmt::rt::Argument::fmt::hf95377f4aebd453b
[INFO] [stdout]                                at /rustc/202008a1b8de96d2e5b6bc02d379db03a877d34d/library/core/src/fmt/rt.rs:177:76
[INFO] [stdout]    5:     0x5f57977b4803 - core::fmt::write::h0dd5f6e2238c7982
[INFO] [stdout]                                at /rustc/202008a1b8de96d2e5b6bc02d379db03a877d34d/library/core/src/fmt/mod.rs:1189:21
[INFO] [stdout]    6:     0x5f579778bac3 - std::io::Write::write_fmt::h03bb0ca26e6faf8c
[INFO] [stdout]                                at /rustc/202008a1b8de96d2e5b6bc02d379db03a877d34d/library/std/src/io/mod.rs:1884:15
[INFO] [stdout]    7:     0x5f579778e772 - std::sys::backtrace::BacktraceLock::print::h5c19c1c038ee186d
[INFO] [stdout]                                at /rustc/202008a1b8de96d2e5b6bc02d379db03a877d34d/library/std/src/sys/backtrace.rs:42:9
[INFO] [stdout]    8:     0x5f579778fdad - std::panicking::default_hook::{{closure}}::h77172f079a1fcb13
[INFO] [stdout]                                at /rustc/202008a1b8de96d2e5b6bc02d379db03a877d34d/library/std/src/panicking.rs:268:22
[INFO] [stdout]    9:     0x5f579778fbb7 - std::panicking::default_hook::he5f8e3b203ccddba
[INFO] [stdout]                                at /rustc/202008a1b8de96d2e5b6bc02d379db03a877d34d/library/std/src/panicking.rs:292:9
[INFO] [stdout]   10:     0x5f57977594e7 - <alloc::boxed::Box<F,A> as core::ops::function::Fn<Args>>::call::h7a3c7b4a1ae77f2f
[INFO] [stdout]                                at /rustc/202008a1b8de96d2e5b6bc02d379db03a877d34d/library/alloc/src/boxed.rs:1986:9
[INFO] [stdout]   11:     0x5f57977594e7 - test::test_main::{{closure}}::hf0d3b69ae9b353d1
[INFO] [stdout]                                at /rustc/202008a1b8de96d2e5b6bc02d379db03a877d34d/library/test/src/lib.rs:134:21
[INFO] [stdout]   12:     0x5f5797790458 - <alloc::boxed::Box<F,A> as core::ops::function::Fn<Args>>::call::h6332e82e7b189abd
[INFO] [stdout]                                at /rustc/202008a1b8de96d2e5b6bc02d379db03a877d34d/library/alloc/src/boxed.rs:1986:9
[INFO] [stdout]   13:     0x5f5797790458 - std::panicking::rust_panic_with_hook::h53863d4e9018df39
[INFO] [stdout]                                at /rustc/202008a1b8de96d2e5b6bc02d379db03a877d34d/library/std/src/panicking.rs:809:13
[INFO] [stdout]   14:     0x5f579779021a - std::panicking::begin_panic_handler::{{closure}}::h67280e6fa0757873
[INFO] [stdout]                                at /rustc/202008a1b8de96d2e5b6bc02d379db03a877d34d/library/std/src/panicking.rs:674:13
[INFO] [stdout]   15:     0x5f579778ee09 - std::sys::backtrace::__rust_end_short_backtrace::h1dac3f54d6fbbeb2
[INFO] [stdout]                                at /rustc/202008a1b8de96d2e5b6bc02d379db03a877d34d/library/std/src/sys/backtrace.rs:170:18
[INFO] [stdout]   16:     0x5f579778feac - rust_begin_unwind
[INFO] [stdout]                                at /rustc/202008a1b8de96d2e5b6bc02d379db03a877d34d/library/std/src/panicking.rs:665:5
[INFO] [stdout]   17:     0x5f57976fcb00 - core::panicking::panic_fmt::h6792bd1b2bf01041
[INFO] [stdout]                                at /rustc/202008a1b8de96d2e5b6bc02d379db03a877d34d/library/core/src/panicking.rs:76:14
[INFO] [stdout]   18:     0x5f57976fc9f3 - core::cell::panic_already_borrowed::h9df9b2fab43cbc88
[INFO] [stdout]                                at /rustc/202008a1b8de96d2e5b6bc02d379db03a877d34d/library/core/src/cell.rs:798:5
[INFO] [stdout]   19:     0x5f579771d99c - core::cell::RefCell<T>::borrow_mut::hdf6748434858fbea
[INFO] [stdout]                                at /rustc/202008a1b8de96d2e5b6bc02d379db03a877d34d/library/core/src/cell.rs:1090:25
[INFO] [stdout]   20:     0x5f579770deae - A_Tree::ATree::insert::h6506dda6f5fd92de
[INFO] [stdout]                                at /opt/rustwide/workdir/src/lib.rs:503:43
[INFO] [stdout]   21:     0x5f579771b6f0 - A_Tree::tests::insert_two_same_root_nodes::hf73b8144c03bc4ba
[INFO] [stdout]                                at /opt/rustwide/workdir/src/lib.rs:786:13
[INFO] [stdout]   22:     0x5f579771b267 - A_Tree::tests::insert_two_same_root_nodes::{{closure}}::h404de5df49c44ac6
[INFO] [stdout]                                at /opt/rustwide/workdir/src/lib.rs:759:36
[INFO] [stdout]   23:     0x5f57977170a6 - core::ops::function::FnOnce::call_once::h54337349aca0edff
[INFO] [stdout]                                at /rustc/202008a1b8de96d2e5b6bc02d379db03a877d34d/library/core/src/ops/function.rs:250:5
[INFO] [stdout]   24:     0x5f579775e00b - core::ops::function::FnOnce::call_once::h871bf86719ec9aa4
[INFO] [stdout]                                at /rustc/202008a1b8de96d2e5b6bc02d379db03a877d34d/library/core/src/ops/function.rs:250:5
[INFO] [stdout]   25:     0x5f579775e00b - test::__rust_begin_short_backtrace::h2167df1e2b7d76fd
[INFO] [stdout]                                at /rustc/202008a1b8de96d2e5b6bc02d379db03a877d34d/library/test/src/lib.rs:632:18
[INFO] [stdout]   26:     0x5f579775d9f8 - test::run_test_in_process::{{closure}}::h15d92f75a3adfb79
[INFO] [stdout]                                at /rustc/202008a1b8de96d2e5b6bc02d379db03a877d34d/library/test/src/lib.rs:655:60
[INFO] [stdout]   27:     0x5f579775d9f8 - <core::panic::unwind_safe::AssertUnwindSafe<F> as core::ops::function::FnOnce<()>>::call_once::hb6c8955835a8dbbb
[INFO] [stdout]                                at /rustc/202008a1b8de96d2e5b6bc02d379db03a877d34d/library/core/src/panic/unwind_safe.rs:272:9
[INFO] [stdout]   28:     0x5f579775d9f8 - std::panicking::try::do_call::hc79d0fc888a0bd30
[INFO] [stdout]                                at /rustc/202008a1b8de96d2e5b6bc02d379db03a877d34d/library/std/src/panicking.rs:557:40
[INFO] [stdout]   29:     0x5f579775d9f8 - std::panicking::try::hb8a7878e3a8589d6
[INFO] [stdout]                                at /rustc/202008a1b8de96d2e5b6bc02d379db03a877d34d/library/std/src/panicking.rs:520:19
[INFO] [stdout]   30:     0x5f579775d9f8 - std::panic::catch_unwind::hb8e4600ff0ff5cfa
[INFO] [stdout]                                at /rustc/202008a1b8de96d2e5b6bc02d379db03a877d34d/library/std/src/panic.rs:358:14
[INFO] [stdout]   31:     0x5f579775d9f8 - test::run_test_in_process::hc2900b0b18688dd6
[INFO] [stdout]                                at /rustc/202008a1b8de96d2e5b6bc02d379db03a877d34d/library/test/src/lib.rs:655:27
[INFO] [stdout]   32:     0x5f579775d9f8 - test::run_test::{{closure}}::hac2a9cb07be3d48d
[INFO] [stdout]                                at /rustc/202008a1b8de96d2e5b6bc02d379db03a877d34d/library/test/src/lib.rs:576:43
[INFO] [stdout]   33:     0x5f579772149a - test::run_test::{{closure}}::h4a5b729e66a38cd8
[INFO] [stdout]                                at /rustc/202008a1b8de96d2e5b6bc02d379db03a877d34d/library/test/src/lib.rs:606:41
[INFO] [stdout]   34:     0x5f579772149a - std::sys::backtrace::__rust_begin_short_backtrace::h0496fb742492f573
[INFO] [stdout]                                at /rustc/202008a1b8de96d2e5b6bc02d379db03a877d34d/library/std/src/sys/backtrace.rs:154:18
[INFO] [stdout]   35:     0x5f5797724e14 - std::thread::Builder::spawn_unchecked_::{{closure}}::{{closure}}::hbb6d257c550a54bd
[INFO] [stdout]                                at /rustc/202008a1b8de96d2e5b6bc02d379db03a877d34d/library/std/src/thread/mod.rs:561:17
[INFO] [stdout]   36:     0x5f5797724e14 - <core::panic::unwind_safe::AssertUnwindSafe<F> as core::ops::function::FnOnce<()>>::call_once::h46696fe4a6832328
[INFO] [stdout]                                at /rustc/202008a1b8de96d2e5b6bc02d379db03a877d34d/library/core/src/panic/unwind_safe.rs:272:9
[INFO] [stdout]   37:     0x5f5797724e14 - std::panicking::try::do_call::h2625a51b667bfb64
[INFO] [stdout]                                at /rustc/202008a1b8de96d2e5b6bc02d379db03a877d34d/library/std/src/panicking.rs:557:40
[INFO] [stdout]   38:     0x5f5797724e14 - std::panicking::try::hb956a59a1973aa4c
[INFO] [stdout]                                at /rustc/202008a1b8de96d2e5b6bc02d379db03a877d34d/library/std/src/panicking.rs:520:19
[INFO] [stdout]   39:     0x5f5797724e14 - std::panic::catch_unwind::h64f3b9d1067ef6a0
[INFO] [stdout]                                at /rustc/202008a1b8de96d2e5b6bc02d379db03a877d34d/library/std/src/panic.rs:358:14
[INFO] [stdout]   40:     0x5f5797724e14 - std::thread::Builder::spawn_unchecked_::{{closure}}::h42b2841295b6c0b2
[INFO] [stdout]                                at /rustc/202008a1b8de96d2e5b6bc02d379db03a877d34d/library/std/src/thread/mod.rs:559:30
[INFO] [stdout]   41:     0x5f5797724e14 - core::ops::function::FnOnce::call_once{{vtable.shim}}::h6127de71b8124639
[INFO] [stdout]                                at /rustc/202008a1b8de96d2e5b6bc02d379db03a877d34d/library/core/src/ops/function.rs:250:5
[INFO] [stdout]   42:     0x5f579779439b - <alloc::boxed::Box<F,A> as core::ops::function::FnOnce<Args>>::call_once::h42f0ba71002a1b2c
[INFO] [stdout]                                at /rustc/202008a1b8de96d2e5b6bc02d379db03a877d34d/library/alloc/src/boxed.rs:1972:9
[INFO] [stdout]   43:     0x5f579779439b - <alloc::boxed::Box<F,A> as core::ops::function::FnOnce<Args>>::call_once::had9e47d7a3dcecb8
[INFO] [stdout]                                at /rustc/202008a1b8de96d2e5b6bc02d379db03a877d34d/library/alloc/src/boxed.rs:1972:9
[INFO] [stdout]   44:     0x5f579779439b - std::sys::pal::unix::thread::Thread::new::thread_start::h48cf765408f6f5f2
[INFO] [stdout]                                at /rustc/202008a1b8de96d2e5b6bc02d379db03a877d34d/library/std/src/sys/pal/unix/thread.rs:105:17
[INFO] [stdout]   45:     0x7a73093f0ac3 - <unknown>
[INFO] [stdout]   46:     0x7a7309481a04 - clone
[INFO] [stdout]   47:                0x0 - <unknown>
[INFO] [stdout] 
[INFO] [stdout] 
[INFO] [stdout] failures:
[INFO] [stdout]     tests::insert_two_dif_root_and_m_4_nodes
[INFO] [stdout]     tests::insert_two_same_root_nodes
[INFO] [stdout] 
[INFO] [stdout] test result: FAILED. 10 passed; 2 failed; 0 ignored; 0 measured; 0 filtered out; finished in 0.06s
[INFO] [stdout] 
[INFO] running `Command { std: "docker" "inspect" "833405a7ed69191af1f992d8968923c0ab8b7d5a4abe9f0f8e1e80c685ff02ef", kill_on_drop: false }`
[INFO] running `Command { std: "docker" "rm" "-f" "833405a7ed69191af1f992d8968923c0ab8b7d5a4abe9f0f8e1e80c685ff02ef", kill_on_drop: false }`
[INFO] [stdout] 833405a7ed69191af1f992d8968923c0ab8b7d5a4abe9f0f8e1e80c685ff02ef
