[INFO] cloning repository https://github.com/Icerath/simple-tqdm
[INFO] running `Command { std: "git" "-c" "credential.helper=" "-c" "credential.helper=/workspace/cargo-home/bin/git-credential-null" "clone" "--bare" "https://github.com/Icerath/simple-tqdm" "/workspace/cache/git-repos/https%3A%2F%2Fgithub.com%2FIcerath%2Fsimple-tqdm", kill_on_drop: false }`
[INFO] [stderr] Cloning into bare repository '/workspace/cache/git-repos/https%3A%2F%2Fgithub.com%2FIcerath%2Fsimple-tqdm'...
[INFO] running `Command { std: "git" "rev-parse" "HEAD", kill_on_drop: false }`
[INFO] [stdout] e2bd12970cda10430dec546089d35c27156cddcd
[INFO] testing Icerath/simple-tqdm against 1.83.0 for beta-1.84.0-4-retry
[INFO] running `Command { std: "git" "clone" "/workspace/cache/git-repos/https%3A%2F%2Fgithub.com%2FIcerath%2Fsimple-tqdm" "/workspace/builds/worker-3-tc1/source", kill_on_drop: false }`
[INFO] [stderr] Cloning into '/workspace/builds/worker-3-tc1/source'...
[INFO] [stderr] done.
[INFO] validating manifest of git repo https://github.com/Icerath/simple-tqdm on toolchain 1.83.0
[INFO] running `Command { std: CARGO_HOME="/workspace/cargo-home" RUSTUP_HOME="/workspace/rustup-home" "/workspace/cargo-home/bin/cargo" "+1.83.0" "metadata" "--manifest-path" "Cargo.toml" "--no-deps", kill_on_drop: false }`
[INFO] started tweaking git repo https://github.com/Icerath/simple-tqdm
[INFO] removed 0 missing examples
[INFO] finished tweaking git repo https://github.com/Icerath/simple-tqdm
[INFO] tweaked toml for git repo https://github.com/Icerath/simple-tqdm written to /workspace/builds/worker-3-tc1/source/Cargo.toml
[INFO] running `Command { std: CARGO_HOME="/workspace/cargo-home" RUSTUP_HOME="/workspace/rustup-home" "/workspace/cargo-home/bin/cargo" "+1.83.0" "generate-lockfile" "--manifest-path" "Cargo.toml", kill_on_drop: false }`
[INFO] [stderr]     Updating crates.io index
[INFO] [stderr]      Locking 40 packages to latest compatible versions
[INFO] running `Command { std: CARGO_HOME="/workspace/cargo-home" RUSTUP_HOME="/workspace/rustup-home" "/workspace/cargo-home/bin/cargo" "+1.83.0" "fetch" "--manifest-path" "Cargo.toml", kill_on_drop: false }`
[INFO] running `Command { std: "docker" "create" "-v" "/var/lib/crater-agent-workspace/builds/worker-3-tc1/target:/opt/rustwide/target:rw,Z" "-v" "/var/lib/crater-agent-workspace/builds/worker-3-tc1/source:/opt/rustwide/workdir:ro,Z" "-v" "/var/lib/crater-agent-workspace/cargo-home:/opt/rustwide/cargo-home:ro,Z" "-v" "/var/lib/crater-agent-workspace/rustup-home:/opt/rustwide/rustup-home:ro,Z" "-e" "SOURCE_DIR=/opt/rustwide/workdir" "-e" "CARGO_TARGET_DIR=/opt/rustwide/target" "-e" "CARGO_HOME=/opt/rustwide/cargo-home" "-e" "RUSTUP_HOME=/opt/rustwide/rustup-home" "-w" "/opt/rustwide/workdir" "-m" "1610612736" "--user" "0:0" "--network" "none" "ghcr.io/rust-lang/crates-build-env/linux@sha256:f3a9d4ad9d972b27faf3965f35b62e55ba32bbce8f20bc8fe909558a86702fde" "/opt/rustwide/cargo-home/bin/cargo" "+1.83.0" "metadata" "--no-deps" "--format-version=1", kill_on_drop: false }`
[INFO] [stdout] d91c1ac9ea95a1aeca63d5b1695a295b0b1d5fefd22f0e955dedbbc39fa99e44
[INFO] running `Command { std: "docker" "start" "-a" "d91c1ac9ea95a1aeca63d5b1695a295b0b1d5fefd22f0e955dedbbc39fa99e44", kill_on_drop: false }`
[INFO] running `Command { std: "docker" "inspect" "d91c1ac9ea95a1aeca63d5b1695a295b0b1d5fefd22f0e955dedbbc39fa99e44", kill_on_drop: false }`
[INFO] running `Command { std: "docker" "rm" "-f" "d91c1ac9ea95a1aeca63d5b1695a295b0b1d5fefd22f0e955dedbbc39fa99e44", kill_on_drop: false }`
[INFO] [stdout] d91c1ac9ea95a1aeca63d5b1695a295b0b1d5fefd22f0e955dedbbc39fa99e44
[INFO] running `Command { std: "docker" "create" "-v" "/var/lib/crater-agent-workspace/builds/worker-3-tc1/target:/opt/rustwide/target:rw,Z" "-v" "/var/lib/crater-agent-workspace/builds/worker-3-tc1/source:/opt/rustwide/workdir:ro,Z" "-v" "/var/lib/crater-agent-workspace/cargo-home:/opt/rustwide/cargo-home:ro,Z" "-v" "/var/lib/crater-agent-workspace/rustup-home:/opt/rustwide/rustup-home:ro,Z" "-e" "SOURCE_DIR=/opt/rustwide/workdir" "-e" "CARGO_TARGET_DIR=/opt/rustwide/target" "-e" "CARGO_INCREMENTAL=0" "-e" "RUST_BACKTRACE=full" "-e" "RUSTFLAGS=--cap-lints=warn" "-e" "RUSTDOCFLAGS=--cap-lints=warn" "-e" "CARGO_HOME=/opt/rustwide/cargo-home" "-e" "RUSTUP_HOME=/opt/rustwide/rustup-home" "-w" "/opt/rustwide/workdir" "-m" "1610612736" "--user" "0:0" "--network" "none" "ghcr.io/rust-lang/crates-build-env/linux@sha256:f3a9d4ad9d972b27faf3965f35b62e55ba32bbce8f20bc8fe909558a86702fde" "/opt/rustwide/cargo-home/bin/cargo" "+1.83.0" "build" "--frozen" "--message-format=json", kill_on_drop: false }`
[INFO] [stdout] fd79c743783ee997dd820c647588684b743a99035ec5d639517412158e493953
[INFO] running `Command { std: "docker" "start" "-a" "fd79c743783ee997dd820c647588684b743a99035ec5d639517412158e493953", kill_on_drop: false }`
[INFO] [stderr]    Compiling libc v0.2.168
[INFO] [stderr]    Compiling portable-atomic v1.10.0
[INFO] [stderr]    Compiling lazy_static v1.5.0
[INFO] [stderr]    Compiling unicode-width v0.1.14
[INFO] [stderr]    Compiling unicode-width v0.2.0
[INFO] [stderr]    Compiling number_prefix v0.4.0
[INFO] [stderr]    Compiling console v0.15.8
[INFO] [stderr]    Compiling indicatif v0.17.9
[INFO] [stderr]    Compiling simple-tqdm v0.1.4 (/opt/rustwide/workdir)
[INFO] [stderr]     Finished `dev` profile [unoptimized + debuginfo] target(s) in 4.07s
[INFO] running `Command { std: "docker" "inspect" "fd79c743783ee997dd820c647588684b743a99035ec5d639517412158e493953", kill_on_drop: false }`
[INFO] running `Command { std: "docker" "rm" "-f" "fd79c743783ee997dd820c647588684b743a99035ec5d639517412158e493953", kill_on_drop: false }`
[INFO] [stdout] fd79c743783ee997dd820c647588684b743a99035ec5d639517412158e493953
[INFO] running `Command { std: "docker" "create" "-v" "/var/lib/crater-agent-workspace/builds/worker-3-tc1/target:/opt/rustwide/target:rw,Z" "-v" "/var/lib/crater-agent-workspace/builds/worker-3-tc1/source:/opt/rustwide/workdir:ro,Z" "-v" "/var/lib/crater-agent-workspace/cargo-home:/opt/rustwide/cargo-home:ro,Z" "-v" "/var/lib/crater-agent-workspace/rustup-home:/opt/rustwide/rustup-home:ro,Z" "-e" "SOURCE_DIR=/opt/rustwide/workdir" "-e" "CARGO_TARGET_DIR=/opt/rustwide/target" "-e" "CARGO_INCREMENTAL=0" "-e" "RUST_BACKTRACE=full" "-e" "RUSTFLAGS=--cap-lints=warn" "-e" "RUSTDOCFLAGS=--cap-lints=warn" "-e" "CARGO_HOME=/opt/rustwide/cargo-home" "-e" "RUSTUP_HOME=/opt/rustwide/rustup-home" "-w" "/opt/rustwide/workdir" "-m" "1610612736" "--user" "0:0" "--network" "none" "ghcr.io/rust-lang/crates-build-env/linux@sha256:f3a9d4ad9d972b27faf3965f35b62e55ba32bbce8f20bc8fe909558a86702fde" "/opt/rustwide/cargo-home/bin/cargo" "+1.83.0" "test" "--frozen" "--no-run" "--message-format=json", kill_on_drop: false }`
[INFO] [stdout] 93751a8130542e918aba604081ad2f120643cccdf1cb7a1599ed1a46aeaeffd5
[INFO] running `Command { std: "docker" "start" "-a" "93751a8130542e918aba604081ad2f120643cccdf1cb7a1599ed1a46aeaeffd5", kill_on_drop: false }`
[INFO] [stderr]    Compiling simple-tqdm v0.1.4 (/opt/rustwide/workdir)
[INFO] [stderr]     Finished `test` profile [unoptimized + debuginfo] target(s) in 1.38s
[INFO] running `Command { std: "docker" "inspect" "93751a8130542e918aba604081ad2f120643cccdf1cb7a1599ed1a46aeaeffd5", kill_on_drop: false }`
[INFO] running `Command { std: "docker" "rm" "-f" "93751a8130542e918aba604081ad2f120643cccdf1cb7a1599ed1a46aeaeffd5", kill_on_drop: false }`
[INFO] [stdout] 93751a8130542e918aba604081ad2f120643cccdf1cb7a1599ed1a46aeaeffd5
[INFO] running `Command { std: "docker" "create" "-v" "/var/lib/crater-agent-workspace/builds/worker-3-tc1/target:/opt/rustwide/target:rw,Z" "-v" "/var/lib/crater-agent-workspace/builds/worker-3-tc1/source:/opt/rustwide/workdir:ro,Z" "-v" "/var/lib/crater-agent-workspace/cargo-home:/opt/rustwide/cargo-home:ro,Z" "-v" "/var/lib/crater-agent-workspace/rustup-home:/opt/rustwide/rustup-home:ro,Z" "-e" "SOURCE_DIR=/opt/rustwide/workdir" "-e" "CARGO_TARGET_DIR=/opt/rustwide/target" "-e" "CARGO_INCREMENTAL=0" "-e" "RUST_BACKTRACE=full" "-e" "RUSTFLAGS=--cap-lints=warn" "-e" "RUSTDOCFLAGS=--cap-lints=warn" "-e" "CARGO_HOME=/opt/rustwide/cargo-home" "-e" "RUSTUP_HOME=/opt/rustwide/rustup-home" "-w" "/opt/rustwide/workdir" "-m" "1610612736" "--user" "0:0" "--network" "none" "ghcr.io/rust-lang/crates-build-env/linux@sha256:f3a9d4ad9d972b27faf3965f35b62e55ba32bbce8f20bc8fe909558a86702fde" "/opt/rustwide/cargo-home/bin/cargo" "+1.83.0" "test" "--frozen", kill_on_drop: false }`
[INFO] [stdout] 42dbb77861dd3d73cb9adf1e7fb4a740fb498397f71d72918984d4c75d742457
[INFO] running `Command { std: "docker" "start" "-a" "42dbb77861dd3d73cb9adf1e7fb4a740fb498397f71d72918984d4c75d742457", kill_on_drop: false }`
[INFO] [stderr]     Finished `test` profile [unoptimized + debuginfo] target(s) in 0.05s
[INFO] [stderr]      Running unittests src/lib.rs (/opt/rustwide/target/debug/deps/simple_tqdm-f3f7dccf3b788143)
[INFO] [stdout] 
[INFO] [stdout] running 0 tests
[INFO] [stdout] 
[INFO] [stdout] test result: ok. 0 passed; 0 failed; 0 ignored; 0 measured; 0 filtered out; finished in 0.00s
[INFO] [stdout] 
[INFO] [stderr]    Doc-tests simple_tqdm
[INFO] [stdout] 
[INFO] [stdout] running 4 tests
[INFO] [stdout] test src/lib.rs - (line 46) ... FAILED
[INFO] [stdout] test src/lib.rs - (line 7) ... ok
[INFO] [stdout] test src/lib.rs - (line 15) ... ok
[INFO] [stdout] test src/lib.rs - (line 23) ... ok
[INFO] [stdout] 
[INFO] [stdout] failures:
[INFO] [stdout] 
[INFO] [stdout] ---- src/lib.rs - (line 46) stdout ----
[INFO] [stdout] error[E0433]: failed to resolve: use of undeclared crate or module `rayon`
[INFO] [stdout]  --> src/lib.rs:49:5
[INFO] [stdout]   |
[INFO] [stdout] 6 | use rayon::prelude::*;
[INFO] [stdout]   |     ^^^^^ use of undeclared crate or module `rayon`
[INFO] [stdout] 
[INFO] [stdout] error[E0432]: unresolved import `simple_tqdm::ParTqdm`
[INFO] [stdout]   --> src/lib.rs:48:5
[INFO] [stdout]    |
[INFO] [stdout] 5  | use simple_tqdm::ParTqdm;
[INFO] [stdout]    |     ^^^^^^^^^^^^^^^^^^^^ no `ParTqdm` in the root
[INFO] [stdout]    |
[INFO] [stdout] note: found an item that was configured out
[INFO] [stdout]   --> /opt/rustwide/workdir/src/lib.rs:65:30
[INFO] [stdout]    |
[INFO] [stdout] 65 | pub use parallel::{par_tqdm, ParTqdm};
[INFO] [stdout]    |                              ^^^^^^^
[INFO] [stdout] note: the item is gated behind the `rayon` feature
[INFO] [stdout]   --> /opt/rustwide/workdir/src/lib.rs:64:7
[INFO] [stdout]    |
[INFO] [stdout] 64 | #[cfg(feature = "rayon")]
[INFO] [stdout]    |       ^^^^^^^^^^^^^^^^^
[INFO] [stdout] 
[INFO] [stdout] error[E0599]: no method named `into_par_iter` found for struct `std::ops::Range` in the current scope
[INFO] [stdout]  --> src/lib.rs:51:31
[INFO] [stdout]   |
[INFO] [stdout] 8 | let vec: Vec<_> = (0..100000).into_par_iter().tqdm().map(|i| i + 1).collect();
[INFO] [stdout]   |                               ^^^^^^^^^^^^^
[INFO] [stdout]   |
[INFO] [stdout] help: there is a method `into_iter` with a similar name
[INFO] [stdout]   |
[INFO] [stdout] 8 | let vec: Vec<_> = (0..100000).into_iter().tqdm().map(|i| i + 1).collect();
[INFO] [stdout]   |                               ~~~~~~~~~
[INFO] [stdout] 
[INFO] [stdout] error: aborting due to 3 previous errors
[INFO] [stdout] 
[INFO] [stdout] Some errors have detailed explanations: E0432, E0433, E0599.
[INFO] [stdout] For more information about an error, try `rustc --explain E0432`.
[INFO] [stdout] Couldn't compile the test.
[INFO] [stdout] 
[INFO] [stdout] failures:
[INFO] [stdout]     src/lib.rs - (line 46)
[INFO] [stdout] 
[INFO] [stdout] test result: FAILED. 3 passed; 1 failed; 0 ignored; 0 measured; 0 filtered out; finished in 16.41s
[INFO] [stdout] 
[INFO] [stderr] error: doctest failed, to rerun pass `--doc`
[INFO] running `Command { std: "docker" "inspect" "42dbb77861dd3d73cb9adf1e7fb4a740fb498397f71d72918984d4c75d742457", kill_on_drop: false }`
[INFO] running `Command { std: "docker" "rm" "-f" "42dbb77861dd3d73cb9adf1e7fb4a740fb498397f71d72918984d4c75d742457", kill_on_drop: false }`
[INFO] [stdout] 42dbb77861dd3d73cb9adf1e7fb4a740fb498397f71d72918984d4c75d742457
