[INFO] cloning repository https://github.com/ISSOtm/rsgbds
[INFO] running `Command { std: "git" "-c" "credential.helper=" "-c" "credential.helper=/workspace/cargo-home/bin/git-credential-null" "clone" "--bare" "https://github.com/ISSOtm/rsgbds" "/workspace/cache/git-repos/https%3A%2F%2Fgithub.com%2FISSOtm%2Frsgbds", kill_on_drop: false }`
[INFO] [stderr] Cloning into bare repository '/workspace/cache/git-repos/https%3A%2F%2Fgithub.com%2FISSOtm%2Frsgbds'...
[INFO] running `Command { std: "git" "rev-parse" "HEAD", kill_on_drop: false }`
[INFO] [stdout] 4cd81e2920b71b335f4be744adcc3f307bdd5fd7
[INFO] testing ISSOtm/rsgbds against 1.83.0 for beta-1.84.0-4-retry
[INFO] running `Command { std: "git" "clone" "/workspace/cache/git-repos/https%3A%2F%2Fgithub.com%2FISSOtm%2Frsgbds" "/workspace/builds/worker-4-tc1/source", kill_on_drop: false }`
[INFO] [stderr] Cloning into '/workspace/builds/worker-4-tc1/source'...
[INFO] [stderr] done.
[INFO] validating manifest of git repo https://github.com/ISSOtm/rsgbds on toolchain 1.83.0
[INFO] running `Command { std: CARGO_HOME="/workspace/cargo-home" RUSTUP_HOME="/workspace/rustup-home" "/workspace/cargo-home/bin/cargo" "+1.83.0" "metadata" "--manifest-path" "Cargo.toml" "--no-deps", kill_on_drop: false }`
[INFO] removed /workspace/builds/worker-4-tc1/source/rust-toolchain.toml
[INFO] started tweaking git repo https://github.com/ISSOtm/rsgbds
[INFO] removed 0 missing tests
[INFO] finished tweaking git repo https://github.com/ISSOtm/rsgbds
[INFO] tweaked toml for git repo https://github.com/ISSOtm/rsgbds written to /workspace/builds/worker-4-tc1/source/Cargo.toml
[INFO] crate git repo https://github.com/ISSOtm/rsgbds already has a lockfile, it will not be regenerated
[INFO] running `Command { std: CARGO_HOME="/workspace/cargo-home" RUSTUP_HOME="/workspace/rustup-home" "/workspace/cargo-home/bin/cargo" "+1.83.0" "fetch" "--manifest-path" "Cargo.toml", kill_on_drop: false }`
[INFO] [stderr]     Updating crates.io index
[INFO] [stderr]      Locking 4 packages to latest compatible versions
[INFO] [stderr]       Adding ariadne v0.4.1 (available: v0.5.0)
[INFO] [stderr]     Updating bindgen v0.66.1 -> v0.69.5
[INFO] [stderr]       Adding libplum-sys v1.0.2+v1.2
[INFO] [stderr]       Adding plumers v1.0.2
[INFO] [stderr]  Downloading crates ...
[INFO] [stderr]   Downloaded content_inspector v0.2.4
[INFO] [stderr]   Downloaded similar v2.5.0
[INFO] [stderr]   Downloaded os_pipe v1.1.5
[INFO] [stderr]   Downloaded parse-display v0.6.0
[INFO] [stderr]   Downloaded libtest-mimic v0.7.3
[INFO] [stderr]   Downloaded ariadne v0.4.1
[INFO] [stderr]   Downloaded plumers v1.0.2
[INFO] [stderr]   Downloaded clap v4.4.18
[INFO] [stderr]   Downloaded libplum-sys v1.0.2+v1.2
[INFO] [stderr]   Downloaded structmeta-derive v0.1.6
[INFO] [stderr]   Downloaded clap_builder v4.4.18
[INFO] [stderr]   Downloaded structmeta v0.1.6
[INFO] [stderr]   Downloaded git2 v0.18.3
[INFO] [stderr]   Downloaded parse-display-derive v0.6.0
[INFO] [stderr]   Downloaded shadow-rs v0.28.0
[INFO] [stderr]   Downloaded snapbox v0.5.14
[INFO] [stderr]   Downloaded try-from-discrim v1.0.0
[INFO] [stderr]   Downloaded snapbox-macros v0.3.9
[INFO] [stderr]   Downloaded escape8259 v0.5.2
[INFO] [stderr]   Downloaded libgit2-sys v0.16.2+1.7.2
[INFO] [stderr]   Downloaded sysexits v0.8.0
[INFO] running `Command { std: "docker" "create" "-v" "/var/lib/crater-agent-workspace/builds/worker-4-tc1/target:/opt/rustwide/target:rw,Z" "-v" "/var/lib/crater-agent-workspace/builds/worker-4-tc1/source:/opt/rustwide/workdir:ro,Z" "-v" "/var/lib/crater-agent-workspace/cargo-home:/opt/rustwide/cargo-home:ro,Z" "-v" "/var/lib/crater-agent-workspace/rustup-home:/opt/rustwide/rustup-home:ro,Z" "-e" "SOURCE_DIR=/opt/rustwide/workdir" "-e" "CARGO_TARGET_DIR=/opt/rustwide/target" "-e" "CARGO_HOME=/opt/rustwide/cargo-home" "-e" "RUSTUP_HOME=/opt/rustwide/rustup-home" "-w" "/opt/rustwide/workdir" "-m" "1610612736" "--user" "0:0" "--network" "none" "ghcr.io/rust-lang/crates-build-env/linux@sha256:f3a9d4ad9d972b27faf3965f35b62e55ba32bbce8f20bc8fe909558a86702fde" "/opt/rustwide/cargo-home/bin/cargo" "+1.83.0" "metadata" "--no-deps" "--format-version=1", kill_on_drop: false }`
[INFO] [stdout] 3a8810e79c6b6e471b2c31021ba970ab5daa4cec687f45ee5d4c4dda012745ca
[INFO] running `Command { std: "docker" "start" "-a" "3a8810e79c6b6e471b2c31021ba970ab5daa4cec687f45ee5d4c4dda012745ca", kill_on_drop: false }`
[INFO] running `Command { std: "docker" "inspect" "3a8810e79c6b6e471b2c31021ba970ab5daa4cec687f45ee5d4c4dda012745ca", kill_on_drop: false }`
[INFO] running `Command { std: "docker" "rm" "-f" "3a8810e79c6b6e471b2c31021ba970ab5daa4cec687f45ee5d4c4dda012745ca", kill_on_drop: false }`
[INFO] [stdout] 3a8810e79c6b6e471b2c31021ba970ab5daa4cec687f45ee5d4c4dda012745ca
[INFO] running `Command { std: "docker" "create" "-v" "/var/lib/crater-agent-workspace/builds/worker-4-tc1/target:/opt/rustwide/target:rw,Z" "-v" "/var/lib/crater-agent-workspace/builds/worker-4-tc1/source:/opt/rustwide/workdir:ro,Z" "-v" "/var/lib/crater-agent-workspace/cargo-home:/opt/rustwide/cargo-home:ro,Z" "-v" "/var/lib/crater-agent-workspace/rustup-home:/opt/rustwide/rustup-home:ro,Z" "-e" "SOURCE_DIR=/opt/rustwide/workdir" "-e" "CARGO_TARGET_DIR=/opt/rustwide/target" "-e" "CARGO_INCREMENTAL=0" "-e" "RUST_BACKTRACE=full" "-e" "RUSTFLAGS=--cap-lints=warn" "-e" "RUSTDOCFLAGS=--cap-lints=warn" "-e" "CARGO_HOME=/opt/rustwide/cargo-home" "-e" "RUSTUP_HOME=/opt/rustwide/rustup-home" "-w" "/opt/rustwide/workdir" "-m" "1610612736" "--user" "0:0" "--network" "none" "ghcr.io/rust-lang/crates-build-env/linux@sha256:f3a9d4ad9d972b27faf3965f35b62e55ba32bbce8f20bc8fe909558a86702fde" "/opt/rustwide/cargo-home/bin/cargo" "+1.83.0" "build" "--frozen" "--message-format=json", kill_on_drop: false }`
[INFO] [stdout] 28c4a3615ef4809df63180842b7ce1442713fd63bc78741cc0efabf512fd29a1
[INFO] running `Command { std: "docker" "start" "-a" "28c4a3615ef4809df63180842b7ce1442713fd63bc78741cc0efabf512fd29a1", kill_on_drop: false }`
[INFO] [stderr]    Compiling proc-macro2 v1.0.84
[INFO] [stderr]    Compiling once_cell v1.19.0
[INFO] [stderr]    Compiling bitflags v2.5.0
[INFO] [stderr]    Compiling memchr v2.7.2
[INFO] [stderr]    Compiling log v0.4.21
[INFO] [stderr]    Compiling regex-syntax v0.8.3
[INFO] [stderr]    Compiling linux-raw-sys v0.4.14
[INFO] [stderr]    Compiling either v1.12.0
[INFO] [stderr]    Compiling syn v1.0.109
[INFO] [stderr]    Compiling glob v0.3.1
[INFO] [stderr]    Compiling vcpkg v0.2.15
[INFO] [stderr]    Compiling const_fn v0.4.10
[INFO] [stderr]    Compiling prettyplease v0.2.20
[INFO] [stderr]    Compiling jobserver v0.1.31
[INFO] [stderr]    Compiling rustix v0.38.34
[INFO] [stderr]    Compiling lock_api v0.4.12
[INFO] [stderr]    Compiling minimal-lexical v0.2.1
[INFO] [stderr]    Compiling parking_lot_core v0.9.10
[INFO] [stderr]    Compiling unicode-normalization v0.1.23
[INFO] [stderr]    Compiling itertools v0.10.5
[INFO] [stderr]    Compiling dirs-sys-next v0.1.2
[INFO] [stderr]    Compiling libloading v0.8.3
[INFO] [stderr]    Compiling cc v1.0.98
[INFO] [stderr]    Compiling home v0.5.9
[INFO] [stderr]    Compiling clang-sys v1.8.1
[INFO] [stderr]    Compiling bindgen v0.69.5
[INFO] [stderr]    Compiling smallvec v1.13.2
[INFO] [stderr]    Compiling unicode-bidi v0.3.15
[INFO] [stderr]    Compiling scopeguard v1.2.0
[INFO] [stderr]    Compiling unicode-xid v0.2.4
[INFO] [stderr]    Compiling aho-corasick v1.1.3
[INFO] [stderr]    Compiling nom v7.1.3
[INFO] [stderr]    Compiling dirs-next v2.0.0
[INFO] [stderr]    Compiling crunchy v0.2.2
[INFO] [stderr]    Compiling tz-rs v0.6.14
[INFO] [stderr]    Compiling is-terminal v0.4.12
[INFO] [stderr]    Compiling regex-syntax v0.6.29
[INFO] [stderr]    Compiling lazy_static v1.4.0
[INFO] [stderr]    Compiling rustc-hash v1.1.0
[INFO] [stderr]    Compiling siphasher v0.3.11
[INFO] [stderr]    Compiling tiny-keccak v2.0.2
[INFO] [stderr]    Compiling shlex v1.3.0
[INFO] [stderr]    Compiling lazycell v1.3.0
[INFO] [stderr]    Compiling hashbrown v0.14.5
[INFO] [stderr]    Compiling phf_shared v0.10.0
[INFO] [stderr]    Compiling quote v1.0.36
[INFO] [stderr]    Compiling idna v0.5.0
[INFO] [stderr]    Compiling syn v2.0.66
[INFO] [stderr]    Compiling const_format_proc_macros v0.2.32
[INFO] [stderr]    Compiling tzdb_data v0.1.2
[INFO] [stderr]    Compiling parking_lot v0.12.3
[INFO] [stderr]    Compiling url v2.5.0
[INFO] [stderr]    Compiling indexmap v2.2.6
[INFO] [stderr]    Compiling regex-automata v0.4.6
[INFO] [stderr]    Compiling term v0.7.0
[INFO] [stderr]    Compiling utf8parse v0.2.1
[INFO] [stderr]    Compiling libz-sys v1.1.18
[INFO] [stderr]    Compiling libgit2-sys v0.16.2+1.7.2
[INFO] [stderr]    Compiling precomputed-hash v0.1.1
[INFO] [stderr]    Compiling iana-time-zone v0.1.60
[INFO] [stderr]    Compiling bit-vec v0.6.3
[INFO] [stderr]    Compiling new_debug_unreachable v1.0.6
[INFO] [stderr]    Compiling fixedbitset v0.4.2
[INFO] [stderr]    Compiling cexpr v0.6.0
[INFO] [stderr]    Compiling num_threads v0.1.7
[INFO] [stderr]    Compiling petgraph v0.6.5
[INFO] [stderr]    Compiling time v0.3.36
[INFO] [stderr]    Compiling bit-set v0.5.3
[INFO] [stderr]    Compiling string_cache v0.8.7
[INFO] [stderr]    Compiling const_format v0.2.32
[INFO] [stderr]    Compiling ascii-canvas v3.0.0
[INFO] [stderr]    Compiling anstyle-parse v0.2.4
[INFO] [stderr]    Compiling which v4.4.2
[INFO] [stderr]    Compiling ena v0.14.3
[INFO] [stderr]    Compiling getrandom v0.2.15
[INFO] [stderr]    Compiling radium v0.7.0
[INFO] [stderr]    Compiling anstyle-query v1.0.3
[INFO] [stderr]    Compiling is_debug v1.0.1
[INFO] [stderr]    Compiling diff v0.1.13
[INFO] [stderr]    Compiling lalrpop-util v0.19.12
[INFO] [stderr]    Compiling anstream v0.6.14
[INFO] [stderr]    Compiling ahash v0.7.8
[INFO] [stderr]    Compiling unicode-width v0.1.12
[INFO] [stderr]    Compiling tap v1.0.1
[INFO] [stderr]    Compiling strsim v0.10.0
[INFO] [stderr]    Compiling heck v0.4.1
[INFO] [stderr]    Compiling clap_lex v0.6.0
[INFO] [stderr]    Compiling wyz v0.5.1
[INFO] [stderr]    Compiling hashbrown v0.11.2
[INFO] [stderr]    Compiling yansi v1.0.1
[INFO] [stderr]    Compiling funty v2.0.0
[INFO] [stderr]    Compiling termcolor v1.4.1
[INFO] [stderr]    Compiling os_info v3.8.2
[INFO] [stderr]    Compiling memmap2 v0.5.10
[INFO] [stderr]    Compiling take_mut v0.2.2
[INFO] [stderr]    Compiling codespan-reporting v0.11.1
[INFO] [stderr]    Compiling terminal_size v0.3.0
[INFO] [stderr]    Compiling ariadne v0.4.1
[INFO] [stderr]    Compiling string-interner v0.14.0
[INFO] [stderr]    Compiling clap_builder v4.4.18
[INFO] [stderr]    Compiling arrayvec v0.7.4
[INFO] [stderr]    Compiling sysexits v0.8.0
[INFO] [stderr]    Compiling tzdb v0.6.1
[INFO] [stderr]    Compiling bitvec v1.0.1
[INFO] [stderr]    Compiling regex v1.10.4
[INFO] [stderr]    Compiling lalrpop v0.19.12
[INFO] [stderr]    Compiling structmeta-derive v0.1.6
[INFO] [stderr]    Compiling try-from-discrim v1.0.0
[INFO] [stderr]    Compiling keyword-trie-gen v1.0.0 (/opt/rustwide/workdir/keyword-trie-gen)
[INFO] [stderr]    Compiling warnings-gen v1.0.0 (/opt/rustwide/workdir/warnings-gen)
[INFO] [stderr]    Compiling clap_derive v4.4.7
[INFO] [stderr]    Compiling structmeta v0.1.6
[INFO] [stderr]    Compiling parse-display-derive v0.6.0
[INFO] [stderr]    Compiling clap v4.4.18
[INFO] [stderr]    Compiling parse-display v0.6.0
[INFO] [stderr]    Compiling git2 v0.18.3
[INFO] [stderr]    Compiling libplum-sys v1.0.2+v1.2
[INFO] [stderr]    Compiling shadow-rs v0.28.0
[INFO] [stderr]    Compiling rgbds v0.1.0 (/opt/rustwide/workdir)
[INFO] [stderr]    Compiling plumers v1.0.2
[INFO] [stdout] warning: unused import: `io::Write`
[INFO] [stdout]  --> src/object.rs:9:35
[INFO] [stdout]   |
[INFO] [stdout] 9 | use std::{debug_assert, fs::File, io::Write, num::NonZeroU32, path::Path};
[INFO] [stdout]   |                                   ^^^^^^^^^
[INFO] [stdout]   |
[INFO] [stdout]   = note: `#[warn(unused_imports)]` on by default
[INFO] [stdout] 
[INFO] [stdout] 
[INFO] [stdout] warning: unused variable: `adjust_fstack_node_id`
[INFO] [stdout]   --> src/object.rs:44:9
[INFO] [stdout]    |
[INFO] [stdout] 44 |     let adjust_fstack_node_id = |id: u32| nb_fstack_nodes - 1 - id;
[INFO] [stdout]    |         ^^^^^^^^^^^^^^^^^^^^^ help: if this is intentional, prefix it with an underscore: `_adjust_fstack_node_id`
[INFO] [stdout]    |
[INFO] [stdout]    = note: `#[warn(unused_variables)]` on by default
[INFO] [stdout] 
[INFO] [stdout] 
[INFO] [stdout] warning: unused variable: `sections`
[INFO] [stdout]   --> src/object.rs:23:5
[INFO] [stdout]    |
[INFO] [stdout] 23 |     sections: Sections,
[INFO] [stdout]    |     ^^^^^^^^ help: if this is intentional, prefix it with an underscore: `_sections`
[INFO] [stdout] 
[INFO] [stdout] 
[INFO] [stdout] warning: unused variable: `symbols`
[INFO] [stdout]   --> src/object.rs:24:5
[INFO] [stdout]    |
[INFO] [stdout] 24 |     symbols: Symbols,
[INFO] [stdout]    |     ^^^^^^^ help: if this is intentional, prefix it with an underscore: `_symbols`
[INFO] [stdout] 
[INFO] [stdout] 
[INFO] [stdout] warning: use of deprecated type alias `std::panic::PanicInfo`: use `PanicHookInfo` instead
[INFO] [stdout]   --> src/gfx/../common/cli.rs:13:12
[INFO] [stdout]    |
[INFO] [stdout] 13 |     panic::PanicInfo,
[INFO] [stdout]    |            ^^^^^^^^^
[INFO] [stdout]    |
[INFO] [stdout]    = note: `#[warn(deprecated)]` on by default
[INFO] [stdout] 
[INFO] [stdout] 
[INFO] [stdout] warning: use of deprecated type alias `std::panic::PanicInfo`: use `PanicHookInfo` instead
[INFO] [stdout]   --> src/gfx/../common/cli.rs:89:33
[INFO] [stdout]    |
[INFO] [stdout] 89 | fn generate_crash_report(info: &PanicInfo<'_>) -> PathBuf {
[INFO] [stdout]    |                                 ^^^^^^^^^
[INFO] [stdout] 
[INFO] [stdout] 
[INFO] [stdout] warning: unused variable: `path`
[INFO] [stdout]    --> src/gfx/process/unoptimized.rs:121:35
[INFO] [stdout]     |
[INFO] [stdout] 121 |                 .map_or(Ok(()), |(path, output): &mut (&PathBuf, Output)| {
[INFO] [stdout]     |                                   ^^^^ help: if this is intentional, prefix it with an underscore: `_path`
[INFO] [stdout]     |
[INFO] [stdout]     = note: `#[warn(unused_variables)]` on by default
[INFO] [stdout] 
[INFO] [stdout] 
[INFO] [stdout] warning: unused variable: `image_colors`
[INFO] [stdout]    --> src/gfx/process/mod.rs:109:10
[INFO] [stdout]     |
[INFO] [stdout] 109 |     let (image_colors, has_transparency) = collect_image_colors(&image, &slice, options)?;
[INFO] [stdout]     |          ^^^^^^^^^^^^ help: if this is intentional, prefix it with an underscore: `_image_colors`
[INFO] [stdout] 
[INFO] [stdout] 
[INFO] [stdout] warning: unused variable: `effective`
[INFO] [stdout]    --> src/gfx/reverse.rs:175:60
[INFO] [stdout]     |
[INFO] [stdout] 175 |                 || std::iter::zip(&palettes, colors).any(|(effective, specified)| todo!())
[INFO] [stdout]     |                                                            ^^^^^^^^^ help: if this is intentional, prefix it with an underscore: `_effective`
[INFO] [stdout] 
[INFO] [stdout] 
[INFO] [stdout] warning: unused variable: `specified`
[INFO] [stdout]    --> src/gfx/reverse.rs:175:71
[INFO] [stdout]     |
[INFO] [stdout] 175 |                 || std::iter::zip(&palettes, colors).any(|(effective, specified)| todo!())
[INFO] [stdout]     |                                                                       ^^^^^^^^^ help: if this is intentional, prefix it with an underscore: `_specified`
[INFO] [stdout] 
[INFO] [stdout] 
[INFO] [stdout] warning: field `verbosity` is never read
[INFO] [stdout]   --> src/gfx/main.rs:88:5
[INFO] [stdout]    |
[INFO] [stdout] 86 | struct Options {
[INFO] [stdout]    |        ------- field in this struct
[INFO] [stdout] 87 |     reversed_width: Option<NonZeroU16>,
[INFO] [stdout] 88 |     verbosity: u8,
[INFO] [stdout]    |     ^^^^^^^^^
[INFO] [stdout]    |
[INFO] [stdout]    = note: `Options` has derived impls for the traits `Clone` and `Debug`, but these are intentionally ignored during dead code analysis
[INFO] [stdout]    = note: `#[warn(dead_code)]` on by default
[INFO] [stdout] 
[INFO] [stdout] 
[INFO] [stdout] warning: struct `OrdFloat` is never constructed
[INFO] [stdout]    --> src/gfx/pal_packing.rs:387:8
[INFO] [stdout]     |
[INFO] [stdout] 387 | struct OrdFloat(f64);
[INFO] [stdout]     |        ^^^^^^^^
[INFO] [stdout] 
[INFO] [stdout] 
[INFO] [stdout] warning: variable does not need to be mutable
[INFO] [stdout]      --> /opt/rustwide/target/debug/build/rgbds-ebcf370e08533e4f/out/asm/language/parser.rs:20853:13
[INFO] [stdout]       |
[INFO] [stdout] 20853 |         let mut sections = sections.borrow_mut();
[INFO] [stdout]       |             ----^^^^^^^^
[INFO] [stdout]       |             |
[INFO] [stdout]       |             help: remove this `mut`
[INFO] [stdout]       |
[INFO] [stdout]       = note: `#[warn(unused_mut)]` on by default
[INFO] [stdout] 
[INFO] [stdout] 
[INFO] [stderr]     Finished `dev` profile [unoptimized + debuginfo] target(s) in 1m 22s
[INFO] running `Command { std: "docker" "inspect" "28c4a3615ef4809df63180842b7ce1442713fd63bc78741cc0efabf512fd29a1", kill_on_drop: false }`
[INFO] running `Command { std: "docker" "rm" "-f" "28c4a3615ef4809df63180842b7ce1442713fd63bc78741cc0efabf512fd29a1", kill_on_drop: false }`
[INFO] [stdout] 28c4a3615ef4809df63180842b7ce1442713fd63bc78741cc0efabf512fd29a1
[INFO] running `Command { std: "docker" "create" "-v" "/var/lib/crater-agent-workspace/builds/worker-4-tc1/target:/opt/rustwide/target:rw,Z" "-v" "/var/lib/crater-agent-workspace/builds/worker-4-tc1/source:/opt/rustwide/workdir:ro,Z" "-v" "/var/lib/crater-agent-workspace/cargo-home:/opt/rustwide/cargo-home:ro,Z" "-v" "/var/lib/crater-agent-workspace/rustup-home:/opt/rustwide/rustup-home:ro,Z" "-e" "SOURCE_DIR=/opt/rustwide/workdir" "-e" "CARGO_TARGET_DIR=/opt/rustwide/target" "-e" "CARGO_INCREMENTAL=0" "-e" "RUST_BACKTRACE=full" "-e" "RUSTFLAGS=--cap-lints=warn" "-e" "RUSTDOCFLAGS=--cap-lints=warn" "-e" "CARGO_HOME=/opt/rustwide/cargo-home" "-e" "RUSTUP_HOME=/opt/rustwide/rustup-home" "-w" "/opt/rustwide/workdir" "-m" "1610612736" "--user" "0:0" "--network" "none" "ghcr.io/rust-lang/crates-build-env/linux@sha256:f3a9d4ad9d972b27faf3965f35b62e55ba32bbce8f20bc8fe909558a86702fde" "/opt/rustwide/cargo-home/bin/cargo" "+1.83.0" "test" "--frozen" "--no-run" "--message-format=json", kill_on_drop: false }`
[INFO] [stdout] 73fb0379483c6075bffca5f78ad564e88d20f194f9c900b51d78db795d01d4fb
[INFO] running `Command { std: "docker" "start" "-a" "73fb0379483c6075bffca5f78ad564e88d20f194f9c900b51d78db795d01d4fb", kill_on_drop: false }`
[INFO] [stderr]    Compiling rustix v0.38.34
[INFO] [stderr]    Compiling num_cpus v1.16.0
[INFO] [stderr]    Compiling fastrand v2.1.0
[INFO] [stderr]    Compiling memchr v2.7.2
[INFO] [stderr]    Compiling same-file v1.0.6
[INFO] [stderr]    Compiling snapbox-macros v0.3.9
[INFO] [stderr]    Compiling filetime v0.2.23
[INFO] [stderr]    Compiling wait-timeout v0.2.0
[INFO] [stderr]    Compiling escape8259 v0.5.2
[INFO] [stderr]    Compiling os_pipe v1.1.5
[INFO] [stderr]    Compiling similar v2.5.0
[INFO] [stderr]    Compiling normalize-line-endings v0.3.0
[INFO] [stderr]    Compiling dunce v1.0.4
[INFO] [stderr]    Compiling walkdir v2.5.0
[INFO] [stderr]    Compiling threadpool v1.8.1
[INFO] [stderr]    Compiling content_inspector v0.2.4
[INFO] [stderr]    Compiling terminal_size v0.3.0
[INFO] [stderr]    Compiling tempfile v3.10.1
[INFO] [stderr]    Compiling clap_builder v4.4.18
[INFO] [stderr]    Compiling snapbox v0.5.14
[INFO] [stderr]    Compiling clap v4.4.18
[INFO] [stderr]    Compiling rgbds v0.1.0 (/opt/rustwide/workdir)
[INFO] [stderr]    Compiling libtest-mimic v0.7.3
[INFO] [stdout] warning: unused import: `io::Write`
[INFO] [stdout]  --> src/object.rs:9:35
[INFO] [stdout]   |
[INFO] [stdout] 9 | use std::{debug_assert, fs::File, io::Write, num::NonZeroU32, path::Path};
[INFO] [stdout]   |                                   ^^^^^^^^^
[INFO] [stdout]   |
[INFO] [stdout]   = note: `#[warn(unused_imports)]` on by default
[INFO] [stdout] 
[INFO] [stdout] 
[INFO] [stdout] warning: unused variable: `adjust_fstack_node_id`
[INFO] [stdout]   --> src/object.rs:44:9
[INFO] [stdout]    |
[INFO] [stdout] 44 |     let adjust_fstack_node_id = |id: u32| nb_fstack_nodes - 1 - id;
[INFO] [stdout]    |         ^^^^^^^^^^^^^^^^^^^^^ help: if this is intentional, prefix it with an underscore: `_adjust_fstack_node_id`
[INFO] [stdout]    |
[INFO] [stdout]    = note: `#[warn(unused_variables)]` on by default
[INFO] [stdout] 
[INFO] [stdout] 
[INFO] [stdout] warning: unused variable: `sections`
[INFO] [stdout]   --> src/object.rs:23:5
[INFO] [stdout]    |
[INFO] [stdout] 23 |     sections: Sections,
[INFO] [stdout]    |     ^^^^^^^^ help: if this is intentional, prefix it with an underscore: `_sections`
[INFO] [stdout] 
[INFO] [stdout] 
[INFO] [stdout] warning: unused variable: `symbols`
[INFO] [stdout]   --> src/object.rs:24:5
[INFO] [stdout]    |
[INFO] [stdout] 24 |     symbols: Symbols,
[INFO] [stdout]    |     ^^^^^^^ help: if this is intentional, prefix it with an underscore: `_symbols`
[INFO] [stdout] 
[INFO] [stdout] 
[INFO] [stdout] warning: use of deprecated type alias `std::panic::PanicInfo`: use `PanicHookInfo` instead
[INFO] [stdout]   --> src/gfx/../common/cli.rs:13:12
[INFO] [stdout]    |
[INFO] [stdout] 13 |     panic::PanicInfo,
[INFO] [stdout]    |            ^^^^^^^^^
[INFO] [stdout]    |
[INFO] [stdout]    = note: `#[warn(deprecated)]` on by default
[INFO] [stdout] 
[INFO] [stdout] 
[INFO] [stdout] warning: use of deprecated type alias `std::panic::PanicInfo`: use `PanicHookInfo` instead
[INFO] [stdout]   --> src/gfx/../common/cli.rs:89:33
[INFO] [stdout]    |
[INFO] [stdout] 89 | fn generate_crash_report(info: &PanicInfo<'_>) -> PathBuf {
[INFO] [stdout]    |                                 ^^^^^^^^^
[INFO] [stdout] 
[INFO] [stdout] 
[INFO] [stdout] warning: unused import: `io::Write`
[INFO] [stdout]  --> src/object.rs:9:35
[INFO] [stdout]   |
[INFO] [stdout] 9 | use std::{debug_assert, fs::File, io::Write, num::NonZeroU32, path::Path};
[INFO] [stdout]   |                                   ^^^^^^^^^
[INFO] [stdout]   |
[INFO] [stdout]   = note: `#[warn(unused_imports)]` on by default
[INFO] [stdout] 
[INFO] [stdout] 
[INFO] [stdout] warning: use of deprecated type alias `std::panic::PanicInfo`: use `PanicHookInfo` instead
[INFO] [stdout]   --> src/gfx/../common/cli.rs:13:12
[INFO] [stdout]    |
[INFO] [stdout] 13 |     panic::PanicInfo,
[INFO] [stdout]    |            ^^^^^^^^^
[INFO] [stdout]    |
[INFO] [stdout]    = note: `#[warn(deprecated)]` on by default
[INFO] [stdout] 
[INFO] [stdout] 
[INFO] [stdout] warning: use of deprecated type alias `std::panic::PanicInfo`: use `PanicHookInfo` instead
[INFO] [stdout]   --> src/gfx/../common/cli.rs:89:33
[INFO] [stdout]    |
[INFO] [stdout] 89 | fn generate_crash_report(info: &PanicInfo<'_>) -> PathBuf {
[INFO] [stdout]    |                                 ^^^^^^^^^
[INFO] [stdout] 
[INFO] [stdout] 
[INFO] [stdout] warning: unused variable: `adjust_fstack_node_id`
[INFO] [stdout]   --> src/object.rs:44:9
[INFO] [stdout]    |
[INFO] [stdout] 44 |     let adjust_fstack_node_id = |id: u32| nb_fstack_nodes - 1 - id;
[INFO] [stdout]    |         ^^^^^^^^^^^^^^^^^^^^^ help: if this is intentional, prefix it with an underscore: `_adjust_fstack_node_id`
[INFO] [stdout]    |
[INFO] [stdout]    = note: `#[warn(unused_variables)]` on by default
[INFO] [stdout] 
[INFO] [stdout] 
[INFO] [stdout] warning: unused variable: `sections`
[INFO] [stdout]   --> src/object.rs:23:5
[INFO] [stdout]    |
[INFO] [stdout] 23 |     sections: Sections,
[INFO] [stdout]    |     ^^^^^^^^ help: if this is intentional, prefix it with an underscore: `_sections`
[INFO] [stdout] 
[INFO] [stdout] 
[INFO] [stdout] warning: unused variable: `symbols`
[INFO] [stdout]   --> src/object.rs:24:5
[INFO] [stdout]    |
[INFO] [stdout] 24 |     symbols: Symbols,
[INFO] [stdout]    |     ^^^^^^^ help: if this is intentional, prefix it with an underscore: `_symbols`
[INFO] [stdout] 
[INFO] [stdout] 
[INFO] [stdout] warning: unused variable: `path`
[INFO] [stdout]    --> src/gfx/process/unoptimized.rs:121:35
[INFO] [stdout]     |
[INFO] [stdout] 121 |                 .map_or(Ok(()), |(path, output): &mut (&PathBuf, Output)| {
[INFO] [stdout]     |                                   ^^^^ help: if this is intentional, prefix it with an underscore: `_path`
[INFO] [stdout]     |
[INFO] [stdout]     = note: `#[warn(unused_variables)]` on by default
[INFO] [stdout] 
[INFO] [stdout] 
[INFO] [stdout] warning: unused variable: `image_colors`
[INFO] [stdout]    --> src/gfx/process/mod.rs:109:10
[INFO] [stdout]     |
[INFO] [stdout] 109 |     let (image_colors, has_transparency) = collect_image_colors(&image, &slice, options)?;
[INFO] [stdout]     |          ^^^^^^^^^^^^ help: if this is intentional, prefix it with an underscore: `_image_colors`
[INFO] [stdout] 
[INFO] [stdout] 
[INFO] [stdout] warning: unused variable: `effective`
[INFO] [stdout]    --> src/gfx/reverse.rs:175:60
[INFO] [stdout]     |
[INFO] [stdout] 175 |                 || std::iter::zip(&palettes, colors).any(|(effective, specified)| todo!())
[INFO] [stdout]     |                                                            ^^^^^^^^^ help: if this is intentional, prefix it with an underscore: `_effective`
[INFO] [stdout] 
[INFO] [stdout] 
[INFO] [stdout] warning: unused variable: `specified`
[INFO] [stdout]    --> src/gfx/reverse.rs:175:71
[INFO] [stdout]     |
[INFO] [stdout] 175 |                 || std::iter::zip(&palettes, colors).any(|(effective, specified)| todo!())
[INFO] [stdout]     |                                                                       ^^^^^^^^^ help: if this is intentional, prefix it with an underscore: `_specified`
[INFO] [stdout] 
[INFO] [stdout] 
[INFO] [stdout] warning: unused variable: `path`
[INFO] [stdout]    --> src/gfx/process/unoptimized.rs:121:35
[INFO] [stdout]     |
[INFO] [stdout] 121 |                 .map_or(Ok(()), |(path, output): &mut (&PathBuf, Output)| {
[INFO] [stdout]     |                                   ^^^^ help: if this is intentional, prefix it with an underscore: `_path`
[INFO] [stdout]     |
[INFO] [stdout]     = note: `#[warn(unused_variables)]` on by default
[INFO] [stdout] 
[INFO] [stdout] 
[INFO] [stdout] warning: unused variable: `image_colors`
[INFO] [stdout]    --> src/gfx/process/mod.rs:109:10
[INFO] [stdout]     |
[INFO] [stdout] 109 |     let (image_colors, has_transparency) = collect_image_colors(&image, &slice, options)?;
[INFO] [stdout]     |          ^^^^^^^^^^^^ help: if this is intentional, prefix it with an underscore: `_image_colors`
[INFO] [stdout] 
[INFO] [stdout] 
[INFO] [stdout] warning: field `verbosity` is never read
[INFO] [stdout]   --> src/gfx/main.rs:88:5
[INFO] [stdout]    |
[INFO] [stdout] 86 | struct Options {
[INFO] [stdout]    |        ------- field in this struct
[INFO] [stdout] 87 |     reversed_width: Option<NonZeroU16>,
[INFO] [stdout] 88 |     verbosity: u8,
[INFO] [stdout]    |     ^^^^^^^^^
[INFO] [stdout]    |
[INFO] [stdout]    = note: `Options` has derived impls for the traits `Clone` and `Debug`, but these are intentionally ignored during dead code analysis
[INFO] [stdout]    = note: `#[warn(dead_code)]` on by default
[INFO] [stdout] 
[INFO] [stdout] 
[INFO] [stdout] warning: struct `OrdFloat` is never constructed
[INFO] [stdout]    --> src/gfx/pal_packing.rs:387:8
[INFO] [stdout]     |
[INFO] [stdout] 387 | struct OrdFloat(f64);
[INFO] [stdout]     |        ^^^^^^^^
[INFO] [stdout] 
[INFO] [stdout] 
[INFO] [stdout] warning: unused variable: `effective`
[INFO] [stdout]    --> src/gfx/reverse.rs:175:60
[INFO] [stdout]     |
[INFO] [stdout] 175 |                 || std::iter::zip(&palettes, colors).any(|(effective, specified)| todo!())
[INFO] [stdout]     |                                                            ^^^^^^^^^ help: if this is intentional, prefix it with an underscore: `_effective`
[INFO] [stdout] 
[INFO] [stdout] 
[INFO] [stdout] warning: unused variable: `specified`
[INFO] [stdout]    --> src/gfx/reverse.rs:175:71
[INFO] [stdout]     |
[INFO] [stdout] 175 |                 || std::iter::zip(&palettes, colors).any(|(effective, specified)| todo!())
[INFO] [stdout]     |                                                                       ^^^^^^^^^ help: if this is intentional, prefix it with an underscore: `_specified`
[INFO] [stdout] 
[INFO] [stdout] 
[INFO] [stdout] warning: field `verbosity` is never read
[INFO] [stdout]   --> src/gfx/main.rs:88:5
[INFO] [stdout]    |
[INFO] [stdout] 86 | struct Options {
[INFO] [stdout]    |        ------- field in this struct
[INFO] [stdout] 87 |     reversed_width: Option<NonZeroU16>,
[INFO] [stdout] 88 |     verbosity: u8,
[INFO] [stdout]    |     ^^^^^^^^^
[INFO] [stdout]    |
[INFO] [stdout]    = note: `Options` has derived impls for the traits `Clone` and `Debug`, but these are intentionally ignored during dead code analysis
[INFO] [stdout]    = note: `#[warn(dead_code)]` on by default
[INFO] [stdout] 
[INFO] [stdout] 
[INFO] [stdout] warning: struct `OrdFloat` is never constructed
[INFO] [stdout]    --> src/gfx/pal_packing.rs:387:8
[INFO] [stdout]     |
[INFO] [stdout] 387 | struct OrdFloat(f64);
[INFO] [stdout]     |        ^^^^^^^^
[INFO] [stdout] 
[INFO] [stdout] 
[INFO] [stdout] warning: variable does not need to be mutable
[INFO] [stdout]      --> /opt/rustwide/target/debug/build/rgbds-ebcf370e08533e4f/out/asm/language/parser.rs:20853:13
[INFO] [stdout]       |
[INFO] [stdout] 20853 |         let mut sections = sections.borrow_mut();
[INFO] [stdout]       |             ----^^^^^^^^
[INFO] [stdout]       |             |
[INFO] [stdout]       |             help: remove this `mut`
[INFO] [stdout]       |
[INFO] [stdout]       = note: `#[warn(unused_mut)]` on by default
[INFO] [stdout] 
[INFO] [stdout] 
[INFO] [stdout] warning: variable does not need to be mutable
[INFO] [stdout]      --> /opt/rustwide/target/debug/build/rgbds-ebcf370e08533e4f/out/asm/language/parser.rs:20853:13
[INFO] [stdout]       |
[INFO] [stdout] 20853 |         let mut sections = sections.borrow_mut();
[INFO] [stdout]       |             ----^^^^^^^^
[INFO] [stdout]       |             |
[INFO] [stdout]       |             help: remove this `mut`
[INFO] [stdout]       |
[INFO] [stdout]       = note: `#[warn(unused_mut)]` on by default
[INFO] [stdout] 
[INFO] [stdout] 
[INFO] [stderr]     Finished `test` profile [unoptimized + debuginfo] target(s) in 21.36s
[INFO] running `Command { std: "docker" "inspect" "73fb0379483c6075bffca5f78ad564e88d20f194f9c900b51d78db795d01d4fb", kill_on_drop: false }`
[INFO] running `Command { std: "docker" "rm" "-f" "73fb0379483c6075bffca5f78ad564e88d20f194f9c900b51d78db795d01d4fb", kill_on_drop: false }`
[INFO] [stdout] 73fb0379483c6075bffca5f78ad564e88d20f194f9c900b51d78db795d01d4fb
[INFO] running `Command { std: "docker" "create" "-v" "/var/lib/crater-agent-workspace/builds/worker-4-tc1/target:/opt/rustwide/target:rw,Z" "-v" "/var/lib/crater-agent-workspace/builds/worker-4-tc1/source:/opt/rustwide/workdir:ro,Z" "-v" "/var/lib/crater-agent-workspace/cargo-home:/opt/rustwide/cargo-home:ro,Z" "-v" "/var/lib/crater-agent-workspace/rustup-home:/opt/rustwide/rustup-home:ro,Z" "-e" "SOURCE_DIR=/opt/rustwide/workdir" "-e" "CARGO_TARGET_DIR=/opt/rustwide/target" "-e" "CARGO_INCREMENTAL=0" "-e" "RUST_BACKTRACE=full" "-e" "RUSTFLAGS=--cap-lints=warn" "-e" "RUSTDOCFLAGS=--cap-lints=warn" "-e" "CARGO_HOME=/opt/rustwide/cargo-home" "-e" "RUSTUP_HOME=/opt/rustwide/rustup-home" "-w" "/opt/rustwide/workdir" "-m" "1610612736" "--user" "0:0" "--network" "none" "ghcr.io/rust-lang/crates-build-env/linux@sha256:f3a9d4ad9d972b27faf3965f35b62e55ba32bbce8f20bc8fe909558a86702fde" "/opt/rustwide/cargo-home/bin/cargo" "+1.83.0" "test" "--frozen", kill_on_drop: false }`
[INFO] [stdout] a374e35f2890c1791f8ca7028c800f4179078f3b03872d15002e8653556e71c2
[INFO] running `Command { std: "docker" "start" "-a" "a374e35f2890c1791f8ca7028c800f4179078f3b03872d15002e8653556e71c2", kill_on_drop: false }`
[INFO] [stderr] warning: unused import: `io::Write`
[INFO] [stderr]  --> src/object.rs:9:35
[INFO] [stderr]   |
[INFO] [stderr] 9 | use std::{debug_assert, fs::File, io::Write, num::NonZeroU32, path::Path};
[INFO] [stderr]   |                                   ^^^^^^^^^
[INFO] [stderr]   |
[INFO] [stderr]   = note: `#[warn(unused_imports)]` on by default
[INFO] [stderr] 
[INFO] [stderr] warning: unused variable: `adjust_fstack_node_id`
[INFO] [stderr]   --> src/object.rs:44:9
[INFO] [stderr]    |
[INFO] [stderr] 44 |     let adjust_fstack_node_id = |id: u32| nb_fstack_nodes - 1 - id;
[INFO] [stderr]    |         ^^^^^^^^^^^^^^^^^^^^^ help: if this is intentional, prefix it with an underscore: `_adjust_fstack_node_id`
[INFO] [stderr]    |
[INFO] [stderr]    = note: `#[warn(unused_variables)]` on by default
[INFO] [stderr] 
[INFO] [stderr] warning: unused variable: `sections`
[INFO] [stderr]   --> src/object.rs:23:5
[INFO] [stderr]    |
[INFO] [stderr] 23 |     sections: Sections,
[INFO] [stderr]    |     ^^^^^^^^ help: if this is intentional, prefix it with an underscore: `_sections`
[INFO] [stderr] 
[INFO] [stderr] warning: unused variable: `symbols`
[INFO] [stderr]   --> src/object.rs:24:5
[INFO] [stderr]    |
[INFO] [stderr] 24 |     symbols: Symbols,
[INFO] [stderr]    |     ^^^^^^^ help: if this is intentional, prefix it with an underscore: `_symbols`
[INFO] [stderr] 
[INFO] [stderr] warning: `rgbds` (lib) generated 4 warnings
[INFO] [stderr] warning: use of deprecated type alias `std::panic::PanicInfo`: use `PanicHookInfo` instead
[INFO] [stderr]   --> src/gfx/../common/cli.rs:13:12
[INFO] [stderr]    |
[INFO] [stderr] 13 |     panic::PanicInfo,
[INFO] [stderr]    |            ^^^^^^^^^
[INFO] [stderr]    |
[INFO] [stderr]    = note: `#[warn(deprecated)]` on by default
[INFO] [stderr] 
[INFO] [stderr] warning: use of deprecated type alias `std::panic::PanicInfo`: use `PanicHookInfo` instead
[INFO] [stderr]   --> src/gfx/../common/cli.rs:89:33
[INFO] [stderr]    |
[INFO] [stderr] 89 | fn generate_crash_report(info: &PanicInfo<'_>) -> PathBuf {
[INFO] [stderr]    |                                 ^^^^^^^^^
[INFO] [stderr] 
[INFO] [stderr] warning: unused variable: `path`
[INFO] [stderr]    --> src/gfx/process/unoptimized.rs:121:35
[INFO] [stderr]     |
[INFO] [stderr] 121 |                 .map_or(Ok(()), |(path, output): &mut (&PathBuf, Output)| {
[INFO] [stderr]     |                                   ^^^^ help: if this is intentional, prefix it with an underscore: `_path`
[INFO] [stderr]     |
[INFO] [stderr]     = note: `#[warn(unused_variables)]` on by default
[INFO] [stderr] 
[INFO] [stderr] warning: unused variable: `image_colors`
[INFO] [stderr]    --> src/gfx/process/mod.rs:109:10
[INFO] [stderr]     |
[INFO] [stderr] 109 |     let (image_colors, has_transparency) = collect_image_colors(&image, &slice, options)?;
[INFO] [stderr]     |          ^^^^^^^^^^^^ help: if this is intentional, prefix it with an underscore: `_image_colors`
[INFO] [stderr] 
[INFO] [stderr] warning: unused variable: `effective`
[INFO] [stderr]    --> src/gfx/reverse.rs:175:60
[INFO] [stderr]     |
[INFO] [stderr] 175 |                 || std::iter::zip(&palettes, colors).any(|(effective, specified)| todo!())
[INFO] [stderr]     |                                                            ^^^^^^^^^ help: if this is intentional, prefix it with an underscore: `_effective`
[INFO] [stderr] 
[INFO] [stderr] warning: unused variable: `specified`
[INFO] [stderr]    --> src/gfx/reverse.rs:175:71
[INFO] [stderr]     |
[INFO] [stderr] 175 |                 || std::iter::zip(&palettes, colors).any(|(effective, specified)| todo!())
[INFO] [stderr]     |                                                                       ^^^^^^^^^ help: if this is intentional, prefix it with an underscore: `_specified`
[INFO] [stderr] 
[INFO] [stderr] warning: field `verbosity` is never read
[INFO] [stderr]   --> src/gfx/main.rs:88:5
[INFO] [stderr]    |
[INFO] [stderr] 86 | struct Options {
[INFO] [stderr]    |        ------- field in this struct
[INFO] [stderr] 87 |     reversed_width: Option<NonZeroU16>,
[INFO] [stderr] 88 |     verbosity: u8,
[INFO] [stderr]    |     ^^^^^^^^^
[INFO] [stderr]    |
[INFO] [stderr]    = note: `Options` has derived impls for the traits `Clone` and `Debug`, but these are intentionally ignored during dead code analysis
[INFO] [stderr]    = note: `#[warn(dead_code)]` on by default
[INFO] [stderr] 
[INFO] [stderr] warning: struct `OrdFloat` is never constructed
[INFO] [stderr]    --> src/gfx/pal_packing.rs:387:8
[INFO] [stderr]     |
[INFO] [stderr] 387 | struct OrdFloat(f64);
[INFO] [stderr]     |        ^^^^^^^^
[INFO] [stderr] 
[INFO] [stderr] warning: variable does not need to be mutable
[INFO] [stderr]      --> /opt/rustwide/target/debug/build/rgbds-ebcf370e08533e4f/out/asm/language/parser.rs:20853:13
[INFO] [stderr]       |
[INFO] [stderr] 20853 |         let mut sections = sections.borrow_mut();
[INFO] [stderr]       |             ----^^^^^^^^
[INFO] [stderr]       |             |
[INFO] [stderr]       |             help: remove this `mut`
[INFO] [stderr]       |
[INFO] [stderr]       = note: `#[warn(unused_mut)]` on by default
[INFO] [stderr] 
[INFO] [stderr] warning: `rgbds` (bin "rgbgfx") generated 8 warnings
[INFO] [stderr] warning: `rgbds` (bin "rgbasm") generated 1 warning (run `cargo fix --bin "rgbasm"` to apply 1 suggestion)
[INFO] [stderr] warning: `rgbds` (bin "rgbasm" test) generated 1 warning (1 duplicate)
[INFO] [stderr] warning: `rgbds` (lib test) generated 4 warnings (4 duplicates)
[INFO] [stderr] warning: `rgbds` (bin "rgbgfx" test) generated 8 warnings (8 duplicates)
[INFO] [stderr]     Finished `test` profile [unoptimized + debuginfo] target(s) in 0.19s
[INFO] [stderr]      Running unittests src/lib.rs (/opt/rustwide/target/debug/deps/rgbds-dfd46639b7ebfc9e)
[INFO] [stdout] 
[INFO] [stdout] running 1 test
[INFO] [stdout] test rpn::tests::test_div_rem ... ignored
[INFO] [stdout] 
[INFO] [stdout] test result: ok. 0 passed; 0 failed; 1 ignored; 0 measured; 0 filtered out; finished in 0.00s
[INFO] [stdout] 
[INFO] [stderr]      Running unittests src/asm/main.rs (/opt/rustwide/target/debug/deps/rgbasm-e7857541def02a4d)
[INFO] [stdout] 
[INFO] [stdout] running 3 tests
[INFO] [stdout] test instructions::encoding::tests::nop_encoding ... ok
[INFO] [stdout] test error::tests::parametric_levels ... ok
[INFO] [stdout] test error::tests::everything_enables_everything ... ok
[INFO] [stdout] 
[INFO] [stdout] test result: ok. 3 passed; 0 failed; 0 ignored; 0 measured; 0 filtered out; finished in 0.00s
[INFO] [stdout] 
[INFO] [stderr]      Running unittests src/gfx/main.rs (/opt/rustwide/target/debug/deps/rgbgfx-305b9a9233a69c40)
[INFO] [stdout] 
[INFO] [stdout] running 1 test
[INFO] [stdout] test tests::verify_cli ... ok
[INFO] [stdout] 
[INFO] [stdout] test result: ok. 1 passed; 0 failed; 0 ignored; 0 measured; 0 filtered out; finished in 0.00s
[INFO] [stdout] 
[INFO] [stderr]      Running tests/rgbgfx.rs (/opt/rustwide/target/debug/deps/rgbgfx-4319c59e75ecd67d)
[INFO] [stdout] 
[INFO] [stdout] running 44 tests
[INFO] [stdout] test damaged1.png                      ... ok
[INFO] [stdout] test damaged9.png                      ... ok
[INFO] [stdout] test damaged1.png via stdin            ... ok
[INFO] [stdout] test seed11.bin                        ... ok
[INFO] [stdout] test damaged9.png via stdin            ... ok
[INFO] [stderr] thread '<unnamed>' panicked at tests/rgbgfx.rs:97:14:
[INFO] [stderr] 
[INFO] [stderr] [31m---- expected: tests/rgbgfx/bad_manual_pals.err[0m
[INFO] [stderr] [32m++++ actual:   stderr[0m
[INFO] [stderr] [2m   1[0m [2m   1[0m [2m|[0m [2merror: Some tiles cannot be displayed with the specified palettes
[INFO] [stderr] [0m[2m   2[0m      [31m-[0m [31m  │ 
[INFO] [stderr] [0m[2m   3[0m      [31m-[0m [31m  │ Note: The following palettes were specified:
[INFO] [stderr] [0m[2m   4[0m      [31m-[0m [31m  [$7fff, $7f55]
[INFO] [stderr] [0m[2m   5[0m      [31m-[0m [31m  [$7fff, $6c8a]
[INFO] [stderr] [0m[2m   6[0m      [31m-[0m [31mNo palette contains colors [$6c8a, $7f55, $7fff]
[INFO] [stderr] [0m[2m   7[0m      [31m-[0m [31m──╯
[INFO] [stderr] [0m
[INFO] [stderr] [2mUpdate with SNAPSHOTS_GFX=overwrite[0m
[INFO] [stderr] 
[INFO] [stderr] stack backtrace:
[INFO] [stdout] test seed1.bin                         ... ok
[INFO] [stdout] test seed17.bin                        ... ok
[INFO] [stdout] test seed0.bin                         ... ok
[INFO] [stdout] test seed20.bin                        ... ok
[INFO] [stdout] test seed26.bin                        ... ok
[INFO] [stdout] test seed28.bin                        ... ok
[INFO] [stdout] test seed9.bin                         ... ok
[INFO] [stderr]    0:     0x5f743d377c2a - std::backtrace_rs::backtrace::libunwind::trace::h5a5b8284f2d0c266
[INFO] [stderr]                                at /rustc/90b35a6239c3d8bdabc530a6a0816f7ff89a0aaf/library/std/src/../../backtrace/src/backtrace/libunwind.rs:116:5
[INFO] [stderr]    1:     0x5f743d377c2a - std::backtrace_rs::backtrace::trace_unsynchronized::h76d4f1c9b0b875e3
[INFO] [stderr]                                at /rustc/90b35a6239c3d8bdabc530a6a0816f7ff89a0aaf/library/std/src/../../backtrace/src/backtrace/mod.rs:66:5
[INFO] [stderr]    2:     0x5f743d377c2a - std::sys::backtrace::_print_fmt::hc4546b8364a537c6
[INFO] [stderr]                                at /rustc/90b35a6239c3d8bdabc530a6a0816f7ff89a0aaf/library/std/src/sys/backtrace.rs:66:9
[INFO] [stderr]    3:     0x5f743d377c2a - <std::sys::backtrace::BacktraceLock::print::DisplayBacktrace as core::fmt::Display>::fmt::h5b6bd5631a6d1f6b
[INFO] [stderr]                                at /rustc/90b35a6239c3d8bdabc530a6a0816f7ff89a0aaf/library/std/src/sys/backtrace.rs:39:26
[INFO] [stderr]    4:     0x5f743d39d033 - core::fmt::rt::Argument::fmt::h270f6602a2b96f62
[INFO] [stderr]                                at /rustc/90b35a6239c3d8bdabc530a6a0816f7ff89a0aaf/library/core/src/fmt/rt.rs:177:76
[INFO] [stderr]    5:     0x5f743d39d033 - core::fmt::write::h7550c97b06c86515
[INFO] [stderr]                                at /rustc/90b35a6239c3d8bdabc530a6a0816f7ff89a0aaf/library/core/src/fmt/mod.rs:1186:21
[INFO] [stdout] test crop.png                          ... ok
[INFO] [stderr]    6:     0x5f743d374863 - std::io::Write::write_fmt::h7b09c64fe0be9c84
[INFO] [stderr]                                at /rustc/90b35a6239c3d8bdabc530a6a0816f7ff89a0aaf/library/std/src/io/mod.rs:1839:15
[INFO] [stderr]    7:     0x5f743d377a72 - std::sys::backtrace::BacktraceLock::print::h2395ccd2c84ba3aa
[INFO] [stderr]                                at /rustc/90b35a6239c3d8bdabc530a6a0816f7ff89a0aaf/library/std/src/sys/backtrace.rs:42:9
[INFO] [stderr]    8:     0x5f743d378a1c - std::panicking::default_hook::{{closure}}::he19d4c7230e07961
[INFO] [stderr]                                at /rustc/90b35a6239c3d8bdabc530a6a0816f7ff89a0aaf/library/std/src/panicking.rs:268:22
[INFO] [stderr]    9:     0x5f743d378862 - std::panicking::default_hook::hf614597d3c67bbdb
[INFO] [stderr]                                at /rustc/90b35a6239c3d8bdabc530a6a0816f7ff89a0aaf/library/std/src/panicking.rs:295:9
[INFO] [stderr]   10:     0x5f743d378ff7 - std::panicking::rust_panic_with_hook::h8942133a8b252070
[INFO] [stderr]                                at /rustc/90b35a6239c3d8bdabc530a6a0816f7ff89a0aaf/library/std/src/panicking.rs:801:13
[INFO] [stderr]   11:     0x5f743d378e8a - std::panicking::begin_panic_handler::{{closure}}::hb5f5963570096b29
[INFO] [stderr]                                at /rustc/90b35a6239c3d8bdabc530a6a0816f7ff89a0aaf/library/std/src/panicking.rs:674:13
[INFO] [stderr]   12:     0x5f743d378109 - std::sys::backtrace::__rust_end_short_backtrace::h6208cedc1922feda
[INFO] [stderr]                                at /rustc/90b35a6239c3d8bdabc530a6a0816f7ff89a0aaf/library/std/src/sys/backtrace.rs:170:18
[INFO] [stderr]   13:     0x5f743d378b1c - rust_begin_unwind
[INFO] [stderr]                                at /rustc/90b35a6239c3d8bdabc530a6a0816f7ff89a0aaf/library/std/src/panicking.rs:665:5
[INFO] [stderr]   14:     0x5f743d0a3f40 - core::panicking::panic_fmt::h0c3082644d1bf418
[INFO] [stderr]                                at /rustc/90b35a6239c3d8bdabc530a6a0816f7ff89a0aaf/library/core/src/panicking.rs:74:14
[INFO] [stderr]   15:     0x5f743d14f66e - snapbox::assert::error::Error::panic::h18c4a8d6093980a9
[INFO] [stderr]                                at /opt/rustwide/cargo-home/registry/src/index.crates.io-6f17d22bba15001f/snapbox-0.5.14/src/assert/error.rs:23:9
[INFO] [stderr]   16:     0x5f743d0f2252 - snapbox::cmd::OutputAssert::stderr_eq_inner::hf1e8fe8841ab8d2d
[INFO] [stderr]                                at /opt/rustwide/cargo-home/registry/src/index.crates.io-6f17d22bba15001f/snapbox-0.5.14/src/cmd.rs:829:13
[INFO] [stderr]   17:     0x5f743d0b10a9 - snapbox::cmd::OutputAssert::stderr_eq_::h84cbc48416b7586c
[INFO] [stderr]                                at /opt/rustwide/cargo-home/registry/src/index.crates.io-6f17d22bba15001f/snapbox-0.5.14/src/cmd.rs:752:9
[INFO] [stderr]   18:     0x5f743d0a7e23 - rgbgfx::test_png::h3a2c9c999bc6088c
[INFO] [stderr]                                at /opt/rustwide/workdir/tests/rgbgfx.rs:95:9
[INFO] [stderr]   19:     0x5f743d0a7272 - rgbgfx::make_test::{{closure}}::h00b0b6105ba0c33c
[INFO] [stderr]                                at /opt/rustwide/workdir/tests/rgbgfx.rs:48:42
[INFO] [stderr]   20:     0x5f743d0ad3bf - libtest_mimic::Trial::test::{{closure}}::hf64bb9194f06f503
[INFO] [stderr]                                at /opt/rustwide/cargo-home/registry/src/index.crates.io-6f17d22bba15001f/libtest-mimic-0.7.3/src/lib.rs:112:54
[INFO] [stderr]   21:     0x5f743d0adf66 - core::ops::function::FnOnce::call_once{{vtable.shim}}::h0de4112745dbd413
[INFO] [stderr]                                at /rustc/90b35a6239c3d8bdabc530a6a0816f7ff89a0aaf/library/core/src/ops/function.rs:250:5
[INFO] [stderr]   22:     0x5f743d1dfb00 - <alloc::boxed::Box<F,A> as core::ops::function::FnOnce<Args>>::call_once::h8863b2f0d46c40d9
[INFO] [stderr]                                at /rustc/90b35a6239c3d8bdabc530a6a0816f7ff89a0aaf/library/alloc/src/boxed.rs:2454:9
[INFO] [stdout] test seed29.bin                        ... ok
[INFO] [stdout] test seed6.bin                         ... ok
[INFO] [stderr]   23:     0x5f743d1d7020 - libtest_mimic::run_single::{{closure}}::h93d24e19ece9570c
[INFO] [stderr]                                at /opt/rustwide/cargo-home/registry/src/index.crates.io-6f17d22bba15001f/libtest-mimic-0.7.3/src/lib.rs:551:43
[INFO] [stderr]   24:     0x5f743d1ce130 - <core::panic::unwind_safe::AssertUnwindSafe<F> as core::ops::function::FnOnce<()>>::call_once::hb901215349b492b6
[INFO] [stderr]                                at /rustc/90b35a6239c3d8bdabc530a6a0816f7ff89a0aaf/library/core/src/panic/unwind_safe.rs:272:9
[INFO] [stderr]   25:     0x5f743d1ce3c7 - std::panicking::try::do_call::h9bde7f9f23d4ea28
[INFO] [stderr]                                at /rustc/90b35a6239c3d8bdabc530a6a0816f7ff89a0aaf/library/std/src/panicking.rs:557:40
[INFO] [stderr]   26:     0x5f743d213a5b - __rust_try
[INFO] [stderr]   27:     0x5f743d210e3b - std::panicking::try::h3394d9f0dd9b071b
[INFO] [stderr]                                at /rustc/90b35a6239c3d8bdabc530a6a0816f7ff89a0aaf/library/std/src/panicking.rs:520:19
[INFO] [stderr]   28:     0x5f743d210e3b - std::panic::catch_unwind::h5d7a4b71d301428f
[INFO] [stderr]                                at /rustc/90b35a6239c3d8bdabc530a6a0816f7ff89a0aaf/library/std/src/panic.rs:358:14
[INFO] [stderr]   29:     0x5f743d1d6fd1 - libtest_mimic::run_single::h58bbbbbea77c19ba
[INFO] [stderr]                                at /opt/rustwide/cargo-home/registry/src/index.crates.io-6f17d22bba15001f/libtest-mimic-0.7.3/src/lib.rs:551:5
[INFO] [stdout] test seed25.bin                        ... ok
[INFO] [stderr]   30:     0x5f743d1d6e24 - libtest_mimic::run::{{closure}}::h4c225c475c02cde9
[INFO] [stderr]                                at /opt/rustwide/cargo-home/registry/src/index.crates.io-6f17d22bba15001f/libtest-mimic-0.7.3/src/lib.rs:515:35
[INFO] [stderr]   31:     0x5f743d1d3bc2 - <F as threadpool::FnBox>::call_box::h929697030d0a95f5
[INFO] [stderr]                                at /opt/rustwide/cargo-home/registry/src/index.crates.io-6f17d22bba15001f/threadpool-1.8.1/src/lib.rs:95:9
[INFO] [stderr]   32:     0x5f743d226f8f - threadpool::spawn_in_pool::{{closure}}::hf833d16cd54c974a
[INFO] [stderr]                                at /opt/rustwide/cargo-home/registry/src/index.crates.io-6f17d22bba15001f/threadpool-1.8.1/src/lib.rs:769:17
[INFO] [stderr]   33:     0x5f743d221d3e - std::sys::backtrace::__rust_begin_short_backtrace::h83d08fff44a5b637
[INFO] [stderr]                                at /rustc/90b35a6239c3d8bdabc530a6a0816f7ff89a0aaf/library/std/src/sys/backtrace.rs:154:18
[INFO] [stderr]   34:     0x5f743d228a3b - std::thread::Builder::spawn_unchecked_::{{closure}}::{{closure}}::h5780a064208d7d6d
[INFO] [stderr]                                at /rustc/90b35a6239c3d8bdabc530a6a0816f7ff89a0aaf/library/std/src/thread/mod.rs:538:17
[INFO] [stderr]   35:     0x5f743d2270af - <core::panic::unwind_safe::AssertUnwindSafe<F> as core::ops::function::FnOnce<()>>::call_once::h9e15394712e50650
[INFO] [stderr]                                at /rustc/90b35a6239c3d8bdabc530a6a0816f7ff89a0aaf/library/core/src/panic/unwind_safe.rs:272:9
[INFO] [stderr]   36:     0x5f743d223396 - std::panicking::try::do_call::h34d3c72afa6b2936
[INFO] [stderr]                                at /rustc/90b35a6239c3d8bdabc530a6a0816f7ff89a0aaf/library/std/src/panicking.rs:557:40
[INFO] [stderr]   37:     0x5f743d22b43b - __rust_try
[INFO] [stderr]   38:     0x5f743d228677 - std::panicking::try::h813bb94132dec8a0
[INFO] [stderr]                                at /rustc/90b35a6239c3d8bdabc530a6a0816f7ff89a0aaf/library/std/src/panicking.rs:520:19
[INFO] [stderr]   39:     0x5f743d228677 - std::panic::catch_unwind::h82eb8ecd7a435fa6
[INFO] [stderr]                                at /rustc/90b35a6239c3d8bdabc530a6a0816f7ff89a0aaf/library/std/src/panic.rs:358:14
[INFO] [stderr]   40:     0x5f743d228677 - std::thread::Builder::spawn_unchecked_::{{closure}}::h969c21f6a0433ff1
[INFO] [stderr]                                at /rustc/90b35a6239c3d8bdabc530a6a0816f7ff89a0aaf/library/std/src/thread/mod.rs:537:30
[INFO] [stderr]   41:     0x5f743d2239cf - core::ops::function::FnOnce::call_once{{vtable.shim}}::heefe1307f700f974
[INFO] [stderr]                                at /rustc/90b35a6239c3d8bdabc530a6a0816f7ff89a0aaf/library/core/src/ops/function.rs:250:5
[INFO] [stderr]   42:     0x5f743d37dc6b - <alloc::boxed::Box<F,A> as core::ops::function::FnOnce<Args>>::call_once::hf75717d9f28faebf
[INFO] [stderr]                                at /rustc/90b35a6239c3d8bdabc530a6a0816f7ff89a0aaf/library/alloc/src/boxed.rs:2454:9
[INFO] [stderr]   43:     0x5f743d37dc6b - <alloc::boxed::Box<F,A> as core::ops::function::FnOnce<Args>>::call_once::h7bd883a5f3c5f3c1
[INFO] [stderr]                                at /rustc/90b35a6239c3d8bdabc530a6a0816f7ff89a0aaf/library/alloc/src/boxed.rs:2454:9
[INFO] [stderr]   44:     0x5f743d37dc6b - std::sys::pal::unix::thread::Thread::new::thread_start::hcc78f3943333fa94
[INFO] [stderr]                                at /rustc/90b35a6239c3d8bdabc530a6a0816f7ff89a0aaf/library/std/src/sys/pal/unix/thread.rs:105:17
[INFO] [stderr]   45:     0x72a1631c0ac3 - <unknown>
[INFO] [stderr]   46:     0x72a163251a04 - clone
[INFO] [stderr]   47:                0x0 - <unknown>
[INFO] [stdout] test seed5.bin                         ... ok
[INFO] [stdout] test crop.png via stdin                ... ok
[INFO] [stderr] thread '<unnamed>' panicked at tests/rgbgfx.rs:97:14:
[INFO] [stderr] 
[INFO] [stderr] [31m---- expected: tests/rgbgfx/bad_manual_pals.err[0m
[INFO] [stderr] [32m++++ actual:   stderr[0m
[INFO] [stderr] [2m   1[0m [2m   1[0m [2m|[0m [2merror: Some tiles cannot be displayed with the specified palettes
[INFO] [stderr] [0m[2m   2[0m      [31m-[0m [31m  │ 
[INFO] [stderr] [0m[2m   3[0m      [31m-[0m [31m  │ Note: The following palettes were specified:
[INFO] [stderr] [0m[2m   4[0m      [31m-[0m [31m  [$7fff, $7f55]
[INFO] [stderr] [0m[2m   5[0m      [31m-[0m [31m  [$7fff, $6c8a]
[INFO] [stderr] [0m[2m   6[0m      [31m-[0m [31mNo palette contains colors [$6c8a, $7f55, $7fff]
[INFO] [stderr] [0m[2m   7[0m      [31m-[0m [31m──╯
[INFO] [stderr] [0m
[INFO] [stderr] [2mUpdate with SNAPSHOTS_GFX=overwrite[0m
[INFO] [stderr] 
[INFO] [stderr] stack backtrace:
[INFO] [stdout] test seed19.bin                        ... ok
[INFO] [stderr]    0:     0x5f743d377c2a - std::backtrace_rs::backtrace::libunwind::trace::h5a5b8284f2d0c266
[INFO] [stderr]                                at /rustc/90b35a6239c3d8bdabc530a6a0816f7ff89a0aaf/library/std/src/../../backtrace/src/backtrace/libunwind.rs:116:5
[INFO] [stderr]    1:     0x5f743d377c2a - std::backtrace_rs::backtrace::trace_unsynchronized::h76d4f1c9b0b875e3
[INFO] [stderr]                                at /rustc/90b35a6239c3d8bdabc530a6a0816f7ff89a0aaf/library/std/src/../../backtrace/src/backtrace/mod.rs:66:5
[INFO] [stderr]    2:     0x5f743d377c2a - std::sys::backtrace::_print_fmt::hc4546b8364a537c6
[INFO] [stderr]                                at /rustc/90b35a6239c3d8bdabc530a6a0816f7ff89a0aaf/library/std/src/sys/backtrace.rs:66:9
[INFO] [stderr]    3:     0x5f743d377c2a - <std::sys::backtrace::BacktraceLock::print::DisplayBacktrace as core::fmt::Display>::fmt::h5b6bd5631a6d1f6b
[INFO] [stderr]                                at /rustc/90b35a6239c3d8bdabc530a6a0816f7ff89a0aaf/library/std/src/sys/backtrace.rs:39:26
[INFO] [stderr]    4:     0x5f743d39d033 - core::fmt::rt::Argument::fmt::h270f6602a2b96f62
[INFO] [stderr]                                at /rustc/90b35a6239c3d8bdabc530a6a0816f7ff89a0aaf/library/core/src/fmt/rt.rs:177:76
[INFO] [stderr]    5:     0x5f743d39d033 - core::fmt::write::h7550c97b06c86515
[INFO] [stderr]                                at /rustc/90b35a6239c3d8bdabc530a6a0816f7ff89a0aaf/library/core/src/fmt/mod.rs:1186:21
[INFO] [stderr]    6:     0x5f743d374863 - std::io::Write::write_fmt::h7b09c64fe0be9c84
[INFO] [stderr]                                at /rustc/90b35a6239c3d8bdabc530a6a0816f7ff89a0aaf/library/std/src/io/mod.rs:1839:15
[INFO] [stderr]    7:     0x5f743d377a72 - std::sys::backtrace::BacktraceLock::print::h2395ccd2c84ba3aa
[INFO] [stderr]                                at /rustc/90b35a6239c3d8bdabc530a6a0816f7ff89a0aaf/library/std/src/sys/backtrace.rs:42:9
[INFO] [stderr]    8:     0x5f743d378a1c - std::panicking::default_hook::{{closure}}::he19d4c7230e07961
[INFO] [stderr]                                at /rustc/90b35a6239c3d8bdabc530a6a0816f7ff89a0aaf/library/std/src/panicking.rs:268:22
[INFO] [stderr]    9:     0x5f743d378862 - std::panicking::default_hook::hf614597d3c67bbdb
[INFO] [stderr]                                at /rustc/90b35a6239c3d8bdabc530a6a0816f7ff89a0aaf/library/std/src/panicking.rs:295:9
[INFO] [stderr]   10:     0x5f743d378ff7 - std::panicking::rust_panic_with_hook::h8942133a8b252070
[INFO] [stderr]                                at /rustc/90b35a6239c3d8bdabc530a6a0816f7ff89a0aaf/library/std/src/panicking.rs:801:13
[INFO] [stderr]   11:     0x5f743d378e8a - std::panicking::begin_panic_handler::{{closure}}::hb5f5963570096b29
[INFO] [stderr]                                at /rustc/90b35a6239c3d8bdabc530a6a0816f7ff89a0aaf/library/std/src/panicking.rs:674:13
[INFO] [stderr]   12:     0x5f743d378109 - std::sys::backtrace::__rust_end_short_backtrace::h6208cedc1922feda
[INFO] [stderr]                                at /rustc/90b35a6239c3d8bdabc530a6a0816f7ff89a0aaf/library/std/src/sys/backtrace.rs:170:18
[INFO] [stderr]   13:     0x5f743d378b1c - rust_begin_unwind
[INFO] [stderr]                                at /rustc/90b35a6239c3d8bdabc530a6a0816f7ff89a0aaf/library/std/src/panicking.rs:665:5
[INFO] [stderr]   14:     0x5f743d0a3f40 - core::panicking::panic_fmt::h0c3082644d1bf418
[INFO] [stderr]                                at /rustc/90b35a6239c3d8bdabc530a6a0816f7ff89a0aaf/library/core/src/panicking.rs:74:14
[INFO] [stderr]   15:     0x5f743d14f66e - snapbox::assert::error::Error::panic::h18c4a8d6093980a9
[INFO] [stderr]                                at /opt/rustwide/cargo-home/registry/src/index.crates.io-6f17d22bba15001f/snapbox-0.5.14/src/assert/error.rs:23:9
[INFO] [stderr]   16:     0x5f743d0f2252 - snapbox::cmd::OutputAssert::stderr_eq_inner::hf1e8fe8841ab8d2d
[INFO] [stderr]                                at /opt/rustwide/cargo-home/registry/src/index.crates.io-6f17d22bba15001f/snapbox-0.5.14/src/cmd.rs:829:13
[INFO] [stderr]   17:     0x5f743d0b10a9 - snapbox::cmd::OutputAssert::stderr_eq_::h84cbc48416b7586c
[INFO] [stderr]                                at /opt/rustwide/cargo-home/registry/src/index.crates.io-6f17d22bba15001f/snapbox-0.5.14/src/cmd.rs:752:9
[INFO] [stderr]   18:     0x5f743d0a7e23 - rgbgfx::test_png::h3a2c9c999bc6088c
[INFO] [stderr]                                at /opt/rustwide/workdir/tests/rgbgfx.rs:95:9
[INFO] [stderr]   19:     0x5f743d0a72b5 - rgbgfx::make_test::{{closure}}::he1921c9ea038c122
[INFO] [stderr]                                at /opt/rustwide/workdir/tests/rgbgfx.rs:49:48
[INFO] [stderr]   20:     0x5f743d0ad23f - libtest_mimic::Trial::test::{{closure}}::h317e87fb41568046
[INFO] [stderr]                                at /opt/rustwide/cargo-home/registry/src/index.crates.io-6f17d22bba15001f/libtest-mimic-0.7.3/src/lib.rs:112:54
[INFO] [stderr]   21:     0x5f743d0adf96 - core::ops::function::FnOnce::call_once{{vtable.shim}}::h5e8b5a456528297f
[INFO] [stderr]                                at /rustc/90b35a6239c3d8bdabc530a6a0816f7ff89a0aaf/library/core/src/ops/function.rs:250:5
[INFO] [stderr]   22:     0x5f743d1dfb00 - <alloc::boxed::Box<F,A> as core::ops::function::FnOnce<Args>>::call_once::h8863b2f0d46c40d9
[INFO] [stderr]                                at /rustc/90b35a6239c3d8bdabc530a6a0816f7ff89a0aaf/library/alloc/src/boxed.rs:2454:9
[INFO] [stderr]   23:     0x5f743d1d7020 - libtest_mimic::run_single::{{closure}}::h93d24e19ece9570c
[INFO] [stderr]                                at /opt/rustwide/cargo-home/registry/src/index.crates.io-6f17d22bba15001f/libtest-mimic-0.7.3/src/lib.rs:551:43
[INFO] [stderr]   24:     0x5f743d1ce130 - <core::panic::unwind_safe::AssertUnwindSafe<F> as core::ops::function::FnOnce<()>>::call_once::hb901215349b492b6
[INFO] [stderr]                                at /rustc/90b35a6239c3d8bdabc530a6a0816f7ff89a0aaf/library/core/src/panic/unwind_safe.rs:272:9
[INFO] [stderr]   25:     0x5f743d1ce3c7 - std::panicking::try::do_call::h9bde7f9f23d4ea28
[INFO] [stderr]                                at /rustc/90b35a6239c3d8bdabc530a6a0816f7ff89a0aaf/library/std/src/panicking.rs:557:40
[INFO] [stderr]   26:     0x5f743d213a5b - __rust_try
[INFO] [stderr]   27:     0x5f743d210e3b - std::panicking::try::h3394d9f0dd9b071b
[INFO] [stderr]                                at /rustc/90b35a6239c3d8bdabc530a6a0816f7ff89a0aaf/library/std/src/panicking.rs:520:19
[INFO] [stderr]   28:     0x5f743d210e3b - std::panic::catch_unwind::h5d7a4b71d301428f
[INFO] [stderr]                                at /rustc/90b35a6239c3d8bdabc530a6a0816f7ff89a0aaf/library/std/src/panic.rs:358:14
[INFO] [stderr]   29:     0x5f743d1d6fd1 - libtest_mimic::run_single::h58bbbbbea77c19ba
[INFO] [stderr]                                at /opt/rustwide/cargo-home/registry/src/index.crates.io-6f17d22bba15001f/libtest-mimic-0.7.3/src/lib.rs:551:5
[INFO] [stderr]   30:     0x5f743d1d6e24 - libtest_mimic::run::{{closure}}::h4c225c475c02cde9
[INFO] [stderr]                                at /opt/rustwide/cargo-home/registry/src/index.crates.io-6f17d22bba15001f/libtest-mimic-0.7.3/src/lib.rs:515:35
[INFO] [stderr]   31:     0x5f743d1d3bc2 - <F as threadpool::FnBox>::call_box::h929697030d0a95f5
[INFO] [stderr]                                at /opt/rustwide/cargo-home/registry/src/index.crates.io-6f17d22bba15001f/threadpool-1.8.1/src/lib.rs:95:9
[INFO] [stderr]   32:     0x5f743d226f8f - threadpool::spawn_in_pool::{{closure}}::hf833d16cd54c974a
[INFO] [stderr]                                at /opt/rustwide/cargo-home/registry/src/index.crates.io-6f17d22bba15001f/threadpool-1.8.1/src/lib.rs:769:17
[INFO] [stderr]   33:     0x5f743d221d3e - std::sys::backtrace::__rust_begin_short_backtrace::h83d08fff44a5b637
[INFO] [stderr]                                at /rustc/90b35a6239c3d8bdabc530a6a0816f7ff89a0aaf/library/std/src/sys/backtrace.rs:154:18
[INFO] [stderr]   34:     0x5f743d228a3b - std::thread::Builder::spawn_unchecked_::{{closure}}::{{closure}}::h5780a064208d7d6d
[INFO] [stderr]                                at /rustc/90b35a6239c3d8bdabc530a6a0816f7ff89a0aaf/library/std/src/thread/mod.rs:538:17
[INFO] [stderr]   35:     0x5f743d2270af - <core::panic::unwind_safe::AssertUnwindSafe<F> as core::ops::function::FnOnce<()>>::call_once::h9e15394712e50650
[INFO] [stderr]                                at /rustc/90b35a6239c3d8bdabc530a6a0816f7ff89a0aaf/library/core/src/panic/unwind_safe.rs:272:9
[INFO] [stderr]   36:     0x5f743d223396 - std::panicking::try::do_call::h34d3c72afa6b2936
[INFO] [stderr]                                at /rustc/90b35a6239c3d8bdabc530a6a0816f7ff89a0aaf/library/std/src/panicking.rs:557:40
[INFO] [stderr]   37:     0x5f743d22b43b - __rust_try
[INFO] [stderr]   38:     0x5f743d228677 - std::panicking::try::h813bb94132dec8a0
[INFO] [stderr]                                at /rustc/90b35a6239c3d8bdabc530a6a0816f7ff89a0aaf/library/std/src/panicking.rs:520:19
[INFO] [stderr]   39:     0x5f743d228677 - std::panic::catch_unwind::h82eb8ecd7a435fa6
[INFO] [stderr]                                at /rustc/90b35a6239c3d8bdabc530a6a0816f7ff89a0aaf/library/std/src/panic.rs:358:14
[INFO] [stderr]   40:     0x5f743d228677 - std::thread::Builder::spawn_unchecked_::{{closure}}::h969c21f6a0433ff1
[INFO] [stderr]                                at /rustc/90b35a6239c3d8bdabc530a6a0816f7ff89a0aaf/library/std/src/thread/mod.rs:537:30
[INFO] [stderr]   41:     0x5f743d2239cf - core::ops::function::FnOnce::call_once{{vtable.shim}}::heefe1307f700f974
[INFO] [stderr]                                at /rustc/90b35a6239c3d8bdabc530a6a0816f7ff89a0aaf/library/core/src/ops/function.rs:250:5
[INFO] [stderr]   42:     0x5f743d37dc6b - <alloc::boxed::Box<F,A> as core::ops::function::FnOnce<Args>>::call_once::hf75717d9f28faebf
[INFO] [stderr]                                at /rustc/90b35a6239c3d8bdabc530a6a0816f7ff89a0aaf/library/alloc/src/boxed.rs:2454:9
[INFO] [stderr]   43:     0x5f743d37dc6b - <alloc::boxed::Box<F,A> as core::ops::function::FnOnce<Args>>::call_once::h7bd883a5f3c5f3c1
[INFO] [stderr]                                at /rustc/90b35a6239c3d8bdabc530a6a0816f7ff89a0aaf/library/alloc/src/boxed.rs:2454:9
[INFO] [stderr]   44:     0x5f743d37dc6b - std::sys::pal::unix::thread::Thread::new::thread_start::hcc78f3943333fa94
[INFO] [stderr]                                at /rustc/90b35a6239c3d8bdabc530a6a0816f7ff89a0aaf/library/std/src/sys/pal/unix/thread.rs:105:17
[INFO] [stderr]   45:     0x72a1631c0ac3 - <unknown>
[INFO] [stderr]   46:     0x72a163251a04 - clone
[INFO] [stderr]   47:                0x0 - <unknown>
[INFO] [stdout] test bad_manual_pals.png via stdin     ... FAILED
[INFO] [stdout] test bad_manual_pals.png               ... FAILED
[INFO] [stdout] test seed27.bin                        ... ok
[INFO] [stdout] test none_comma_omission.png           ... ok
[INFO] [stdout] test seed15.bin                        ... ok
[INFO] [stdout] test seed8.bin                         ... ok
[INFO] [stdout] test trns_lt_plte.png via stdin        ... ok
[INFO] [stdout] test none_comma_omission.png via stdin ... ok
[INFO] [stdout] test trns_lt_plte.png                  ... ok
[INFO] [stdout] test damaged2.png                      ... ok
[INFO] [stdout] test seed12.bin                        ... ok
[INFO] [stdout] test seed4.bin                         ... ok
[INFO] [stdout] test damaged2.png via stdin            ... ok
[INFO] [stdout] test seed24.bin                        ... ok
[INFO] [stdout] test seed18.bin                        ... ok
[INFO] [stdout] test seed13.bin                        ... ok
[INFO] [stdout] test seed14.bin                        ... ok
[INFO] [stdout] test seed21.bin                        ... ok
[INFO] [stdout] test seed10.bin                        ... ok
[INFO] [stdout] test seed22.bin                        ... ok
[INFO] [stdout] test seed23.bin                        ... ok
[INFO] [stdout] test seed16.bin                        ... ok
[INFO] [stdout] test seed3.bin                         ... ok
[INFO] [stdout] test seed7.bin                         ... ok
[INFO] [stdout] test seed2.bin                         ... ok
[INFO] [stdout] 
[INFO] [stdout] failures:
[INFO] [stdout] 
[INFO] [stdout] ---- bad_manual_pals.png via stdin ----
[INFO] [stdout] test panicked: 
[INFO] [stdout] [31m---- expected: tests/rgbgfx/bad_manual_pals.err[0m
[INFO] [stdout] [32m++++ actual:   stderr[0m
[INFO] [stdout] [2m   1[0m [2m   1[0m [2m|[0m [2merror: Some tiles cannot be displayed with the specified palettes
[INFO] [stdout] [0m[2m   2[0m      [31m-[0m [31m  │ 
[INFO] [stdout] [0m[2m   3[0m      [31m-[0m [31m  │ Note: The following palettes were specified:
[INFO] [stdout] [0m[2m   4[0m      [31m-[0m [31m  [$7fff, $7f55]
[INFO] [stdout] [0m[2m   5[0m      [31m-[0m [31m  [$7fff, $6c8a]
[INFO] [stdout] [0m[2m   6[0m      [31m-[0m [31mNo palette contains colors [$6c8a, $7f55, $7fff]
[INFO] [stdout] [0m[2m   7[0m      [31m-[0m [31m──╯
[INFO] [stdout] [0m
[INFO] [stdout] [2mUpdate with SNAPSHOTS_GFX=overwrite[0m
[INFO] [stdout] 
[INFO] [stdout] 
[INFO] [stdout] ---- bad_manual_pals.png ----
[INFO] [stdout] test panicked: 
[INFO] [stdout] [31m---- expected: tests/rgbgfx/bad_manual_pals.err[0m
[INFO] [stdout] [32m++++ actual:   stderr[0m
[INFO] [stdout] [2m   1[0m [2m   1[0m [2m|[0m [2merror: Some tiles cannot be displayed with the specified palettes
[INFO] [stdout] [0m[2m   2[0m      [31m-[0m [31m  │ 
[INFO] [stdout] [0m[2m   3[0m      [31m-[0m [31m  │ Note: The following palettes were specified:
[INFO] [stdout] [0m[2m   4[0m      [31m-[0m [31m  [$7fff, $7f55]
[INFO] [stdout] [0m[2m   5[0m      [31m-[0m [31m  [$7fff, $6c8a]
[INFO] [stdout] [0m[2m   6[0m      [31m-[0m [31mNo palette contains colors [$6c8a, $7f55, $7fff]
[INFO] [stdout] [0m[2m   7[0m      [31m-[0m [31m──╯
[INFO] [stdout] [0m
[INFO] [stdout] [2mUpdate with SNAPSHOTS_GFX=overwrite[0m
[INFO] [stdout] 
[INFO] [stdout] 
[INFO] [stdout] 
[INFO] [stdout] failures:
[INFO] [stdout]     bad_manual_pals.png via stdin
[INFO] [stdout]     bad_manual_pals.png
[INFO] [stdout] 
[INFO] [stdout] test result: FAILED. 42 passed; 2 failed; 0 ignored; 0 measured; 0 filtered out; finished in 0.61s
[INFO] [stdout] 
[INFO] [stderr] error: test failed, to rerun pass `--test rgbgfx`
[INFO] running `Command { std: "docker" "inspect" "a374e35f2890c1791f8ca7028c800f4179078f3b03872d15002e8653556e71c2", kill_on_drop: false }`
[INFO] running `Command { std: "docker" "rm" "-f" "a374e35f2890c1791f8ca7028c800f4179078f3b03872d15002e8653556e71c2", kill_on_drop: false }`
[INFO] [stdout] a374e35f2890c1791f8ca7028c800f4179078f3b03872d15002e8653556e71c2
