[INFO] cloning repository https://github.com/Hosshii/aoc2021
[INFO] running `Command { std: "git" "-c" "credential.helper=" "-c" "credential.helper=/workspace/cargo-home/bin/git-credential-null" "clone" "--bare" "https://github.com/Hosshii/aoc2021" "/workspace/cache/git-repos/https%3A%2F%2Fgithub.com%2FHosshii%2Faoc2021", kill_on_drop: false }`
[INFO] [stderr] Cloning into bare repository '/workspace/cache/git-repos/https%3A%2F%2Fgithub.com%2FHosshii%2Faoc2021'...
[INFO] running `Command { std: "git" "rev-parse" "HEAD", kill_on_drop: false }`
[INFO] [stdout] a5fbd1c6d39bb5c1ced61e782f7b7e1c7fc61da8
[INFO] testing Hosshii/aoc2021 against beta-2024-12-08 for beta-1.84.0-4-retry
[INFO] running `Command { std: "git" "clone" "/workspace/cache/git-repos/https%3A%2F%2Fgithub.com%2FHosshii%2Faoc2021" "/workspace/builds/worker-6-tc2/source", kill_on_drop: false }`
[INFO] [stderr] Cloning into '/workspace/builds/worker-6-tc2/source'...
[INFO] [stderr] done.
[INFO] validating manifest of git repo https://github.com/Hosshii/aoc2021 on toolchain beta-2024-12-08
[INFO] running `Command { std: CARGO_HOME="/workspace/cargo-home" RUSTUP_HOME="/workspace/rustup-home" "/workspace/cargo-home/bin/cargo" "+beta-2024-12-08" "metadata" "--manifest-path" "Cargo.toml" "--no-deps", kill_on_drop: false }`
[INFO] started tweaking git repo https://github.com/Hosshii/aoc2021
[INFO] finished tweaking git repo https://github.com/Hosshii/aoc2021
[INFO] tweaked toml for git repo https://github.com/Hosshii/aoc2021 written to /workspace/builds/worker-6-tc2/source/Cargo.toml
[INFO] crate git repo https://github.com/Hosshii/aoc2021 already has a lockfile, it will not be regenerated
[INFO] running `Command { std: CARGO_HOME="/workspace/cargo-home" RUSTUP_HOME="/workspace/rustup-home" "/workspace/cargo-home/bin/cargo" "+beta-2024-12-08" "fetch" "--manifest-path" "Cargo.toml", kill_on_drop: false }`
[INFO] [stderr] warning: virtual workspace defaulting to `resolver = "1"` despite one or more workspace members being on edition 2021 which implies `resolver = "2"`
[INFO] [stderr] note: to keep the current resolver, specify `workspace.resolver = "1"` in the workspace root's manifest
[INFO] [stderr] note: to use the edition 2021 resolver, specify `workspace.resolver = "2"` in the workspace root's manifest
[INFO] [stderr] note: for more details see https://doc.rust-lang.org/cargo/reference/resolver.html#resolver-versions
[INFO] running `Command { std: "docker" "create" "-v" "/var/lib/crater-agent-workspace/builds/worker-6-tc2/target:/opt/rustwide/target:rw,Z" "-v" "/var/lib/crater-agent-workspace/builds/worker-6-tc2/source:/opt/rustwide/workdir:ro,Z" "-v" "/var/lib/crater-agent-workspace/cargo-home:/opt/rustwide/cargo-home:ro,Z" "-v" "/var/lib/crater-agent-workspace/rustup-home:/opt/rustwide/rustup-home:ro,Z" "-e" "SOURCE_DIR=/opt/rustwide/workdir" "-e" "CARGO_TARGET_DIR=/opt/rustwide/target" "-e" "CARGO_HOME=/opt/rustwide/cargo-home" "-e" "RUSTUP_HOME=/opt/rustwide/rustup-home" "-w" "/opt/rustwide/workdir" "-m" "1610612736" "--user" "0:0" "--network" "none" "ghcr.io/rust-lang/crates-build-env/linux@sha256:f3a9d4ad9d972b27faf3965f35b62e55ba32bbce8f20bc8fe909558a86702fde" "/opt/rustwide/cargo-home/bin/cargo" "+beta-2024-12-08" "metadata" "--no-deps" "--format-version=1", kill_on_drop: false }`
[INFO] [stdout] 8b1cc47f1ca8959ecf24508e38e7aae84428dde477c5edaa6f44e22e22472093
[INFO] running `Command { std: "docker" "start" "-a" "8b1cc47f1ca8959ecf24508e38e7aae84428dde477c5edaa6f44e22e22472093", kill_on_drop: false }`
[INFO] running `Command { std: "docker" "inspect" "8b1cc47f1ca8959ecf24508e38e7aae84428dde477c5edaa6f44e22e22472093", kill_on_drop: false }`
[INFO] running `Command { std: "docker" "rm" "-f" "8b1cc47f1ca8959ecf24508e38e7aae84428dde477c5edaa6f44e22e22472093", kill_on_drop: false }`
[INFO] [stdout] 8b1cc47f1ca8959ecf24508e38e7aae84428dde477c5edaa6f44e22e22472093
[INFO] running `Command { std: "docker" "create" "-v" "/var/lib/crater-agent-workspace/builds/worker-6-tc2/target:/opt/rustwide/target:rw,Z" "-v" "/var/lib/crater-agent-workspace/builds/worker-6-tc2/source:/opt/rustwide/workdir:ro,Z" "-v" "/var/lib/crater-agent-workspace/cargo-home:/opt/rustwide/cargo-home:ro,Z" "-v" "/var/lib/crater-agent-workspace/rustup-home:/opt/rustwide/rustup-home:ro,Z" "-e" "SOURCE_DIR=/opt/rustwide/workdir" "-e" "CARGO_TARGET_DIR=/opt/rustwide/target" "-e" "CARGO_INCREMENTAL=0" "-e" "RUST_BACKTRACE=full" "-e" "RUSTFLAGS=--cap-lints=warn" "-e" "RUSTDOCFLAGS=--cap-lints=warn" "-e" "CARGO_HOME=/opt/rustwide/cargo-home" "-e" "RUSTUP_HOME=/opt/rustwide/rustup-home" "-w" "/opt/rustwide/workdir" "-m" "1610612736" "--user" "0:0" "--network" "none" "ghcr.io/rust-lang/crates-build-env/linux@sha256:f3a9d4ad9d972b27faf3965f35b62e55ba32bbce8f20bc8fe909558a86702fde" "/opt/rustwide/cargo-home/bin/cargo" "+beta-2024-12-08" "build" "--frozen" "--message-format=json", kill_on_drop: false }`
[INFO] [stdout] e416634c3b904b2e2bc94da75c4c0cd0ce99086ea14b9243fbf5e8d3419c8db4
[INFO] running `Command { std: "docker" "start" "-a" "e416634c3b904b2e2bc94da75c4c0cd0ce99086ea14b9243fbf5e8d3419c8db4", kill_on_drop: false }`
[INFO] [stderr] warning: virtual workspace defaulting to `resolver = "1"` despite one or more workspace members being on edition 2021 which implies `resolver = "2"`
[INFO] [stderr] note: to keep the current resolver, specify `workspace.resolver = "1"` in the workspace root's manifest
[INFO] [stderr] note: to use the edition 2021 resolver, specify `workspace.resolver = "2"` in the workspace root's manifest
[INFO] [stderr] note: for more details see https://doc.rust-lang.org/cargo/reference/resolver.html#resolver-versions
[INFO] [stderr]    Compiling day09 v0.1.0 (/opt/rustwide/workdir/day09)
[INFO] [stderr]    Compiling day10 v0.1.0 (/opt/rustwide/workdir/day10)
[INFO] [stderr]    Compiling day03 v0.1.0 (/opt/rustwide/workdir/day03)
[INFO] [stderr]    Compiling day13 v0.1.0 (/opt/rustwide/workdir/day13)
[INFO] [stderr]    Compiling day17 v0.1.0 (/opt/rustwide/workdir/day17)
[INFO] [stderr]    Compiling day02 v0.1.0 (/opt/rustwide/workdir/day02)
[INFO] [stderr]    Compiling day01 v0.1.0 (/opt/rustwide/workdir/day01)
[INFO] [stderr]    Compiling day14 v0.1.0 (/opt/rustwide/workdir/day14)
[INFO] [stdout] warning: unused import: `LinkedList`
[INFO] [stdout]  --> day14/src/main.rs:1:43
[INFO] [stdout]   |
[INFO] [stdout] 1 | use std::collections::{BTreeMap, HashMap, LinkedList};
[INFO] [stdout]   |                                           ^^^^^^^^^^
[INFO] [stdout]   |
[INFO] [stdout]   = note: `#[warn(unused_imports)]` on by default
[INFO] [stdout] 
[INFO] [stdout] 
[INFO] [stdout] warning: unnecessary parentheses around assigned value
[INFO] [stdout]   --> day17/src/main.rs:89:25
[INFO] [stdout]    |
[INFO] [stdout] 89 |             let bunsi = (2 * a + t * (t + 1) * alpha - 2 * alpha * t);
[INFO] [stdout]    |                         ^                                           ^
[INFO] [stdout]    |
[INFO] [stdout]    = note: `#[warn(unused_parens)]` on by default
[INFO] [stdout] help: remove these parentheses
[INFO] [stdout]    |
[INFO] [stdout] 89 -             let bunsi = (2 * a + t * (t + 1) * alpha - 2 * alpha * t);
[INFO] [stdout] 89 +             let bunsi = 2 * a + t * (t + 1) * alpha - 2 * alpha * t;
[INFO] [stdout]    |
[INFO] [stdout] 
[INFO] [stdout] 
[INFO] [stdout] warning: unnecessary parentheses around assigned value
[INFO] [stdout]   --> day17/src/main.rs:90:25
[INFO] [stdout]    |
[INFO] [stdout] 90 |             let bunbo = (2 * t);
[INFO] [stdout]    |                         ^     ^
[INFO] [stdout]    |
[INFO] [stdout] help: remove these parentheses
[INFO] [stdout]    |
[INFO] [stdout] 90 -             let bunbo = (2 * t);
[INFO] [stdout] 90 +             let bunbo = 2 * t;
[INFO] [stdout]    |
[INFO] [stdout] 
[INFO] [stdout] 
[INFO] [stdout] warning: struct `Velocity` is never constructed
[INFO] [stdout]    --> day17/src/main.rs:110:8
[INFO] [stdout]     |
[INFO] [stdout] 110 | struct Velocity {
[INFO] [stdout]     |        ^^^^^^^^
[INFO] [stdout]     |
[INFO] [stdout]     = note: `#[warn(dead_code)]` on by default
[INFO] [stdout] 
[INFO] [stdout] 
[INFO] [stdout] warning: method `next` is never used
[INFO] [stdout]    --> day17/src/main.rs:116:8
[INFO] [stdout]     |
[INFO] [stdout] 115 | impl Velocity {
[INFO] [stdout]     | ------------- method in this implementation
[INFO] [stdout] 116 |     fn next(self) -> Self {
[INFO] [stdout]     |        ^^^^
[INFO] [stdout] 
[INFO] [stdout] 
[INFO] [stdout] warning: method `next` is never used
[INFO] [stdout]    --> day17/src/main.rs:132:8
[INFO] [stdout]     |
[INFO] [stdout] 131 | impl Position {
[INFO] [stdout]     | ------------- method in this implementation
[INFO] [stdout] 132 |     fn next(self, velocity: &Velocity) -> Self {
[INFO] [stdout]     |        ^^^^
[INFO] [stdout] 
[INFO] [stdout] 
[INFO] [stdout] warning: function `step` is never used
[INFO] [stdout]    --> day17/src/main.rs:140:4
[INFO] [stdout]     |
[INFO] [stdout] 140 | fn step(pos: Position, vel: Velocity) -> (Position, Velocity) {
[INFO] [stdout]     |    ^^^^
[INFO] [stdout] 
[INFO] [stdout] 
[INFO] [stdout] warning: unused return value of `Vec::<T, A>::split_off` that must be used
[INFO] [stdout]   --> day13/src/main.rs:38:13
[INFO] [stdout]    |
[INFO] [stdout] 38 |             paper.split_off(y as usize + 1);
[INFO] [stdout]    |             ^^^^^^^^^^^^^^^^^^^^^^^^^^^^^^^
[INFO] [stdout]    |
[INFO] [stdout]    = note: use `.truncate()` if you don't need the other half
[INFO] [stdout]    = note: `#[warn(unused_must_use)]` on by default
[INFO] [stdout] help: use `let _ = ...` to ignore the resulting value
[INFO] [stdout]    |
[INFO] [stdout] 38 |             let _ = paper.split_off(y as usize + 1);
[INFO] [stdout]    |             +++++++
[INFO] [stdout] 
[INFO] [stdout] 
[INFO] [stdout] warning: unused return value of `Vec::<T, A>::split_off` that must be used
[INFO] [stdout]   --> day13/src/main.rs:49:17
[INFO] [stdout]    |
[INFO] [stdout] 49 |                 paper[y].split_off(line as usize + 1);
[INFO] [stdout]    |                 ^^^^^^^^^^^^^^^^^^^^^^^^^^^^^^^^^^^^^
[INFO] [stdout]    |
[INFO] [stdout]    = note: use `.truncate()` if you don't need the other half
[INFO] [stdout] help: use `let _ = ...` to ignore the resulting value
[INFO] [stdout]    |
[INFO] [stdout] 49 |                 let _ = paper[y].split_off(line as usize + 1);
[INFO] [stdout]    |                 +++++++
[INFO] [stdout] 
[INFO] [stdout] 
[INFO] [stderr]    Compiling day15 v0.1.0 (/opt/rustwide/workdir/day15)
[INFO] [stderr]    Compiling day18 v0.1.0 (/opt/rustwide/workdir/day18)
[INFO] [stderr]    Compiling day11 v0.1.0 (/opt/rustwide/workdir/day11)
[INFO] [stderr]    Compiling day16 v0.1.0 (/opt/rustwide/workdir/day16)
[INFO] [stdout] warning: function `find_min` is never used
[INFO] [stdout]   --> day15/src/main.rs:97:4
[INFO] [stdout]    |
[INFO] [stdout] 97 | fn find_min(map: &[Vec<u64>], set: &HashSet<(usize, usize)>) -> (usize, usize) {
[INFO] [stdout]    |    ^^^^^^^^
[INFO] [stdout]    |
[INFO] [stdout]    = note: `#[warn(dead_code)]` on by default
[INFO] [stdout] 
[INFO] [stdout] 
[INFO] [stdout] warning: function `display_pair` is never used
[INFO] [stdout]   --> day18/src/main.rs:44:4
[INFO] [stdout]    |
[INFO] [stdout] 44 | fn display_pair(p: &Pair<u8>) {
[INFO] [stdout]    |    ^^^^^^^^^^^^
[INFO] [stdout]    |
[INFO] [stdout]    = note: `#[warn(dead_code)]` on by default
[INFO] [stdout] 
[INFO] [stdout] 
[INFO] [stdout] warning: struct `DisplayPair` is never constructed
[INFO] [stdout]    --> day18/src/main.rs:230:8
[INFO] [stdout]     |
[INFO] [stdout] 230 | struct DisplayPair<'a, T>(&'a Pair<T>);
[INFO] [stdout]     |        ^^^^^^^^^^^
[INFO] [stdout] 
[INFO] [stdout] 
[INFO] [stdout] warning: method `display` is never used
[INFO] [stdout]    --> day18/src/main.rs:236:8
[INFO] [stdout]     |
[INFO] [stdout] 232 | / impl<'a, T> DisplayPair<'a, T>
[INFO] [stdout] 233 | | where
[INFO] [stdout] 234 | |     T: Display,
[INFO] [stdout]     | |_______________- method in this implementation
[INFO] [stdout] 235 |   {
[INFO] [stdout] 236 |       fn display(&self) -> String {
[INFO] [stdout]     |          ^^^^^^^
[INFO] [stdout] 
[INFO] [stdout] 
[INFO] [stdout] warning: struct `DisplayPairKind` is never constructed
[INFO] [stdout]    --> day18/src/main.rs:243:8
[INFO] [stdout]     |
[INFO] [stdout] 243 | struct DisplayPairKind<'a, T>(&'a PairKind<T>);
[INFO] [stdout]     |        ^^^^^^^^^^^^^^^
[INFO] [stdout] 
[INFO] [stdout] 
[INFO] [stdout] warning: method `display` is never used
[INFO] [stdout]    --> day18/src/main.rs:249:8
[INFO] [stdout]     |
[INFO] [stdout] 245 | / impl<'a, T> DisplayPairKind<'a, T>
[INFO] [stdout] 246 | | where
[INFO] [stdout] 247 | |     T: Display,
[INFO] [stdout]     | |_______________- method in this implementation
[INFO] [stdout] 248 |   {
[INFO] [stdout] 249 |       fn display(&self) -> String {
[INFO] [stdout]     |          ^^^^^^^
[INFO] [stdout] 
[INFO] [stdout] 
[INFO] [stdout] warning: unused variable: `ipt`
[INFO] [stdout]  --> day16/src/main.rs:4:10
[INFO] [stdout]   |
[INFO] [stdout] 4 |     let (ipt, packet) = parse_packet(&input)?;
[INFO] [stdout]   |          ^^^ help: if this is intentional, prefix it with an underscore: `_ipt`
[INFO] [stdout]   |
[INFO] [stdout]   = note: `#[warn(unused_variables)]` on by default
[INFO] [stdout] 
[INFO] [stdout] 
[INFO] [stderr]    Compiling day12 v0.1.0 (/opt/rustwide/workdir/day12)
[INFO] [stderr]    Compiling day22 v0.1.0 (/opt/rustwide/workdir/day22)
[INFO] [stderr]    Compiling day23 v0.1.0 (/opt/rustwide/workdir/day23)
[INFO] [stdout] warning: unused variable: `cubes`
[INFO] [stdout]    --> day22/src/main.rs:198:18
[INFO] [stdout]     |
[INFO] [stdout] 198 | fn operation(mut cubes: Vec<Cube>, op: &Operation) {
[INFO] [stdout]     |                  ^^^^^ help: if this is intentional, prefix it with an underscore: `_cubes`
[INFO] [stdout]     |
[INFO] [stdout]     = note: `#[warn(unused_variables)]` on by default
[INFO] [stdout] 
[INFO] [stdout] 
[INFO] [stdout] warning: variable does not need to be mutable
[INFO] [stdout]    --> day22/src/main.rs:198:14
[INFO] [stdout]     |
[INFO] [stdout] 198 | fn operation(mut cubes: Vec<Cube>, op: &Operation) {
[INFO] [stdout]     |              ----^^^^^
[INFO] [stdout]     |              |
[INFO] [stdout]     |              help: remove this `mut`
[INFO] [stdout]     |
[INFO] [stdout]     = note: `#[warn(unused_mut)]` on by default
[INFO] [stdout] 
[INFO] [stdout] 
[INFO] [stdout] warning: function `operation` is never used
[INFO] [stdout]    --> day22/src/main.rs:198:4
[INFO] [stdout]     |
[INFO] [stdout] 198 | fn operation(mut cubes: Vec<Cube>, op: &Operation) {
[INFO] [stdout]     |    ^^^^^^^^^
[INFO] [stdout]     |
[INFO] [stdout]     = note: `#[warn(dead_code)]` on by default
[INFO] [stdout] 
[INFO] [stdout] 
[INFO] [stdout] warning: unused variable: `kind`
[INFO] [stdout]    --> day23/src/main.rs:384:17
[INFO] [stdout]     |
[INFO] [stdout] 384 |             let kind = if let NodeKind::Amphipod(amphipod) = node {
[INFO] [stdout]     |                 ^^^^ help: if this is intentional, prefix it with an underscore: `_kind`
[INFO] [stdout]     |
[INFO] [stdout]     = note: `#[warn(unused_variables)]` on by default
[INFO] [stdout] 
[INFO] [stdout] 
[INFO] [stdout] warning: associated function `from_char` is never used
[INFO] [stdout]    --> day23/src/main.rs:218:8
[INFO] [stdout]     |
[INFO] [stdout] 217 | impl NodeKind {
[INFO] [stdout]     | ------------- associated function in this implementation
[INFO] [stdout] 218 |     fn from_char(c: char) -> NodeKind {
[INFO] [stdout]     |        ^^^^^^^^^
[INFO] [stdout]     |
[INFO] [stdout]     = note: `#[warn(dead_code)]` on by default
[INFO] [stdout] 
[INFO] [stdout] 
[INFO] [stderr]     Finished `dev` profile [unoptimized + debuginfo] target(s) in 6.63s
[INFO] running `Command { std: "docker" "inspect" "e416634c3b904b2e2bc94da75c4c0cd0ce99086ea14b9243fbf5e8d3419c8db4", kill_on_drop: false }`
[INFO] running `Command { std: "docker" "rm" "-f" "e416634c3b904b2e2bc94da75c4c0cd0ce99086ea14b9243fbf5e8d3419c8db4", kill_on_drop: false }`
[INFO] [stdout] e416634c3b904b2e2bc94da75c4c0cd0ce99086ea14b9243fbf5e8d3419c8db4
[INFO] running `Command { std: "docker" "create" "-v" "/var/lib/crater-agent-workspace/builds/worker-6-tc2/target:/opt/rustwide/target:rw,Z" "-v" "/var/lib/crater-agent-workspace/builds/worker-6-tc2/source:/opt/rustwide/workdir:ro,Z" "-v" "/var/lib/crater-agent-workspace/cargo-home:/opt/rustwide/cargo-home:ro,Z" "-v" "/var/lib/crater-agent-workspace/rustup-home:/opt/rustwide/rustup-home:ro,Z" "-e" "SOURCE_DIR=/opt/rustwide/workdir" "-e" "CARGO_TARGET_DIR=/opt/rustwide/target" "-e" "CARGO_INCREMENTAL=0" "-e" "RUST_BACKTRACE=full" "-e" "RUSTFLAGS=--cap-lints=warn" "-e" "RUSTDOCFLAGS=--cap-lints=warn" "-e" "CARGO_HOME=/opt/rustwide/cargo-home" "-e" "RUSTUP_HOME=/opt/rustwide/rustup-home" "-w" "/opt/rustwide/workdir" "-m" "1610612736" "--user" "0:0" "--network" "none" "ghcr.io/rust-lang/crates-build-env/linux@sha256:f3a9d4ad9d972b27faf3965f35b62e55ba32bbce8f20bc8fe909558a86702fde" "/opt/rustwide/cargo-home/bin/cargo" "+beta-2024-12-08" "test" "--frozen" "--no-run" "--message-format=json", kill_on_drop: false }`
[INFO] [stdout] 3b536783e1f74d6da42b1dbbd0c2ad06b2a822512a317fc26f85587ac36151d4
[INFO] running `Command { std: "docker" "start" "-a" "3b536783e1f74d6da42b1dbbd0c2ad06b2a822512a317fc26f85587ac36151d4", kill_on_drop: false }`
[INFO] [stderr] warning: virtual workspace defaulting to `resolver = "1"` despite one or more workspace members being on edition 2021 which implies `resolver = "2"`
[INFO] [stderr] note: to keep the current resolver, specify `workspace.resolver = "1"` in the workspace root's manifest
[INFO] [stderr] note: to use the edition 2021 resolver, specify `workspace.resolver = "2"` in the workspace root's manifest
[INFO] [stderr] note: for more details see https://doc.rust-lang.org/cargo/reference/resolver.html#resolver-versions
[INFO] [stderr]    Compiling day03 v0.1.0 (/opt/rustwide/workdir/day03)
[INFO] [stderr]    Compiling day09 v0.1.0 (/opt/rustwide/workdir/day09)
[INFO] [stderr]    Compiling day16 v0.1.0 (/opt/rustwide/workdir/day16)
[INFO] [stderr]    Compiling day02 v0.1.0 (/opt/rustwide/workdir/day02)
[INFO] [stderr]    Compiling day11 v0.1.0 (/opt/rustwide/workdir/day11)
[INFO] [stderr]    Compiling day12 v0.1.0 (/opt/rustwide/workdir/day12)
[INFO] [stderr]    Compiling day13 v0.1.0 (/opt/rustwide/workdir/day13)
[INFO] [stderr]    Compiling day14 v0.1.0 (/opt/rustwide/workdir/day14)
[INFO] [stdout] warning: unused import: `LinkedList`
[INFO] [stdout]  --> day14/src/main.rs:1:43
[INFO] [stdout]   |
[INFO] [stdout] 1 | use std::collections::{BTreeMap, HashMap, LinkedList};
[INFO] [stdout]   |                                           ^^^^^^^^^^
[INFO] [stdout]   |
[INFO] [stdout]   = note: `#[warn(unused_imports)]` on by default
[INFO] [stdout] 
[INFO] [stdout] 
[INFO] [stdout] warning: unused variable: `ipt`
[INFO] [stdout]  --> day16/src/main.rs:4:10
[INFO] [stdout]   |
[INFO] [stdout] 4 |     let (ipt, packet) = parse_packet(&input)?;
[INFO] [stdout]   |          ^^^ help: if this is intentional, prefix it with an underscore: `_ipt`
[INFO] [stdout]   |
[INFO] [stdout]   = note: `#[warn(unused_variables)]` on by default
[INFO] [stdout] 
[INFO] [stdout] 
[INFO] [stdout] warning: unused return value of `Vec::<T, A>::split_off` that must be used
[INFO] [stdout]   --> day13/src/main.rs:38:13
[INFO] [stdout]    |
[INFO] [stdout] 38 |             paper.split_off(y as usize + 1);
[INFO] [stdout]    |             ^^^^^^^^^^^^^^^^^^^^^^^^^^^^^^^
[INFO] [stdout]    |
[INFO] [stdout]    = note: use `.truncate()` if you don't need the other half
[INFO] [stdout]    = note: `#[warn(unused_must_use)]` on by default
[INFO] [stdout] help: use `let _ = ...` to ignore the resulting value
[INFO] [stdout]    |
[INFO] [stdout] 38 |             let _ = paper.split_off(y as usize + 1);
[INFO] [stdout]    |             +++++++
[INFO] [stdout] 
[INFO] [stdout] 
[INFO] [stdout] warning: unused return value of `Vec::<T, A>::split_off` that must be used
[INFO] [stdout]   --> day13/src/main.rs:49:17
[INFO] [stdout]    |
[INFO] [stdout] 49 |                 paper[y].split_off(line as usize + 1);
[INFO] [stdout]    |                 ^^^^^^^^^^^^^^^^^^^^^^^^^^^^^^^^^^^^^
[INFO] [stdout]    |
[INFO] [stdout]    = note: use `.truncate()` if you don't need the other half
[INFO] [stdout] help: use `let _ = ...` to ignore the resulting value
[INFO] [stdout]    |
[INFO] [stdout] 49 |                 let _ = paper[y].split_off(line as usize + 1);
[INFO] [stdout]    |                 +++++++
[INFO] [stdout] 
[INFO] [stdout] 
[INFO] [stderr]    Compiling day17 v0.1.0 (/opt/rustwide/workdir/day17)
[INFO] [stdout] warning: unnecessary parentheses around assigned value
[INFO] [stdout]   --> day17/src/main.rs:89:25
[INFO] [stdout]    |
[INFO] [stdout] 89 |             let bunsi = (2 * a + t * (t + 1) * alpha - 2 * alpha * t);
[INFO] [stdout]    |                         ^                                           ^
[INFO] [stdout]    |
[INFO] [stdout]    = note: `#[warn(unused_parens)]` on by default
[INFO] [stdout] help: remove these parentheses
[INFO] [stdout]    |
[INFO] [stdout] 89 -             let bunsi = (2 * a + t * (t + 1) * alpha - 2 * alpha * t);
[INFO] [stdout] 89 +             let bunsi = 2 * a + t * (t + 1) * alpha - 2 * alpha * t;
[INFO] [stdout]    |
[INFO] [stdout] 
[INFO] [stdout] 
[INFO] [stdout] warning: unnecessary parentheses around assigned value
[INFO] [stdout]   --> day17/src/main.rs:90:25
[INFO] [stdout]    |
[INFO] [stdout] 90 |             let bunbo = (2 * t);
[INFO] [stdout]    |                         ^     ^
[INFO] [stdout]    |
[INFO] [stdout] help: remove these parentheses
[INFO] [stdout]    |
[INFO] [stdout] 90 -             let bunbo = (2 * t);
[INFO] [stdout] 90 +             let bunbo = 2 * t;
[INFO] [stdout]    |
[INFO] [stdout] 
[INFO] [stdout] 
[INFO] [stderr]    Compiling day23 v0.1.0 (/opt/rustwide/workdir/day23)
[INFO] [stdout] warning: struct `Velocity` is never constructed
[INFO] [stdout]    --> day17/src/main.rs:110:8
[INFO] [stdout]     |
[INFO] [stdout] 110 | struct Velocity {
[INFO] [stdout]     |        ^^^^^^^^
[INFO] [stdout]     |
[INFO] [stdout]     = note: `#[warn(dead_code)]` on by default
[INFO] [stdout] 
[INFO] [stdout] 
[INFO] [stderr]    Compiling day01 v0.1.0 (/opt/rustwide/workdir/day01)
[INFO] [stdout] warning: method `next` is never used
[INFO] [stdout]    --> day17/src/main.rs:116:8
[INFO] [stdout]     |
[INFO] [stdout] 115 | impl Velocity {
[INFO] [stdout]     | ------------- method in this implementation
[INFO] [stdout] 116 |     fn next(self) -> Self {
[INFO] [stdout]     |        ^^^^
[INFO] [stdout] 
[INFO] [stdout] 
[INFO] [stdout] warning: method `next` is never used
[INFO] [stdout]    --> day17/src/main.rs:132:8
[INFO] [stdout]     |
[INFO] [stdout] 131 | impl Position {
[INFO] [stdout]     | ------------- method in this implementation
[INFO] [stdout] 132 |     fn next(self, velocity: &Velocity) -> Self {
[INFO] [stdout]     |        ^^^^
[INFO] [stdout] 
[INFO] [stdout] 
[INFO] [stdout] warning: function `step` is never used
[INFO] [stdout]    --> day17/src/main.rs:140:4
[INFO] [stdout]     |
[INFO] [stdout] 140 | fn step(pos: Position, vel: Velocity) -> (Position, Velocity) {
[INFO] [stdout]     |    ^^^^
[INFO] [stdout] 
[INFO] [stdout] 
[INFO] [stderr]    Compiling day22 v0.1.0 (/opt/rustwide/workdir/day22)
[INFO] [stderr]    Compiling day15 v0.1.0 (/opt/rustwide/workdir/day15)
[INFO] [stderr]    Compiling day10 v0.1.0 (/opt/rustwide/workdir/day10)
[INFO] [stderr]    Compiling day18 v0.1.0 (/opt/rustwide/workdir/day18)
[INFO] [stdout] warning: function `find_min` is never used
[INFO] [stdout]   --> day15/src/main.rs:97:4
[INFO] [stdout]    |
[INFO] [stdout] 97 | fn find_min(map: &[Vec<u64>], set: &HashSet<(usize, usize)>) -> (usize, usize) {
[INFO] [stdout]    |    ^^^^^^^^
[INFO] [stdout]    |
[INFO] [stdout]    = note: `#[warn(dead_code)]` on by default
[INFO] [stdout] 
[INFO] [stdout] 
[INFO] [stdout] warning: function `display_pair` is never used
[INFO] [stdout]   --> day18/src/main.rs:44:4
[INFO] [stdout]    |
[INFO] [stdout] 44 | fn display_pair(p: &Pair<u8>) {
[INFO] [stdout]    |    ^^^^^^^^^^^^
[INFO] [stdout]    |
[INFO] [stdout]    = note: `#[warn(dead_code)]` on by default
[INFO] [stdout] 
[INFO] [stdout] 
[INFO] [stdout] warning: struct `DisplayPair` is never constructed
[INFO] [stdout]    --> day18/src/main.rs:230:8
[INFO] [stdout]     |
[INFO] [stdout] 230 | struct DisplayPair<'a, T>(&'a Pair<T>);
[INFO] [stdout]     |        ^^^^^^^^^^^
[INFO] [stdout] 
[INFO] [stdout] 
[INFO] [stdout] warning: method `display` is never used
[INFO] [stdout]    --> day18/src/main.rs:236:8
[INFO] [stdout]     |
[INFO] [stdout] 232 | / impl<'a, T> DisplayPair<'a, T>
[INFO] [stdout] 233 | | where
[INFO] [stdout] 234 | |     T: Display,
[INFO] [stdout]     | |_______________- method in this implementation
[INFO] [stdout] 235 |   {
[INFO] [stdout] 236 |       fn display(&self) -> String {
[INFO] [stdout]     |          ^^^^^^^
[INFO] [stdout] 
[INFO] [stdout] 
[INFO] [stdout] warning: struct `DisplayPairKind` is never constructed
[INFO] [stdout]    --> day18/src/main.rs:243:8
[INFO] [stdout]     |
[INFO] [stdout] 243 | struct DisplayPairKind<'a, T>(&'a PairKind<T>);
[INFO] [stdout]     |        ^^^^^^^^^^^^^^^
[INFO] [stdout] 
[INFO] [stdout] 
[INFO] [stdout] warning: method `display` is never used
[INFO] [stdout]    --> day18/src/main.rs:249:8
[INFO] [stdout]     |
[INFO] [stdout] 245 | / impl<'a, T> DisplayPairKind<'a, T>
[INFO] [stdout] 246 | | where
[INFO] [stdout] 247 | |     T: Display,
[INFO] [stdout]     | |_______________- method in this implementation
[INFO] [stdout] 248 |   {
[INFO] [stdout] 249 |       fn display(&self) -> String {
[INFO] [stdout]     |          ^^^^^^^
[INFO] [stdout] 
[INFO] [stdout] 
[INFO] [stdout] warning: unused variable: `kind`
[INFO] [stdout]    --> day23/src/main.rs:384:17
[INFO] [stdout]     |
[INFO] [stdout] 384 |             let kind = if let NodeKind::Amphipod(amphipod) = node {
[INFO] [stdout]     |                 ^^^^ help: if this is intentional, prefix it with an underscore: `_kind`
[INFO] [stdout]     |
[INFO] [stdout]     = note: `#[warn(unused_variables)]` on by default
[INFO] [stdout] 
[INFO] [stdout] 
[INFO] [stdout] warning: associated function `from_char` is never used
[INFO] [stdout]    --> day23/src/main.rs:218:8
[INFO] [stdout]     |
[INFO] [stdout] 217 | impl NodeKind {
[INFO] [stdout]     | ------------- associated function in this implementation
[INFO] [stdout] 218 |     fn from_char(c: char) -> NodeKind {
[INFO] [stdout]     |        ^^^^^^^^^
[INFO] [stdout]     |
[INFO] [stdout]     = note: `#[warn(dead_code)]` on by default
[INFO] [stdout] 
[INFO] [stdout] 
[INFO] [stdout] warning: unused variable: `cubes`
[INFO] [stdout]    --> day22/src/main.rs:198:18
[INFO] [stdout]     |
[INFO] [stdout] 198 | fn operation(mut cubes: Vec<Cube>, op: &Operation) {
[INFO] [stdout]     |                  ^^^^^ help: if this is intentional, prefix it with an underscore: `_cubes`
[INFO] [stdout]     |
[INFO] [stdout]     = note: `#[warn(unused_variables)]` on by default
[INFO] [stdout] 
[INFO] [stdout] 
[INFO] [stdout] warning: variable does not need to be mutable
[INFO] [stdout]    --> day22/src/main.rs:198:14
[INFO] [stdout]     |
[INFO] [stdout] 198 | fn operation(mut cubes: Vec<Cube>, op: &Operation) {
[INFO] [stdout]     |              ----^^^^^
[INFO] [stdout]     |              |
[INFO] [stdout]     |              help: remove this `mut`
[INFO] [stdout]     |
[INFO] [stdout]     = note: `#[warn(unused_mut)]` on by default
[INFO] [stdout] 
[INFO] [stdout] 
[INFO] [stdout] warning: function `operation` is never used
[INFO] [stdout]    --> day22/src/main.rs:198:4
[INFO] [stdout]     |
[INFO] [stdout] 198 | fn operation(mut cubes: Vec<Cube>, op: &Operation) {
[INFO] [stdout]     |    ^^^^^^^^^
[INFO] [stdout]     |
[INFO] [stdout]     = note: `#[warn(dead_code)]` on by default
[INFO] [stdout] 
[INFO] [stdout] 
[INFO] [stderr]     Finished `test` profile [unoptimized + debuginfo] target(s) in 4.62s
[INFO] running `Command { std: "docker" "inspect" "3b536783e1f74d6da42b1dbbd0c2ad06b2a822512a317fc26f85587ac36151d4", kill_on_drop: false }`
[INFO] running `Command { std: "docker" "rm" "-f" "3b536783e1f74d6da42b1dbbd0c2ad06b2a822512a317fc26f85587ac36151d4", kill_on_drop: false }`
[INFO] [stdout] 3b536783e1f74d6da42b1dbbd0c2ad06b2a822512a317fc26f85587ac36151d4
[INFO] running `Command { std: "docker" "create" "-v" "/var/lib/crater-agent-workspace/builds/worker-6-tc2/target:/opt/rustwide/target:rw,Z" "-v" "/var/lib/crater-agent-workspace/builds/worker-6-tc2/source:/opt/rustwide/workdir:ro,Z" "-v" "/var/lib/crater-agent-workspace/cargo-home:/opt/rustwide/cargo-home:ro,Z" "-v" "/var/lib/crater-agent-workspace/rustup-home:/opt/rustwide/rustup-home:ro,Z" "-e" "SOURCE_DIR=/opt/rustwide/workdir" "-e" "CARGO_TARGET_DIR=/opt/rustwide/target" "-e" "CARGO_INCREMENTAL=0" "-e" "RUST_BACKTRACE=full" "-e" "RUSTFLAGS=--cap-lints=warn" "-e" "RUSTDOCFLAGS=--cap-lints=warn" "-e" "CARGO_HOME=/opt/rustwide/cargo-home" "-e" "RUSTUP_HOME=/opt/rustwide/rustup-home" "-w" "/opt/rustwide/workdir" "-m" "1610612736" "--user" "0:0" "--network" "none" "ghcr.io/rust-lang/crates-build-env/linux@sha256:f3a9d4ad9d972b27faf3965f35b62e55ba32bbce8f20bc8fe909558a86702fde" "/opt/rustwide/cargo-home/bin/cargo" "+beta-2024-12-08" "test" "--frozen", kill_on_drop: false }`
[INFO] [stdout] 3806a2342dd3de262d59d545d3cbed740b112698800fec349a506a686a40ce21
[INFO] running `Command { std: "docker" "start" "-a" "3806a2342dd3de262d59d545d3cbed740b112698800fec349a506a686a40ce21", kill_on_drop: false }`
[INFO] [stderr] warning: virtual workspace defaulting to `resolver = "1"` despite one or more workspace members being on edition 2021 which implies `resolver = "2"`
[INFO] [stderr] note: to keep the current resolver, specify `workspace.resolver = "1"` in the workspace root's manifest
[INFO] [stderr] note: to use the edition 2021 resolver, specify `workspace.resolver = "2"` in the workspace root's manifest
[INFO] [stderr] note: for more details see https://doc.rust-lang.org/cargo/reference/resolver.html#resolver-versions
[INFO] [stderr] warning: function `display_pair` is never used
[INFO] [stderr]   --> day18/src/main.rs:44:4
[INFO] [stderr]    |
[INFO] [stderr] 44 | fn display_pair(p: &Pair<u8>) {
[INFO] [stderr]    |    ^^^^^^^^^^^^
[INFO] [stderr]    |
[INFO] [stderr]    = note: `#[warn(dead_code)]` on by default
[INFO] [stderr] 
[INFO] [stderr] warning: struct `DisplayPair` is never constructed
[INFO] [stderr]    --> day18/src/main.rs:230:8
[INFO] [stderr]     |
[INFO] [stderr] 230 | struct DisplayPair<'a, T>(&'a Pair<T>);
[INFO] [stderr]     |        ^^^^^^^^^^^
[INFO] [stderr] 
[INFO] [stderr] warning: method `display` is never used
[INFO] [stderr]    --> day18/src/main.rs:236:8
[INFO] [stderr]     |
[INFO] [stderr] 232 | / impl<'a, T> DisplayPair<'a, T>
[INFO] [stderr] 233 | | where
[INFO] [stderr] 234 | |     T: Display,
[INFO] [stderr]     | |_______________- method in this implementation
[INFO] [stderr] 235 |   {
[INFO] [stderr] 236 |       fn display(&self) -> String {
[INFO] [stderr]     |          ^^^^^^^
[INFO] [stderr] 
[INFO] [stderr] warning: struct `DisplayPairKind` is never constructed
[INFO] [stderr]    --> day18/src/main.rs:243:8
[INFO] [stderr]     |
[INFO] [stderr] 243 | struct DisplayPairKind<'a, T>(&'a PairKind<T>);
[INFO] [stderr]     |        ^^^^^^^^^^^^^^^
[INFO] [stderr] 
[INFO] [stderr] warning: method `display` is never used
[INFO] [stderr]    --> day18/src/main.rs:249:8
[INFO] [stderr]     |
[INFO] [stderr] 245 | / impl<'a, T> DisplayPairKind<'a, T>
[INFO] [stderr] 246 | | where
[INFO] [stderr] 247 | |     T: Display,
[INFO] [stderr]     | |_______________- method in this implementation
[INFO] [stderr] 248 |   {
[INFO] [stderr] 249 |       fn display(&self) -> String {
[INFO] [stderr]     |          ^^^^^^^
[INFO] [stderr] 
[INFO] [stderr] warning: `day18` (bin "day18" test) generated 5 warnings
[INFO] [stderr] warning: unused variable: `cubes`
[INFO] [stderr]    --> day22/src/main.rs:198:18
[INFO] [stderr]     |
[INFO] [stderr] 198 | fn operation(mut cubes: Vec<Cube>, op: &Operation) {
[INFO] [stderr]     |                  ^^^^^ help: if this is intentional, prefix it with an underscore: `_cubes`
[INFO] [stderr]     |
[INFO] [stderr]     = note: `#[warn(unused_variables)]` on by default
[INFO] [stderr] 
[INFO] [stderr] warning: variable does not need to be mutable
[INFO] [stderr]    --> day22/src/main.rs:198:14
[INFO] [stderr]     |
[INFO] [stderr] 198 | fn operation(mut cubes: Vec<Cube>, op: &Operation) {
[INFO] [stderr]     |              ----^^^^^
[INFO] [stderr]     |              |
[INFO] [stderr]     |              help: remove this `mut`
[INFO] [stderr]     |
[INFO] [stderr]     = note: `#[warn(unused_mut)]` on by default
[INFO] [stderr] 
[INFO] [stderr] warning: function `operation` is never used
[INFO] [stderr]    --> day22/src/main.rs:198:4
[INFO] [stderr]     |
[INFO] [stderr] 198 | fn operation(mut cubes: Vec<Cube>, op: &Operation) {
[INFO] [stderr]     |    ^^^^^^^^^
[INFO] [stderr]     |
[INFO] [stderr]     = note: `#[warn(dead_code)]` on by default
[INFO] [stderr] 
[INFO] [stderr] warning: `day22` (bin "day22" test) generated 3 warnings (run `cargo fix --bin "day22" --tests` to apply 1 suggestion)
[INFO] [stderr] warning: function `find_min` is never used
[INFO] [stderr]   --> day15/src/main.rs:97:4
[INFO] [stderr]    |
[INFO] [stderr] 97 | fn find_min(map: &[Vec<u64>], set: &HashSet<(usize, usize)>) -> (usize, usize) {
[INFO] [stderr]    |    ^^^^^^^^
[INFO] [stderr]    |
[INFO] [stderr]    = note: `#[warn(dead_code)]` on by default
[INFO] [stderr] 
[INFO] [stderr] warning: `day15` (bin "day15" test) generated 1 warning
[INFO] [stderr] warning: unused import: `LinkedList`
[INFO] [stderr]  --> day14/src/main.rs:1:43
[INFO] [stderr]   |
[INFO] [stderr] 1 | use std::collections::{BTreeMap, HashMap, LinkedList};
[INFO] [stderr]   |                                           ^^^^^^^^^^
[INFO] [stderr]   |
[INFO] [stderr]   = note: `#[warn(unused_imports)]` on by default
[INFO] [stderr] 
[INFO] [stderr] warning: `day14` (bin "day14" test) generated 1 warning (run `cargo fix --bin "day14" --tests` to apply 1 suggestion)
[INFO] [stderr] warning: unnecessary parentheses around assigned value
[INFO] [stderr]   --> day17/src/main.rs:89:25
[INFO] [stderr]    |
[INFO] [stderr] 89 |             let bunsi = (2 * a + t * (t + 1) * alpha - 2 * alpha * t);
[INFO] [stderr]    |                         ^                                           ^
[INFO] [stderr]    |
[INFO] [stderr]    = note: `#[warn(unused_parens)]` on by default
[INFO] [stderr] help: remove these parentheses
[INFO] [stderr]    |
[INFO] [stderr] 89 -             let bunsi = (2 * a + t * (t + 1) * alpha - 2 * alpha * t);
[INFO] [stderr] 89 +             let bunsi = 2 * a + t * (t + 1) * alpha - 2 * alpha * t;
[INFO] [stderr]    |
[INFO] [stderr] 
[INFO] [stderr] warning: unnecessary parentheses around assigned value
[INFO] [stderr]   --> day17/src/main.rs:90:25
[INFO] [stderr]    |
[INFO] [stderr] 90 |             let bunbo = (2 * t);
[INFO] [stderr]    |                         ^     ^
[INFO] [stderr]    |
[INFO] [stderr] help: remove these parentheses
[INFO] [stderr]    |
[INFO] [stderr] 90 -             let bunbo = (2 * t);
[INFO] [stderr] 90 +             let bunbo = 2 * t;
[INFO] [stderr]    |
[INFO] [stderr] 
[INFO] [stderr] warning: struct `Velocity` is never constructed
[INFO] [stderr]    --> day17/src/main.rs:110:8
[INFO] [stderr]     |
[INFO] [stderr] 110 | struct Velocity {
[INFO] [stderr]     |        ^^^^^^^^
[INFO] [stderr]     |
[INFO] [stderr]     = note: `#[warn(dead_code)]` on by default
[INFO] [stderr] 
[INFO] [stderr] warning: method `next` is never used
[INFO] [stderr]    --> day17/src/main.rs:116:8
[INFO] [stderr]     |
[INFO] [stderr] 115 | impl Velocity {
[INFO] [stderr]     | ------------- method in this implementation
[INFO] [stderr] 116 |     fn next(self) -> Self {
[INFO] [stderr]     |        ^^^^
[INFO] [stderr] 
[INFO] [stderr] warning: method `next` is never used
[INFO] [stderr]    --> day17/src/main.rs:132:8
[INFO] [stderr]     |
[INFO] [stderr] 131 | impl Position {
[INFO] [stderr]     | ------------- method in this implementation
[INFO] [stderr] 132 |     fn next(self, velocity: &Velocity) -> Self {
[INFO] [stderr]     |        ^^^^
[INFO] [stderr] 
[INFO] [stderr] warning: function `step` is never used
[INFO] [stderr]    --> day17/src/main.rs:140:4
[INFO] [stderr]     |
[INFO] [stderr] 140 | fn step(pos: Position, vel: Velocity) -> (Position, Velocity) {
[INFO] [stderr]     |    ^^^^
[INFO] [stderr] 
[INFO] [stderr] warning: unused variable: `ipt`
[INFO] [stderr]  --> day16/src/main.rs:4:10
[INFO] [stderr]   |
[INFO] [stderr] 4 |     let (ipt, packet) = parse_packet(&input)?;
[INFO] [stderr]   |          ^^^ help: if this is intentional, prefix it with an underscore: `_ipt`
[INFO] [stderr]   |
[INFO] [stderr]   = note: `#[warn(unused_variables)]` on by default
[INFO] [stderr] 
[INFO] [stderr] warning: unused return value of `Vec::<T, A>::split_off` that must be used
[INFO] [stderr]   --> day13/src/main.rs:38:13
[INFO] [stderr]    |
[INFO] [stderr] 38 |             paper.split_off(y as usize + 1);
[INFO] [stderr]    |             ^^^^^^^^^^^^^^^^^^^^^^^^^^^^^^^
[INFO] [stderr]    |
[INFO] [stderr]    = note: use `.truncate()` if you don't need the other half
[INFO] [stderr]    = note: `#[warn(unused_must_use)]` on by default
[INFO] [stderr] help: use `let _ = ...` to ignore the resulting value
[INFO] [stderr]    |
[INFO] [stderr] 38 |             let _ = paper.split_off(y as usize + 1);
[INFO] [stderr]    |             +++++++
[INFO] [stderr] 
[INFO] [stderr] warning: unused return value of `Vec::<T, A>::split_off` that must be used
[INFO] [stderr]   --> day13/src/main.rs:49:17
[INFO] [stderr]    |
[INFO] [stderr] 49 |                 paper[y].split_off(line as usize + 1);
[INFO] [stderr]    |                 ^^^^^^^^^^^^^^^^^^^^^^^^^^^^^^^^^^^^^
[INFO] [stderr]    |
[INFO] [stderr]    = note: use `.truncate()` if you don't need the other half
[INFO] [stderr] help: use `let _ = ...` to ignore the resulting value
[INFO] [stderr]    |
[INFO] [stderr] 49 |                 let _ = paper[y].split_off(line as usize + 1);
[INFO] [stderr]    |                 +++++++
[INFO] [stderr] 
[INFO] [stderr] warning: unused variable: `kind`
[INFO] [stderr]    --> day23/src/main.rs:384:17
[INFO] [stderr]     |
[INFO] [stderr] 384 |             let kind = if let NodeKind::Amphipod(amphipod) = node {
[INFO] [stderr]     |                 ^^^^ help: if this is intentional, prefix it with an underscore: `_kind`
[INFO] [stderr]     |
[INFO] [stderr]     = note: `#[warn(unused_variables)]` on by default
[INFO] [stderr] 
[INFO] [stderr] warning: associated function `from_char` is never used
[INFO] [stderr]    --> day23/src/main.rs:218:8
[INFO] [stderr]     |
[INFO] [stderr] 217 | impl NodeKind {
[INFO] [stderr]     | ------------- associated function in this implementation
[INFO] [stderr] 218 |     fn from_char(c: char) -> NodeKind {
[INFO] [stderr]     |        ^^^^^^^^^
[INFO] [stderr]     |
[INFO] [stderr]     = note: `#[warn(dead_code)]` on by default
[INFO] [stderr] 
[INFO] [stderr] warning: `day17` (bin "day17" test) generated 6 warnings (run `cargo fix --bin "day17" --tests` to apply 2 suggestions)
[INFO] [stderr] warning: `day16` (bin "day16" test) generated 1 warning
[INFO] [stderr] warning: `day13` (bin "day13" test) generated 2 warnings
[INFO] [stderr] warning: `day23` (bin "day23" test) generated 2 warnings
[INFO] [stderr]     Finished `test` profile [unoptimized + debuginfo] target(s) in 0.03s
[INFO] [stderr]      Running unittests src/main.rs (/opt/rustwide/target/debug/deps/day01-d64e6df1932fbe6a)
[INFO] [stdout] 
[INFO] [stdout] running 0 tests
[INFO] [stdout] 
[INFO] [stdout] test result: ok. 0 passed; 0 failed; 0 ignored; 0 measured; 0 filtered out; finished in 0.00s
[INFO] [stdout] 
[INFO] [stderr]      Running unittests src/main.rs (/opt/rustwide/target/debug/deps/day02-3fafcbeff92b1481)
[INFO] [stdout] 
[INFO] [stdout] running 0 tests
[INFO] [stdout] 
[INFO] [stdout] test result: ok. 0 passed; 0 failed; 0 ignored; 0 measured; 0 filtered out; finished in 0.00s
[INFO] [stdout] 
[INFO] [stderr]      Running unittests src/main.rs (/opt/rustwide/target/debug/deps/day03-bbfe8649db5fb201)
[INFO] [stdout] 
[INFO] [stdout] running 0 tests
[INFO] [stdout] 
[INFO] [stdout] test result: ok. 0 passed; 0 failed; 0 ignored; 0 measured; 0 filtered out; finished in 0.00s
[INFO] [stdout] 
[INFO] [stderr]      Running unittests src/main.rs (/opt/rustwide/target/debug/deps/day09-9138e09a91bcff3b)
[INFO] [stdout] 
[INFO] [stdout] running 0 tests
[INFO] [stdout] 
[INFO] [stdout] test result: ok. 0 passed; 0 failed; 0 ignored; 0 measured; 0 filtered out; finished in 0.00s
[INFO] [stdout] 
[INFO] [stderr]      Running unittests src/main.rs (/opt/rustwide/target/debug/deps/day10-e4ccabe7a20f4174)
[INFO] [stdout] 
[INFO] [stdout] running 0 tests
[INFO] [stdout] 
[INFO] [stdout] test result: ok. 0 passed; 0 failed; 0 ignored; 0 measured; 0 filtered out; finished in 0.00s
[INFO] [stdout] 
[INFO] [stderr]      Running unittests src/main.rs (/opt/rustwide/target/debug/deps/day11-1226506c3b073d12)
[INFO] [stderr]      Running unittests src/main.rs (/opt/rustwide/target/debug/deps/day12-b75eb46af8158f50)
[INFO] [stdout] 
[INFO] [stdout] running 0 tests
[INFO] [stdout] 
[INFO] [stdout] test result: ok. 0 passed; 0 failed; 0 ignored; 0 measured; 0 filtered out; finished in 0.00s
[INFO] [stdout] 
[INFO] [stdout] 
[INFO] [stdout] running 0 tests
[INFO] [stdout] 
[INFO] [stdout] test result: ok. 0 passed; 0 failed; 0 ignored; 0 measured; 0 filtered out; finished in 0.00s
[INFO] [stdout] 
[INFO] [stderr]      Running unittests src/main.rs (/opt/rustwide/target/debug/deps/day13-37474b292b0b5819)
[INFO] [stdout] 
[INFO] [stdout] running 0 tests
[INFO] [stdout] 
[INFO] [stdout] test result: ok. 0 passed; 0 failed; 0 ignored; 0 measured; 0 filtered out; finished in 0.00s
[INFO] [stdout] 
[INFO] [stderr]      Running unittests src/main.rs (/opt/rustwide/target/debug/deps/day14-aba2ed0b99142e66)
[INFO] [stdout] 
[INFO] [stdout] running 0 tests
[INFO] [stdout] 
[INFO] [stdout] test result: ok. 0 passed; 0 failed; 0 ignored; 0 measured; 0 filtered out; finished in 0.00s
[INFO] [stdout] 
[INFO] [stderr]      Running unittests src/main.rs (/opt/rustwide/target/debug/deps/day15-1ebfa9ec928c5cc8)
[INFO] [stdout] 
[INFO] [stdout] running 0 tests
[INFO] [stderr]      Running unittests src/main.rs (/opt/rustwide/target/debug/deps/day16-389ac85e95c915dc)
[INFO] [stdout] 
[INFO] [stdout] test result: ok. 0 passed; 0 failed; 0 ignored; 0 measured; 0 filtered out; finished in 0.00s
[INFO] [stdout] 
[INFO] [stdout] 
[INFO] [stdout] running 1 test
[INFO] [stdout] test tests::test_to_dec ... ok
[INFO] [stdout] 
[INFO] [stdout] test result: ok. 1 passed; 0 failed; 0 ignored; 0 measured; 0 filtered out; finished in 0.00s
[INFO] [stdout] 
[INFO] [stderr]      Running unittests src/main.rs (/opt/rustwide/target/debug/deps/day17-53a5c6ec2d35ba3a)
[INFO] [stdout] 
[INFO] [stdout] running 0 tests
[INFO] [stdout] 
[INFO] [stdout] test result: ok. 0 passed; 0 failed; 0 ignored; 0 measured; 0 filtered out; finished in 0.00s
[INFO] [stdout] 
[INFO] [stderr]      Running unittests src/main.rs (/opt/rustwide/target/debug/deps/day18-09c4dbc1605e5513)
[INFO] [stdout] 
[INFO] [stdout] running 0 tests
[INFO] [stdout] 
[INFO] [stdout] test result: ok. 0 passed; 0 failed; 0 ignored; 0 measured; 0 filtered out; finished in 0.00s
[INFO] [stdout] 
[INFO] [stderr]      Running unittests src/main.rs (/opt/rustwide/target/debug/deps/day22-aab8ad15846a9480)
[INFO] [stdout] 
[INFO] [stdout] running 4 tests
[INFO] [stdout] test tests::test_split ... ok
[INFO] [stdout] test tests::test_split_x ... ok
[INFO] [stdout] test tests::test_split_y ... ok
[INFO] [stdout] test tests::test_split_z ... ok
[INFO] [stderr]      Running unittests src/main.rs (/opt/rustwide/target/debug/deps/day23-1bd68621069e4aa1)
[INFO] [stdout] 
[INFO] [stdout] test result: ok. 4 passed; 0 failed; 0 ignored; 0 measured; 0 filtered out; finished in 0.02s
[INFO] [stdout] 
[INFO] [stdout] 
[INFO] [stdout] running 1 test
[INFO] [stdout] test tests::test_can_move ... FAILED
[INFO] [stdout] 
[INFO] [stdout] failures:
[INFO] [stdout] 
[INFO] [stdout] ---- tests::test_can_move stdout ----
[INFO] [stdout] thread 'tests::test_can_move' panicked at day23/src/main.rs:486:9:
[INFO] [stdout] assertion failed: !can_move(&from, &to, &hole, &side_room)
[INFO] [stdout] stack backtrace:
[INFO] [stdout]    0:     0x55b6f866f7aa - std::backtrace_rs::backtrace::libunwind::trace::h8810477743020387
[INFO] [stdout]                                at /rustc/202008a1b8de96d2e5b6bc02d379db03a877d34d/library/std/src/../../backtrace/src/backtrace/libunwind.rs:116:5
[INFO] [stdout]    1:     0x55b6f866f7aa - std::backtrace_rs::backtrace::trace_unsynchronized::h3aa55355dd6c54a6
[INFO] [stdout]                                at /rustc/202008a1b8de96d2e5b6bc02d379db03a877d34d/library/std/src/../../backtrace/src/backtrace/mod.rs:66:5
[INFO] [stdout]    2:     0x55b6f866f7aa - std::sys::backtrace::_print_fmt::h8588b0f62410823f
[INFO] [stdout]                                at /rustc/202008a1b8de96d2e5b6bc02d379db03a877d34d/library/std/src/sys/backtrace.rs:66:9
[INFO] [stdout]    3:     0x55b6f866f7aa - <std::sys::backtrace::BacktraceLock::print::DisplayBacktrace as core::fmt::Display>::fmt::h98c26ac25ffe89bb
[INFO] [stdout]                                at /rustc/202008a1b8de96d2e5b6bc02d379db03a877d34d/library/std/src/sys/backtrace.rs:39:26
[INFO] [stdout]    4:     0x55b6f86951e3 - core::fmt::rt::Argument::fmt::hf95377f4aebd453b
[INFO] [stdout]                                at /rustc/202008a1b8de96d2e5b6bc02d379db03a877d34d/library/core/src/fmt/rt.rs:177:76
[INFO] [stdout]    5:     0x55b6f86951e3 - core::fmt::write::h0dd5f6e2238c7982
[INFO] [stdout]                                at /rustc/202008a1b8de96d2e5b6bc02d379db03a877d34d/library/core/src/fmt/mod.rs:1189:21
[INFO] [stdout]    6:     0x55b6f866c943 - std::io::Write::write_fmt::h03bb0ca26e6faf8c
[INFO] [stdout]                                at /rustc/202008a1b8de96d2e5b6bc02d379db03a877d34d/library/std/src/io/mod.rs:1884:15
[INFO] [stdout]    7:     0x55b6f866f5f2 - std::sys::backtrace::BacktraceLock::print::h5c19c1c038ee186d
[INFO] [stdout]                                at /rustc/202008a1b8de96d2e5b6bc02d379db03a877d34d/library/std/src/sys/backtrace.rs:42:9
[INFO] [stdout]    8:     0x55b6f8670c2d - std::panicking::default_hook::{{closure}}::h77172f079a1fcb13
[INFO] [stdout]                                at /rustc/202008a1b8de96d2e5b6bc02d379db03a877d34d/library/std/src/panicking.rs:268:22
[INFO] [stdout]    9:     0x55b6f8670a37 - std::panicking::default_hook::he5f8e3b203ccddba
[INFO] [stdout]                                at /rustc/202008a1b8de96d2e5b6bc02d379db03a877d34d/library/std/src/panicking.rs:292:9
[INFO] [stdout]   10:     0x55b6f863a367 - <alloc::boxed::Box<F,A> as core::ops::function::Fn<Args>>::call::h7a3c7b4a1ae77f2f
[INFO] [stdout]                                at /rustc/202008a1b8de96d2e5b6bc02d379db03a877d34d/library/alloc/src/boxed.rs:1986:9
[INFO] [stdout]   11:     0x55b6f863a367 - test::test_main::{{closure}}::hf0d3b69ae9b353d1
[INFO] [stdout]                                at /rustc/202008a1b8de96d2e5b6bc02d379db03a877d34d/library/test/src/lib.rs:134:21
[INFO] [stdout]   12:     0x55b6f86712d8 - <alloc::boxed::Box<F,A> as core::ops::function::Fn<Args>>::call::h6332e82e7b189abd
[INFO] [stdout]                                at /rustc/202008a1b8de96d2e5b6bc02d379db03a877d34d/library/alloc/src/boxed.rs:1986:9
[INFO] [stdout]   13:     0x55b6f86712d8 - std::panicking::rust_panic_with_hook::h53863d4e9018df39
[INFO] [stdout]                                at /rustc/202008a1b8de96d2e5b6bc02d379db03a877d34d/library/std/src/panicking.rs:809:13
[INFO] [stdout]   14:     0x55b6f8671066 - std::panicking::begin_panic_handler::{{closure}}::h67280e6fa0757873
[INFO] [stdout]                                at /rustc/202008a1b8de96d2e5b6bc02d379db03a877d34d/library/std/src/panicking.rs:667:13
[INFO] [stdout]   15:     0x55b6f866fc89 - std::sys::backtrace::__rust_end_short_backtrace::h1dac3f54d6fbbeb2
[INFO] [stdout]                                at /rustc/202008a1b8de96d2e5b6bc02d379db03a877d34d/library/std/src/sys/backtrace.rs:170:18
[INFO] [stdout]   16:     0x55b6f8670d2c - rust_begin_unwind
[INFO] [stdout]                                at /rustc/202008a1b8de96d2e5b6bc02d379db03a877d34d/library/std/src/panicking.rs:665:5
[INFO] [stdout]   17:     0x55b6f85faaa0 - core::panicking::panic_fmt::h6792bd1b2bf01041
[INFO] [stdout]                                at /rustc/202008a1b8de96d2e5b6bc02d379db03a877d34d/library/core/src/panicking.rs:76:14
[INFO] [stdout]   18:     0x55b6f85fab2c - core::panicking::panic::hbb5c236a846c507c
[INFO] [stdout]                                at /rustc/202008a1b8de96d2e5b6bc02d379db03a877d34d/library/core/src/panicking.rs:148:5
[INFO] [stdout]   19:     0x55b6f8600861 - day23::tests::test_can_move::haef8af628b7b3a89
[INFO] [stdout]                                at /opt/rustwide/workdir/day23/src/main.rs:486:9
[INFO] [stdout]   20:     0x55b6f86002d7 - day23::tests::test_can_move::{{closure}}::h39aeaff29e62a630
[INFO] [stdout]                                at /opt/rustwide/workdir/day23/src/main.rs:428:23
[INFO] [stdout]   21:     0x55b6f85fbf46 - core::ops::function::FnOnce::call_once::h126307f1cedc6365
[INFO] [stdout]                                at /rustc/202008a1b8de96d2e5b6bc02d379db03a877d34d/library/core/src/ops/function.rs:250:5
[INFO] [stdout]   22:     0x55b6f863ee8b - core::ops::function::FnOnce::call_once::h871bf86719ec9aa4
[INFO] [stdout]                                at /rustc/202008a1b8de96d2e5b6bc02d379db03a877d34d/library/core/src/ops/function.rs:250:5
[INFO] [stdout]   23:     0x55b6f863ee8b - test::__rust_begin_short_backtrace::h2167df1e2b7d76fd
[INFO] [stdout]                                at /rustc/202008a1b8de96d2e5b6bc02d379db03a877d34d/library/test/src/lib.rs:632:18
[INFO] [stdout]   24:     0x55b6f863e878 - test::run_test_in_process::{{closure}}::h15d92f75a3adfb79
[INFO] [stdout]                                at /rustc/202008a1b8de96d2e5b6bc02d379db03a877d34d/library/test/src/lib.rs:655:60
[INFO] [stdout]   25:     0x55b6f863e878 - <core::panic::unwind_safe::AssertUnwindSafe<F> as core::ops::function::FnOnce<()>>::call_once::hb6c8955835a8dbbb
[INFO] [stdout]                                at /rustc/202008a1b8de96d2e5b6bc02d379db03a877d34d/library/core/src/panic/unwind_safe.rs:272:9
[INFO] [stdout]   26:     0x55b6f863e878 - std::panicking::try::do_call::hc79d0fc888a0bd30
[INFO] [stdout]                                at /rustc/202008a1b8de96d2e5b6bc02d379db03a877d34d/library/std/src/panicking.rs:557:40
[INFO] [stdout]   27:     0x55b6f863e878 - std::panicking::try::hb8a7878e3a8589d6
[INFO] [stdout]                                at /rustc/202008a1b8de96d2e5b6bc02d379db03a877d34d/library/std/src/panicking.rs:520:19
[INFO] [stdout]   28:     0x55b6f863e878 - std::panic::catch_unwind::hb8e4600ff0ff5cfa
[INFO] [stdout]                                at /rustc/202008a1b8de96d2e5b6bc02d379db03a877d34d/library/std/src/panic.rs:358:14
[INFO] [stdout]   29:     0x55b6f863e878 - test::run_test_in_process::hc2900b0b18688dd6
[INFO] [stdout]                                at /rustc/202008a1b8de96d2e5b6bc02d379db03a877d34d/library/test/src/lib.rs:655:27
[INFO] [stdout]   30:     0x55b6f863e878 - test::run_test::{{closure}}::hac2a9cb07be3d48d
[INFO] [stdout]                                at /rustc/202008a1b8de96d2e5b6bc02d379db03a877d34d/library/test/src/lib.rs:576:43
[INFO] [stdout]   31:     0x55b6f860231a - test::run_test::{{closure}}::h4a5b729e66a38cd8
[INFO] [stdout]                                at /rustc/202008a1b8de96d2e5b6bc02d379db03a877d34d/library/test/src/lib.rs:606:41
[INFO] [stdout]   32:     0x55b6f860231a - std::sys::backtrace::__rust_begin_short_backtrace::h0496fb742492f573
[INFO] [stdout]                                at /rustc/202008a1b8de96d2e5b6bc02d379db03a877d34d/library/std/src/sys/backtrace.rs:154:18
[INFO] [stdout]   33:     0x55b6f8605c94 - std::thread::Builder::spawn_unchecked_::{{closure}}::{{closure}}::hbb6d257c550a54bd
[INFO] [stdout]                                at /rustc/202008a1b8de96d2e5b6bc02d379db03a877d34d/library/std/src/thread/mod.rs:561:17
[INFO] [stdout]   34:     0x55b6f8605c94 - <core::panic::unwind_safe::AssertUnwindSafe<F> as core::ops::function::FnOnce<()>>::call_once::h46696fe4a6832328
[INFO] [stdout]                                at /rustc/202008a1b8de96d2e5b6bc02d379db03a877d34d/library/core/src/panic/unwind_safe.rs:272:9
[INFO] [stdout]   35:     0x55b6f8605c94 - std::panicking::try::do_call::h2625a51b667bfb64
[INFO] [stdout]                                at /rustc/202008a1b8de96d2e5b6bc02d379db03a877d34d/library/std/src/panicking.rs:557:40
[INFO] [stdout]   36:     0x55b6f8605c94 - std::panicking::try::hb956a59a1973aa4c
[INFO] [stdout]                                at /rustc/202008a1b8de96d2e5b6bc02d379db03a877d34d/library/std/src/panicking.rs:520:19
[INFO] [stdout]   37:     0x55b6f8605c94 - std::panic::catch_unwind::h64f3b9d1067ef6a0
[INFO] [stdout]                                at /rustc/202008a1b8de96d2e5b6bc02d379db03a877d34d/library/std/src/panic.rs:358:14
[INFO] [stdout]   38:     0x55b6f8605c94 - std::thread::Builder::spawn_unchecked_::{{closure}}::h42b2841295b6c0b2
[INFO] [stdout]                                at /rustc/202008a1b8de96d2e5b6bc02d379db03a877d34d/library/std/src/thread/mod.rs:559:30
[INFO] [stdout]   39:     0x55b6f8605c94 - core::ops::function::FnOnce::call_once{{vtable.shim}}::h6127de71b8124639
[INFO] [stdout]                                at /rustc/202008a1b8de96d2e5b6bc02d379db03a877d34d/library/core/src/ops/function.rs:250:5
[INFO] [stdout]   40:     0x55b6f867521b - <alloc::boxed::Box<F,A> as core::ops::function::FnOnce<Args>>::call_once::h42f0ba71002a1b2c
[INFO] [stdout]                                at /rustc/202008a1b8de96d2e5b6bc02d379db03a877d34d/library/alloc/src/boxed.rs:1972:9
[INFO] [stdout]   41:     0x55b6f867521b - <alloc::boxed::Box<F,A> as core::ops::function::FnOnce<Args>>::call_once::had9e47d7a3dcecb8
[INFO] [stdout]                                at /rustc/202008a1b8de96d2e5b6bc02d379db03a877d34d/library/alloc/src/boxed.rs:1972:9
[INFO] [stdout]   42:     0x55b6f867521b - std::sys::pal::unix::thread::Thread::new::thread_start::h48cf765408f6f5f2
[INFO] [stdout]                                at /rustc/202008a1b8de96d2e5b6bc02d379db03a877d34d/library/std/src/sys/pal/unix/thread.rs:105:17
[INFO] [stdout]   43:     0x70f591e9dac3 - <unknown>
[INFO] [stdout]   44:     0x70f591f2ea04 - clone
[INFO] [stdout]   45:                0x0 - <unknown>
[INFO] [stdout] 
[INFO] [stdout] 
[INFO] [stdout] failures:
[INFO] [stdout]     tests::test_can_move
[INFO] [stdout] 
[INFO] [stdout] test result: FAILED. 0 passed; 1 failed; 0 ignored; 0 measured; 0 filtered out; finished in 0.05s
[INFO] [stdout] 
[INFO] [stderr] error: test failed, to rerun pass `-p day23 --bin day23`
[INFO] running `Command { std: "docker" "inspect" "3806a2342dd3de262d59d545d3cbed740b112698800fec349a506a686a40ce21", kill_on_drop: false }`
[INFO] running `Command { std: "docker" "rm" "-f" "3806a2342dd3de262d59d545d3cbed740b112698800fec349a506a686a40ce21", kill_on_drop: false }`
[INFO] [stdout] 3806a2342dd3de262d59d545d3cbed740b112698800fec349a506a686a40ce21
