[INFO] cloning repository https://github.com/HereComesTheMoon/monkey
[INFO] running `Command { std: "git" "-c" "credential.helper=" "-c" "credential.helper=/workspace/cargo-home/bin/git-credential-null" "clone" "--bare" "https://github.com/HereComesTheMoon/monkey" "/workspace/cache/git-repos/https%3A%2F%2Fgithub.com%2FHereComesTheMoon%2Fmonkey", kill_on_drop: false }`
[INFO] [stderr] Cloning into bare repository '/workspace/cache/git-repos/https%3A%2F%2Fgithub.com%2FHereComesTheMoon%2Fmonkey'...
[INFO] running `Command { std: "git" "rev-parse" "HEAD", kill_on_drop: false }`
[INFO] [stdout] 5b331346d7b290fca14fc6dca0d8c09c9247b2c5
[INFO] testing HereComesTheMoon/monkey against 1.83.0 for beta-1.84.0-4-retry
[INFO] running `Command { std: "git" "clone" "/workspace/cache/git-repos/https%3A%2F%2Fgithub.com%2FHereComesTheMoon%2Fmonkey" "/workspace/builds/worker-6-tc1/source", kill_on_drop: false }`
[INFO] [stderr] Cloning into '/workspace/builds/worker-6-tc1/source'...
[INFO] [stderr] done.
[INFO] validating manifest of git repo https://github.com/HereComesTheMoon/monkey on toolchain 1.83.0
[INFO] running `Command { std: CARGO_HOME="/workspace/cargo-home" RUSTUP_HOME="/workspace/rustup-home" "/workspace/cargo-home/bin/cargo" "+1.83.0" "metadata" "--manifest-path" "Cargo.toml" "--no-deps", kill_on_drop: false }`
[INFO] started tweaking git repo https://github.com/HereComesTheMoon/monkey
[INFO] finished tweaking git repo https://github.com/HereComesTheMoon/monkey
[INFO] tweaked toml for git repo https://github.com/HereComesTheMoon/monkey written to /workspace/builds/worker-6-tc1/source/Cargo.toml
[INFO] crate git repo https://github.com/HereComesTheMoon/monkey already has a lockfile, it will not be regenerated
[INFO] running `Command { std: CARGO_HOME="/workspace/cargo-home" RUSTUP_HOME="/workspace/rustup-home" "/workspace/cargo-home/bin/cargo" "+1.83.0" "fetch" "--manifest-path" "Cargo.toml", kill_on_drop: false }`
[INFO] [stderr]     Blocking waiting for file lock on package cache
[INFO] [stderr]     Blocking waiting for file lock on package cache
[INFO] running `Command { std: "docker" "create" "-v" "/var/lib/crater-agent-workspace/builds/worker-6-tc1/target:/opt/rustwide/target:rw,Z" "-v" "/var/lib/crater-agent-workspace/builds/worker-6-tc1/source:/opt/rustwide/workdir:ro,Z" "-v" "/var/lib/crater-agent-workspace/cargo-home:/opt/rustwide/cargo-home:ro,Z" "-v" "/var/lib/crater-agent-workspace/rustup-home:/opt/rustwide/rustup-home:ro,Z" "-e" "SOURCE_DIR=/opt/rustwide/workdir" "-e" "CARGO_TARGET_DIR=/opt/rustwide/target" "-e" "CARGO_HOME=/opt/rustwide/cargo-home" "-e" "RUSTUP_HOME=/opt/rustwide/rustup-home" "-w" "/opt/rustwide/workdir" "-m" "1610612736" "--user" "0:0" "--network" "none" "ghcr.io/rust-lang/crates-build-env/linux@sha256:f3a9d4ad9d972b27faf3965f35b62e55ba32bbce8f20bc8fe909558a86702fde" "/opt/rustwide/cargo-home/bin/cargo" "+1.83.0" "metadata" "--no-deps" "--format-version=1", kill_on_drop: false }`
[INFO] [stdout] 132efb2670d87fcb60b6279e2c3e11681550c26e26bdc68a37eb4be573d3520c
[INFO] running `Command { std: "docker" "start" "-a" "132efb2670d87fcb60b6279e2c3e11681550c26e26bdc68a37eb4be573d3520c", kill_on_drop: false }`
[INFO] running `Command { std: "docker" "inspect" "132efb2670d87fcb60b6279e2c3e11681550c26e26bdc68a37eb4be573d3520c", kill_on_drop: false }`
[INFO] running `Command { std: "docker" "rm" "-f" "132efb2670d87fcb60b6279e2c3e11681550c26e26bdc68a37eb4be573d3520c", kill_on_drop: false }`
[INFO] [stdout] 132efb2670d87fcb60b6279e2c3e11681550c26e26bdc68a37eb4be573d3520c
[INFO] running `Command { std: "docker" "create" "-v" "/var/lib/crater-agent-workspace/builds/worker-6-tc1/target:/opt/rustwide/target:rw,Z" "-v" "/var/lib/crater-agent-workspace/builds/worker-6-tc1/source:/opt/rustwide/workdir:ro,Z" "-v" "/var/lib/crater-agent-workspace/cargo-home:/opt/rustwide/cargo-home:ro,Z" "-v" "/var/lib/crater-agent-workspace/rustup-home:/opt/rustwide/rustup-home:ro,Z" "-e" "SOURCE_DIR=/opt/rustwide/workdir" "-e" "CARGO_TARGET_DIR=/opt/rustwide/target" "-e" "CARGO_INCREMENTAL=0" "-e" "RUST_BACKTRACE=full" "-e" "RUSTFLAGS=--cap-lints=warn" "-e" "RUSTDOCFLAGS=--cap-lints=warn" "-e" "CARGO_HOME=/opt/rustwide/cargo-home" "-e" "RUSTUP_HOME=/opt/rustwide/rustup-home" "-w" "/opt/rustwide/workdir" "-m" "1610612736" "--user" "0:0" "--network" "none" "ghcr.io/rust-lang/crates-build-env/linux@sha256:f3a9d4ad9d972b27faf3965f35b62e55ba32bbce8f20bc8fe909558a86702fde" "/opt/rustwide/cargo-home/bin/cargo" "+1.83.0" "build" "--frozen" "--message-format=json", kill_on_drop: false }`
[INFO] [stdout] ab7cd52535ad89fb20970b8b90d79fbdd03bd53ad575dae5b6a3765e3cd09f1c
[INFO] running `Command { std: "docker" "start" "-a" "ab7cd52535ad89fb20970b8b90d79fbdd03bd53ad575dae5b6a3765e3cd09f1c", kill_on_drop: false }`
[INFO] [stderr]    Compiling monkey v0.1.0 (/opt/rustwide/workdir)
[INFO] [stdout] warning: unused import: `std::println`
[INFO] [stdout]  --> src/parser.rs:2:5
[INFO] [stdout]   |
[INFO] [stdout] 2 | use std::println;
[INFO] [stdout]   |     ^^^^^^^^^^^^
[INFO] [stdout]   |
[INFO] [stdout]   = note: `#[warn(unused_imports)]` on by default
[INFO] [stdout] 
[INFO] [stdout] 
[INFO] [stdout] warning: unused variable: `val`
[INFO] [stdout]   --> src/environment.rs:39:26
[INFO] [stdout]    |
[INFO] [stdout] 39 |             Object::Func(val)    => write!(f, "FUNCTION"), // TODO: add for functions
[INFO] [stdout]    |                          ^^^ help: if this is intentional, prefix it with an underscore: `_val`
[INFO] [stdout]    |
[INFO] [stdout]    = note: `#[warn(unused_variables)]` on by default
[INFO] [stdout] 
[INFO] [stdout] 
[INFO] [stdout] warning: unused variable: `val`
[INFO] [stdout]    --> src/environment.rs:108:25
[INFO] [stdout]     |
[INFO] [stdout] 108 |             Expr::Error(val)        => todo!(),
[INFO] [stdout]     |                         ^^^ help: if this is intentional, prefix it with an underscore: `_val`
[INFO] [stdout] 
[INFO] [stdout] 
[INFO] [stdout] warning: struct `Program` is never constructed
[INFO] [stdout]  --> src/environment.rs:4:8
[INFO] [stdout]   |
[INFO] [stdout] 4 | struct Program {
[INFO] [stdout]   |        ^^^^^^^
[INFO] [stdout]   |
[INFO] [stdout]   = note: `#[warn(dead_code)]` on by default
[INFO] [stdout] 
[INFO] [stdout] 
[INFO] [stdout] warning: associated function `new` is never used
[INFO] [stdout]   --> src/environment.rs:10:12
[INFO] [stdout]    |
[INFO] [stdout] 9  | impl Program {
[INFO] [stdout]    | ------------ associated function in this implementation
[INFO] [stdout] 10 |     pub fn new(program: Vec<Statement>) -> Self {
[INFO] [stdout]    |            ^^^
[INFO] [stdout] 
[INFO] [stdout] 
[INFO] [stdout] warning: function `run` is never used
[INFO] [stdout]   --> src/environment.rs:15:4
[INFO] [stdout]    |
[INFO] [stdout] 15 | fn run(program: Vec<Statement>) -> Result<Object, IErr> {
[INFO] [stdout]    |    ^^^
[INFO] [stdout] 
[INFO] [stdout] 
[INFO] [stderr]     Finished `dev` profile [unoptimized + debuginfo] target(s) in 0.68s
[INFO] running `Command { std: "docker" "inspect" "ab7cd52535ad89fb20970b8b90d79fbdd03bd53ad575dae5b6a3765e3cd09f1c", kill_on_drop: false }`
[INFO] running `Command { std: "docker" "rm" "-f" "ab7cd52535ad89fb20970b8b90d79fbdd03bd53ad575dae5b6a3765e3cd09f1c", kill_on_drop: false }`
[INFO] [stdout] ab7cd52535ad89fb20970b8b90d79fbdd03bd53ad575dae5b6a3765e3cd09f1c
[INFO] running `Command { std: "docker" "create" "-v" "/var/lib/crater-agent-workspace/builds/worker-6-tc1/target:/opt/rustwide/target:rw,Z" "-v" "/var/lib/crater-agent-workspace/builds/worker-6-tc1/source:/opt/rustwide/workdir:ro,Z" "-v" "/var/lib/crater-agent-workspace/cargo-home:/opt/rustwide/cargo-home:ro,Z" "-v" "/var/lib/crater-agent-workspace/rustup-home:/opt/rustwide/rustup-home:ro,Z" "-e" "SOURCE_DIR=/opt/rustwide/workdir" "-e" "CARGO_TARGET_DIR=/opt/rustwide/target" "-e" "CARGO_INCREMENTAL=0" "-e" "RUST_BACKTRACE=full" "-e" "RUSTFLAGS=--cap-lints=warn" "-e" "RUSTDOCFLAGS=--cap-lints=warn" "-e" "CARGO_HOME=/opt/rustwide/cargo-home" "-e" "RUSTUP_HOME=/opt/rustwide/rustup-home" "-w" "/opt/rustwide/workdir" "-m" "1610612736" "--user" "0:0" "--network" "none" "ghcr.io/rust-lang/crates-build-env/linux@sha256:f3a9d4ad9d972b27faf3965f35b62e55ba32bbce8f20bc8fe909558a86702fde" "/opt/rustwide/cargo-home/bin/cargo" "+1.83.0" "test" "--frozen" "--no-run" "--message-format=json", kill_on_drop: false }`
[INFO] [stdout] 83262e5ae57d28cfa4ec6f5e7494bef04fbe8ba2d286647186dca03631aa46ce
[INFO] running `Command { std: "docker" "start" "-a" "83262e5ae57d28cfa4ec6f5e7494bef04fbe8ba2d286647186dca03631aa46ce", kill_on_drop: false }`
[INFO] [stderr]    Compiling monkey v0.1.0 (/opt/rustwide/workdir)
[INFO] [stdout] warning: unused import: `std::println`
[INFO] [stdout]  --> src/parser.rs:2:5
[INFO] [stdout]   |
[INFO] [stdout] 2 | use std::println;
[INFO] [stdout]   |     ^^^^^^^^^^^^
[INFO] [stdout]   |
[INFO] [stdout]   = note: `#[warn(unused_imports)]` on by default
[INFO] [stdout] 
[INFO] [stdout] 
[INFO] [stdout] warning: unused variable: `val`
[INFO] [stdout]   --> src/environment.rs:39:26
[INFO] [stdout]    |
[INFO] [stdout] 39 |             Object::Func(val)    => write!(f, "FUNCTION"), // TODO: add for functions
[INFO] [stdout]    |                          ^^^ help: if this is intentional, prefix it with an underscore: `_val`
[INFO] [stdout]    |
[INFO] [stdout]    = note: `#[warn(unused_variables)]` on by default
[INFO] [stdout] 
[INFO] [stdout] 
[INFO] [stdout] warning: unused variable: `val`
[INFO] [stdout]    --> src/environment.rs:108:25
[INFO] [stdout]     |
[INFO] [stdout] 108 |             Expr::Error(val)        => todo!(),
[INFO] [stdout]     |                         ^^^ help: if this is intentional, prefix it with an underscore: `_val`
[INFO] [stdout] 
[INFO] [stdout] 
[INFO] [stdout] warning: variable does not need to be mutable
[INFO] [stdout]    --> src/environment.rs:329:13
[INFO] [stdout]     |
[INFO] [stdout] 329 |         let mut source = source.to_string();
[INFO] [stdout]     |             ----^^^^^^
[INFO] [stdout]     |             |
[INFO] [stdout]     |             help: remove this `mut`
[INFO] [stdout]     |
[INFO] [stdout]     = note: `#[warn(unused_mut)]` on by default
[INFO] [stdout] 
[INFO] [stdout] 
[INFO] [stdout] warning: struct `Program` is never constructed
[INFO] [stdout]  --> src/environment.rs:4:8
[INFO] [stdout]   |
[INFO] [stdout] 4 | struct Program {
[INFO] [stdout]   |        ^^^^^^^
[INFO] [stdout]   |
[INFO] [stdout]   = note: `#[warn(dead_code)]` on by default
[INFO] [stdout] 
[INFO] [stdout] 
[INFO] [stdout] warning: associated function `new` is never used
[INFO] [stdout]   --> src/environment.rs:10:12
[INFO] [stdout]    |
[INFO] [stdout] 9  | impl Program {
[INFO] [stdout]    | ------------ associated function in this implementation
[INFO] [stdout] 10 |     pub fn new(program: Vec<Statement>) -> Self {
[INFO] [stdout]    |            ^^^
[INFO] [stdout] 
[INFO] [stdout] 
[INFO] [stderr]     Finished `test` profile [unoptimized + debuginfo] target(s) in 0.73s
[INFO] running `Command { std: "docker" "inspect" "83262e5ae57d28cfa4ec6f5e7494bef04fbe8ba2d286647186dca03631aa46ce", kill_on_drop: false }`
[INFO] running `Command { std: "docker" "rm" "-f" "83262e5ae57d28cfa4ec6f5e7494bef04fbe8ba2d286647186dca03631aa46ce", kill_on_drop: false }`
[INFO] [stdout] 83262e5ae57d28cfa4ec6f5e7494bef04fbe8ba2d286647186dca03631aa46ce
[INFO] running `Command { std: "docker" "create" "-v" "/var/lib/crater-agent-workspace/builds/worker-6-tc1/target:/opt/rustwide/target:rw,Z" "-v" "/var/lib/crater-agent-workspace/builds/worker-6-tc1/source:/opt/rustwide/workdir:ro,Z" "-v" "/var/lib/crater-agent-workspace/cargo-home:/opt/rustwide/cargo-home:ro,Z" "-v" "/var/lib/crater-agent-workspace/rustup-home:/opt/rustwide/rustup-home:ro,Z" "-e" "SOURCE_DIR=/opt/rustwide/workdir" "-e" "CARGO_TARGET_DIR=/opt/rustwide/target" "-e" "CARGO_INCREMENTAL=0" "-e" "RUST_BACKTRACE=full" "-e" "RUSTFLAGS=--cap-lints=warn" "-e" "RUSTDOCFLAGS=--cap-lints=warn" "-e" "CARGO_HOME=/opt/rustwide/cargo-home" "-e" "RUSTUP_HOME=/opt/rustwide/rustup-home" "-w" "/opt/rustwide/workdir" "-m" "1610612736" "--user" "0:0" "--network" "none" "ghcr.io/rust-lang/crates-build-env/linux@sha256:f3a9d4ad9d972b27faf3965f35b62e55ba32bbce8f20bc8fe909558a86702fde" "/opt/rustwide/cargo-home/bin/cargo" "+1.83.0" "test" "--frozen", kill_on_drop: false }`
[INFO] [stdout] bf2ba89a6756be00dd7c275a2dbcd61f9e1a6b4b359ffb573f3f9a2b94ee5b29
[INFO] running `Command { std: "docker" "start" "-a" "bf2ba89a6756be00dd7c275a2dbcd61f9e1a6b4b359ffb573f3f9a2b94ee5b29", kill_on_drop: false }`
[INFO] [stderr] warning: unused import: `std::println`
[INFO] [stderr]  --> src/parser.rs:2:5
[INFO] [stderr]   |
[INFO] [stderr] 2 | use std::println;
[INFO] [stderr]   |     ^^^^^^^^^^^^
[INFO] [stderr]   |
[INFO] [stderr]   = note: `#[warn(unused_imports)]` on by default
[INFO] [stderr] 
[INFO] [stderr] warning: unused variable: `val`
[INFO] [stderr]   --> src/environment.rs:39:26
[INFO] [stderr]    |
[INFO] [stderr] 39 |             Object::Func(val)    => write!(f, "FUNCTION"), // TODO: add for functions
[INFO] [stderr]    |                          ^^^ help: if this is intentional, prefix it with an underscore: `_val`
[INFO] [stderr]    |
[INFO] [stderr]    = note: `#[warn(unused_variables)]` on by default
[INFO] [stderr] 
[INFO] [stderr] warning: unused variable: `val`
[INFO] [stderr]    --> src/environment.rs:108:25
[INFO] [stderr]     |
[INFO] [stderr] 108 |             Expr::Error(val)        => todo!(),
[INFO] [stderr]     |                         ^^^ help: if this is intentional, prefix it with an underscore: `_val`
[INFO] [stderr] 
[INFO] [stderr] warning: variable does not need to be mutable
[INFO] [stderr]    --> src/environment.rs:329:13
[INFO] [stderr]     |
[INFO] [stderr] 329 |         let mut source = source.to_string();
[INFO] [stderr]     |             ----^^^^^^
[INFO] [stderr]     |             |
[INFO] [stderr]     |             help: remove this `mut`
[INFO] [stderr]     |
[INFO] [stderr]     = note: `#[warn(unused_mut)]` on by default
[INFO] [stderr] 
[INFO] [stderr] warning: struct `Program` is never constructed
[INFO] [stderr]  --> src/environment.rs:4:8
[INFO] [stderr]   |
[INFO] [stderr] 4 | struct Program {
[INFO] [stderr]   |        ^^^^^^^
[INFO] [stderr]   |
[INFO] [stderr]   = note: `#[warn(dead_code)]` on by default
[INFO] [stderr] 
[INFO] [stderr] warning: associated function `new` is never used
[INFO] [stderr]   --> src/environment.rs:10:12
[INFO] [stderr]    |
[INFO] [stderr] 9  | impl Program {
[INFO] [stderr]    | ------------ associated function in this implementation
[INFO] [stderr] 10 |     pub fn new(program: Vec<Statement>) -> Self {
[INFO] [stderr]    |            ^^^
[INFO] [stderr] 
[INFO] [stderr] warning: `monkey` (bin "monkey" test) generated 6 warnings (run `cargo fix --bin "monkey" --tests` to apply 2 suggestions)
[INFO] [stderr]     Finished `test` profile [unoptimized + debuginfo] target(s) in 0.01s
[INFO] [stderr]      Running unittests src/main.rs (/opt/rustwide/target/debug/deps/monkey-be08cca5167ab694)
[INFO] [stdout] 
[INFO] [stdout] running 24 tests
[INFO] [stdout] test environment::test::bench ... ignored
[INFO] [stdout] test environment::test::test_binding ... ok
[INFO] [stdout] test environment::test::test_return ... ok
[INFO] [stdout] test environment::test::test_ackermann ... ok
[INFO] [stdout] test environment::test::test_int_eval ... ok
[INFO] [stdout] test environment::test::test_if_eval ... ok
[INFO] [stdout] test environment::test::test_scoping ... ok
[INFO] [stdout] test parser::test::bad_expr_test ... ok
[INFO] [stdout] test environment::test::test_func ... ok
[INFO] [stdout] test parser::test::bad_program_test ... ok
[INFO] [stdout] test parser::test::binary_operator_precedence ... ok
[INFO] [stdout] test environment::test::built_ins ... ok
[INFO] [stdout] test parser::test::block_test ... ok
[INFO] [stdout] test parser::test::bool ... ok
[INFO] [stdout] test parser::test::program_test ... ok
[INFO] [stdout] test parser::test::func_test ... ok
[INFO] [stdout] test parser::test::call_expr ... ok
[INFO] [stdout] test parser::test::grouping ... ok
[INFO] [stdout] test parser::test::unary ... ok
[INFO] [stdout] test environment::test::test_bool_eval ... ok
[INFO] [stdout] test parser::test::if_test ... ok
[INFO] [stdout] test parser::test::grouping2 ... ok
[INFO] [stdout] test tokenizer::test::test_tokens ... ok
[INFO] [stdout] test environment::test::test_closure ... FAILED
[INFO] [stdout] 
[INFO] [stdout] failures:
[INFO] [stdout] 
[INFO] [stdout] ---- environment::test::test_closure stdout ----
[INFO] [stdout] 
[INFO] [stdout] SOURCE: 
[INFO] [stdout]             let newAdder = fn(x) {
[INFO] [stdout]                 fn(y) { x + y; };
[INFO] [stdout]             };
[INFO] [stdout]             let addTwo = newAdder(2);
[INFO] [stdout]             addTwo(2);
[INFO] [stdout]         
[INFO] [stdout] WANT: Ok(Integer(4))
[INFO] [stdout] GOT: Err(Lookup)
[INFO] [stdout] thread 'environment::test::test_closure' panicked at src/environment.rs:352:23:
[INFO] [stdout] called `Result::unwrap()` on an `Err` value: Lookup
[INFO] [stdout] stack backtrace:
[INFO] [stdout]    0:     0x61b1caa4163a - std::backtrace_rs::backtrace::libunwind::trace::h5a5b8284f2d0c266
[INFO] [stdout]                                at /rustc/90b35a6239c3d8bdabc530a6a0816f7ff89a0aaf/library/std/src/../../backtrace/src/backtrace/libunwind.rs:116:5
[INFO] [stdout]    1:     0x61b1caa4163a - std::backtrace_rs::backtrace::trace_unsynchronized::h76d4f1c9b0b875e3
[INFO] [stdout]                                at /rustc/90b35a6239c3d8bdabc530a6a0816f7ff89a0aaf/library/std/src/../../backtrace/src/backtrace/mod.rs:66:5
[INFO] [stdout]    2:     0x61b1caa4163a - std::sys::backtrace::_print_fmt::hc4546b8364a537c6
[INFO] [stdout]                                at /rustc/90b35a6239c3d8bdabc530a6a0816f7ff89a0aaf/library/std/src/sys/backtrace.rs:66:9
[INFO] [stdout]    3:     0x61b1caa4163a - <std::sys::backtrace::BacktraceLock::print::DisplayBacktrace as core::fmt::Display>::fmt::h5b6bd5631a6d1f6b
[INFO] [stdout]                                at /rustc/90b35a6239c3d8bdabc530a6a0816f7ff89a0aaf/library/std/src/sys/backtrace.rs:39:26
[INFO] [stdout]    4:     0x61b1caa66a83 - core::fmt::rt::Argument::fmt::h270f6602a2b96f62
[INFO] [stdout]                                at /rustc/90b35a6239c3d8bdabc530a6a0816f7ff89a0aaf/library/core/src/fmt/rt.rs:177:76
[INFO] [stdout]    5:     0x61b1caa66a83 - core::fmt::write::h7550c97b06c86515
[INFO] [stdout]                                at /rustc/90b35a6239c3d8bdabc530a6a0816f7ff89a0aaf/library/core/src/fmt/mod.rs:1186:21
[INFO] [stdout]    6:     0x61b1caa3e803 - std::io::Write::write_fmt::h509ff860e5956e5e
[INFO] [stdout]                                at /rustc/90b35a6239c3d8bdabc530a6a0816f7ff89a0aaf/library/std/src/io/mod.rs:1839:15
[INFO] [stdout]    7:     0x61b1caa41482 - std::sys::backtrace::BacktraceLock::print::h2395ccd2c84ba3aa
[INFO] [stdout]                                at /rustc/90b35a6239c3d8bdabc530a6a0816f7ff89a0aaf/library/std/src/sys/backtrace.rs:42:9
[INFO] [stdout]    8:     0x61b1caa42a9a - std::panicking::default_hook::{{closure}}::he19d4c7230e07961
[INFO] [stdout]                                at /rustc/90b35a6239c3d8bdabc530a6a0816f7ff89a0aaf/library/std/src/panicking.rs:268:22
[INFO] [stdout]    9:     0x61b1caa428a4 - std::panicking::default_hook::hf614597d3c67bbdb
[INFO] [stdout]                                at /rustc/90b35a6239c3d8bdabc530a6a0816f7ff89a0aaf/library/std/src/panicking.rs:292:9
[INFO] [stdout]   10:     0x61b1caa0e189 - <alloc::boxed::Box<F,A> as core::ops::function::Fn<Args>>::call::h39b51ce4599c23d1
[INFO] [stdout]                                at /rustc/90b35a6239c3d8bdabc530a6a0816f7ff89a0aaf/library/alloc/src/boxed.rs:2468:9
[INFO] [stdout]   11:     0x61b1caa0e189 - test::test_main::{{closure}}::he977ae839a582784
[INFO] [stdout]                                at /rustc/90b35a6239c3d8bdabc530a6a0816f7ff89a0aaf/library/test/src/lib.rs:133:21
[INFO] [stdout]   12:     0x61b1caa43138 - <alloc::boxed::Box<F,A> as core::ops::function::Fn<Args>>::call::h9455091b6b06f9fb
[INFO] [stdout]                                at /rustc/90b35a6239c3d8bdabc530a6a0816f7ff89a0aaf/library/alloc/src/boxed.rs:2468:9
[INFO] [stdout]   13:     0x61b1caa43138 - std::panicking::rust_panic_with_hook::h8942133a8b252070
[INFO] [stdout]                                at /rustc/90b35a6239c3d8bdabc530a6a0816f7ff89a0aaf/library/std/src/panicking.rs:809:13
[INFO] [stdout]   14:     0x61b1caa42efa - std::panicking::begin_panic_handler::{{closure}}::hb5f5963570096b29
[INFO] [stdout]                                at /rustc/90b35a6239c3d8bdabc530a6a0816f7ff89a0aaf/library/std/src/panicking.rs:674:13
[INFO] [stdout]   15:     0x61b1caa41b19 - std::sys::backtrace::__rust_end_short_backtrace::h6208cedc1922feda
[INFO] [stdout]                                at /rustc/90b35a6239c3d8bdabc530a6a0816f7ff89a0aaf/library/std/src/sys/backtrace.rs:170:18
[INFO] [stdout]   16:     0x61b1caa42b8c - rust_begin_unwind
[INFO] [stdout]                                at /rustc/90b35a6239c3d8bdabc530a6a0816f7ff89a0aaf/library/std/src/panicking.rs:665:5
[INFO] [stdout]   17:     0x61b1ca9a5a60 - core::panicking::panic_fmt::h0c3082644d1bf418
[INFO] [stdout]                                at /rustc/90b35a6239c3d8bdabc530a6a0816f7ff89a0aaf/library/core/src/panicking.rs:74:14
[INFO] [stdout]   18:     0x61b1ca9a5f06 - core::result::unwrap_failed::hd20b4aa073bda1e2
[INFO] [stdout]                                at /rustc/90b35a6239c3d8bdabc530a6a0816f7ff89a0aaf/library/core/src/result.rs:1700:5
[INFO] [stdout]   19:     0x61b1ca9c1c17 - core::result::Result<T,E>::unwrap::h9e7655c954985d70
[INFO] [stdout]                                at /rustc/90b35a6239c3d8bdabc530a6a0816f7ff89a0aaf/library/core/src/result.rs:1104:23
[INFO] [stdout]   20:     0x61b1ca9c1c17 - monkey::environment::test::eval_program_test::h8f6b69a50db4f3a0
[INFO] [stdout]                                at /opt/rustwide/workdir/src/environment.rs:352:19
[INFO] [stdout]   21:     0x61b1ca9c3c5d - monkey::environment::test::test_closure::h64b35f71eb8eec36
[INFO] [stdout]                                at /opt/rustwide/workdir/src/environment.rs:460:9
[INFO] [stdout]   22:     0x61b1ca9c3bd7 - monkey::environment::test::test_closure::{{closure}}::hb1e2c2b4de3bc9ff
[INFO] [stdout]                                at /opt/rustwide/workdir/src/environment.rs:452:22
[INFO] [stdout]   23:     0x61b1ca9a7b36 - core::ops::function::FnOnce::call_once::hae180f1e19b320ce
[INFO] [stdout]                                at /rustc/90b35a6239c3d8bdabc530a6a0816f7ff89a0aaf/library/core/src/ops/function.rs:250:5
[INFO] [stdout]   24:     0x61b1caa12b4b - core::ops::function::FnOnce::call_once::h109cf8051a59b34e
[INFO] [stdout]                                at /rustc/90b35a6239c3d8bdabc530a6a0816f7ff89a0aaf/library/core/src/ops/function.rs:250:5
[INFO] [stdout]   25:     0x61b1caa12b4b - test::__rust_begin_short_backtrace::hf4fff89d377446ba
[INFO] [stdout]                                at /rustc/90b35a6239c3d8bdabc530a6a0816f7ff89a0aaf/library/test/src/lib.rs:621:18
[INFO] [stdout]   26:     0x61b1caa12387 - test::run_test_in_process::{{closure}}::h0e39181dd7ee5a43
[INFO] [stdout]                                at /rustc/90b35a6239c3d8bdabc530a6a0816f7ff89a0aaf/library/test/src/lib.rs:644:60
[INFO] [stdout]   27:     0x61b1caa12387 - <core::panic::unwind_safe::AssertUnwindSafe<F> as core::ops::function::FnOnce<()>>::call_once::hc5a66a30f0bdfd1f
[INFO] [stdout]                                at /rustc/90b35a6239c3d8bdabc530a6a0816f7ff89a0aaf/library/core/src/panic/unwind_safe.rs:272:9
[INFO] [stdout]   28:     0x61b1caa12387 - std::panicking::try::do_call::h873b7cf639554a5e
[INFO] [stdout]                                at /rustc/90b35a6239c3d8bdabc530a6a0816f7ff89a0aaf/library/std/src/panicking.rs:557:40
[INFO] [stdout]   29:     0x61b1caa12387 - std::panicking::try::hdb19862fad9c8bd1
[INFO] [stdout]                                at /rustc/90b35a6239c3d8bdabc530a6a0816f7ff89a0aaf/library/std/src/panicking.rs:520:19
[INFO] [stdout]   30:     0x61b1caa12387 - std::panic::catch_unwind::h281fe732d236d260
[INFO] [stdout]                                at /rustc/90b35a6239c3d8bdabc530a6a0816f7ff89a0aaf/library/std/src/panic.rs:358:14
[INFO] [stdout]   31:     0x61b1caa12387 - test::run_test_in_process::h949b6df8457ed338
[INFO] [stdout]                                at /rustc/90b35a6239c3d8bdabc530a6a0816f7ff89a0aaf/library/test/src/lib.rs:644:27
[INFO] [stdout]   32:     0x61b1caa12387 - test::run_test::{{closure}}::h52c556a6d4740e10
[INFO] [stdout]                                at /rustc/90b35a6239c3d8bdabc530a6a0816f7ff89a0aaf/library/test/src/lib.rs:565:43
[INFO] [stdout]   33:     0x61b1ca9d7664 - test::run_test::{{closure}}::h4237f6381c45ccb9
[INFO] [stdout]                                at /rustc/90b35a6239c3d8bdabc530a6a0816f7ff89a0aaf/library/test/src/lib.rs:595:41
[INFO] [stdout]   34:     0x61b1ca9d7664 - std::sys::backtrace::__rust_begin_short_backtrace::h505c97a579eca628
[INFO] [stdout]                                at /rustc/90b35a6239c3d8bdabc530a6a0816f7ff89a0aaf/library/std/src/sys/backtrace.rs:154:18
[INFO] [stdout]   35:     0x61b1ca9dad2e - std::thread::Builder::spawn_unchecked_::{{closure}}::{{closure}}::h9e86b2e2bc107ea3
[INFO] [stdout]                                at /rustc/90b35a6239c3d8bdabc530a6a0816f7ff89a0aaf/library/std/src/thread/mod.rs:538:17
[INFO] [stdout]   36:     0x61b1ca9dad2e - <core::panic::unwind_safe::AssertUnwindSafe<F> as core::ops::function::FnOnce<()>>::call_once::h8b06ddb275ff4a25
[INFO] [stdout]                                at /rustc/90b35a6239c3d8bdabc530a6a0816f7ff89a0aaf/library/core/src/panic/unwind_safe.rs:272:9
[INFO] [stdout]   37:     0x61b1ca9dad2e - std::panicking::try::do_call::hb26ecd7cd9a9355d
[INFO] [stdout]                                at /rustc/90b35a6239c3d8bdabc530a6a0816f7ff89a0aaf/library/std/src/panicking.rs:557:40
[INFO] [stdout]   38:     0x61b1ca9dad2e - std::panicking::try::h8ddeca9d705f9069
[INFO] [stdout]                                at /rustc/90b35a6239c3d8bdabc530a6a0816f7ff89a0aaf/library/std/src/panicking.rs:520:19
[INFO] [stdout]   39:     0x61b1ca9dad2e - std::panic::catch_unwind::h49e1c33078844c46
[INFO] [stdout]                                at /rustc/90b35a6239c3d8bdabc530a6a0816f7ff89a0aaf/library/std/src/panic.rs:358:14
[INFO] [stdout]   40:     0x61b1ca9dad2e - std::thread::Builder::spawn_unchecked_::{{closure}}::h6073db6ff56ad35d
[INFO] [stdout]                                at /rustc/90b35a6239c3d8bdabc530a6a0816f7ff89a0aaf/library/std/src/thread/mod.rs:537:30
[INFO] [stdout]   41:     0x61b1ca9dad2e - core::ops::function::FnOnce::call_once{{vtable.shim}}::h2c5a5f3779c774f1
[INFO] [stdout]                                at /rustc/90b35a6239c3d8bdabc530a6a0816f7ff89a0aaf/library/core/src/ops/function.rs:250:5
[INFO] [stdout]   42:     0x61b1caa46e8b - <alloc::boxed::Box<F,A> as core::ops::function::FnOnce<Args>>::call_once::hf75717d9f28faebf
[INFO] [stdout]                                at /rustc/90b35a6239c3d8bdabc530a6a0816f7ff89a0aaf/library/alloc/src/boxed.rs:2454:9
[INFO] [stdout]   43:     0x61b1caa46e8b - <alloc::boxed::Box<F,A> as core::ops::function::FnOnce<Args>>::call_once::h7bd883a5f3c5f3c1
[INFO] [stdout]                                at /rustc/90b35a6239c3d8bdabc530a6a0816f7ff89a0aaf/library/alloc/src/boxed.rs:2454:9
[INFO] [stdout]   44:     0x61b1caa46e8b - std::sys::pal::unix::thread::Thread::new::thread_start::hcc78f3943333fa94
[INFO] [stdout]                                at /rustc/90b35a6239c3d8bdabc530a6a0816f7ff89a0aaf/library/std/src/sys/pal/unix/thread.rs:105:17
[INFO] [stdout]   45:     0x70bf4ae44ac3 - <unknown>
[INFO] [stdout]   46:     0x70bf4aed5a04 - clone
[INFO] [stdout]   47:                0x0 - <unknown>
[INFO] [stdout] 
[INFO] [stdout] 
[INFO] [stdout] failures:
[INFO] [stdout]     environment::test::test_closure
[INFO] [stdout] 
[INFO] [stdout] test result: FAILED. 22 passed; 1 failed; 1 ignored; 0 measured; 0 filtered out; finished in 0.03s
[INFO] [stdout] 
[INFO] [stderr] error: test failed, to rerun pass `--bin monkey`
[INFO] running `Command { std: "docker" "inspect" "bf2ba89a6756be00dd7c275a2dbcd61f9e1a6b4b359ffb573f3f9a2b94ee5b29", kill_on_drop: false }`
[INFO] running `Command { std: "docker" "rm" "-f" "bf2ba89a6756be00dd7c275a2dbcd61f9e1a6b4b359ffb573f3f9a2b94ee5b29", kill_on_drop: false }`
[INFO] [stdout] bf2ba89a6756be00dd7c275a2dbcd61f9e1a6b4b359ffb573f3f9a2b94ee5b29
