[INFO] cloning repository https://github.com/Henry-Ash-Williams/checkers-rs
[INFO] running `Command { std: "git" "-c" "credential.helper=" "-c" "credential.helper=/workspace/cargo-home/bin/git-credential-null" "clone" "--bare" "https://github.com/Henry-Ash-Williams/checkers-rs" "/workspace/cache/git-repos/https%3A%2F%2Fgithub.com%2FHenry-Ash-Williams%2Fcheckers-rs", kill_on_drop: false }`
[INFO] [stderr] Cloning into bare repository '/workspace/cache/git-repos/https%3A%2F%2Fgithub.com%2FHenry-Ash-Williams%2Fcheckers-rs'...
[INFO] running `Command { std: "git" "rev-parse" "HEAD", kill_on_drop: false }`
[INFO] [stdout] 7e762835cfa765908616ce3ebb8e94eb5540c647
[INFO] testing Henry-Ash-Williams/checkers-rs against 1.83.0 for beta-1.84.0-4-retry
[INFO] running `Command { std: "git" "clone" "/workspace/cache/git-repos/https%3A%2F%2Fgithub.com%2FHenry-Ash-Williams%2Fcheckers-rs" "/workspace/builds/worker-6-tc1/source", kill_on_drop: false }`
[INFO] [stderr] Cloning into '/workspace/builds/worker-6-tc1/source'...
[INFO] [stderr] done.
[INFO] validating manifest of git repo https://github.com/Henry-Ash-Williams/checkers-rs on toolchain 1.83.0
[INFO] running `Command { std: CARGO_HOME="/workspace/cargo-home" RUSTUP_HOME="/workspace/rustup-home" "/workspace/cargo-home/bin/cargo" "+1.83.0" "metadata" "--manifest-path" "Cargo.toml" "--no-deps", kill_on_drop: false }`
[INFO] started tweaking git repo https://github.com/Henry-Ash-Williams/checkers-rs
[INFO] finished tweaking git repo https://github.com/Henry-Ash-Williams/checkers-rs
[INFO] tweaked toml for git repo https://github.com/Henry-Ash-Williams/checkers-rs written to /workspace/builds/worker-6-tc1/source/Cargo.toml
[INFO] crate git repo https://github.com/Henry-Ash-Williams/checkers-rs already has a lockfile, it will not be regenerated
[INFO] running `Command { std: CARGO_HOME="/workspace/cargo-home" RUSTUP_HOME="/workspace/rustup-home" "/workspace/cargo-home/bin/cargo" "+1.83.0" "fetch" "--manifest-path" "Cargo.toml", kill_on_drop: false }`
[INFO] [stderr]     Updating crates.io index
[INFO] [stderr]  Downloading crates ...
[INFO] [stderr]   Downloaded snowflake v1.3.0
[INFO] [stderr]   Downloaded slab_tree v0.3.2
[INFO] [stderr]   Downloaded tabled v0.14.0
[INFO] running `Command { std: "docker" "create" "-v" "/var/lib/crater-agent-workspace/builds/worker-6-tc1/target:/opt/rustwide/target:rw,Z" "-v" "/var/lib/crater-agent-workspace/builds/worker-6-tc1/source:/opt/rustwide/workdir:ro,Z" "-v" "/var/lib/crater-agent-workspace/cargo-home:/opt/rustwide/cargo-home:ro,Z" "-v" "/var/lib/crater-agent-workspace/rustup-home:/opt/rustwide/rustup-home:ro,Z" "-e" "SOURCE_DIR=/opt/rustwide/workdir" "-e" "CARGO_TARGET_DIR=/opt/rustwide/target" "-e" "CARGO_HOME=/opt/rustwide/cargo-home" "-e" "RUSTUP_HOME=/opt/rustwide/rustup-home" "-w" "/opt/rustwide/workdir" "-m" "1610612736" "--user" "0:0" "--network" "none" "ghcr.io/rust-lang/crates-build-env/linux@sha256:f3a9d4ad9d972b27faf3965f35b62e55ba32bbce8f20bc8fe909558a86702fde" "/opt/rustwide/cargo-home/bin/cargo" "+1.83.0" "metadata" "--no-deps" "--format-version=1", kill_on_drop: false }`
[INFO] [stdout] cad53c164341595b43c6df8fde7b4c24b31d8ab499c7397c2b815093dcbfcdc4
[INFO] running `Command { std: "docker" "start" "-a" "cad53c164341595b43c6df8fde7b4c24b31d8ab499c7397c2b815093dcbfcdc4", kill_on_drop: false }`
[INFO] running `Command { std: "docker" "inspect" "cad53c164341595b43c6df8fde7b4c24b31d8ab499c7397c2b815093dcbfcdc4", kill_on_drop: false }`
[INFO] running `Command { std: "docker" "rm" "-f" "cad53c164341595b43c6df8fde7b4c24b31d8ab499c7397c2b815093dcbfcdc4", kill_on_drop: false }`
[INFO] [stdout] cad53c164341595b43c6df8fde7b4c24b31d8ab499c7397c2b815093dcbfcdc4
[INFO] running `Command { std: "docker" "create" "-v" "/var/lib/crater-agent-workspace/builds/worker-6-tc1/target:/opt/rustwide/target:rw,Z" "-v" "/var/lib/crater-agent-workspace/builds/worker-6-tc1/source:/opt/rustwide/workdir:ro,Z" "-v" "/var/lib/crater-agent-workspace/cargo-home:/opt/rustwide/cargo-home:ro,Z" "-v" "/var/lib/crater-agent-workspace/rustup-home:/opt/rustwide/rustup-home:ro,Z" "-e" "SOURCE_DIR=/opt/rustwide/workdir" "-e" "CARGO_TARGET_DIR=/opt/rustwide/target" "-e" "CARGO_INCREMENTAL=0" "-e" "RUST_BACKTRACE=full" "-e" "RUSTFLAGS=--cap-lints=warn" "-e" "RUSTDOCFLAGS=--cap-lints=warn" "-e" "CARGO_HOME=/opt/rustwide/cargo-home" "-e" "RUSTUP_HOME=/opt/rustwide/rustup-home" "-w" "/opt/rustwide/workdir" "-m" "1610612736" "--user" "0:0" "--network" "none" "ghcr.io/rust-lang/crates-build-env/linux@sha256:f3a9d4ad9d972b27faf3965f35b62e55ba32bbce8f20bc8fe909558a86702fde" "/opt/rustwide/cargo-home/bin/cargo" "+1.83.0" "build" "--frozen" "--message-format=json", kill_on_drop: false }`
[INFO] [stdout] 02144a63243aad201b12094d96b674287c76eb6fa0b2e6b09c74034ad34bf596
[INFO] running `Command { std: "docker" "start" "-a" "02144a63243aad201b12094d96b674287c76eb6fa0b2e6b09c74034ad34bf596", kill_on_drop: false }`
[INFO] [stderr]    Compiling proc-macro2 v1.0.69
[INFO] [stderr]    Compiling unicode-ident v1.0.12
[INFO] [stderr]    Compiling libc v0.2.150
[INFO] [stderr]    Compiling memchr v2.6.4
[INFO] [stderr]    Compiling siphasher v0.3.11
[INFO] [stderr]    Compiling version_check v0.9.4
[INFO] [stderr]    Compiling minimal-lexical v0.2.1
[INFO] [stderr]    Compiling rand_core v0.6.4
[INFO] [stderr]    Compiling rustix v0.38.21
[INFO] [stderr]    Compiling bitflags v2.4.1
[INFO] [stderr]    Compiling syn v1.0.109
[INFO] [stderr]    Compiling arrayvec v0.5.2
[INFO] [stderr]    Compiling linux-raw-sys v0.4.11
[INFO] [stderr]    Compiling utf8parse v0.2.1
[INFO] [stderr]    Compiling unicode-width v0.1.11
[INFO] [stderr]    Compiling fnv v1.0.7
[INFO] [stderr]    Compiling thiserror v1.0.50
[INFO] [stderr]    Compiling either v1.9.0
[INFO] [stderr]    Compiling anyhow v1.0.75
[INFO] [stderr]    Compiling heck v0.4.1
[INFO] [stderr]    Compiling rand v0.8.5
[INFO] [stderr]    Compiling home v0.5.5
[INFO] [stderr]    Compiling fastrand v2.0.1
[INFO] [stderr]    Compiling phf_shared v0.11.2
[INFO] [stderr]    Compiling regex-syntax v0.8.2
[INFO] [stderr]    Compiling bitflags v1.3.2
[INFO] [stderr]    Compiling lazy_static v1.4.0
[INFO] [stderr]    Compiling bytecount v0.6.7
[INFO] [stderr]    Compiling zeroize v1.6.0
[INFO] [stderr]    Compiling proc-macro-error-attr v1.0.4
[INFO] [stderr]    Compiling proc-macro-error v1.0.4
[INFO] [stderr]    Compiling snowflake v1.3.0
[INFO] [stderr]    Compiling shell-words v1.1.0
[INFO] [stderr]    Compiling phf v0.11.2
[INFO] [stderr]    Compiling slab_tree v0.3.2
[INFO] [stderr]    Compiling nom v7.1.3
[INFO] [stderr]    Compiling aho-corasick v1.1.2
[INFO] [stderr]    Compiling phf_generator v0.11.2
[INFO] [stderr]    Compiling phf_codegen v0.11.2
[INFO] [stderr]    Compiling terminfo v0.8.0
[INFO] [stderr]    Compiling quote v1.0.33
[INFO] [stderr]    Compiling syn v2.0.39
[INFO] [stderr]    Compiling vte_generate_state_changes v0.1.1
[INFO] [stderr]    Compiling vte v0.10.1
[INFO] [stderr]    Compiling dirs-sys v0.3.7
[INFO] [stderr]    Compiling getrandom v0.2.11
[INFO] [stderr]    Compiling console v0.15.7
[INFO] [stderr]    Compiling nix v0.26.4
[INFO] [stderr]    Compiling dirs v4.0.0
[INFO] [stderr]    Compiling tempfile v3.8.1
[INFO] [stderr]    Compiling which v4.4.2
[INFO] [stderr]    Compiling regex-automata v0.4.3
[INFO] [stderr]    Compiling rand_chacha v0.3.1
[INFO] [stderr]    Compiling ansitok v0.2.0
[INFO] [stderr]    Compiling ansi-str v0.8.0
[INFO] [stderr]    Compiling thiserror-impl v1.0.50
[INFO] [stderr]    Compiling tabled_derive v0.6.0
[INFO] [stderr]    Compiling papergrid v0.10.0
[INFO] [stderr]    Compiling regex v1.10.2
[INFO] [stderr]    Compiling dialoguer v0.11.0
[INFO] [stderr]    Compiling tabled v0.14.0
[INFO] [stderr]    Compiling clearscreen v2.0.1
[INFO] [stderr]    Compiling checkers v0.1.0 (/opt/rustwide/workdir)
[INFO] [stderr]     Finished `dev` profile [unoptimized + debuginfo] target(s) in 18.37s
[INFO] running `Command { std: "docker" "inspect" "02144a63243aad201b12094d96b674287c76eb6fa0b2e6b09c74034ad34bf596", kill_on_drop: false }`
[INFO] running `Command { std: "docker" "rm" "-f" "02144a63243aad201b12094d96b674287c76eb6fa0b2e6b09c74034ad34bf596", kill_on_drop: false }`
[INFO] [stdout] 02144a63243aad201b12094d96b674287c76eb6fa0b2e6b09c74034ad34bf596
[INFO] running `Command { std: "docker" "create" "-v" "/var/lib/crater-agent-workspace/builds/worker-6-tc1/target:/opt/rustwide/target:rw,Z" "-v" "/var/lib/crater-agent-workspace/builds/worker-6-tc1/source:/opt/rustwide/workdir:ro,Z" "-v" "/var/lib/crater-agent-workspace/cargo-home:/opt/rustwide/cargo-home:ro,Z" "-v" "/var/lib/crater-agent-workspace/rustup-home:/opt/rustwide/rustup-home:ro,Z" "-e" "SOURCE_DIR=/opt/rustwide/workdir" "-e" "CARGO_TARGET_DIR=/opt/rustwide/target" "-e" "CARGO_INCREMENTAL=0" "-e" "RUST_BACKTRACE=full" "-e" "RUSTFLAGS=--cap-lints=warn" "-e" "RUSTDOCFLAGS=--cap-lints=warn" "-e" "CARGO_HOME=/opt/rustwide/cargo-home" "-e" "RUSTUP_HOME=/opt/rustwide/rustup-home" "-w" "/opt/rustwide/workdir" "-m" "1610612736" "--user" "0:0" "--network" "none" "ghcr.io/rust-lang/crates-build-env/linux@sha256:f3a9d4ad9d972b27faf3965f35b62e55ba32bbce8f20bc8fe909558a86702fde" "/opt/rustwide/cargo-home/bin/cargo" "+1.83.0" "test" "--frozen" "--no-run" "--message-format=json", kill_on_drop: false }`
[INFO] [stdout] 7638be41632fd4a0707588a9a158c9b8e67dde03b5a69f2cfb1e4d8e8bd83a17
[INFO] running `Command { std: "docker" "start" "-a" "7638be41632fd4a0707588a9a158c9b8e67dde03b5a69f2cfb1e4d8e8bd83a17", kill_on_drop: false }`
[INFO] [stderr]    Compiling checkers v0.1.0 (/opt/rustwide/workdir)
[INFO] [stderr]     Finished `test` profile [unoptimized + debuginfo] target(s) in 2.13s
[INFO] running `Command { std: "docker" "inspect" "7638be41632fd4a0707588a9a158c9b8e67dde03b5a69f2cfb1e4d8e8bd83a17", kill_on_drop: false }`
[INFO] running `Command { std: "docker" "rm" "-f" "7638be41632fd4a0707588a9a158c9b8e67dde03b5a69f2cfb1e4d8e8bd83a17", kill_on_drop: false }`
[INFO] [stdout] 7638be41632fd4a0707588a9a158c9b8e67dde03b5a69f2cfb1e4d8e8bd83a17
[INFO] running `Command { std: "docker" "create" "-v" "/var/lib/crater-agent-workspace/builds/worker-6-tc1/target:/opt/rustwide/target:rw,Z" "-v" "/var/lib/crater-agent-workspace/builds/worker-6-tc1/source:/opt/rustwide/workdir:ro,Z" "-v" "/var/lib/crater-agent-workspace/cargo-home:/opt/rustwide/cargo-home:ro,Z" "-v" "/var/lib/crater-agent-workspace/rustup-home:/opt/rustwide/rustup-home:ro,Z" "-e" "SOURCE_DIR=/opt/rustwide/workdir" "-e" "CARGO_TARGET_DIR=/opt/rustwide/target" "-e" "CARGO_INCREMENTAL=0" "-e" "RUST_BACKTRACE=full" "-e" "RUSTFLAGS=--cap-lints=warn" "-e" "RUSTDOCFLAGS=--cap-lints=warn" "-e" "CARGO_HOME=/opt/rustwide/cargo-home" "-e" "RUSTUP_HOME=/opt/rustwide/rustup-home" "-w" "/opt/rustwide/workdir" "-m" "1610612736" "--user" "0:0" "--network" "none" "ghcr.io/rust-lang/crates-build-env/linux@sha256:f3a9d4ad9d972b27faf3965f35b62e55ba32bbce8f20bc8fe909558a86702fde" "/opt/rustwide/cargo-home/bin/cargo" "+1.83.0" "test" "--frozen", kill_on_drop: false }`
[INFO] [stdout] 4636d91656b4886b27edfc53c794f3577082179902937d2b0802c197f25b846f
[INFO] running `Command { std: "docker" "start" "-a" "4636d91656b4886b27edfc53c794f3577082179902937d2b0802c197f25b846f", kill_on_drop: false }`
[INFO] [stderr]     Finished `test` profile [unoptimized + debuginfo] target(s) in 0.12s
[INFO] [stderr]      Running unittests src/main.rs (/opt/rustwide/target/debug/deps/checkers-2705a680e2591451)
[INFO] [stdout] 
[INFO] [stdout] running 5 tests
[INFO] [stdout] test board::test::test_board_initializer ... ok
[INFO] [stdout] test board::test::test_can_capture ... ok
[INFO] [stdout] test board::test::test_king_promotion ... ok
[INFO] [stdout] test board::test::test_movement ... ok
[INFO] [stdout] test board::test::test_king_movement ... FAILED
[INFO] [stdout] 
[INFO] [stdout] failures:
[INFO] [stdout] 
[INFO] [stdout] ---- board::test::test_king_movement stdout ----
[INFO] [stdout]    a  b  c  d  e  f  g  h 
[INFO] [stdout] 1 [47m[30m [49m[39m[47m[30m [49m[39m[47m[30m [49m[39m[37m[40m [39m[49m[37m[40m [39m[49m[37m[40m [39m[49m[47m[30m [49m[39m[47m[30m [49m[39m[47m[30m [49m[39m[37m[40m [39m[49m[37m[40m [39m[49m[37m[40m [39m[49m[47m[30m [49m[39m[47m[30m [49m[39m[47m[30m [49m[39m[37m[40m [39m[49m[37m[40m [39m[49m[37m[40m [39m[49m[47m[30m [49m[39m[47m[30m [49m[39m[47m[30m [49m[39m[37m[40m [39m[49m[37m[40m [39m[49m[37m[40m [39m[49m
[INFO] [stdout] 2 [37m[40m [39m[49m[37m[40m [39m[49m[37m[40m [39m[49m[47m[30m [49m[39m[47m[30m [49m[39m[47m[30m [49m[39m[37m[40m [39m[49m[37m[40m [39m[49m[37m[40m [39m[49m[47m[30m [49m[39m[47m[30m [49m[39m[47m[30m [49m[39m[37m[40m [39m[49m[37m[40m [39m[49m[37m[40m [39m[49m[47m[30m [49m[39m[47m[30m [49m[39m[47m[30m [49m[39m[37m[40m [39m[49m[37m[40m [39m[49m[37m[40m [39m[49m[47m[30m [49m[39m[47m[30m [49m[39m[47m[30m [49m[39m
[INFO] [stdout] 3 [47m[30m [49m[39m[47m[30m [49m[39m[47m[30m [49m[39m[37m[40m [39m[49m[37m[40m [39m[49m[37m[40m [39m[49m[47m[30m [49m[39m[47m[30m [49m[39m[47m[30m [49m[39m[37m[40m [39m[49m[37m[40m [39m[49m[37m[40m [39m[49m[47m[30m [49m[39m[47m[30m [49m[39m[47m[30m [49m[39m[37m[40m [39m[49m[37m[40m [39m[49m[37m[40m [39m[49m[47m[30m [49m[39m[47m[30m [49m[39m[47m[30m [49m[39m[37m[40m [39m[49m[37m[40m [39m[49m[37m[40m [39m[49m
[INFO] [stdout] 4 [37m[40m [39m[49m[37m[40m [39m[49m[37m[40m [39m[49m[47m[30m [49m[39m[47m[30m [49m[39m[47m[30m [49m[39m[37m[40m [39m[49m[37m[40m [39m[49m[37m[40m [39m[49m[47m[30m [49m[39m[47m[30m [49m[39m[47m[30m [49m[39m[37m[40m [39m[49m[37m[40m[39m[49m[37m[40m [39m[49m[47m[30m [49m[39m[47m[30m [49m[39m[47m[30m [49m[39m[37m[40m [39m[49m[37m[40m [39m[49m[37m[40m [39m[49m[47m[30m [49m[39m[47m[30m [49m[39m[47m[30m [49m[39m
[INFO] [stdout] 5 [47m[30m [49m[39m[47m[30m [49m[39m[47m[30m [49m[39m[37m[40m [39m[49m[37m[40m [39m[49m[37m[40m [39m[49m[47m[30m [49m[39m[47m[30m [49m[39m[47m[30m [49m[39m[37m[40m [39m[49m[37m[40m [39m[49m[37m[40m [39m[49m[47m[30m [49m[39m[47m[30m [49m[39m[47m[30m [49m[39m[37m[40m [39m[49m[37m[40m [39m[49m[37m[40m [39m[49m[47m[30m [49m[39m[47m[30m [49m[39m[47m[30m [49m[39m[37m[40m [39m[49m[37m[40m [39m[49m[37m[40m [39m[49m
[INFO] [stdout] 6 [37m[40m [39m[49m[37m[40m [39m[49m[37m[40m [39m[49m[47m[30m [49m[39m[47m[30m [49m[39m[47m[30m [49m[39m[37m[40m [39m[49m[37m[40m󱟜[39m[49m[37m[40m [39m[49m[47m[30m [49m[39m[47m[30m [49m[39m[47m[30m [49m[39m[37m[40m [39m[49m[37m[40m [39m[49m[37m[40m [39m[49m[47m[30m [49m[39m[47m[30m [49m[39m[47m[30m [49m[39m[37m[40m [39m[49m[37m[40m [39m[49m[37m[40m [39m[49m[47m[30m [49m[39m[47m[30m [49m[39m[47m[30m [49m[39m
[INFO] [stdout] 7 [47m[30m [49m[39m[47m[30m [49m[39m[47m[30m [49m[39m[37m[40m [39m[49m[37m[40m [39m[49m[37m[40m [39m[49m[47m[30m [49m[39m[47m[30m [49m[39m[47m[30m [49m[39m[37m[40m [39m[49m[37m[40m [39m[49m[37m[40m [39m[49m[47m[30m [49m[39m[47m[30m [49m[39m[47m[30m [49m[39m[37m[40m [39m[49m[37m[40m [39m[49m[37m[40m [39m[49m[47m[30m [49m[39m[47m[30m [49m[39m[47m[30m [49m[39m[37m[40m [39m[49m[37m[40m [39m[49m[37m[40m [39m[49m
[INFO] [stdout] 8 [37m[40m [39m[49m[37m[40m [39m[49m[37m[40m [39m[49m[47m[30m [49m[39m[47m[30m [49m[39m[47m[30m [49m[39m[37m[40m [39m[49m[37m[40m [39m[49m[37m[40m [39m[49m[47m[30m [49m[39m[47m[30m [49m[39m[47m[30m [49m[39m[37m[40m [39m[49m[37m[40m [39m[49m[37m[40m [39m[49m[47m[30m [49m[39m[47m[30m [49m[39m[47m[30m [49m[39m[37m[40m [39m[49m[37m[40m [39m[49m[37m[40m [39m[49m[47m[30m [49m[39m[47m[30m [49m[39m[47m[30m [49m[39m
[INFO] [stdout] 
[INFO] [stdout] c6 -> g2
[INFO] [stdout] thread 'board::test::test_king_movement' panicked at src/board.rs:576:9:
[INFO] [stdout] assertion failed: board.make_move(0, Move::new(42, 14)).is_ok()
[INFO] [stdout] stack backtrace:
[INFO] [stdout]    0:     0x641f20b49a8a - std::backtrace_rs::backtrace::libunwind::trace::h5a5b8284f2d0c266
[INFO] [stdout]                                at /rustc/90b35a6239c3d8bdabc530a6a0816f7ff89a0aaf/library/std/src/../../backtrace/src/backtrace/libunwind.rs:116:5
[INFO] [stdout]    1:     0x641f20b49a8a - std::backtrace_rs::backtrace::trace_unsynchronized::h76d4f1c9b0b875e3
[INFO] [stdout]                                at /rustc/90b35a6239c3d8bdabc530a6a0816f7ff89a0aaf/library/std/src/../../backtrace/src/backtrace/mod.rs:66:5
[INFO] [stdout]    2:     0x641f20b49a8a - std::sys::backtrace::_print_fmt::hc4546b8364a537c6
[INFO] [stdout]                                at /rustc/90b35a6239c3d8bdabc530a6a0816f7ff89a0aaf/library/std/src/sys/backtrace.rs:66:9
[INFO] [stdout]    3:     0x641f20b49a8a - <std::sys::backtrace::BacktraceLock::print::DisplayBacktrace as core::fmt::Display>::fmt::h5b6bd5631a6d1f6b
[INFO] [stdout]                                at /rustc/90b35a6239c3d8bdabc530a6a0816f7ff89a0aaf/library/std/src/sys/backtrace.rs:39:26
[INFO] [stdout]    4:     0x641f20b6eee3 - core::fmt::rt::Argument::fmt::h270f6602a2b96f62
[INFO] [stdout]                                at /rustc/90b35a6239c3d8bdabc530a6a0816f7ff89a0aaf/library/core/src/fmt/rt.rs:177:76
[INFO] [stdout]    5:     0x641f20b6eee3 - core::fmt::write::h7550c97b06c86515
[INFO] [stdout]                                at /rustc/90b35a6239c3d8bdabc530a6a0816f7ff89a0aaf/library/core/src/fmt/mod.rs:1186:21
[INFO] [stdout]    6:     0x641f20b46c53 - std::io::Write::write_fmt::h509ff860e5956e5e
[INFO] [stdout]                                at /rustc/90b35a6239c3d8bdabc530a6a0816f7ff89a0aaf/library/std/src/io/mod.rs:1839:15
[INFO] [stdout]    7:     0x641f20b498d2 - std::sys::backtrace::BacktraceLock::print::h2395ccd2c84ba3aa
[INFO] [stdout]                                at /rustc/90b35a6239c3d8bdabc530a6a0816f7ff89a0aaf/library/std/src/sys/backtrace.rs:42:9
[INFO] [stdout]    8:     0x641f20b4aeea - std::panicking::default_hook::{{closure}}::he19d4c7230e07961
[INFO] [stdout]                                at /rustc/90b35a6239c3d8bdabc530a6a0816f7ff89a0aaf/library/std/src/panicking.rs:268:22
[INFO] [stdout]    9:     0x641f20b4acf4 - std::panicking::default_hook::hf614597d3c67bbdb
[INFO] [stdout]                                at /rustc/90b35a6239c3d8bdabc530a6a0816f7ff89a0aaf/library/std/src/panicking.rs:292:9
[INFO] [stdout]   10:     0x641f20a66859 - <alloc::boxed::Box<F,A> as core::ops::function::Fn<Args>>::call::h39b51ce4599c23d1
[INFO] [stdout]                                at /rustc/90b35a6239c3d8bdabc530a6a0816f7ff89a0aaf/library/alloc/src/boxed.rs:2468:9
[INFO] [stdout]   11:     0x641f20a66859 - test::test_main::{{closure}}::he977ae839a582784
[INFO] [stdout]                                at /rustc/90b35a6239c3d8bdabc530a6a0816f7ff89a0aaf/library/test/src/lib.rs:133:21
[INFO] [stdout]   12:     0x641f20b4b588 - <alloc::boxed::Box<F,A> as core::ops::function::Fn<Args>>::call::h9455091b6b06f9fb
[INFO] [stdout]                                at /rustc/90b35a6239c3d8bdabc530a6a0816f7ff89a0aaf/library/alloc/src/boxed.rs:2468:9
[INFO] [stdout]   13:     0x641f20b4b588 - std::panicking::rust_panic_with_hook::h8942133a8b252070
[INFO] [stdout]                                at /rustc/90b35a6239c3d8bdabc530a6a0816f7ff89a0aaf/library/std/src/panicking.rs:809:13
[INFO] [stdout]   14:     0x641f20b4b316 - std::panicking::begin_panic_handler::{{closure}}::hb5f5963570096b29
[INFO] [stdout]                                at /rustc/90b35a6239c3d8bdabc530a6a0816f7ff89a0aaf/library/std/src/panicking.rs:667:13
[INFO] [stdout]   15:     0x641f20b49f69 - std::sys::backtrace::__rust_end_short_backtrace::h6208cedc1922feda
[INFO] [stdout]                                at /rustc/90b35a6239c3d8bdabc530a6a0816f7ff89a0aaf/library/std/src/sys/backtrace.rs:170:18
[INFO] [stdout]   16:     0x641f20b4afdc - rust_begin_unwind
[INFO] [stdout]                                at /rustc/90b35a6239c3d8bdabc530a6a0816f7ff89a0aaf/library/std/src/panicking.rs:665:5
[INFO] [stdout]   17:     0x641f20a20b00 - core::panicking::panic_fmt::h0c3082644d1bf418
[INFO] [stdout]                                at /rustc/90b35a6239c3d8bdabc530a6a0816f7ff89a0aaf/library/core/src/panicking.rs:74:14
[INFO] [stdout]   18:     0x641f20a20b8c - core::panicking::panic::h957f98c65a3b3074
[INFO] [stdout]                                at /rustc/90b35a6239c3d8bdabc530a6a0816f7ff89a0aaf/library/core/src/panicking.rs:148:5
[INFO] [stdout]   19:     0x641f20a26046 - checkers::board::test::test_king_movement::h86d6edd492600af4
[INFO] [stdout]                                at /opt/rustwide/workdir/src/board.rs:576:9
[INFO] [stdout]   20:     0x641f20a25b47 - checkers::board::test::test_king_movement::{{closure}}::ha67b13b4c765f51f
[INFO] [stdout]                                at /opt/rustwide/workdir/src/board.rs:560:28
[INFO] [stdout]   21:     0x641f20a29bc6 - core::ops::function::FnOnce::call_once::hff079f4a4ba12990
[INFO] [stdout]                                at /rustc/90b35a6239c3d8bdabc530a6a0816f7ff89a0aaf/library/core/src/ops/function.rs:250:5
[INFO] [stdout]   22:     0x641f20a6b21b - core::ops::function::FnOnce::call_once::h109cf8051a59b34e
[INFO] [stdout]                                at /rustc/90b35a6239c3d8bdabc530a6a0816f7ff89a0aaf/library/core/src/ops/function.rs:250:5
[INFO] [stdout]   23:     0x641f20a6b21b - test::__rust_begin_short_backtrace::hf4fff89d377446ba
[INFO] [stdout]                                at /rustc/90b35a6239c3d8bdabc530a6a0816f7ff89a0aaf/library/test/src/lib.rs:621:18
[INFO] [stdout]   24:     0x641f20a6aa57 - test::run_test_in_process::{{closure}}::h0e39181dd7ee5a43
[INFO] [stdout]                                at /rustc/90b35a6239c3d8bdabc530a6a0816f7ff89a0aaf/library/test/src/lib.rs:644:60
[INFO] [stdout]   25:     0x641f20a6aa57 - <core::panic::unwind_safe::AssertUnwindSafe<F> as core::ops::function::FnOnce<()>>::call_once::hc5a66a30f0bdfd1f
[INFO] [stdout]                                at /rustc/90b35a6239c3d8bdabc530a6a0816f7ff89a0aaf/library/core/src/panic/unwind_safe.rs:272:9
[INFO] [stdout]   26:     0x641f20a6aa57 - std::panicking::try::do_call::h873b7cf639554a5e
[INFO] [stdout]                                at /rustc/90b35a6239c3d8bdabc530a6a0816f7ff89a0aaf/library/std/src/panicking.rs:557:40
[INFO] [stdout]   27:     0x641f20a6aa57 - std::panicking::try::hdb19862fad9c8bd1
[INFO] [stdout]                                at /rustc/90b35a6239c3d8bdabc530a6a0816f7ff89a0aaf/library/std/src/panicking.rs:520:19
[INFO] [stdout]   28:     0x641f20a6aa57 - std::panic::catch_unwind::h281fe732d236d260
[INFO] [stdout]                                at /rustc/90b35a6239c3d8bdabc530a6a0816f7ff89a0aaf/library/std/src/panic.rs:358:14
[INFO] [stdout]   29:     0x641f20a6aa57 - test::run_test_in_process::h949b6df8457ed338
[INFO] [stdout]                                at /rustc/90b35a6239c3d8bdabc530a6a0816f7ff89a0aaf/library/test/src/lib.rs:644:27
[INFO] [stdout]   30:     0x641f20a6aa57 - test::run_test::{{closure}}::h52c556a6d4740e10
[INFO] [stdout]                                at /rustc/90b35a6239c3d8bdabc530a6a0816f7ff89a0aaf/library/test/src/lib.rs:565:43
[INFO] [stdout]   31:     0x641f20a2fd34 - test::run_test::{{closure}}::h4237f6381c45ccb9
[INFO] [stdout]                                at /rustc/90b35a6239c3d8bdabc530a6a0816f7ff89a0aaf/library/test/src/lib.rs:595:41
[INFO] [stdout]   32:     0x641f20a2fd34 - std::sys::backtrace::__rust_begin_short_backtrace::h505c97a579eca628
[INFO] [stdout]                                at /rustc/90b35a6239c3d8bdabc530a6a0816f7ff89a0aaf/library/std/src/sys/backtrace.rs:154:18
[INFO] [stdout]   33:     0x641f20a333fe - std::thread::Builder::spawn_unchecked_::{{closure}}::{{closure}}::h9e86b2e2bc107ea3
[INFO] [stdout]                                at /rustc/90b35a6239c3d8bdabc530a6a0816f7ff89a0aaf/library/std/src/thread/mod.rs:538:17
[INFO] [stdout]   34:     0x641f20a333fe - <core::panic::unwind_safe::AssertUnwindSafe<F> as core::ops::function::FnOnce<()>>::call_once::h8b06ddb275ff4a25
[INFO] [stdout]                                at /rustc/90b35a6239c3d8bdabc530a6a0816f7ff89a0aaf/library/core/src/panic/unwind_safe.rs:272:9
[INFO] [stdout]   35:     0x641f20a333fe - std::panicking::try::do_call::hb26ecd7cd9a9355d
[INFO] [stdout]                                at /rustc/90b35a6239c3d8bdabc530a6a0816f7ff89a0aaf/library/std/src/panicking.rs:557:40
[INFO] [stdout]   36:     0x641f20a333fe - std::panicking::try::h8ddeca9d705f9069
[INFO] [stdout]                                at /rustc/90b35a6239c3d8bdabc530a6a0816f7ff89a0aaf/library/std/src/panicking.rs:520:19
[INFO] [stdout]   37:     0x641f20a333fe - std::panic::catch_unwind::h49e1c33078844c46
[INFO] [stdout]                                at /rustc/90b35a6239c3d8bdabc530a6a0816f7ff89a0aaf/library/std/src/panic.rs:358:14
[INFO] [stdout]   38:     0x641f20a333fe - std::thread::Builder::spawn_unchecked_::{{closure}}::h6073db6ff56ad35d
[INFO] [stdout]                                at /rustc/90b35a6239c3d8bdabc530a6a0816f7ff89a0aaf/library/std/src/thread/mod.rs:537:30
[INFO] [stdout]   39:     0x641f20a333fe - core::ops::function::FnOnce::call_once{{vtable.shim}}::h2c5a5f3779c774f1
[INFO] [stdout]                                at /rustc/90b35a6239c3d8bdabc530a6a0816f7ff89a0aaf/library/core/src/ops/function.rs:250:5
[INFO] [stdout]   40:     0x641f20b4f2db - <alloc::boxed::Box<F,A> as core::ops::function::FnOnce<Args>>::call_once::hf75717d9f28faebf
[INFO] [stdout]                                at /rustc/90b35a6239c3d8bdabc530a6a0816f7ff89a0aaf/library/alloc/src/boxed.rs:2454:9
[INFO] [stdout]   41:     0x641f20b4f2db - <alloc::boxed::Box<F,A> as core::ops::function::FnOnce<Args>>::call_once::h7bd883a5f3c5f3c1
[INFO] [stdout]                                at /rustc/90b35a6239c3d8bdabc530a6a0816f7ff89a0aaf/library/alloc/src/boxed.rs:2454:9
[INFO] [stdout]   42:     0x641f20b4f2db - std::sys::pal::unix::thread::Thread::new::thread_start::hcc78f3943333fa94
[INFO] [stdout]                                at /rustc/90b35a6239c3d8bdabc530a6a0816f7ff89a0aaf/library/std/src/sys/pal/unix/thread.rs:105:17
[INFO] [stdout]   43:     0x713cef21fac3 - <unknown>
[INFO] [stdout]   44:     0x713cef2b0a04 - clone
[INFO] [stdout]   45:                0x0 - <unknown>
[INFO] [stdout] 
[INFO] [stdout] 
[INFO] [stdout] failures:
[INFO] [stdout]     board::test::test_king_movement
[INFO] [stdout] 
[INFO] [stdout] test result: FAILED. 4 passed; 1 failed; 0 ignored; 0 measured; 0 filtered out; finished in 0.06s
[INFO] [stdout] 
[INFO] [stderr] error: test failed, to rerun pass `--bin checkers`
[INFO] running `Command { std: "docker" "inspect" "4636d91656b4886b27edfc53c794f3577082179902937d2b0802c197f25b846f", kill_on_drop: false }`
[INFO] running `Command { std: "docker" "rm" "-f" "4636d91656b4886b27edfc53c794f3577082179902937d2b0802c197f25b846f", kill_on_drop: false }`
[INFO] [stdout] 4636d91656b4886b27edfc53c794f3577082179902937d2b0802c197f25b846f
