[INFO] cloning repository https://github.com/HectorPeeters/dyno
[INFO] running `Command { std: "git" "-c" "credential.helper=" "-c" "credential.helper=/workspace/cargo-home/bin/git-credential-null" "clone" "--bare" "https://github.com/HectorPeeters/dyno" "/workspace/cache/git-repos/https%3A%2F%2Fgithub.com%2FHectorPeeters%2Fdyno", kill_on_drop: false }`
[INFO] [stderr] Cloning into bare repository '/workspace/cache/git-repos/https%3A%2F%2Fgithub.com%2FHectorPeeters%2Fdyno'...
[INFO] running `Command { std: "git" "rev-parse" "HEAD", kill_on_drop: false }`
[INFO] [stdout] 30c9de2ddae1d477a8fdd154054101862dd3c429
[INFO] testing HectorPeeters/dyno against 1.83.0 for beta-1.84.0-4-retry
[INFO] running `Command { std: "git" "clone" "/workspace/cache/git-repos/https%3A%2F%2Fgithub.com%2FHectorPeeters%2Fdyno" "/workspace/builds/worker-1-tc1/source", kill_on_drop: false }`
[INFO] [stderr] Cloning into '/workspace/builds/worker-1-tc1/source'...
[INFO] [stderr] done.
[INFO] validating manifest of git repo https://github.com/HectorPeeters/dyno on toolchain 1.83.0
[INFO] running `Command { std: CARGO_HOME="/workspace/cargo-home" RUSTUP_HOME="/workspace/rustup-home" "/workspace/cargo-home/bin/cargo" "+1.83.0" "metadata" "--manifest-path" "Cargo.toml" "--no-deps", kill_on_drop: false }`
[INFO] started tweaking git repo https://github.com/HectorPeeters/dyno
[INFO] finished tweaking git repo https://github.com/HectorPeeters/dyno
[INFO] tweaked toml for git repo https://github.com/HectorPeeters/dyno written to /workspace/builds/worker-1-tc1/source/Cargo.toml
[INFO] crate git repo https://github.com/HectorPeeters/dyno already has a lockfile, it will not be regenerated
[INFO] running `Command { std: CARGO_HOME="/workspace/cargo-home" RUSTUP_HOME="/workspace/rustup-home" "/workspace/cargo-home/bin/cargo" "+1.83.0" "fetch" "--manifest-path" "Cargo.toml", kill_on_drop: false }`
[INFO] running `Command { std: "docker" "create" "-v" "/var/lib/crater-agent-workspace/builds/worker-1-tc1/target:/opt/rustwide/target:rw,Z" "-v" "/var/lib/crater-agent-workspace/builds/worker-1-tc1/source:/opt/rustwide/workdir:ro,Z" "-v" "/var/lib/crater-agent-workspace/cargo-home:/opt/rustwide/cargo-home:ro,Z" "-v" "/var/lib/crater-agent-workspace/rustup-home:/opt/rustwide/rustup-home:ro,Z" "-e" "SOURCE_DIR=/opt/rustwide/workdir" "-e" "CARGO_TARGET_DIR=/opt/rustwide/target" "-e" "CARGO_HOME=/opt/rustwide/cargo-home" "-e" "RUSTUP_HOME=/opt/rustwide/rustup-home" "-w" "/opt/rustwide/workdir" "-m" "1610612736" "--user" "0:0" "--network" "none" "ghcr.io/rust-lang/crates-build-env/linux@sha256:f3a9d4ad9d972b27faf3965f35b62e55ba32bbce8f20bc8fe909558a86702fde" "/opt/rustwide/cargo-home/bin/cargo" "+1.83.0" "metadata" "--no-deps" "--format-version=1", kill_on_drop: false }`
[INFO] [stdout] 8e10330b3b34911403bc65519648716dd72e7fef756889ac60148107e1a42bb2
[INFO] running `Command { std: "docker" "start" "-a" "8e10330b3b34911403bc65519648716dd72e7fef756889ac60148107e1a42bb2", kill_on_drop: false }`
[INFO] running `Command { std: "docker" "inspect" "8e10330b3b34911403bc65519648716dd72e7fef756889ac60148107e1a42bb2", kill_on_drop: false }`
[INFO] running `Command { std: "docker" "rm" "-f" "8e10330b3b34911403bc65519648716dd72e7fef756889ac60148107e1a42bb2", kill_on_drop: false }`
[INFO] [stdout] 8e10330b3b34911403bc65519648716dd72e7fef756889ac60148107e1a42bb2
[INFO] running `Command { std: "docker" "create" "-v" "/var/lib/crater-agent-workspace/builds/worker-1-tc1/target:/opt/rustwide/target:rw,Z" "-v" "/var/lib/crater-agent-workspace/builds/worker-1-tc1/source:/opt/rustwide/workdir:ro,Z" "-v" "/var/lib/crater-agent-workspace/cargo-home:/opt/rustwide/cargo-home:ro,Z" "-v" "/var/lib/crater-agent-workspace/rustup-home:/opt/rustwide/rustup-home:ro,Z" "-e" "SOURCE_DIR=/opt/rustwide/workdir" "-e" "CARGO_TARGET_DIR=/opt/rustwide/target" "-e" "CARGO_INCREMENTAL=0" "-e" "RUST_BACKTRACE=full" "-e" "RUSTFLAGS=--cap-lints=warn" "-e" "RUSTDOCFLAGS=--cap-lints=warn" "-e" "CARGO_HOME=/opt/rustwide/cargo-home" "-e" "RUSTUP_HOME=/opt/rustwide/rustup-home" "-w" "/opt/rustwide/workdir" "-m" "1610612736" "--user" "0:0" "--network" "none" "ghcr.io/rust-lang/crates-build-env/linux@sha256:f3a9d4ad9d972b27faf3965f35b62e55ba32bbce8f20bc8fe909558a86702fde" "/opt/rustwide/cargo-home/bin/cargo" "+1.83.0" "build" "--frozen" "--message-format=json", kill_on_drop: false }`
[INFO] [stdout] ed08776781b714058aabf75632439dd4c6dba654de7d6bb0916d3ccc3bf980df
[INFO] running `Command { std: "docker" "start" "-a" "ed08776781b714058aabf75632439dd4c6dba654de7d6bb0916d3ccc3bf980df", kill_on_drop: false }`
[INFO] [stderr]    Compiling memchr v2.4.0
[INFO] [stderr]    Compiling regex-syntax v0.6.25
[INFO] [stderr]    Compiling aho-corasick v0.7.18
[INFO] [stderr]    Compiling regex v1.5.4
[INFO] [stderr]    Compiling dyno v0.1.0 (/opt/rustwide/workdir)
[INFO] [stderr]     Finished `dev` profile [unoptimized + debuginfo] target(s) in 5.08s
[INFO] running `Command { std: "docker" "inspect" "ed08776781b714058aabf75632439dd4c6dba654de7d6bb0916d3ccc3bf980df", kill_on_drop: false }`
[INFO] running `Command { std: "docker" "rm" "-f" "ed08776781b714058aabf75632439dd4c6dba654de7d6bb0916d3ccc3bf980df", kill_on_drop: false }`
[INFO] [stdout] ed08776781b714058aabf75632439dd4c6dba654de7d6bb0916d3ccc3bf980df
[INFO] running `Command { std: "docker" "create" "-v" "/var/lib/crater-agent-workspace/builds/worker-1-tc1/target:/opt/rustwide/target:rw,Z" "-v" "/var/lib/crater-agent-workspace/builds/worker-1-tc1/source:/opt/rustwide/workdir:ro,Z" "-v" "/var/lib/crater-agent-workspace/cargo-home:/opt/rustwide/cargo-home:ro,Z" "-v" "/var/lib/crater-agent-workspace/rustup-home:/opt/rustwide/rustup-home:ro,Z" "-e" "SOURCE_DIR=/opt/rustwide/workdir" "-e" "CARGO_TARGET_DIR=/opt/rustwide/target" "-e" "CARGO_INCREMENTAL=0" "-e" "RUST_BACKTRACE=full" "-e" "RUSTFLAGS=--cap-lints=warn" "-e" "RUSTDOCFLAGS=--cap-lints=warn" "-e" "CARGO_HOME=/opt/rustwide/cargo-home" "-e" "RUSTUP_HOME=/opt/rustwide/rustup-home" "-w" "/opt/rustwide/workdir" "-m" "1610612736" "--user" "0:0" "--network" "none" "ghcr.io/rust-lang/crates-build-env/linux@sha256:f3a9d4ad9d972b27faf3965f35b62e55ba32bbce8f20bc8fe909558a86702fde" "/opt/rustwide/cargo-home/bin/cargo" "+1.83.0" "test" "--frozen" "--no-run" "--message-format=json", kill_on_drop: false }`
[INFO] [stdout] 9521d1fd0a0ff70f6a6ecf1cf15a22099be903c68c32f3116446ec4a65bc9015
[INFO] running `Command { std: "docker" "start" "-a" "9521d1fd0a0ff70f6a6ecf1cf15a22099be903c68c32f3116446ec4a65bc9015", kill_on_drop: false }`
[INFO] [stderr]    Compiling dyno v0.1.0 (/opt/rustwide/workdir)
[INFO] [stderr]     Finished `test` profile [unoptimized + debuginfo] target(s) in 2.35s
[INFO] running `Command { std: "docker" "inspect" "9521d1fd0a0ff70f6a6ecf1cf15a22099be903c68c32f3116446ec4a65bc9015", kill_on_drop: false }`
[INFO] running `Command { std: "docker" "rm" "-f" "9521d1fd0a0ff70f6a6ecf1cf15a22099be903c68c32f3116446ec4a65bc9015", kill_on_drop: false }`
[INFO] [stdout] 9521d1fd0a0ff70f6a6ecf1cf15a22099be903c68c32f3116446ec4a65bc9015
[INFO] running `Command { std: "docker" "create" "-v" "/var/lib/crater-agent-workspace/builds/worker-1-tc1/target:/opt/rustwide/target:rw,Z" "-v" "/var/lib/crater-agent-workspace/builds/worker-1-tc1/source:/opt/rustwide/workdir:ro,Z" "-v" "/var/lib/crater-agent-workspace/cargo-home:/opt/rustwide/cargo-home:ro,Z" "-v" "/var/lib/crater-agent-workspace/rustup-home:/opt/rustwide/rustup-home:ro,Z" "-e" "SOURCE_DIR=/opt/rustwide/workdir" "-e" "CARGO_TARGET_DIR=/opt/rustwide/target" "-e" "CARGO_INCREMENTAL=0" "-e" "RUST_BACKTRACE=full" "-e" "RUSTFLAGS=--cap-lints=warn" "-e" "RUSTDOCFLAGS=--cap-lints=warn" "-e" "CARGO_HOME=/opt/rustwide/cargo-home" "-e" "RUSTUP_HOME=/opt/rustwide/rustup-home" "-w" "/opt/rustwide/workdir" "-m" "1610612736" "--user" "0:0" "--network" "none" "ghcr.io/rust-lang/crates-build-env/linux@sha256:f3a9d4ad9d972b27faf3965f35b62e55ba32bbce8f20bc8fe909558a86702fde" "/opt/rustwide/cargo-home/bin/cargo" "+1.83.0" "test" "--frozen", kill_on_drop: false }`
[INFO] [stdout] 1f629b4c04a949035df91cca5b524ea0439f3c34695ca875704399c7b2705c44
[INFO] running `Command { std: "docker" "start" "-a" "1f629b4c04a949035df91cca5b524ea0439f3c34695ca875704399c7b2705c44", kill_on_drop: false }`
[INFO] [stderr]     Finished `test` profile [unoptimized + debuginfo] target(s) in 0.02s
[INFO] [stderr]      Running unittests src/lib.rs (/opt/rustwide/target/debug/deps/dyno-906833a2c8ef1456)
[INFO] [stdout] 
[INFO] [stdout] running 37 tests
[INFO] [stdout] test elf::tests::elf_write_full_file ... ok
[INFO] [stdout] test ast::tests::test_precendence ... ok
[INFO] [stdout] test ast::tests::test_bin_op_size ... ok
[INFO] [stdout] test lexer::tests::lexer_identifier_error ... ok
[INFO] [stdout] test lexer::tests::lexer_empty ... ok
[INFO] [stdout] test parser::tests::parse_simple_declaration ... ok
[INFO] [stdout] test lexer::tests::lexer_identifier ... ok
[INFO] [stdout] test parser::tests::parse_parentheses_expression ... ok
[INFO] [stdout] test lexer::tests::lexer_test_comparison_operators ... ok
[INFO] [stdout] test lexer::tests::lexer_binary_operators ... ok
[INFO] [stdout] test parser::tests::parse_equals_operator ... ok
[INFO] [stdout] test parser::tests::parser_consume ... ok
[INFO] [stdout] test parser::tests::parser_expression_two_operands_error ... ok
[INFO] [stdout] test parser::tests::parser_integer_literal_error ... ok
[INFO] [stdout] test parser::tests::parser_new ... ok
[INFO] [stdout] test parser::tests::parser_peek_next_out_of_bounds_error ... ok
[INFO] [stdout] test parser::tests::parser_consume_out_of_bounds_error ... ok
[INFO] [stdout] test parser::tests::parser_peek ... ok
[INFO] [stdout] test parser::tests::parser_consume_expect_error ... ok
[INFO] [stdout] test lexer::tests::lexer_types ... ok
[INFO] [stdout] test lexer::tests::lexer_integer_literal ... ok
[INFO] [stdout] test parser::tests::parser_expression_two_ints_error ... ok
[INFO] [stdout] test parser::tests::parser_basic_binary_op ... ok
[INFO] [stdout] test parser::tests::parse_simple_boolean ... ok
[INFO] [stdout] test parser::tests::parse_simple_parentheses ... ok
[INFO] [stdout] test lexer::tests::lexer_test_error ... ok
[INFO] [stdout] test parser::tests::parse_simple_if ... ok
[INFO] [stdout] test parser::tests::parser_complex_assignment ... ok
[INFO] [stdout] test parser::tests::parser_peek_out_of_bounds_error ... ok
[INFO] [stdout] test lexer::tests::lexer_keywords ... ok
[INFO] [stdout] test parser::tests::parser_reassign_variable ... ok
[INFO] [stdout] test parser::tests::parser_assign_variable_too_big_error ... ok
[INFO] [stdout] test parser::tests::parser_unary_expression_error ... ok
[INFO] [stdout] test parser::tests::parser_precendence_a ... ok
[INFO] [stdout] test parser::tests::parser_reassign_variable_different_scope ... ok
[INFO] [stdout] test parser::tests::parser_simple_assignment ... ok
[INFO] [stdout] test parser::tests::parser_precendence_b ... ok
[INFO] [stdout] 
[INFO] [stdout] test result: ok. 37 passed; 0 failed; 0 ignored; 0 measured; 0 filtered out; finished in 0.07s
[INFO] [stdout] 
[INFO] [stderr]      Running unittests src/main.rs (/opt/rustwide/target/debug/deps/dyno-6eaa17094fb97085)
[INFO] [stdout] 
[INFO] [stdout] running 0 tests
[INFO] [stdout] 
[INFO] [stdout] test result: ok. 0 passed; 0 failed; 0 ignored; 0 measured; 0 filtered out; finished in 0.00s
[INFO] [stdout] 
[INFO] [stderr]      Running tests/common.rs (/opt/rustwide/target/debug/deps/common-42a89f25557746da)
[INFO] [stdout] 
[INFO] [stdout] running 0 tests
[INFO] [stdout] 
[INFO] [stdout] test result: ok. 0 passed; 0 failed; 0 ignored; 0 measured; 0 filtered out; finished in 0.00s
[INFO] [stdout] 
[INFO] [stderr]      Running tests/test_binop.rs (/opt/rustwide/target/debug/deps/test_binop-77a016b380ec67ae)
[INFO] [stdout] 
[INFO] [stdout] running 7 tests
[INFO] [stdout] test execute_add_expression ... FAILED
[INFO] [stdout] test execute_add_subtract_expression ... FAILED
[INFO] [stdout] test execute_single_int ... FAILED
[INFO] [stdout] test execute_subtract_expression ... FAILED
[INFO] [stdout] test execute_complete_expression ... FAILED
[INFO] [stdout] test execute_multiply_expression ... FAILED
[INFO] [stdout] test execute_divide_expression ... FAILED
[INFO] [stderr] error: test failed, to rerun pass `--test test_binop`
[INFO] [stdout] 
[INFO] [stdout] failures:
[INFO] [stdout] 
[INFO] [stdout] ---- execute_add_expression stdout ----
[INFO] [stdout] Error: IOError(Os { code: 30, kind: ReadOnlyFilesystem, message: "Read-only file system" })
[INFO] [stdout] 
[INFO] [stdout] ---- execute_add_subtract_expression stdout ----
[INFO] [stdout] Error: IOError(Os { code: 30, kind: ReadOnlyFilesystem, message: "Read-only file system" })
[INFO] [stdout] 
[INFO] [stdout] ---- execute_single_int stdout ----
[INFO] [stdout] Error: IOError(Os { code: 30, kind: ReadOnlyFilesystem, message: "Read-only file system" })
[INFO] [stdout] 
[INFO] [stdout] ---- execute_subtract_expression stdout ----
[INFO] [stdout] Error: IOError(Os { code: 30, kind: ReadOnlyFilesystem, message: "Read-only file system" })
[INFO] [stdout] 
[INFO] [stdout] ---- execute_complete_expression stdout ----
[INFO] [stdout] Error: IOError(Os { code: 30, kind: ReadOnlyFilesystem, message: "Read-only file system" })
[INFO] [stdout] 
[INFO] [stdout] ---- execute_multiply_expression stdout ----
[INFO] [stdout] Error: IOError(Os { code: 30, kind: ReadOnlyFilesystem, message: "Read-only file system" })
[INFO] [stdout] 
[INFO] [stdout] ---- execute_divide_expression stdout ----
[INFO] [stdout] Error: IOError(Os { code: 30, kind: ReadOnlyFilesystem, message: "Read-only file system" })
[INFO] [stdout] 
[INFO] [stdout] 
[INFO] [stdout] failures:
[INFO] [stdout]     execute_add_expression
[INFO] [stdout]     execute_add_subtract_expression
[INFO] [stdout]     execute_complete_expression
[INFO] [stdout]     execute_divide_expression
[INFO] [stdout]     execute_multiply_expression
[INFO] [stdout]     execute_single_int
[INFO] [stdout]     execute_subtract_expression
[INFO] [stdout] 
[INFO] [stdout] test result: FAILED. 0 passed; 7 failed; 0 ignored; 0 measured; 0 filtered out; finished in 0.03s
[INFO] [stdout] 
[INFO] running `Command { std: "docker" "inspect" "1f629b4c04a949035df91cca5b524ea0439f3c34695ca875704399c7b2705c44", kill_on_drop: false }`
[INFO] running `Command { std: "docker" "rm" "-f" "1f629b4c04a949035df91cca5b524ea0439f3c34695ca875704399c7b2705c44", kill_on_drop: false }`
[INFO] [stdout] 1f629b4c04a949035df91cca5b524ea0439f3c34695ca875704399c7b2705c44
