[INFO] cloning repository https://github.com/HaidarJbeily7/swap-program-solana
[INFO] running `Command { std: "git" "-c" "credential.helper=" "-c" "credential.helper=/workspace/cargo-home/bin/git-credential-null" "clone" "--bare" "https://github.com/HaidarJbeily7/swap-program-solana" "/workspace/cache/git-repos/https%3A%2F%2Fgithub.com%2FHaidarJbeily7%2Fswap-program-solana", kill_on_drop: false }`
[INFO] [stderr] Cloning into bare repository '/workspace/cache/git-repos/https%3A%2F%2Fgithub.com%2FHaidarJbeily7%2Fswap-program-solana'...
[INFO] running `Command { std: "git" "rev-parse" "HEAD", kill_on_drop: false }`
[INFO] [stdout] 026958fcf37ebf48a017d5ac7059dc24fd366055
[INFO] testing HaidarJbeily7/swap-program-solana against beta-2024-12-08 for beta-1.84.0-4-retry
[INFO] running `Command { std: "git" "clone" "/workspace/cache/git-repos/https%3A%2F%2Fgithub.com%2FHaidarJbeily7%2Fswap-program-solana" "/workspace/builds/worker-3-tc2/source", kill_on_drop: false }`
[INFO] [stderr] Cloning into '/workspace/builds/worker-3-tc2/source'...
[INFO] [stderr] done.
[INFO] validating manifest of git repo https://github.com/HaidarJbeily7/swap-program-solana on toolchain beta-2024-12-08
[INFO] running `Command { std: CARGO_HOME="/workspace/cargo-home" RUSTUP_HOME="/workspace/rustup-home" "/workspace/cargo-home/bin/cargo" "+beta-2024-12-08" "metadata" "--manifest-path" "Cargo.toml" "--no-deps", kill_on_drop: false }`
[INFO] started tweaking git repo https://github.com/HaidarJbeily7/swap-program-solana
[INFO] finished tweaking git repo https://github.com/HaidarJbeily7/swap-program-solana
[INFO] tweaked toml for git repo https://github.com/HaidarJbeily7/swap-program-solana written to /workspace/builds/worker-3-tc2/source/Cargo.toml
[INFO] crate git repo https://github.com/HaidarJbeily7/swap-program-solana already has a lockfile, it will not be regenerated
[INFO] running `Command { std: CARGO_HOME="/workspace/cargo-home" RUSTUP_HOME="/workspace/rustup-home" "/workspace/cargo-home/bin/cargo" "+beta-2024-12-08" "fetch" "--manifest-path" "Cargo.toml", kill_on_drop: false }`
[INFO] [stderr] warning: virtual workspace defaulting to `resolver = "1"` despite one or more workspace members being on edition 2021 which implies `resolver = "2"`
[INFO] [stderr] note: to keep the current resolver, specify `workspace.resolver = "1"` in the workspace root's manifest
[INFO] [stderr] note: to use the edition 2021 resolver, specify `workspace.resolver = "2"` in the workspace root's manifest
[INFO] [stderr] note: for more details see https://doc.rust-lang.org/cargo/reference/resolver.html#resolver-versions
[INFO] running `Command { std: "docker" "create" "-v" "/var/lib/crater-agent-workspace/builds/worker-3-tc2/target:/opt/rustwide/target:rw,Z" "-v" "/var/lib/crater-agent-workspace/builds/worker-3-tc2/source:/opt/rustwide/workdir:ro,Z" "-v" "/var/lib/crater-agent-workspace/cargo-home:/opt/rustwide/cargo-home:ro,Z" "-v" "/var/lib/crater-agent-workspace/rustup-home:/opt/rustwide/rustup-home:ro,Z" "-e" "SOURCE_DIR=/opt/rustwide/workdir" "-e" "CARGO_TARGET_DIR=/opt/rustwide/target" "-e" "CARGO_HOME=/opt/rustwide/cargo-home" "-e" "RUSTUP_HOME=/opt/rustwide/rustup-home" "-w" "/opt/rustwide/workdir" "-m" "1610612736" "--user" "0:0" "--network" "none" "ghcr.io/rust-lang/crates-build-env/linux@sha256:f3a9d4ad9d972b27faf3965f35b62e55ba32bbce8f20bc8fe909558a86702fde" "/opt/rustwide/cargo-home/bin/cargo" "+beta-2024-12-08" "metadata" "--no-deps" "--format-version=1", kill_on_drop: false }`
[INFO] [stdout] 88560cc06e484af18bd9b4c4d2164d1a389348e24727b0a9b4cf9bfa60e1209c
[INFO] running `Command { std: "docker" "start" "-a" "88560cc06e484af18bd9b4c4d2164d1a389348e24727b0a9b4cf9bfa60e1209c", kill_on_drop: false }`
[INFO] running `Command { std: "docker" "inspect" "88560cc06e484af18bd9b4c4d2164d1a389348e24727b0a9b4cf9bfa60e1209c", kill_on_drop: false }`
[INFO] running `Command { std: "docker" "rm" "-f" "88560cc06e484af18bd9b4c4d2164d1a389348e24727b0a9b4cf9bfa60e1209c", kill_on_drop: false }`
[INFO] [stdout] 88560cc06e484af18bd9b4c4d2164d1a389348e24727b0a9b4cf9bfa60e1209c
[INFO] running `Command { std: "docker" "create" "-v" "/var/lib/crater-agent-workspace/builds/worker-3-tc2/target:/opt/rustwide/target:rw,Z" "-v" "/var/lib/crater-agent-workspace/builds/worker-3-tc2/source:/opt/rustwide/workdir:ro,Z" "-v" "/var/lib/crater-agent-workspace/cargo-home:/opt/rustwide/cargo-home:ro,Z" "-v" "/var/lib/crater-agent-workspace/rustup-home:/opt/rustwide/rustup-home:ro,Z" "-e" "SOURCE_DIR=/opt/rustwide/workdir" "-e" "CARGO_TARGET_DIR=/opt/rustwide/target" "-e" "CARGO_INCREMENTAL=0" "-e" "RUST_BACKTRACE=full" "-e" "RUSTFLAGS=--cap-lints=warn" "-e" "RUSTDOCFLAGS=--cap-lints=warn" "-e" "CARGO_HOME=/opt/rustwide/cargo-home" "-e" "RUSTUP_HOME=/opt/rustwide/rustup-home" "-w" "/opt/rustwide/workdir" "-m" "1610612736" "--user" "0:0" "--network" "none" "ghcr.io/rust-lang/crates-build-env/linux@sha256:f3a9d4ad9d972b27faf3965f35b62e55ba32bbce8f20bc8fe909558a86702fde" "/opt/rustwide/cargo-home/bin/cargo" "+beta-2024-12-08" "build" "--frozen" "--message-format=json", kill_on_drop: false }`
[INFO] [stdout] 3c98eafa112dfacd3769943453273855563d5b442ad591f0903ca674022c0cbe
[INFO] running `Command { std: "docker" "start" "-a" "3c98eafa112dfacd3769943453273855563d5b442ad591f0903ca674022c0cbe", kill_on_drop: false }`
[INFO] [stderr] warning: virtual workspace defaulting to `resolver = "1"` despite one or more workspace members being on edition 2021 which implies `resolver = "2"`
[INFO] [stderr] note: to keep the current resolver, specify `workspace.resolver = "1"` in the workspace root's manifest
[INFO] [stderr] note: to use the edition 2021 resolver, specify `workspace.resolver = "2"` in the workspace root's manifest
[INFO] [stderr] note: for more details see https://doc.rust-lang.org/cargo/reference/resolver.html#resolver-versions
[INFO] [stderr]    Compiling proc-macro2 v1.0.60
[INFO] [stderr]    Compiling unicode-ident v1.0.9
[INFO] [stderr]    Compiling quote v1.0.28
[INFO] [stderr]    Compiling serde v1.0.164
[INFO] [stderr]    Compiling libc v0.2.146
[INFO] [stderr]    Compiling subtle v2.4.1
[INFO] [stderr]    Compiling syn v1.0.109
[INFO] [stderr]    Compiling once_cell v1.18.0
[INFO] [stderr]    Compiling semver v1.0.17
[INFO] [stderr]    Compiling generic-array v0.14.7
[INFO] [stderr]    Compiling num-traits v0.2.15
[INFO] [stderr]    Compiling getrandom v0.1.16
[INFO] [stderr]    Compiling anyhow v1.0.71
[INFO] [stderr]    Compiling num-integer v0.1.45
[INFO] [stderr]    Compiling opaque-debug v0.3.0
[INFO] [stderr]    Compiling crossbeam-utils v0.8.16
[INFO] [stderr]    Compiling ahash v0.8.3
[INFO] [stderr]    Compiling memoffset v0.9.0
[INFO] [stderr]    Compiling num-bigint v0.4.3
[INFO] [stderr]    Compiling crunchy v0.2.2
[INFO] [stderr]    Compiling either v1.8.1
[INFO] [stderr]    Compiling crossbeam-epoch v0.9.15
[INFO] [stderr]    Compiling block-padding v0.2.1
[INFO] [stderr]    Compiling log v0.4.19
[INFO] [stderr]    Compiling scopeguard v1.1.0
[INFO] [stderr]    Compiling wasm-bindgen-shared v0.2.86
[INFO] [stderr]    Compiling paste v1.0.12
[INFO] [stderr]    Compiling byteorder v1.4.3
[INFO] [stderr]    Compiling rayon-core v1.11.0
[INFO] [stderr]    Compiling indexmap v1.9.3
[INFO] [stderr]    Compiling itertools v0.10.5
[INFO] [stderr]    Compiling feature-probe v0.1.1
[INFO] [stderr]    Compiling hashbrown v0.12.3
[INFO] [stderr]    Compiling memchr v2.5.0
[INFO] [stderr]    Compiling rustversion v1.0.12
[INFO] [stderr]    Compiling rustc_version v0.4.0
[INFO] [stderr]    Compiling crossbeam-channel v0.5.8
[INFO] [stderr]    Compiling bumpalo v3.13.0
[INFO] [stderr]    Compiling bv v0.11.1
[INFO] [stderr]    Compiling crossbeam-deque v0.8.3
[INFO] [stderr]    Compiling syn v2.0.18
[INFO] [stderr]    Compiling bitmaps v2.1.0
[INFO] [stderr]    Compiling solana-frozen-abi-macro v1.16.0
[INFO] [stderr]    Compiling im v15.1.0
[INFO] [stderr]    Compiling toml_datetime v0.6.2
[INFO] [stderr]    Compiling keccak v0.1.4
[INFO] [stderr]    Compiling winnow v0.4.6
[INFO] [stderr]    Compiling lazy_static v1.4.0
[INFO] [stderr]    Compiling arrayref v0.3.7
[INFO] [stderr]    Compiling solana-frozen-abi v1.16.0
[INFO] [stderr]    Compiling constant_time_eq v0.2.6
[INFO] [stderr]    Compiling wasm-bindgen v0.2.86
[INFO] [stderr]    Compiling arrayvec v0.7.2
[INFO] [stderr]    Compiling unicode-segmentation v1.10.1
[INFO] [stderr]    Compiling bs58 v0.4.0
[INFO] [stderr]    Compiling ident_case v1.0.1
[INFO] [stderr]    Compiling bs58 v0.5.0
[INFO] [stderr]    Compiling regex-syntax v0.7.2
[INFO] [stderr]    Compiling strsim v0.10.0
[INFO] [stderr]    Compiling sized-chunks v0.6.5
[INFO] [stderr]    Compiling base64 v0.12.3
[INFO] [stderr]    Compiling rustc-hash v1.1.0
[INFO] [stderr]    Compiling base64 v0.21.2
[INFO] [stderr]    Compiling array-bytes v1.4.1
[INFO] [stderr]    Compiling heck v0.3.3
[INFO] [stderr]    Compiling signature v1.6.4
[INFO] [stderr]    Compiling termcolor v1.2.0
[INFO] [stderr]    Compiling getrandom v0.2.10
[INFO] [stderr]    Compiling jobserver v0.1.26
[INFO] [stderr]    Compiling num_cpus v1.15.0
[INFO] [stderr]    Compiling rand_core v0.5.1
[INFO] [stderr]    Compiling rand_core v0.6.4
[INFO] [stderr]    Compiling cc v1.0.79
[INFO] [stderr]    Compiling rand_chacha v0.2.2
[INFO] [stderr]    Compiling aho-corasick v1.0.2
[INFO] [stderr]    Compiling memmap2 v0.5.10
[INFO] [stderr]    Compiling rand_chacha v0.3.1
[INFO] [stderr]    Compiling rand_xoshiro v0.6.0
[INFO] [stderr]    Compiling ed25519 v1.5.3
[INFO] [stderr]    Compiling rand v0.7.3
[INFO] [stderr]    Compiling hashbrown v0.13.2
[INFO] [stderr]    Compiling atty v0.2.14
[INFO] [stderr]    Compiling humantime v2.1.0
[INFO] [stderr]    Compiling rand v0.8.5
[INFO] [stderr]    Compiling rayon v1.7.0
[INFO] [stderr]    Compiling solana-sdk v1.16.0
[INFO] [stderr]    Compiling ahash v0.7.6
[INFO] [stderr]    Compiling percent-encoding v2.3.0
[INFO] [stderr]    Compiling derivation-path v0.2.0
[INFO] [stderr]    Compiling qstring v0.7.2
[INFO] [stderr]    Compiling ark-std v0.4.0
[INFO] [stderr]    Compiling uriparse v0.6.4
[INFO] [stderr]    Compiling chrono v0.4.26
[INFO] [stderr]    Compiling assert_matches v1.5.0
[INFO] [stderr]    Compiling hashbrown v0.11.2
[INFO] [stderr]    Compiling blake3 v1.4.0
[INFO] [stderr]    Compiling solana-program v1.16.0
[INFO] [stderr]    Compiling toml_edit v0.19.10
[INFO] [stderr]    Compiling regex v1.8.4
[INFO] [stderr]    Compiling wasm-bindgen-backend v0.2.86
[INFO] [stderr]    Compiling darling_core v0.20.1
[INFO] [stderr]    Compiling env_logger v0.9.3
[INFO] [stderr]    Compiling serde_derive v1.0.164
[INFO] [stderr]    Compiling zeroize_derive v1.4.2
[INFO] [stderr]    Compiling thiserror-impl v1.0.40
[INFO] [stderr]    Compiling bytemuck_derive v1.4.1
[INFO] [stderr]    Compiling solana-sdk-macro v1.16.0
[INFO] [stderr]    Compiling borsh-derive-internal v0.10.3
[INFO] [stderr]    Compiling wasm-bindgen-macro-support v0.2.86
[INFO] [stderr]    Compiling borsh-schema-derive-internal v0.10.3
[INFO] [stderr]    Compiling proc-macro-crate v1.3.1
[INFO] [stderr]    Compiling solana-logger v1.16.0
[INFO] [stderr]    Compiling borsh-schema-derive-internal v0.9.3
[INFO] [stderr]    Compiling borsh-derive-internal v0.9.3
[INFO] [stderr]    Compiling bytemuck v1.13.1
[INFO] [stderr]    Compiling wasm-bindgen-macro v0.2.86
[INFO] [stderr]    Compiling zeroize v1.3.0
[INFO] [stderr]    Compiling darling_macro v0.20.1
[INFO] [stderr]    Compiling num_enum_derive v0.6.1
[INFO] [stderr]    Compiling merlin v3.0.0
[INFO] [stderr]    Compiling ark-serialize-derive v0.4.2
[INFO] [stderr]    Compiling ark-ff-asm v0.4.2
[INFO] [stderr]    Compiling ark-ff-macros v0.4.2
[INFO] [stderr]    Compiling derivative v2.2.0
[INFO] [stderr]    Compiling num-derive v0.3.3
[INFO] [stderr]    Compiling num_enum_derive v0.5.11
[INFO] [stderr]    Compiling anchor-derive-space v0.28.0
[INFO] [stderr]    Compiling thiserror v1.0.40
[INFO] [stderr]    Compiling darling v0.20.1
[INFO] [stderr]    Compiling serde_with_macros v2.3.3
[INFO] [stderr]    Compiling num_enum v0.6.1
[INFO] [stderr]    Compiling num_enum v0.5.11
[INFO] [stderr]    Compiling serde_json v1.0.96
[INFO] [stderr]    Compiling toml v0.5.11
[INFO] [stderr]    Compiling serde_bytes v0.11.9
[INFO] [stderr]    Compiling bincode v1.3.3
[INFO] [stderr]    Compiling serde_with v2.3.3
[INFO] [stderr]    Compiling crypto-common v0.1.6
[INFO] [stderr]    Compiling block-buffer v0.10.4
[INFO] [stderr]    Compiling digest v0.9.0
[INFO] [stderr]    Compiling block-buffer v0.9.0
[INFO] [stderr]    Compiling crypto-mac v0.8.0
[INFO] [stderr]    Compiling cipher v0.3.0
[INFO] [stderr]    Compiling universal-hash v0.4.1
[INFO] [stderr]    Compiling aead v0.4.3
[INFO] [stderr]    Compiling libsecp256k1-core v0.2.2
[INFO] [stderr]    Compiling curve25519-dalek v3.2.1
[INFO] [stderr]    Compiling hmac v0.8.1
[INFO] [stderr]    Compiling pbkdf2 v0.4.0
[INFO] [stderr]    Compiling sha2 v0.9.9
[INFO] [stderr]    Compiling polyval v0.5.3
[INFO] [stderr]    Compiling sha3 v0.9.1
[INFO] [stderr]    Compiling digest v0.10.7
[INFO] [stderr]    Compiling aes v0.7.5
[INFO] [stderr]    Compiling ctr v0.8.0
[INFO] [stderr]    Compiling hmac-drbg v0.3.0
[INFO] [stderr]    Compiling sha2 v0.10.6
[INFO] [stderr]    Compiling ark-serialize v0.4.2
[INFO] [stderr]    Compiling sha3 v0.10.8
[INFO] [stderr]    Compiling hmac v0.12.1
[INFO] [stderr]    Compiling pbkdf2 v0.11.0
[INFO] [stderr]    Compiling proc-macro-crate v0.1.5
[INFO] [stderr]    Compiling tiny-bip39 v0.8.2
[INFO] [stderr]    Compiling ark-ff v0.4.2
[INFO] [stderr]    Compiling aes-gcm-siv v0.10.3
[INFO] [stderr]    Compiling libsecp256k1-gen-genmult v0.2.1
[INFO] [stderr]    Compiling libsecp256k1-gen-ecmult v0.2.1
[INFO] [stderr]    Compiling anchor-syn v0.28.0
[INFO] [stderr]    Compiling borsh-derive v0.10.3
[INFO] [stderr]    Compiling borsh-derive v0.9.3
[INFO] [stderr]    Compiling libsecp256k1 v0.6.0
[INFO] [stderr]    Compiling ed25519-dalek v1.0.1
[INFO] [stderr]    Compiling ed25519-dalek-bip32 v0.2.0
[INFO] [stderr]    Compiling borsh v0.10.3
[INFO] [stderr]    Compiling borsh v0.9.3
[INFO] [stderr]    Compiling anchor-derive-accounts v0.28.0
[INFO] [stderr]    Compiling anchor-attribute-event v0.28.0
[INFO] [stderr]    Compiling anchor-attribute-account v0.28.0
[INFO] [stderr]    Compiling anchor-attribute-program v0.28.0
[INFO] [stderr]    Compiling anchor-attribute-access-control v0.28.0
[INFO] [stderr]    Compiling anchor-attribute-constant v0.28.0
[INFO] [stderr]    Compiling anchor-attribute-error v0.28.0
[INFO] [stderr]    Compiling ark-poly v0.4.2
[INFO] [stderr]    Compiling ark-ec v0.4.2
[INFO] [stderr]    Compiling ark-bn254 v0.4.0
[INFO] [stderr]    Compiling spl-memo v3.0.1
[INFO] [stderr]    Compiling spl-token v3.5.0
[INFO] [stderr]    Compiling anchor-lang v0.28.0
[INFO] [stderr]    Compiling solana-zk-token-sdk v1.16.0
[INFO] [stderr]    Compiling spl-token-2022 v0.6.1
[INFO] [stderr]    Compiling spl-associated-token-account v1.1.3
[INFO] [stderr]    Compiling anchor-spl v0.28.0
[INFO] [stderr]    Compiling swap-program v0.1.0 (/opt/rustwide/workdir/programs/swap-program)
[INFO] [stdout] warning: unexpected `cfg` condition value: `custom-heap`
[INFO] [stdout]   --> programs/swap-program/src/lib.rs:12:1
[INFO] [stdout]    |
[INFO] [stdout] 12 | #[program]
[INFO] [stdout]    | ^^^^^^^^^^
[INFO] [stdout]    |
[INFO] [stdout]    = note: expected values for `feature` are: `cpi`, `default`, `no-entrypoint`, `no-idl`, and `no-log-ix-name`
[INFO] [stdout]    = help: consider adding `custom-heap` as a feature in `Cargo.toml`
[INFO] [stdout]    = note: see <https://doc.rust-lang.org/nightly/rustc/check-cfg/cargo-specifics.html> for more information about checking conditional configuration
[INFO] [stdout]    = note: `#[warn(unexpected_cfgs)]` on by default
[INFO] [stdout]    = note: this warning originates in the macro `$crate::custom_heap_default` which comes from the expansion of the attribute macro `program` (in Nightly builds, run with -Z macro-backtrace for more info)
[INFO] [stdout] 
[INFO] [stdout] 
[INFO] [stdout] warning: unexpected `cfg` condition value: `solana`
[INFO] [stdout]   --> programs/swap-program/src/lib.rs:12:1
[INFO] [stdout]    |
[INFO] [stdout] 12 | #[program]
[INFO] [stdout]    | ^^^^^^^^^^
[INFO] [stdout]    |
[INFO] [stdout]    = note: expected values for `target_os` are: `aix`, `android`, `cuda`, `dragonfly`, `emscripten`, `espidf`, `freebsd`, `fuchsia`, `haiku`, `hermit`, `horizon`, `hurd`, `illumos`, `ios`, `l4re`, `linux`, `macos`, `netbsd`, `none`, `nto`, `nuttx`, `openbsd`, `psp`, `psx`, `redox`, `rtems`, `solaris`, `solid_asp3`, `teeos`, `trusty`, `tvos`, `uefi`, `unknown`, `visionos`, and `vita` and 6 more
[INFO] [stdout]    = note: see <https://doc.rust-lang.org/nightly/rustc/check-cfg/cargo-specifics.html> for more information about checking conditional configuration
[INFO] [stdout]    = note: this warning originates in the macro `$crate::custom_heap_default` which comes from the expansion of the attribute macro `program` (in Nightly builds, run with -Z macro-backtrace for more info)
[INFO] [stdout] 
[INFO] [stdout] 
[INFO] [stdout] warning: unexpected `cfg` condition value: `custom-panic`
[INFO] [stdout]   --> programs/swap-program/src/lib.rs:12:1
[INFO] [stdout]    |
[INFO] [stdout] 12 | #[program]
[INFO] [stdout]    | ^^^^^^^^^^
[INFO] [stdout]    |
[INFO] [stdout]    = note: expected values for `feature` are: `cpi`, `default`, `no-entrypoint`, `no-idl`, and `no-log-ix-name`
[INFO] [stdout]    = help: consider adding `custom-panic` as a feature in `Cargo.toml`
[INFO] [stdout]    = note: see <https://doc.rust-lang.org/nightly/rustc/check-cfg/cargo-specifics.html> for more information about checking conditional configuration
[INFO] [stdout]    = note: this warning originates in the macro `$crate::custom_panic_default` which comes from the expansion of the attribute macro `program` (in Nightly builds, run with -Z macro-backtrace for more info)
[INFO] [stdout] 
[INFO] [stdout] 
[INFO] [stdout] warning: unexpected `cfg` condition value: `solana`
[INFO] [stdout]   --> programs/swap-program/src/lib.rs:12:1
[INFO] [stdout]    |
[INFO] [stdout] 12 | #[program]
[INFO] [stdout]    | ^^^^^^^^^^
[INFO] [stdout]    |
[INFO] [stdout]    = note: expected values for `target_os` are: `aix`, `android`, `cuda`, `dragonfly`, `emscripten`, `espidf`, `freebsd`, `fuchsia`, `haiku`, `hermit`, `horizon`, `hurd`, `illumos`, `ios`, `l4re`, `linux`, `macos`, `netbsd`, `none`, `nto`, `nuttx`, `openbsd`, `psp`, `psx`, `redox`, `rtems`, `solaris`, `solid_asp3`, `teeos`, `trusty`, `tvos`, `uefi`, `unknown`, `visionos`, and `vita` and 6 more
[INFO] [stdout]    = note: see <https://doc.rust-lang.org/nightly/rustc/check-cfg/cargo-specifics.html> for more information about checking conditional configuration
[INFO] [stdout]    = note: this warning originates in the macro `$crate::custom_panic_default` which comes from the expansion of the attribute macro `program` (in Nightly builds, run with -Z macro-backtrace for more info)
[INFO] [stdout] 
[INFO] [stdout] 
[INFO] [stdout] warning: unexpected `cfg` condition value: `anchor-debug`
[INFO] [stdout]   --> programs/swap-program/src/instructions/create_pool.rs:17:10
[INFO] [stdout]    |
[INFO] [stdout] 17 | #[derive(Accounts)]
[INFO] [stdout]    |          ^^^^^^^^
[INFO] [stdout]    |
[INFO] [stdout]    = note: expected values for `feature` are: `cpi`, `default`, `no-entrypoint`, `no-idl`, and `no-log-ix-name`
[INFO] [stdout]    = help: consider adding `anchor-debug` as a feature in `Cargo.toml`
[INFO] [stdout]    = note: see <https://doc.rust-lang.org/nightly/rustc/check-cfg/cargo-specifics.html> for more information about checking conditional configuration
[INFO] [stdout]    = note: this warning originates in the derive macro `Accounts` (in Nightly builds, run with -Z macro-backtrace for more info)
[INFO] [stdout] 
[INFO] [stdout] 
[INFO] [stdout] warning: unexpected `cfg` condition value: `anchor-debug`
[INFO] [stdout]   --> programs/swap-program/src/instructions/fund_pool.rs:27:10
[INFO] [stdout]    |
[INFO] [stdout] 27 | #[derive(Accounts)]
[INFO] [stdout]    |          ^^^^^^^^
[INFO] [stdout]    |
[INFO] [stdout]    = note: expected values for `feature` are: `cpi`, `default`, `no-entrypoint`, `no-idl`, and `no-log-ix-name`
[INFO] [stdout]    = help: consider adding `anchor-debug` as a feature in `Cargo.toml`
[INFO] [stdout]    = note: see <https://doc.rust-lang.org/nightly/rustc/check-cfg/cargo-specifics.html> for more information about checking conditional configuration
[INFO] [stdout]    = note: this warning originates in the derive macro `Accounts` (in Nightly builds, run with -Z macro-backtrace for more info)
[INFO] [stdout] 
[INFO] [stdout] 
[INFO] [stdout] warning: unexpected `cfg` condition value: `anchor-debug`
[INFO] [stdout]   --> programs/swap-program/src/instructions/swap.rs:43:10
[INFO] [stdout]    |
[INFO] [stdout] 43 | #[derive(Accounts)]
[INFO] [stdout]    |          ^^^^^^^^
[INFO] [stdout]    |
[INFO] [stdout]    = note: expected values for `feature` are: `cpi`, `default`, `no-entrypoint`, `no-idl`, and `no-log-ix-name`
[INFO] [stdout]    = help: consider adding `anchor-debug` as a feature in `Cargo.toml`
[INFO] [stdout]    = note: see <https://doc.rust-lang.org/nightly/rustc/check-cfg/cargo-specifics.html> for more information about checking conditional configuration
[INFO] [stdout]    = note: this warning originates in the derive macro `Accounts` (in Nightly builds, run with -Z macro-backtrace for more info)
[INFO] [stdout] 
[INFO] [stdout] 
[INFO] [stdout] warning: unexpected `cfg` condition value: `anchor-debug`
[INFO] [stdout]   --> programs/swap-program/src/lib.rs:12:1
[INFO] [stdout]    |
[INFO] [stdout] 12 | #[program]
[INFO] [stdout]    | ^^^^^^^^^^
[INFO] [stdout]    |
[INFO] [stdout]    = note: expected values for `feature` are: `cpi`, `default`, `no-entrypoint`, `no-idl`, and `no-log-ix-name`
[INFO] [stdout]    = help: consider adding `anchor-debug` as a feature in `Cargo.toml`
[INFO] [stdout]    = note: see <https://doc.rust-lang.org/nightly/rustc/check-cfg/cargo-specifics.html> for more information about checking conditional configuration
[INFO] [stdout]    = note: this warning originates in the attribute macro `program` (in Nightly builds, run with -Z macro-backtrace for more info)
[INFO] [stdout] 
[INFO] [stdout] 
[INFO] [stdout] warning: unexpected `cfg` condition value: `anchor-debug`
[INFO] [stdout]   --> programs/swap-program/src/lib.rs:12:1
[INFO] [stdout]    |
[INFO] [stdout] 12 | #[program]
[INFO] [stdout]    | ^^^^^^^^^^
[INFO] [stdout]    |
[INFO] [stdout]    = note: expected values for `feature` are: `cpi`, `default`, `no-entrypoint`, `no-idl`, and `no-log-ix-name`
[INFO] [stdout]    = help: consider adding `anchor-debug` as a feature in `Cargo.toml`
[INFO] [stdout]    = note: see <https://doc.rust-lang.org/nightly/rustc/check-cfg/cargo-specifics.html> for more information about checking conditional configuration
[INFO] [stdout]    = note: this warning originates in the derive macro `Accounts` (in Nightly builds, run with -Z macro-backtrace for more info)
[INFO] [stdout] 
[INFO] [stdout] 
[INFO] [stdout] warning: unexpected `cfg` condition value: `anchor-debug`
[INFO] [stdout]   --> programs/swap-program/src/lib.rs:12:1
[INFO] [stdout]    |
[INFO] [stdout] 12 | #[program]
[INFO] [stdout]    | ^^^^^^^^^^
[INFO] [stdout]    |
[INFO] [stdout]    = note: expected values for `feature` are: `cpi`, `default`, `no-entrypoint`, `no-idl`, and `no-log-ix-name`
[INFO] [stdout]    = help: consider adding `anchor-debug` as a feature in `Cargo.toml`
[INFO] [stdout]    = note: see <https://doc.rust-lang.org/nightly/rustc/check-cfg/cargo-specifics.html> for more information about checking conditional configuration
[INFO] [stdout]    = note: this warning originates in the derive macro `Accounts` (in Nightly builds, run with -Z macro-backtrace for more info)
[INFO] [stdout] 
[INFO] [stdout] 
[INFO] [stdout] warning: unexpected `cfg` condition value: `anchor-debug`
[INFO] [stdout]   --> programs/swap-program/src/lib.rs:12:1
[INFO] [stdout]    |
[INFO] [stdout] 12 | #[program]
[INFO] [stdout]    | ^^^^^^^^^^
[INFO] [stdout]    |
[INFO] [stdout]    = note: expected values for `feature` are: `cpi`, `default`, `no-entrypoint`, `no-idl`, and `no-log-ix-name`
[INFO] [stdout]    = help: consider adding `anchor-debug` as a feature in `Cargo.toml`
[INFO] [stdout]    = note: see <https://doc.rust-lang.org/nightly/rustc/check-cfg/cargo-specifics.html> for more information about checking conditional configuration
[INFO] [stdout]    = note: this warning originates in the derive macro `Accounts` (in Nightly builds, run with -Z macro-backtrace for more info)
[INFO] [stdout] 
[INFO] [stdout] 
[INFO] [stdout] warning: unexpected `cfg` condition value: `anchor-debug`
[INFO] [stdout]   --> programs/swap-program/src/lib.rs:12:1
[INFO] [stdout]    |
[INFO] [stdout] 12 | #[program]
[INFO] [stdout]    | ^^^^^^^^^^
[INFO] [stdout]    |
[INFO] [stdout]    = note: expected values for `feature` are: `cpi`, `default`, `no-entrypoint`, `no-idl`, and `no-log-ix-name`
[INFO] [stdout]    = help: consider adding `anchor-debug` as a feature in `Cargo.toml`
[INFO] [stdout]    = note: see <https://doc.rust-lang.org/nightly/rustc/check-cfg/cargo-specifics.html> for more information about checking conditional configuration
[INFO] [stdout]    = note: this warning originates in the derive macro `Accounts` (in Nightly builds, run with -Z macro-backtrace for more info)
[INFO] [stdout] 
[INFO] [stdout] 
[INFO] [stdout] warning: unexpected `cfg` condition value: `anchor-debug`
[INFO] [stdout]   --> programs/swap-program/src/lib.rs:12:1
[INFO] [stdout]    |
[INFO] [stdout] 12 | #[program]
[INFO] [stdout]    | ^^^^^^^^^^
[INFO] [stdout]    |
[INFO] [stdout]    = note: expected values for `feature` are: `cpi`, `default`, `no-entrypoint`, `no-idl`, and `no-log-ix-name`
[INFO] [stdout]    = help: consider adding `anchor-debug` as a feature in `Cargo.toml`
[INFO] [stdout]    = note: see <https://doc.rust-lang.org/nightly/rustc/check-cfg/cargo-specifics.html> for more information about checking conditional configuration
[INFO] [stdout]    = note: this warning originates in the derive macro `Accounts` (in Nightly builds, run with -Z macro-backtrace for more info)
[INFO] [stdout] 
[INFO] [stdout] 
[INFO] [stdout] warning: unexpected `cfg` condition value: `anchor-debug`
[INFO] [stdout]   --> programs/swap-program/src/lib.rs:12:1
[INFO] [stdout]    |
[INFO] [stdout] 12 | #[program]
[INFO] [stdout]    | ^^^^^^^^^^
[INFO] [stdout]    |
[INFO] [stdout]    = note: expected values for `feature` are: `cpi`, `default`, `no-entrypoint`, `no-idl`, and `no-log-ix-name`
[INFO] [stdout]    = help: consider adding `anchor-debug` as a feature in `Cargo.toml`
[INFO] [stdout]    = note: see <https://doc.rust-lang.org/nightly/rustc/check-cfg/cargo-specifics.html> for more information about checking conditional configuration
[INFO] [stdout]    = note: this warning originates in the derive macro `Accounts` (in Nightly builds, run with -Z macro-backtrace for more info)
[INFO] [stdout] 
[INFO] [stdout] 
[INFO] [stderr]     Finished `dev` profile [unoptimized + debuginfo] target(s) in 1m 23s
[INFO] [stderr] warning: the following packages contain code that will be rejected by a future version of Rust: wasm-bindgen v0.2.86
[INFO] [stderr] note: to see what the problems were, use the option `--future-incompat-report`, or run `cargo report future-incompatibilities --id 1`
[INFO] running `Command { std: "docker" "inspect" "3c98eafa112dfacd3769943453273855563d5b442ad591f0903ca674022c0cbe", kill_on_drop: false }`
[INFO] running `Command { std: "docker" "rm" "-f" "3c98eafa112dfacd3769943453273855563d5b442ad591f0903ca674022c0cbe", kill_on_drop: false }`
[INFO] [stdout] 3c98eafa112dfacd3769943453273855563d5b442ad591f0903ca674022c0cbe
[INFO] running `Command { std: "docker" "create" "-v" "/var/lib/crater-agent-workspace/builds/worker-3-tc2/target:/opt/rustwide/target:rw,Z" "-v" "/var/lib/crater-agent-workspace/builds/worker-3-tc2/source:/opt/rustwide/workdir:ro,Z" "-v" "/var/lib/crater-agent-workspace/cargo-home:/opt/rustwide/cargo-home:ro,Z" "-v" "/var/lib/crater-agent-workspace/rustup-home:/opt/rustwide/rustup-home:ro,Z" "-e" "SOURCE_DIR=/opt/rustwide/workdir" "-e" "CARGO_TARGET_DIR=/opt/rustwide/target" "-e" "CARGO_INCREMENTAL=0" "-e" "RUST_BACKTRACE=full" "-e" "RUSTFLAGS=--cap-lints=warn" "-e" "RUSTDOCFLAGS=--cap-lints=warn" "-e" "CARGO_HOME=/opt/rustwide/cargo-home" "-e" "RUSTUP_HOME=/opt/rustwide/rustup-home" "-w" "/opt/rustwide/workdir" "-m" "1610612736" "--user" "0:0" "--network" "none" "ghcr.io/rust-lang/crates-build-env/linux@sha256:f3a9d4ad9d972b27faf3965f35b62e55ba32bbce8f20bc8fe909558a86702fde" "/opt/rustwide/cargo-home/bin/cargo" "+beta-2024-12-08" "test" "--frozen" "--no-run" "--message-format=json", kill_on_drop: false }`
[INFO] [stdout] 8581e0f83ca8213a1935c0bd3f3ffeaf1bb2dcce790aaf70cc41fe87e0866e22
[INFO] running `Command { std: "docker" "start" "-a" "8581e0f83ca8213a1935c0bd3f3ffeaf1bb2dcce790aaf70cc41fe87e0866e22", kill_on_drop: false }`
[INFO] [stderr] warning: virtual workspace defaulting to `resolver = "1"` despite one or more workspace members being on edition 2021 which implies `resolver = "2"`
[INFO] [stderr] note: to keep the current resolver, specify `workspace.resolver = "1"` in the workspace root's manifest
[INFO] [stderr] note: to use the edition 2021 resolver, specify `workspace.resolver = "2"` in the workspace root's manifest
[INFO] [stderr] note: for more details see https://doc.rust-lang.org/cargo/reference/resolver.html#resolver-versions
[INFO] [stdout] warning: unexpected `cfg` condition value: `custom-heap`
[INFO] [stdout]   --> programs/swap-program/src/lib.rs:12:1
[INFO] [stdout]    |
[INFO] [stdout] 12 | #[program]
[INFO] [stdout]    | ^^^^^^^^^^
[INFO] [stdout]    |
[INFO] [stdout]    = note: expected values for `feature` are: `cpi`, `default`, `no-entrypoint`, `no-idl`, and `no-log-ix-name`
[INFO] [stdout]    = help: consider adding `custom-heap` as a feature in `Cargo.toml`
[INFO] [stdout]    = note: see <https://doc.rust-lang.org/nightly/rustc/check-cfg/cargo-specifics.html> for more information about checking conditional configuration
[INFO] [stdout]    = note: `#[warn(unexpected_cfgs)]` on by default
[INFO] [stdout]    = note: this warning originates in the macro `$crate::custom_heap_default` which comes from the expansion of the attribute macro `program` (in Nightly builds, run with -Z macro-backtrace for more info)
[INFO] [stdout] 
[INFO] [stdout] 
[INFO] [stdout] warning: unexpected `cfg` condition value: `solana`
[INFO] [stdout]   --> programs/swap-program/src/lib.rs:12:1
[INFO] [stdout]    |
[INFO] [stdout] 12 | #[program]
[INFO] [stdout]    | ^^^^^^^^^^
[INFO] [stdout]    |
[INFO] [stdout]    = note: expected values for `target_os` are: `aix`, `android`, `cuda`, `dragonfly`, `emscripten`, `espidf`, `freebsd`, `fuchsia`, `haiku`, `hermit`, `horizon`, `hurd`, `illumos`, `ios`, `l4re`, `linux`, `macos`, `netbsd`, `none`, `nto`, `nuttx`, `openbsd`, `psp`, `psx`, `redox`, `rtems`, `solaris`, `solid_asp3`, `teeos`, `trusty`, `tvos`, `uefi`, `unknown`, `visionos`, and `vita` and 6 more
[INFO] [stdout]    = note: see <https://doc.rust-lang.org/nightly/rustc/check-cfg/cargo-specifics.html> for more information about checking conditional configuration
[INFO] [stdout]    = note: this warning originates in the macro `$crate::custom_heap_default` which comes from the expansion of the attribute macro `program` (in Nightly builds, run with -Z macro-backtrace for more info)
[INFO] [stdout] 
[INFO] [stdout] 
[INFO] [stdout] warning: unexpected `cfg` condition value: `custom-panic`
[INFO] [stdout]   --> programs/swap-program/src/lib.rs:12:1
[INFO] [stdout]    |
[INFO] [stdout] 12 | #[program]
[INFO] [stdout]    | ^^^^^^^^^^
[INFO] [stdout]    |
[INFO] [stdout]    = note: expected values for `feature` are: `cpi`, `default`, `no-entrypoint`, `no-idl`, and `no-log-ix-name`
[INFO] [stdout]    = help: consider adding `custom-panic` as a feature in `Cargo.toml`
[INFO] [stdout]    = note: see <https://doc.rust-lang.org/nightly/rustc/check-cfg/cargo-specifics.html> for more information about checking conditional configuration
[INFO] [stdout]    = note: this warning originates in the macro `$crate::custom_panic_default` which comes from the expansion of the attribute macro `program` (in Nightly builds, run with -Z macro-backtrace for more info)
[INFO] [stdout] 
[INFO] [stdout] 
[INFO] [stdout] warning: unexpected `cfg` condition value: `solana`
[INFO] [stdout]   --> programs/swap-program/src/lib.rs:12:1
[INFO] [stdout]    |
[INFO] [stdout] 12 | #[program]
[INFO] [stdout]    | ^^^^^^^^^^
[INFO] [stdout]    |
[INFO] [stdout]    = note: expected values for `target_os` are: `aix`, `android`, `cuda`, `dragonfly`, `emscripten`, `espidf`, `freebsd`, `fuchsia`, `haiku`, `hermit`, `horizon`, `hurd`, `illumos`, `ios`, `l4re`, `linux`, `macos`, `netbsd`, `none`, `nto`, `nuttx`, `openbsd`, `psp`, `psx`, `redox`, `rtems`, `solaris`, `solid_asp3`, `teeos`, `trusty`, `tvos`, `uefi`, `unknown`, `visionos`, and `vita` and 6 more
[INFO] [stdout]    = note: see <https://doc.rust-lang.org/nightly/rustc/check-cfg/cargo-specifics.html> for more information about checking conditional configuration
[INFO] [stdout]    = note: this warning originates in the macro `$crate::custom_panic_default` which comes from the expansion of the attribute macro `program` (in Nightly builds, run with -Z macro-backtrace for more info)
[INFO] [stdout] 
[INFO] [stdout] 
[INFO] [stdout] warning: unexpected `cfg` condition value: `anchor-debug`
[INFO] [stdout]   --> programs/swap-program/src/instructions/create_pool.rs:17:10
[INFO] [stdout]    |
[INFO] [stdout] 17 | #[derive(Accounts)]
[INFO] [stdout]    |          ^^^^^^^^
[INFO] [stdout]    |
[INFO] [stdout]    = note: expected values for `feature` are: `cpi`, `default`, `no-entrypoint`, `no-idl`, and `no-log-ix-name`
[INFO] [stdout]    = help: consider adding `anchor-debug` as a feature in `Cargo.toml`
[INFO] [stdout]    = note: see <https://doc.rust-lang.org/nightly/rustc/check-cfg/cargo-specifics.html> for more information about checking conditional configuration
[INFO] [stdout]    = note: this warning originates in the derive macro `Accounts` (in Nightly builds, run with -Z macro-backtrace for more info)
[INFO] [stdout] 
[INFO] [stdout] 
[INFO] [stdout] warning: unexpected `cfg` condition value: `anchor-debug`
[INFO] [stdout]   --> programs/swap-program/src/instructions/fund_pool.rs:27:10
[INFO] [stdout]    |
[INFO] [stdout] 27 | #[derive(Accounts)]
[INFO] [stdout]    |          ^^^^^^^^
[INFO] [stdout]    |
[INFO] [stdout]    = note: expected values for `feature` are: `cpi`, `default`, `no-entrypoint`, `no-idl`, and `no-log-ix-name`
[INFO] [stdout]    = help: consider adding `anchor-debug` as a feature in `Cargo.toml`
[INFO] [stdout]    = note: see <https://doc.rust-lang.org/nightly/rustc/check-cfg/cargo-specifics.html> for more information about checking conditional configuration
[INFO] [stdout]    = note: this warning originates in the derive macro `Accounts` (in Nightly builds, run with -Z macro-backtrace for more info)
[INFO] [stdout] 
[INFO] [stdout] 
[INFO] [stdout] warning: unexpected `cfg` condition value: `anchor-debug`
[INFO] [stdout]   --> programs/swap-program/src/instructions/swap.rs:43:10
[INFO] [stdout]    |
[INFO] [stdout] 43 | #[derive(Accounts)]
[INFO] [stdout]    |          ^^^^^^^^
[INFO] [stdout]    |
[INFO] [stdout]    = note: expected values for `feature` are: `cpi`, `default`, `no-entrypoint`, `no-idl`, and `no-log-ix-name`
[INFO] [stdout]    = help: consider adding `anchor-debug` as a feature in `Cargo.toml`
[INFO] [stdout]    = note: see <https://doc.rust-lang.org/nightly/rustc/check-cfg/cargo-specifics.html> for more information about checking conditional configuration
[INFO] [stdout]    = note: this warning originates in the derive macro `Accounts` (in Nightly builds, run with -Z macro-backtrace for more info)
[INFO] [stdout] 
[INFO] [stdout] 
[INFO] [stdout] warning: unexpected `cfg` condition value: `anchor-debug`
[INFO] [stdout]   --> programs/swap-program/src/lib.rs:12:1
[INFO] [stdout]    |
[INFO] [stdout] 12 | #[program]
[INFO] [stdout]    | ^^^^^^^^^^
[INFO] [stdout]    |
[INFO] [stdout]    = note: expected values for `feature` are: `cpi`, `default`, `no-entrypoint`, `no-idl`, and `no-log-ix-name`
[INFO] [stdout]    = help: consider adding `anchor-debug` as a feature in `Cargo.toml`
[INFO] [stdout]    = note: see <https://doc.rust-lang.org/nightly/rustc/check-cfg/cargo-specifics.html> for more information about checking conditional configuration
[INFO] [stdout]    = note: this warning originates in the attribute macro `program` (in Nightly builds, run with -Z macro-backtrace for more info)
[INFO] [stdout] 
[INFO] [stdout] 
[INFO] [stderr]    Compiling swap-program v0.1.0 (/opt/rustwide/workdir/programs/swap-program)
[INFO] [stdout] warning: unexpected `cfg` condition value: `anchor-debug`
[INFO] [stdout]   --> programs/swap-program/src/lib.rs:12:1
[INFO] [stdout]    |
[INFO] [stdout] 12 | #[program]
[INFO] [stdout]    | ^^^^^^^^^^
[INFO] [stdout]    |
[INFO] [stdout]    = note: expected values for `feature` are: `cpi`, `default`, `no-entrypoint`, `no-idl`, and `no-log-ix-name`
[INFO] [stdout]    = help: consider adding `anchor-debug` as a feature in `Cargo.toml`
[INFO] [stdout]    = note: see <https://doc.rust-lang.org/nightly/rustc/check-cfg/cargo-specifics.html> for more information about checking conditional configuration
[INFO] [stdout]    = note: this warning originates in the derive macro `Accounts` (in Nightly builds, run with -Z macro-backtrace for more info)
[INFO] [stdout] 
[INFO] [stdout] 
[INFO] [stdout] warning: unexpected `cfg` condition value: `anchor-debug`
[INFO] [stdout]   --> programs/swap-program/src/lib.rs:12:1
[INFO] [stdout]    |
[INFO] [stdout] 12 | #[program]
[INFO] [stdout]    | ^^^^^^^^^^
[INFO] [stdout]    |
[INFO] [stdout]    = note: expected values for `feature` are: `cpi`, `default`, `no-entrypoint`, `no-idl`, and `no-log-ix-name`
[INFO] [stdout]    = help: consider adding `anchor-debug` as a feature in `Cargo.toml`
[INFO] [stdout]    = note: see <https://doc.rust-lang.org/nightly/rustc/check-cfg/cargo-specifics.html> for more information about checking conditional configuration
[INFO] [stdout]    = note: this warning originates in the derive macro `Accounts` (in Nightly builds, run with -Z macro-backtrace for more info)
[INFO] [stdout] 
[INFO] [stdout] 
[INFO] [stdout] warning: unexpected `cfg` condition value: `anchor-debug`
[INFO] [stdout]   --> programs/swap-program/src/lib.rs:12:1
[INFO] [stdout]    |
[INFO] [stdout] 12 | #[program]
[INFO] [stdout]    | ^^^^^^^^^^
[INFO] [stdout]    |
[INFO] [stdout]    = note: expected values for `feature` are: `cpi`, `default`, `no-entrypoint`, `no-idl`, and `no-log-ix-name`
[INFO] [stdout]    = help: consider adding `anchor-debug` as a feature in `Cargo.toml`
[INFO] [stdout]    = note: see <https://doc.rust-lang.org/nightly/rustc/check-cfg/cargo-specifics.html> for more information about checking conditional configuration
[INFO] [stdout]    = note: this warning originates in the derive macro `Accounts` (in Nightly builds, run with -Z macro-backtrace for more info)
[INFO] [stdout] 
[INFO] [stdout] 
[INFO] [stdout] warning: unexpected `cfg` condition value: `anchor-debug`
[INFO] [stdout]   --> programs/swap-program/src/lib.rs:12:1
[INFO] [stdout]    |
[INFO] [stdout] 12 | #[program]
[INFO] [stdout]    | ^^^^^^^^^^
[INFO] [stdout]    |
[INFO] [stdout]    = note: expected values for `feature` are: `cpi`, `default`, `no-entrypoint`, `no-idl`, and `no-log-ix-name`
[INFO] [stdout]    = help: consider adding `anchor-debug` as a feature in `Cargo.toml`
[INFO] [stdout]    = note: see <https://doc.rust-lang.org/nightly/rustc/check-cfg/cargo-specifics.html> for more information about checking conditional configuration
[INFO] [stdout]    = note: this warning originates in the derive macro `Accounts` (in Nightly builds, run with -Z macro-backtrace for more info)
[INFO] [stdout] 
[INFO] [stdout] 
[INFO] [stdout] warning: unexpected `cfg` condition value: `anchor-debug`
[INFO] [stdout]   --> programs/swap-program/src/lib.rs:12:1
[INFO] [stdout]    |
[INFO] [stdout] 12 | #[program]
[INFO] [stdout]    | ^^^^^^^^^^
[INFO] [stdout]    |
[INFO] [stdout]    = note: expected values for `feature` are: `cpi`, `default`, `no-entrypoint`, `no-idl`, and `no-log-ix-name`
[INFO] [stdout]    = help: consider adding `anchor-debug` as a feature in `Cargo.toml`
[INFO] [stdout]    = note: see <https://doc.rust-lang.org/nightly/rustc/check-cfg/cargo-specifics.html> for more information about checking conditional configuration
[INFO] [stdout]    = note: this warning originates in the derive macro `Accounts` (in Nightly builds, run with -Z macro-backtrace for more info)
[INFO] [stdout] 
[INFO] [stdout] 
[INFO] [stdout] warning: unexpected `cfg` condition value: `anchor-debug`
[INFO] [stdout]   --> programs/swap-program/src/lib.rs:12:1
[INFO] [stdout]    |
[INFO] [stdout] 12 | #[program]
[INFO] [stdout]    | ^^^^^^^^^^
[INFO] [stdout]    |
[INFO] [stdout]    = note: expected values for `feature` are: `cpi`, `default`, `no-entrypoint`, `no-idl`, and `no-log-ix-name`
[INFO] [stdout]    = help: consider adding `anchor-debug` as a feature in `Cargo.toml`
[INFO] [stdout]    = note: see <https://doc.rust-lang.org/nightly/rustc/check-cfg/cargo-specifics.html> for more information about checking conditional configuration
[INFO] [stdout]    = note: this warning originates in the derive macro `Accounts` (in Nightly builds, run with -Z macro-backtrace for more info)
[INFO] [stdout] 
[INFO] [stdout] 
[INFO] [stdout] warning: unexpected `cfg` condition value: `custom-heap`
[INFO] [stdout]   --> programs/swap-program/src/lib.rs:12:1
[INFO] [stdout]    |
[INFO] [stdout] 12 | #[program]
[INFO] [stdout]    | ^^^^^^^^^^
[INFO] [stdout]    |
[INFO] [stdout]    = note: expected values for `feature` are: `cpi`, `default`, `no-entrypoint`, `no-idl`, and `no-log-ix-name`
[INFO] [stdout]    = help: consider adding `custom-heap` as a feature in `Cargo.toml`
[INFO] [stdout]    = note: see <https://doc.rust-lang.org/nightly/rustc/check-cfg/cargo-specifics.html> for more information about checking conditional configuration
[INFO] [stdout]    = note: `#[warn(unexpected_cfgs)]` on by default
[INFO] [stdout]    = note: this warning originates in the macro `$crate::custom_heap_default` which comes from the expansion of the attribute macro `program` (in Nightly builds, run with -Z macro-backtrace for more info)
[INFO] [stdout] 
[INFO] [stdout] 
[INFO] [stdout] warning: unexpected `cfg` condition value: `solana`
[INFO] [stdout]   --> programs/swap-program/src/lib.rs:12:1
[INFO] [stdout]    |
[INFO] [stdout] 12 | #[program]
[INFO] [stdout]    | ^^^^^^^^^^
[INFO] [stdout]    |
[INFO] [stdout]    = note: expected values for `target_os` are: `aix`, `android`, `cuda`, `dragonfly`, `emscripten`, `espidf`, `freebsd`, `fuchsia`, `haiku`, `hermit`, `horizon`, `hurd`, `illumos`, `ios`, `l4re`, `linux`, `macos`, `netbsd`, `none`, `nto`, `nuttx`, `openbsd`, `psp`, `psx`, `redox`, `rtems`, `solaris`, `solid_asp3`, `teeos`, `trusty`, `tvos`, `uefi`, `unknown`, `visionos`, and `vita` and 6 more
[INFO] [stdout]    = note: see <https://doc.rust-lang.org/nightly/rustc/check-cfg/cargo-specifics.html> for more information about checking conditional configuration
[INFO] [stdout]    = note: this warning originates in the macro `$crate::custom_heap_default` which comes from the expansion of the attribute macro `program` (in Nightly builds, run with -Z macro-backtrace for more info)
[INFO] [stdout] 
[INFO] [stdout] 
[INFO] [stdout] warning: unexpected `cfg` condition value: `custom-panic`
[INFO] [stdout]   --> programs/swap-program/src/lib.rs:12:1
[INFO] [stdout]    |
[INFO] [stdout] 12 | #[program]
[INFO] [stdout]    | ^^^^^^^^^^
[INFO] [stdout]    |
[INFO] [stdout]    = note: expected values for `feature` are: `cpi`, `default`, `no-entrypoint`, `no-idl`, and `no-log-ix-name`
[INFO] [stdout]    = help: consider adding `custom-panic` as a feature in `Cargo.toml`
[INFO] [stdout]    = note: see <https://doc.rust-lang.org/nightly/rustc/check-cfg/cargo-specifics.html> for more information about checking conditional configuration
[INFO] [stdout]    = note: this warning originates in the macro `$crate::custom_panic_default` which comes from the expansion of the attribute macro `program` (in Nightly builds, run with -Z macro-backtrace for more info)
[INFO] [stdout] 
[INFO] [stdout] 
[INFO] [stdout] warning: unexpected `cfg` condition value: `solana`
[INFO] [stdout]   --> programs/swap-program/src/lib.rs:12:1
[INFO] [stdout]    |
[INFO] [stdout] 12 | #[program]
[INFO] [stdout]    | ^^^^^^^^^^
[INFO] [stdout]    |
[INFO] [stdout]    = note: expected values for `target_os` are: `aix`, `android`, `cuda`, `dragonfly`, `emscripten`, `espidf`, `freebsd`, `fuchsia`, `haiku`, `hermit`, `horizon`, `hurd`, `illumos`, `ios`, `l4re`, `linux`, `macos`, `netbsd`, `none`, `nto`, `nuttx`, `openbsd`, `psp`, `psx`, `redox`, `rtems`, `solaris`, `solid_asp3`, `teeos`, `trusty`, `tvos`, `uefi`, `unknown`, `visionos`, and `vita` and 6 more
[INFO] [stdout]    = note: see <https://doc.rust-lang.org/nightly/rustc/check-cfg/cargo-specifics.html> for more information about checking conditional configuration
[INFO] [stdout]    = note: this warning originates in the macro `$crate::custom_panic_default` which comes from the expansion of the attribute macro `program` (in Nightly builds, run with -Z macro-backtrace for more info)
[INFO] [stdout] 
[INFO] [stdout] 
[INFO] [stdout] warning: unexpected `cfg` condition value: `anchor-debug`
[INFO] [stdout]   --> programs/swap-program/src/instructions/create_pool.rs:17:10
[INFO] [stdout]    |
[INFO] [stdout] 17 | #[derive(Accounts)]
[INFO] [stdout]    |          ^^^^^^^^
[INFO] [stdout]    |
[INFO] [stdout]    = note: expected values for `feature` are: `cpi`, `default`, `no-entrypoint`, `no-idl`, and `no-log-ix-name`
[INFO] [stdout]    = help: consider adding `anchor-debug` as a feature in `Cargo.toml`
[INFO] [stdout]    = note: see <https://doc.rust-lang.org/nightly/rustc/check-cfg/cargo-specifics.html> for more information about checking conditional configuration
[INFO] [stdout]    = note: this warning originates in the derive macro `Accounts` (in Nightly builds, run with -Z macro-backtrace for more info)
[INFO] [stdout] 
[INFO] [stdout] 
[INFO] [stdout] warning: unexpected `cfg` condition value: `anchor-debug`
[INFO] [stdout]   --> programs/swap-program/src/instructions/fund_pool.rs:27:10
[INFO] [stdout]    |
[INFO] [stdout] 27 | #[derive(Accounts)]
[INFO] [stdout]    |          ^^^^^^^^
[INFO] [stdout]    |
[INFO] [stdout]    = note: expected values for `feature` are: `cpi`, `default`, `no-entrypoint`, `no-idl`, and `no-log-ix-name`
[INFO] [stdout]    = help: consider adding `anchor-debug` as a feature in `Cargo.toml`
[INFO] [stdout]    = note: see <https://doc.rust-lang.org/nightly/rustc/check-cfg/cargo-specifics.html> for more information about checking conditional configuration
[INFO] [stdout]    = note: this warning originates in the derive macro `Accounts` (in Nightly builds, run with -Z macro-backtrace for more info)
[INFO] [stdout] 
[INFO] [stdout] 
[INFO] [stdout] warning: unexpected `cfg` condition value: `anchor-debug`
[INFO] [stdout]   --> programs/swap-program/src/instructions/swap.rs:43:10
[INFO] [stdout]    |
[INFO] [stdout] 43 | #[derive(Accounts)]
[INFO] [stdout]    |          ^^^^^^^^
[INFO] [stdout]    |
[INFO] [stdout]    = note: expected values for `feature` are: `cpi`, `default`, `no-entrypoint`, `no-idl`, and `no-log-ix-name`
[INFO] [stdout]    = help: consider adding `anchor-debug` as a feature in `Cargo.toml`
[INFO] [stdout]    = note: see <https://doc.rust-lang.org/nightly/rustc/check-cfg/cargo-specifics.html> for more information about checking conditional configuration
[INFO] [stdout]    = note: this warning originates in the derive macro `Accounts` (in Nightly builds, run with -Z macro-backtrace for more info)
[INFO] [stdout] 
[INFO] [stdout] 
[INFO] [stdout] warning: unexpected `cfg` condition value: `anchor-debug`
[INFO] [stdout]   --> programs/swap-program/src/lib.rs:12:1
[INFO] [stdout]    |
[INFO] [stdout] 12 | #[program]
[INFO] [stdout]    | ^^^^^^^^^^
[INFO] [stdout]    |
[INFO] [stdout]    = note: expected values for `feature` are: `cpi`, `default`, `no-entrypoint`, `no-idl`, and `no-log-ix-name`
[INFO] [stdout]    = help: consider adding `anchor-debug` as a feature in `Cargo.toml`
[INFO] [stdout]    = note: see <https://doc.rust-lang.org/nightly/rustc/check-cfg/cargo-specifics.html> for more information about checking conditional configuration
[INFO] [stdout]    = note: this warning originates in the attribute macro `program` (in Nightly builds, run with -Z macro-backtrace for more info)
[INFO] [stdout] 
[INFO] [stdout] 
[INFO] [stdout] warning: unexpected `cfg` condition value: `anchor-debug`
[INFO] [stdout]   --> programs/swap-program/src/lib.rs:12:1
[INFO] [stdout]    |
[INFO] [stdout] 12 | #[program]
[INFO] [stdout]    | ^^^^^^^^^^
[INFO] [stdout]    |
[INFO] [stdout]    = note: expected values for `feature` are: `cpi`, `default`, `no-entrypoint`, `no-idl`, and `no-log-ix-name`
[INFO] [stdout]    = help: consider adding `anchor-debug` as a feature in `Cargo.toml`
[INFO] [stdout]    = note: see <https://doc.rust-lang.org/nightly/rustc/check-cfg/cargo-specifics.html> for more information about checking conditional configuration
[INFO] [stdout]    = note: this warning originates in the derive macro `Accounts` (in Nightly builds, run with -Z macro-backtrace for more info)
[INFO] [stdout] 
[INFO] [stdout] 
[INFO] [stdout] warning: unexpected `cfg` condition value: `anchor-debug`
[INFO] [stdout]   --> programs/swap-program/src/lib.rs:12:1
[INFO] [stdout]    |
[INFO] [stdout] 12 | #[program]
[INFO] [stdout]    | ^^^^^^^^^^
[INFO] [stdout]    |
[INFO] [stdout]    = note: expected values for `feature` are: `cpi`, `default`, `no-entrypoint`, `no-idl`, and `no-log-ix-name`
[INFO] [stdout]    = help: consider adding `anchor-debug` as a feature in `Cargo.toml`
[INFO] [stdout]    = note: see <https://doc.rust-lang.org/nightly/rustc/check-cfg/cargo-specifics.html> for more information about checking conditional configuration
[INFO] [stdout]    = note: this warning originates in the derive macro `Accounts` (in Nightly builds, run with -Z macro-backtrace for more info)
[INFO] [stdout] 
[INFO] [stdout] 
[INFO] [stdout] warning: unexpected `cfg` condition value: `anchor-debug`
[INFO] [stdout]   --> programs/swap-program/src/lib.rs:12:1
[INFO] [stdout]    |
[INFO] [stdout] 12 | #[program]
[INFO] [stdout]    | ^^^^^^^^^^
[INFO] [stdout]    |
[INFO] [stdout]    = note: expected values for `feature` are: `cpi`, `default`, `no-entrypoint`, `no-idl`, and `no-log-ix-name`
[INFO] [stdout]    = help: consider adding `anchor-debug` as a feature in `Cargo.toml`
[INFO] [stdout]    = note: see <https://doc.rust-lang.org/nightly/rustc/check-cfg/cargo-specifics.html> for more information about checking conditional configuration
[INFO] [stdout]    = note: this warning originates in the derive macro `Accounts` (in Nightly builds, run with -Z macro-backtrace for more info)
[INFO] [stdout] 
[INFO] [stdout] 
[INFO] [stdout] warning: unexpected `cfg` condition value: `anchor-debug`
[INFO] [stdout]   --> programs/swap-program/src/lib.rs:12:1
[INFO] [stdout]    |
[INFO] [stdout] 12 | #[program]
[INFO] [stdout]    | ^^^^^^^^^^
[INFO] [stdout]    |
[INFO] [stdout]    = note: expected values for `feature` are: `cpi`, `default`, `no-entrypoint`, `no-idl`, and `no-log-ix-name`
[INFO] [stdout]    = help: consider adding `anchor-debug` as a feature in `Cargo.toml`
[INFO] [stdout]    = note: see <https://doc.rust-lang.org/nightly/rustc/check-cfg/cargo-specifics.html> for more information about checking conditional configuration
[INFO] [stdout]    = note: this warning originates in the derive macro `Accounts` (in Nightly builds, run with -Z macro-backtrace for more info)
[INFO] [stdout] 
[INFO] [stdout] 
[INFO] [stdout] warning: unexpected `cfg` condition value: `anchor-debug`
[INFO] [stdout]   --> programs/swap-program/src/lib.rs:12:1
[INFO] [stdout]    |
[INFO] [stdout] 12 | #[program]
[INFO] [stdout]    | ^^^^^^^^^^
[INFO] [stdout]    |
[INFO] [stdout]    = note: expected values for `feature` are: `cpi`, `default`, `no-entrypoint`, `no-idl`, and `no-log-ix-name`
[INFO] [stdout]    = help: consider adding `anchor-debug` as a feature in `Cargo.toml`
[INFO] [stdout]    = note: see <https://doc.rust-lang.org/nightly/rustc/check-cfg/cargo-specifics.html> for more information about checking conditional configuration
[INFO] [stdout]    = note: this warning originates in the derive macro `Accounts` (in Nightly builds, run with -Z macro-backtrace for more info)
[INFO] [stdout] 
[INFO] [stdout] 
[INFO] [stdout] warning: unexpected `cfg` condition value: `anchor-debug`
[INFO] [stdout]   --> programs/swap-program/src/lib.rs:12:1
[INFO] [stdout]    |
[INFO] [stdout] 12 | #[program]
[INFO] [stdout]    | ^^^^^^^^^^
[INFO] [stdout]    |
[INFO] [stdout]    = note: expected values for `feature` are: `cpi`, `default`, `no-entrypoint`, `no-idl`, and `no-log-ix-name`
[INFO] [stdout]    = help: consider adding `anchor-debug` as a feature in `Cargo.toml`
[INFO] [stdout]    = note: see <https://doc.rust-lang.org/nightly/rustc/check-cfg/cargo-specifics.html> for more information about checking conditional configuration
[INFO] [stdout]    = note: this warning originates in the derive macro `Accounts` (in Nightly builds, run with -Z macro-backtrace for more info)
[INFO] [stdout] 
[INFO] [stdout] 
[INFO] [stderr]     Finished `test` profile [unoptimized + debuginfo] target(s) in 3.27s
[INFO] [stderr] warning: the following packages contain code that will be rejected by a future version of Rust: wasm-bindgen v0.2.86
[INFO] [stderr] note: to see what the problems were, use the option `--future-incompat-report`, or run `cargo report future-incompatibilities --id 1`
[INFO] running `Command { std: "docker" "inspect" "8581e0f83ca8213a1935c0bd3f3ffeaf1bb2dcce790aaf70cc41fe87e0866e22", kill_on_drop: false }`
[INFO] running `Command { std: "docker" "rm" "-f" "8581e0f83ca8213a1935c0bd3f3ffeaf1bb2dcce790aaf70cc41fe87e0866e22", kill_on_drop: false }`
[INFO] [stdout] 8581e0f83ca8213a1935c0bd3f3ffeaf1bb2dcce790aaf70cc41fe87e0866e22
[INFO] running `Command { std: "docker" "create" "-v" "/var/lib/crater-agent-workspace/builds/worker-3-tc2/target:/opt/rustwide/target:rw,Z" "-v" "/var/lib/crater-agent-workspace/builds/worker-3-tc2/source:/opt/rustwide/workdir:ro,Z" "-v" "/var/lib/crater-agent-workspace/cargo-home:/opt/rustwide/cargo-home:ro,Z" "-v" "/var/lib/crater-agent-workspace/rustup-home:/opt/rustwide/rustup-home:ro,Z" "-e" "SOURCE_DIR=/opt/rustwide/workdir" "-e" "CARGO_TARGET_DIR=/opt/rustwide/target" "-e" "CARGO_INCREMENTAL=0" "-e" "RUST_BACKTRACE=full" "-e" "RUSTFLAGS=--cap-lints=warn" "-e" "RUSTDOCFLAGS=--cap-lints=warn" "-e" "CARGO_HOME=/opt/rustwide/cargo-home" "-e" "RUSTUP_HOME=/opt/rustwide/rustup-home" "-w" "/opt/rustwide/workdir" "-m" "1610612736" "--user" "0:0" "--network" "none" "ghcr.io/rust-lang/crates-build-env/linux@sha256:f3a9d4ad9d972b27faf3965f35b62e55ba32bbce8f20bc8fe909558a86702fde" "/opt/rustwide/cargo-home/bin/cargo" "+beta-2024-12-08" "test" "--frozen", kill_on_drop: false }`
[INFO] [stdout] 2ab2b64c3f65429b6990189bbcce5a988249e4c0a7b45a4c6daecb953b946e00
[INFO] running `Command { std: "docker" "start" "-a" "2ab2b64c3f65429b6990189bbcce5a988249e4c0a7b45a4c6daecb953b946e00", kill_on_drop: false }`
[INFO] [stderr] warning: virtual workspace defaulting to `resolver = "1"` despite one or more workspace members being on edition 2021 which implies `resolver = "2"`
[INFO] [stderr] note: to keep the current resolver, specify `workspace.resolver = "1"` in the workspace root's manifest
[INFO] [stderr] note: to use the edition 2021 resolver, specify `workspace.resolver = "2"` in the workspace root's manifest
[INFO] [stderr] note: for more details see https://doc.rust-lang.org/cargo/reference/resolver.html#resolver-versions
[INFO] [stderr] warning: unexpected `cfg` condition value: `custom-heap`
[INFO] [stderr]   --> programs/swap-program/src/lib.rs:12:1
[INFO] [stderr]    |
[INFO] [stderr] 12 | #[program]
[INFO] [stderr]    | ^^^^^^^^^^
[INFO] [stderr]    |
[INFO] [stderr]    = note: expected values for `feature` are: `cpi`, `default`, `no-entrypoint`, `no-idl`, and `no-log-ix-name`
[INFO] [stderr]    = help: consider adding `custom-heap` as a feature in `Cargo.toml`
[INFO] [stderr]    = note: see <https://doc.rust-lang.org/nightly/rustc/check-cfg/cargo-specifics.html> for more information about checking conditional configuration
[INFO] [stderr]    = note: `#[warn(unexpected_cfgs)]` on by default
[INFO] [stderr]    = note: this warning originates in the macro `$crate::custom_heap_default` which comes from the expansion of the attribute macro `program` (in Nightly builds, run with -Z macro-backtrace for more info)
[INFO] [stderr] 
[INFO] [stderr] warning: unexpected `cfg` condition value: `solana`
[INFO] [stderr]   --> programs/swap-program/src/lib.rs:12:1
[INFO] [stderr]    |
[INFO] [stderr] 12 | #[program]
[INFO] [stderr]    | ^^^^^^^^^^
[INFO] [stderr]    |
[INFO] [stderr]    = note: expected values for `target_os` are: `aix`, `android`, `cuda`, `dragonfly`, `emscripten`, `espidf`, `freebsd`, `fuchsia`, `haiku`, `hermit`, `horizon`, `hurd`, `illumos`, `ios`, `l4re`, `linux`, `macos`, `netbsd`, `none`, `nto`, `nuttx`, `openbsd`, `psp`, `psx`, `redox`, `rtems`, `solaris`, `solid_asp3`, `teeos`, `trusty`, `tvos`, `uefi`, `unknown`, `visionos`, and `vita` and 6 more
[INFO] [stderr]    = note: see <https://doc.rust-lang.org/nightly/rustc/check-cfg/cargo-specifics.html> for more information about checking conditional configuration
[INFO] [stderr]    = note: this warning originates in the macro `$crate::custom_heap_default` which comes from the expansion of the attribute macro `program` (in Nightly builds, run with -Z macro-backtrace for more info)
[INFO] [stderr] 
[INFO] [stderr] warning: unexpected `cfg` condition value: `custom-panic`
[INFO] [stderr]   --> programs/swap-program/src/lib.rs:12:1
[INFO] [stderr]    |
[INFO] [stderr] 12 | #[program]
[INFO] [stderr]    | ^^^^^^^^^^
[INFO] [stderr]    |
[INFO] [stderr]    = note: expected values for `feature` are: `cpi`, `default`, `no-entrypoint`, `no-idl`, and `no-log-ix-name`
[INFO] [stderr]    = help: consider adding `custom-panic` as a feature in `Cargo.toml`
[INFO] [stderr]    = note: see <https://doc.rust-lang.org/nightly/rustc/check-cfg/cargo-specifics.html> for more information about checking conditional configuration
[INFO] [stderr]    = note: this warning originates in the macro `$crate::custom_panic_default` which comes from the expansion of the attribute macro `program` (in Nightly builds, run with -Z macro-backtrace for more info)
[INFO] [stderr] 
[INFO] [stderr] warning: unexpected `cfg` condition value: `solana`
[INFO] [stderr]   --> programs/swap-program/src/lib.rs:12:1
[INFO] [stderr]    |
[INFO] [stderr] 12 | #[program]
[INFO] [stderr]    | ^^^^^^^^^^
[INFO] [stderr]    |
[INFO] [stderr]    = note: expected values for `target_os` are: `aix`, `android`, `cuda`, `dragonfly`, `emscripten`, `espidf`, `freebsd`, `fuchsia`, `haiku`, `hermit`, `horizon`, `hurd`, `illumos`, `ios`, `l4re`, `linux`, `macos`, `netbsd`, `none`, `nto`, `nuttx`, `openbsd`, `psp`, `psx`, `redox`, `rtems`, `solaris`, `solid_asp3`, `teeos`, `trusty`, `tvos`, `uefi`, `unknown`, `visionos`, and `vita` and 6 more
[INFO] [stderr]    = note: see <https://doc.rust-lang.org/nightly/rustc/check-cfg/cargo-specifics.html> for more information about checking conditional configuration
[INFO] [stderr]    = note: this warning originates in the macro `$crate::custom_panic_default` which comes from the expansion of the attribute macro `program` (in Nightly builds, run with -Z macro-backtrace for more info)
[INFO] [stderr] 
[INFO] [stderr] warning: unexpected `cfg` condition value: `anchor-debug`
[INFO] [stderr]   --> programs/swap-program/src/instructions/create_pool.rs:17:10
[INFO] [stderr]    |
[INFO] [stderr] 17 | #[derive(Accounts)]
[INFO] [stderr]    |          ^^^^^^^^
[INFO] [stderr]    |
[INFO] [stderr]    = note: expected values for `feature` are: `cpi`, `default`, `no-entrypoint`, `no-idl`, and `no-log-ix-name`
[INFO] [stderr]    = help: consider adding `anchor-debug` as a feature in `Cargo.toml`
[INFO] [stderr]    = note: see <https://doc.rust-lang.org/nightly/rustc/check-cfg/cargo-specifics.html> for more information about checking conditional configuration
[INFO] [stderr]    = note: this warning originates in the derive macro `Accounts` (in Nightly builds, run with -Z macro-backtrace for more info)
[INFO] [stderr] 
[INFO] [stderr] warning: unexpected `cfg` condition value: `anchor-debug`
[INFO] [stderr]   --> programs/swap-program/src/instructions/fund_pool.rs:27:10
[INFO] [stderr]    |
[INFO] [stderr] 27 | #[derive(Accounts)]
[INFO] [stderr]    |          ^^^^^^^^
[INFO] [stderr]    |
[INFO] [stderr]    = note: expected values for `feature` are: `cpi`, `default`, `no-entrypoint`, `no-idl`, and `no-log-ix-name`
[INFO] [stderr]    = help: consider adding `anchor-debug` as a feature in `Cargo.toml`
[INFO] [stderr]    = note: see <https://doc.rust-lang.org/nightly/rustc/check-cfg/cargo-specifics.html> for more information about checking conditional configuration
[INFO] [stderr]    = note: this warning originates in the derive macro `Accounts` (in Nightly builds, run with -Z macro-backtrace for more info)
[INFO] [stderr] 
[INFO] [stderr] warning: unexpected `cfg` condition value: `anchor-debug`
[INFO] [stderr]   --> programs/swap-program/src/instructions/swap.rs:43:10
[INFO] [stderr]    |
[INFO] [stderr] 43 | #[derive(Accounts)]
[INFO] [stderr]    |          ^^^^^^^^
[INFO] [stderr]    |
[INFO] [stderr]    = note: expected values for `feature` are: `cpi`, `default`, `no-entrypoint`, `no-idl`, and `no-log-ix-name`
[INFO] [stderr]    = help: consider adding `anchor-debug` as a feature in `Cargo.toml`
[INFO] [stderr]    = note: see <https://doc.rust-lang.org/nightly/rustc/check-cfg/cargo-specifics.html> for more information about checking conditional configuration
[INFO] [stderr]    = note: this warning originates in the derive macro `Accounts` (in Nightly builds, run with -Z macro-backtrace for more info)
[INFO] [stderr] 
[INFO] [stderr] warning: unexpected `cfg` condition value: `anchor-debug`
[INFO] [stderr]   --> programs/swap-program/src/lib.rs:12:1
[INFO] [stderr]    |
[INFO] [stderr] 12 | #[program]
[INFO] [stderr]    | ^^^^^^^^^^
[INFO] [stderr]    |
[INFO] [stderr]    = note: expected values for `feature` are: `cpi`, `default`, `no-entrypoint`, `no-idl`, and `no-log-ix-name`
[INFO] [stderr]    = help: consider adding `anchor-debug` as a feature in `Cargo.toml`
[INFO] [stderr]    = note: see <https://doc.rust-lang.org/nightly/rustc/check-cfg/cargo-specifics.html> for more information about checking conditional configuration
[INFO] [stderr]    = note: this warning originates in the attribute macro `program` (in Nightly builds, run with -Z macro-backtrace for more info)
[INFO] [stderr] 
[INFO] [stderr] warning: unexpected `cfg` condition value: `anchor-debug`
[INFO] [stderr]   --> programs/swap-program/src/lib.rs:12:1
[INFO] [stderr]    |
[INFO] [stderr] 12 | #[program]
[INFO] [stderr]    | ^^^^^^^^^^
[INFO] [stderr]    |
[INFO] [stderr]    = note: expected values for `feature` are: `cpi`, `default`, `no-entrypoint`, `no-idl`, and `no-log-ix-name`
[INFO] [stderr]    = help: consider adding `anchor-debug` as a feature in `Cargo.toml`
[INFO] [stderr]    = note: see <https://doc.rust-lang.org/nightly/rustc/check-cfg/cargo-specifics.html> for more information about checking conditional configuration
[INFO] [stderr]    = note: this warning originates in the derive macro `Accounts` (in Nightly builds, run with -Z macro-backtrace for more info)
[INFO] [stderr] 
[INFO] [stderr] warning: `swap-program` (lib) generated 14 warnings (5 duplicates)
[INFO] [stderr] warning: `swap-program` (lib test) generated 14 warnings (14 duplicates)
[INFO] [stderr]     Finished `test` profile [unoptimized + debuginfo] target(s) in 0.25s
[INFO] [stderr] warning: the following packages contain code that will be rejected by a future version of Rust: wasm-bindgen v0.2.86
[INFO] [stderr] note: to see what the problems were, use the option `--future-incompat-report`, or run `cargo report future-incompatibilities --id 1`
[INFO] [stderr]      Running unittests src/lib.rs (/opt/rustwide/target/debug/deps/swap_program-292416c4b438ddb2)
[INFO] [stdout] 
[INFO] [stdout] running 1 test
[INFO] [stdout] test test_id ... ok
[INFO] [stdout] 
[INFO] [stdout] test result: ok. 1 passed; 0 failed; 0 ignored; 0 measured; 0 filtered out; finished in 0.00s
[INFO] [stdout] 
[INFO] [stderr]    Doc-tests swap_program
[INFO] [stdout] 
[INFO] [stdout] running 1 test
[INFO] [stdout] test programs/swap-program/src/state.rs - state::determine_swap_receive (line 280) ... FAILED
[INFO] [stdout] 
[INFO] [stdout] failures:
[INFO] [stdout] 
[INFO] [stdout] ---- programs/swap-program/src/state.rs - state::determine_swap_receive (line 280) stdout ----
[INFO] [stdout] error: expected `;`, found `K`
[INFO] [stdout]  --> programs/swap-program/src/state.rs:281:26
[INFO] [stdout]   |
[INFO] [stdout] 3 | K = a * b * c * d * P * R
[INFO] [stdout]   |                          ^ help: add `;` here
[INFO] [stdout] 4 | K = a * b * c * d * (P + p) * (R - r)
[INFO] [stdout]   | - unexpected token
[INFO] [stdout] 
[INFO] [stdout] error: expected `;`, found `a`
[INFO] [stdout]  --> programs/swap-program/src/state.rs:282:38
[INFO] [stdout]   |
[INFO] [stdout] 4 | K = a * b * c * d * (P + p) * (R - r)
[INFO] [stdout]   |                                      ^ help: add `;` here
[INFO] [stdout] 5 |
[INFO] [stdout] 6 | a * b * c * d * P * R = a * b * c * d * (P + p) * (R - r)
[INFO] [stdout]   | - unexpected token
[INFO] [stdout] 
[INFO] [stdout] error: expected `;`, found `PR`
[INFO] [stdout]  --> programs/swap-program/src/state.rs:284:58
[INFO] [stdout]   |
[INFO] [stdout] 6 | a * b * c * d * P * R = a * b * c * d * (P + p) * (R - r)
[INFO] [stdout]   |                                                          ^ help: add `;` here
[INFO] [stdout] 7 | PR = (P + p) * (R - r)
[INFO] [stdout]   | -- unexpected token
[INFO] [stdout] 
[INFO] [stdout] error: expected `;`, found `PR`
[INFO] [stdout]  --> programs/swap-program/src/state.rs:285:23
[INFO] [stdout]   |
[INFO] [stdout] 7 | PR = (P + p) * (R - r)
[INFO] [stdout]   |                       ^ help: add `;` here
[INFO] [stdout] 8 | PR = PR - Pr + Rp - pr
[INFO] [stdout]   | -- unexpected token
[INFO] [stdout] 
[INFO] [stdout] error: expected `;`, found `0`
[INFO] [stdout]  --> programs/swap-program/src/state.rs:286:23
[INFO] [stdout]   |
[INFO] [stdout] 8 | PR = PR - Pr + Rp - pr
[INFO] [stdout]   |                       ^ help: add `;` here
[INFO] [stdout] 9 | 0 = 0 - Pr + Rp - pr
[INFO] [stdout]   | - unexpected token
[INFO] [stdout] 
[INFO] [stdout] error: expected `;`, found `r`
[INFO] [stdout]   --> programs/swap-program/src/state.rs:289:16
[INFO] [stdout]    |
[INFO] [stdout] 11 | -Rp = r(-P - p)
[INFO] [stdout]    |                ^ help: add `;` here
[INFO] [stdout] 12 | r = (-Rp) / (-P - p)
[INFO] [stdout]    | - unexpected token
[INFO] [stdout] 
[INFO] [stdout] error: expected `;`, found `r`
[INFO] [stdout]   --> programs/swap-program/src/state.rs:290:21
[INFO] [stdout]    |
[INFO] [stdout] 12 | r = (-Rp) / (-P - p)
[INFO] [stdout]    |                     ^ help: add `;` here
[INFO] [stdout] 13 | r = [-1 * Rp] / [-1 * (P + p)]
[INFO] [stdout]    | - unexpected token
[INFO] [stdout] 
[INFO] [stdout] error: expected `;`, found `r`
[INFO] [stdout]   --> programs/swap-program/src/state.rs:291:31
[INFO] [stdout]    |
[INFO] [stdout] 13 | r = [-1 * Rp] / [-1 * (P + p)]
[INFO] [stdout]    |                               ^ help: add `;` here
[INFO] [stdout] 14 | r = Rp / (P + p)
[INFO] [stdout]    | - unexpected token
[INFO] [stdout] 
[INFO] [stdout] error: expected `;`, found `r`
[INFO] [stdout]   --> programs/swap-program/src/state.rs:292:17
[INFO] [stdout]    |
[INFO] [stdout] 14 | r = Rp / (P + p)
[INFO] [stdout]    |                 ^ help: add `;` here
[INFO] [stdout] 15 |
[INFO] [stdout] 16 | r = f(p) = (R * p) / (P + p)
[INFO] [stdout]    | - unexpected token
[INFO] [stdout] 
[INFO] [stdout] error[E0425]: cannot find value `r` in this scope
[INFO] [stdout]   --> programs/swap-program/src/state.rs:294:1
[INFO] [stdout]    |
[INFO] [stdout] 16 | r = f(p) = (R * p) / (P + p)
[INFO] [stdout]    | ^
[INFO] [stdout]    |
[INFO] [stdout] help: you might have meant to introduce a new binding
[INFO] [stdout]    |
[INFO] [stdout] 16 | let r = f(p) = (R * p) / (P + p)
[INFO] [stdout]    | +++
[INFO] [stdout] 
[INFO] [stdout] error[E0425]: cannot find value `p` in this scope
[INFO] [stdout]   --> programs/swap-program/src/state.rs:294:7
[INFO] [stdout]    |
[INFO] [stdout] 16 | r = f(p) = (R * p) / (P + p)
[INFO] [stdout]    |       ^ not found in this scope
[INFO] [stdout] 
[INFO] [stdout] error[E0425]: cannot find value `R` in this scope
[INFO] [stdout]   --> programs/swap-program/src/state.rs:294:13
[INFO] [stdout]    |
[INFO] [stdout] 16 | r = f(p) = (R * p) / (P + p)
[INFO] [stdout]    |             ^ not found in this scope
[INFO] [stdout]    |
[INFO] [stdout] help: you might be missing a const parameter
[INFO] [stdout]    |
[INFO] [stdout] 2  | fn main() { #[allow(non_snake_case)] fn _doctest_main_programs_swap_program_src_state_rs_280_0<const R: /* Type */>() {
[INFO] [stdout]    |                                                                                               +++++++++++++++++++++
[INFO] [stdout] 
[INFO] [stdout] error[E0425]: cannot find value `p` in this scope
[INFO] [stdout]   --> programs/swap-program/src/state.rs:294:17
[INFO] [stdout]    |
[INFO] [stdout] 16 | r = f(p) = (R * p) / (P + p)
[INFO] [stdout]    |                 ^ not found in this scope
[INFO] [stdout] 
[INFO] [stdout] error[E0425]: cannot find value `P` in this scope
[INFO] [stdout]   --> programs/swap-program/src/state.rs:294:23
[INFO] [stdout]    |
[INFO] [stdout] 16 | r = f(p) = (R * p) / (P + p)
[INFO] [stdout]    |                       ^ not found in this scope
[INFO] [stdout]    |
[INFO] [stdout] help: you might be missing a const parameter
[INFO] [stdout]    |
[INFO] [stdout] 2  | fn main() { #[allow(non_snake_case)] fn _doctest_main_programs_swap_program_src_state_rs_280_0<const P: /* Type */>() {
[INFO] [stdout]    |                                                                                               +++++++++++++++++++++
[INFO] [stdout] 
[INFO] [stdout] error[E0425]: cannot find value `p` in this scope
[INFO] [stdout]   --> programs/swap-program/src/state.rs:294:27
[INFO] [stdout]    |
[INFO] [stdout] 16 | r = f(p) = (R * p) / (P + p)
[INFO] [stdout]    |                           ^ not found in this scope
[INFO] [stdout] 
[INFO] [stdout] error[E0425]: cannot find function `f` in this scope
[INFO] [stdout]   --> programs/swap-program/src/state.rs:294:5
[INFO] [stdout]    |
[INFO] [stdout] 16 | r = f(p) = (R * p) / (P + p)
[INFO] [stdout]    |     ^ not found in this scope
[INFO] [stdout] 
[INFO] [stdout] error[E0070]: invalid left-hand side of assignment
[INFO] [stdout]   --> programs/swap-program/src/state.rs:294:10
[INFO] [stdout]    |
[INFO] [stdout] 16 | r = f(p) = (R * p) / (P + p)
[INFO] [stdout]    |     ---- ^
[INFO] [stdout]    |     |
[INFO] [stdout]    |     cannot assign to this expression
[INFO] [stdout] 
[INFO] [stdout] error: aborting due to 17 previous errors
[INFO] [stdout] 
[INFO] [stdout] Some errors have detailed explanations: E0070, E0425.
[INFO] [stdout] For more information about an error, try `rustc --explain E0070`.
[INFO] [stdout] Couldn't compile the test.
[INFO] [stdout] 
[INFO] [stdout] failures:
[INFO] [stdout]     programs/swap-program/src/state.rs - state::determine_swap_receive (line 280)
[INFO] [stdout] 
[INFO] [stdout] test result: FAILED. 0 passed; 1 failed; 0 ignored; 0 measured; 0 filtered out; finished in 0.16s
[INFO] [stdout] 
[INFO] [stderr] error: doctest failed, to rerun pass `--doc`
[INFO] running `Command { std: "docker" "inspect" "2ab2b64c3f65429b6990189bbcce5a988249e4c0a7b45a4c6daecb953b946e00", kill_on_drop: false }`
[INFO] running `Command { std: "docker" "rm" "-f" "2ab2b64c3f65429b6990189bbcce5a988249e4c0a7b45a4c6daecb953b946e00", kill_on_drop: false }`
[INFO] [stdout] 2ab2b64c3f65429b6990189bbcce5a988249e4c0a7b45a4c6daecb953b946e00
