[INFO] cloning repository https://github.com/HaagManuel/Contraction-Hierarchy
[INFO] running `Command { std: "git" "-c" "credential.helper=" "-c" "credential.helper=/workspace/cargo-home/bin/git-credential-null" "clone" "--bare" "https://github.com/HaagManuel/Contraction-Hierarchy" "/workspace/cache/git-repos/https%3A%2F%2Fgithub.com%2FHaagManuel%2FContraction-Hierarchy", kill_on_drop: false }`
[INFO] [stderr] Cloning into bare repository '/workspace/cache/git-repos/https%3A%2F%2Fgithub.com%2FHaagManuel%2FContraction-Hierarchy'...
[INFO] running `Command { std: "git" "rev-parse" "HEAD", kill_on_drop: false }`
[INFO] [stdout] 6a385e69f0ba421f3e9f7f580e4ab93dfaa86aa2
[INFO] testing HaagManuel/Contraction-Hierarchy against 1.83.0 for beta-1.84.0-4-retry
[INFO] running `Command { std: "git" "clone" "/workspace/cache/git-repos/https%3A%2F%2Fgithub.com%2FHaagManuel%2FContraction-Hierarchy" "/workspace/builds/worker-4-tc1/source", kill_on_drop: false }`
[INFO] [stderr] Cloning into '/workspace/builds/worker-4-tc1/source'...
[INFO] [stderr] done.
[INFO] validating manifest of git repo https://github.com/HaagManuel/Contraction-Hierarchy on toolchain 1.83.0
[INFO] running `Command { std: CARGO_HOME="/workspace/cargo-home" RUSTUP_HOME="/workspace/rustup-home" "/workspace/cargo-home/bin/cargo" "+1.83.0" "metadata" "--manifest-path" "Cargo.toml" "--no-deps", kill_on_drop: false }`
[INFO] started tweaking git repo https://github.com/HaagManuel/Contraction-Hierarchy
[INFO] finished tweaking git repo https://github.com/HaagManuel/Contraction-Hierarchy
[INFO] tweaked toml for git repo https://github.com/HaagManuel/Contraction-Hierarchy written to /workspace/builds/worker-4-tc1/source/Cargo.toml
[INFO] crate git repo https://github.com/HaagManuel/Contraction-Hierarchy already has a lockfile, it will not be regenerated
[INFO] running `Command { std: CARGO_HOME="/workspace/cargo-home" RUSTUP_HOME="/workspace/rustup-home" "/workspace/cargo-home/bin/cargo" "+1.83.0" "fetch" "--manifest-path" "Cargo.toml", kill_on_drop: false }`
[INFO] [stderr]  Downloading crates ...
[INFO] [stderr]   Downloaded clap_derive v3.2.18
[INFO] [stderr]   Downloaded clap v3.2.23
[INFO] [stderr]   Downloaded os_str_bytes v6.4.0
[INFO] running `Command { std: "docker" "create" "-v" "/var/lib/crater-agent-workspace/builds/worker-4-tc1/target:/opt/rustwide/target:rw,Z" "-v" "/var/lib/crater-agent-workspace/builds/worker-4-tc1/source:/opt/rustwide/workdir:ro,Z" "-v" "/var/lib/crater-agent-workspace/cargo-home:/opt/rustwide/cargo-home:ro,Z" "-v" "/var/lib/crater-agent-workspace/rustup-home:/opt/rustwide/rustup-home:ro,Z" "-e" "SOURCE_DIR=/opt/rustwide/workdir" "-e" "CARGO_TARGET_DIR=/opt/rustwide/target" "-e" "CARGO_HOME=/opt/rustwide/cargo-home" "-e" "RUSTUP_HOME=/opt/rustwide/rustup-home" "-w" "/opt/rustwide/workdir" "-m" "1610612736" "--user" "0:0" "--network" "none" "ghcr.io/rust-lang/crates-build-env/linux@sha256:f3a9d4ad9d972b27faf3965f35b62e55ba32bbce8f20bc8fe909558a86702fde" "/opt/rustwide/cargo-home/bin/cargo" "+1.83.0" "metadata" "--no-deps" "--format-version=1", kill_on_drop: false }`
[INFO] [stdout] cdc7abdccf2e39a98bd222af093c735328481c4c963554e1db1c0acb3f300355
[INFO] running `Command { std: "docker" "start" "-a" "cdc7abdccf2e39a98bd222af093c735328481c4c963554e1db1c0acb3f300355", kill_on_drop: false }`
[INFO] running `Command { std: "docker" "inspect" "cdc7abdccf2e39a98bd222af093c735328481c4c963554e1db1c0acb3f300355", kill_on_drop: false }`
[INFO] running `Command { std: "docker" "rm" "-f" "cdc7abdccf2e39a98bd222af093c735328481c4c963554e1db1c0acb3f300355", kill_on_drop: false }`
[INFO] [stdout] cdc7abdccf2e39a98bd222af093c735328481c4c963554e1db1c0acb3f300355
[INFO] running `Command { std: "docker" "create" "-v" "/var/lib/crater-agent-workspace/builds/worker-4-tc1/target:/opt/rustwide/target:rw,Z" "-v" "/var/lib/crater-agent-workspace/builds/worker-4-tc1/source:/opt/rustwide/workdir:ro,Z" "-v" "/var/lib/crater-agent-workspace/cargo-home:/opt/rustwide/cargo-home:ro,Z" "-v" "/var/lib/crater-agent-workspace/rustup-home:/opt/rustwide/rustup-home:ro,Z" "-e" "SOURCE_DIR=/opt/rustwide/workdir" "-e" "CARGO_TARGET_DIR=/opt/rustwide/target" "-e" "CARGO_INCREMENTAL=0" "-e" "RUST_BACKTRACE=full" "-e" "RUSTFLAGS=--cap-lints=warn" "-e" "RUSTDOCFLAGS=--cap-lints=warn" "-e" "CARGO_HOME=/opt/rustwide/cargo-home" "-e" "RUSTUP_HOME=/opt/rustwide/rustup-home" "-w" "/opt/rustwide/workdir" "-m" "1610612736" "--user" "0:0" "--network" "none" "ghcr.io/rust-lang/crates-build-env/linux@sha256:f3a9d4ad9d972b27faf3965f35b62e55ba32bbce8f20bc8fe909558a86702fde" "/opt/rustwide/cargo-home/bin/cargo" "+1.83.0" "build" "--frozen" "--message-format=json", kill_on_drop: false }`
[INFO] [stdout] 9e58a1caf720700eb72983e61c6dae702799079967b9b4a8a5cd6ec119dcd4b8
[INFO] running `Command { std: "docker" "start" "-a" "9e58a1caf720700eb72983e61c6dae702799079967b9b4a8a5cd6ec119dcd4b8", kill_on_drop: false }`
[INFO] [stderr]    Compiling proc-macro2 v1.0.47
[INFO] [stderr]    Compiling libc v0.2.137
[INFO] [stderr]    Compiling unicode-ident v1.0.5
[INFO] [stderr]    Compiling quote v1.0.21
[INFO] [stderr]    Compiling syn v1.0.103
[INFO] [stderr]    Compiling heck v0.4.0
[INFO] [stderr]    Compiling os_str_bytes v6.4.0
[INFO] [stderr]    Compiling once_cell v1.16.0
[INFO] [stderr]    Compiling strsim v0.10.0
[INFO] [stderr]    Compiling termcolor v1.1.3
[INFO] [stderr]    Compiling indexmap v1.9.1
[INFO] [stderr]    Compiling textwrap v0.16.0
[INFO] [stderr]    Compiling clap_lex v0.2.4
[INFO] [stderr]    Compiling proc-macro-error-attr v1.0.4
[INFO] [stderr]    Compiling getrandom v0.2.8
[INFO] [stderr]    Compiling atty v0.2.14
[INFO] [stderr]    Compiling rand_core v0.6.4
[INFO] [stderr]    Compiling rand_chacha v0.3.1
[INFO] [stderr]    Compiling rand v0.8.5
[INFO] [stderr]    Compiling proc-macro-error v1.0.4
[INFO] [stderr]    Compiling clap_derive v3.2.18
[INFO] [stderr]    Compiling clap v3.2.23
[INFO] [stderr]    Compiling stud-rust-base v0.1.0 (/opt/rustwide/workdir)
[INFO] [stderr]     Finished `dev` profile [unoptimized + debuginfo] target(s) in 16.03s
[INFO] running `Command { std: "docker" "inspect" "9e58a1caf720700eb72983e61c6dae702799079967b9b4a8a5cd6ec119dcd4b8", kill_on_drop: false }`
[INFO] running `Command { std: "docker" "rm" "-f" "9e58a1caf720700eb72983e61c6dae702799079967b9b4a8a5cd6ec119dcd4b8", kill_on_drop: false }`
[INFO] [stdout] 9e58a1caf720700eb72983e61c6dae702799079967b9b4a8a5cd6ec119dcd4b8
[INFO] running `Command { std: "docker" "create" "-v" "/var/lib/crater-agent-workspace/builds/worker-4-tc1/target:/opt/rustwide/target:rw,Z" "-v" "/var/lib/crater-agent-workspace/builds/worker-4-tc1/source:/opt/rustwide/workdir:ro,Z" "-v" "/var/lib/crater-agent-workspace/cargo-home:/opt/rustwide/cargo-home:ro,Z" "-v" "/var/lib/crater-agent-workspace/rustup-home:/opt/rustwide/rustup-home:ro,Z" "-e" "SOURCE_DIR=/opt/rustwide/workdir" "-e" "CARGO_TARGET_DIR=/opt/rustwide/target" "-e" "CARGO_INCREMENTAL=0" "-e" "RUST_BACKTRACE=full" "-e" "RUSTFLAGS=--cap-lints=warn" "-e" "RUSTDOCFLAGS=--cap-lints=warn" "-e" "CARGO_HOME=/opt/rustwide/cargo-home" "-e" "RUSTUP_HOME=/opt/rustwide/rustup-home" "-w" "/opt/rustwide/workdir" "-m" "1610612736" "--user" "0:0" "--network" "none" "ghcr.io/rust-lang/crates-build-env/linux@sha256:f3a9d4ad9d972b27faf3965f35b62e55ba32bbce8f20bc8fe909558a86702fde" "/opt/rustwide/cargo-home/bin/cargo" "+1.83.0" "test" "--frozen" "--no-run" "--message-format=json", kill_on_drop: false }`
[INFO] [stdout] ccf89c5b8014c2616e87b4cfd2d7eaf10824aeca03764940eed96d1b7815e678
[INFO] running `Command { std: "docker" "start" "-a" "ccf89c5b8014c2616e87b4cfd2d7eaf10824aeca03764940eed96d1b7815e678", kill_on_drop: false }`
[INFO] [stderr]    Compiling stud-rust-base v0.1.0 (/opt/rustwide/workdir)
[INFO] [stderr]     Finished `test` profile [unoptimized + debuginfo] target(s) in 1.88s
[INFO] running `Command { std: "docker" "inspect" "ccf89c5b8014c2616e87b4cfd2d7eaf10824aeca03764940eed96d1b7815e678", kill_on_drop: false }`
[INFO] running `Command { std: "docker" "rm" "-f" "ccf89c5b8014c2616e87b4cfd2d7eaf10824aeca03764940eed96d1b7815e678", kill_on_drop: false }`
[INFO] [stdout] ccf89c5b8014c2616e87b4cfd2d7eaf10824aeca03764940eed96d1b7815e678
[INFO] running `Command { std: "docker" "create" "-v" "/var/lib/crater-agent-workspace/builds/worker-4-tc1/target:/opt/rustwide/target:rw,Z" "-v" "/var/lib/crater-agent-workspace/builds/worker-4-tc1/source:/opt/rustwide/workdir:ro,Z" "-v" "/var/lib/crater-agent-workspace/cargo-home:/opt/rustwide/cargo-home:ro,Z" "-v" "/var/lib/crater-agent-workspace/rustup-home:/opt/rustwide/rustup-home:ro,Z" "-e" "SOURCE_DIR=/opt/rustwide/workdir" "-e" "CARGO_TARGET_DIR=/opt/rustwide/target" "-e" "CARGO_INCREMENTAL=0" "-e" "RUST_BACKTRACE=full" "-e" "RUSTFLAGS=--cap-lints=warn" "-e" "RUSTDOCFLAGS=--cap-lints=warn" "-e" "CARGO_HOME=/opt/rustwide/cargo-home" "-e" "RUSTUP_HOME=/opt/rustwide/rustup-home" "-w" "/opt/rustwide/workdir" "-m" "1610612736" "--user" "0:0" "--network" "none" "ghcr.io/rust-lang/crates-build-env/linux@sha256:f3a9d4ad9d972b27faf3965f35b62e55ba32bbce8f20bc8fe909558a86702fde" "/opt/rustwide/cargo-home/bin/cargo" "+1.83.0" "test" "--frozen", kill_on_drop: false }`
[INFO] [stdout] f666d00f9cb088846d9a453e4956d76e67ba6a270ef1f2d711ef2707815545a8
[INFO] running `Command { std: "docker" "start" "-a" "f666d00f9cb088846d9a453e4956d76e67ba6a270ef1f2d711ef2707815545a8", kill_on_drop: false }`
[INFO] [stderr]     Finished `test` profile [unoptimized + debuginfo] target(s) in 0.05s
[INFO] [stderr]      Running unittests src/lib.rs (/opt/rustwide/target/debug/deps/stud_rust_base-1ac6e2707c9e8a1c)
[INFO] [stdout] 
[INFO] [stdout] running 3 tests
[INFO] [stdout] test graph::edge_list::tests::test_reverse ... ok
[INFO] [stdout] test graph::edge_list::tests::test_loop_multiedges ... ok
[INFO] [stdout] test ch::contraction::tests::test_graph_from_slide ... ok
[INFO] [stdout] 
[INFO] [stdout] test result: ok. 3 passed; 0 failed; 0 ignored; 0 measured; 0 filtered out; finished in 0.01s
[INFO] [stdout] 
[INFO] [stderr]      Running unittests src/bin/compare_vector.rs (/opt/rustwide/target/debug/deps/compare_vector-29d5633b6c27b5fb)
[INFO] [stdout] 
[INFO] [stdout] running 0 tests
[INFO] [stdout] 
[INFO] [stdout] test result: ok. 0 passed; 0 failed; 0 ignored; 0 measured; 0 filtered out; finished in 0.00s
[INFO] [stdout] 
[INFO] [stderr]      Running unittests src/bin/compute_distances.rs (/opt/rustwide/target/debug/deps/compute_distances-4371d40c935fd4b5)
[INFO] [stdout] 
[INFO] [stdout] running 0 tests
[INFO] [stdout] 
[INFO] [stdout] test result: ok. 0 passed; 0 failed; 0 ignored; 0 measured; 0 filtered out; finished in 0.00s
[INFO] [stdout] 
[INFO] [stderr]      Running unittests src/bin/decode_vector.rs (/opt/rustwide/target/debug/deps/decode_vector-3ee7dedfc7502b5c)
[INFO] [stdout] 
[INFO] [stderr]      Running unittests src/bin/encode_vector.rs (/opt/rustwide/target/debug/deps/encode_vector-93a1d61c57ed5ecc)
[INFO] [stdout] running 0 tests
[INFO] [stdout] 
[INFO] [stdout] test result: ok. 0 passed; 0 failed; 0 ignored; 0 measured; 0 filtered out; finished in 0.00s
[INFO] [stdout] 
[INFO] [stdout] 
[INFO] [stdout] running 0 tests
[INFO] [stdout] 
[INFO] [stdout] test result: ok. 0 passed; 0 failed; 0 ignored; 0 measured; 0 filtered out; finished in 0.00s
[INFO] [stdout] 
[INFO] [stderr]      Running unittests src/bin/example.rs (/opt/rustwide/target/debug/deps/example-acca43b3e3197d81)
[INFO] [stdout] 
[INFO] [stdout] running 0 tests
[INFO] [stdout] 
[INFO] [stdout] test result: ok. 0 passed; 0 failed; 0 ignored; 0 measured; 0 filtered out; finished in 0.00s
[INFO] [stdout] 
[INFO] [stderr]      Running unittests src/bin/main.rs (/opt/rustwide/target/debug/deps/main-80c4fcfaf1d11be3)
[INFO] [stdout] 
[INFO] [stdout] running 0 tests
[INFO] [stdout] 
[INFO] [stdout] test result: ok. 0 passed; 0 failed; 0 ignored; 0 measured; 0 filtered out; finished in 0.00s
[INFO] [stdout] 
[INFO] [stderr]      Running unittests src/bin/random_tests.rs (/opt/rustwide/target/debug/deps/random_tests-92a23644ad4b9313)
[INFO] [stdout] 
[INFO] [stdout] running 0 tests
[INFO] [stdout] 
[INFO] [stdout] test result: ok. 0 passed; 0 failed; 0 ignored; 0 measured; 0 filtered out; finished in 0.00s
[INFO] [stdout] 
[INFO] [stderr]    Doc-tests stud_rust_base
[INFO] [stdout] 
[INFO] [stdout] running 2 tests
[INFO] [stdout] test src/io.rs - io (line 8) - compile ... ok
[INFO] [stdout] test src/datastructure/index_heap.rs - datastructure::index_heap (line 13) ... FAILED
[INFO] [stdout] 
[INFO] [stdout] failures:
[INFO] [stdout] 
[INFO] [stdout] ---- src/datastructure/index_heap.rs - datastructure::index_heap (line 13) stdout ----
[INFO] [stdout] error[E0433]: failed to resolve: use of undeclared crate or module `rust_road_router`
[INFO] [stdout]  --> src/datastructure/index_heap.rs:14:5
[INFO] [stdout]   |
[INFO] [stdout] 3 | use rust_road_router::datastr::index_heap::{Indexing, IndexdMinHeap};
[INFO] [stdout]   |     ^^^^^^^^^^^^^^^^ use of undeclared crate or module `rust_road_router`
[INFO] [stdout] 
[INFO] [stdout] error: aborting due to 1 previous error
[INFO] [stdout] 
[INFO] [stdout] For more information about this error, try `rustc --explain E0433`.
[INFO] [stdout] Couldn't compile the test.
[INFO] [stdout] 
[INFO] [stdout] failures:
[INFO] [stdout]     src/datastructure/index_heap.rs - datastructure::index_heap (line 13)
[INFO] [stdout] 
[INFO] [stdout] test result: FAILED. 1 passed; 1 failed; 0 ignored; 0 measured; 0 filtered out; finished in 0.11s
[INFO] [stdout] 
[INFO] [stderr] error: doctest failed, to rerun pass `--doc`
[INFO] running `Command { std: "docker" "inspect" "f666d00f9cb088846d9a453e4956d76e67ba6a270ef1f2d711ef2707815545a8", kill_on_drop: false }`
[INFO] running `Command { std: "docker" "rm" "-f" "f666d00f9cb088846d9a453e4956d76e67ba6a270ef1f2d711ef2707815545a8", kill_on_drop: false }`
[INFO] [stdout] f666d00f9cb088846d9a453e4956d76e67ba6a270ef1f2d711ef2707815545a8
