[INFO] cloning repository https://github.com/HPRIOR/ray-tracer-rust
[INFO] running `Command { std: "git" "-c" "credential.helper=" "-c" "credential.helper=/workspace/cargo-home/bin/git-credential-null" "clone" "--bare" "https://github.com/HPRIOR/ray-tracer-rust" "/workspace/cache/git-repos/https%3A%2F%2Fgithub.com%2FHPRIOR%2Fray-tracer-rust", kill_on_drop: false }`
[INFO] [stderr] Cloning into bare repository '/workspace/cache/git-repos/https%3A%2F%2Fgithub.com%2FHPRIOR%2Fray-tracer-rust'...
[INFO] running `Command { std: "git" "rev-parse" "HEAD", kill_on_drop: false }`
[INFO] [stdout] f8e42ba9b6a2ec30746d082e24c560b09438043f
[INFO] testing HPRIOR/ray-tracer-rust against 1.83.0 for beta-1.84.0-4-retry
[INFO] running `Command { std: "git" "clone" "/workspace/cache/git-repos/https%3A%2F%2Fgithub.com%2FHPRIOR%2Fray-tracer-rust" "/workspace/builds/worker-4-tc1/source", kill_on_drop: false }`
[INFO] [stderr] Cloning into '/workspace/builds/worker-4-tc1/source'...
[INFO] [stderr] done.
[INFO] validating manifest of git repo https://github.com/HPRIOR/ray-tracer-rust on toolchain 1.83.0
[INFO] running `Command { std: CARGO_HOME="/workspace/cargo-home" RUSTUP_HOME="/workspace/rustup-home" "/workspace/cargo-home/bin/cargo" "+1.83.0" "metadata" "--manifest-path" "Cargo.toml" "--no-deps", kill_on_drop: false }`
[INFO] started tweaking git repo https://github.com/HPRIOR/ray-tracer-rust
[INFO] finished tweaking git repo https://github.com/HPRIOR/ray-tracer-rust
[INFO] tweaked toml for git repo https://github.com/HPRIOR/ray-tracer-rust written to /workspace/builds/worker-4-tc1/source/Cargo.toml
[INFO] crate git repo https://github.com/HPRIOR/ray-tracer-rust already has a lockfile, it will not be regenerated
[INFO] running `Command { std: CARGO_HOME="/workspace/cargo-home" RUSTUP_HOME="/workspace/rustup-home" "/workspace/cargo-home/bin/cargo" "+1.83.0" "fetch" "--manifest-path" "Cargo.toml", kill_on_drop: false }`
[INFO] [stderr]     Updating crates.io index
[INFO] [stderr]  Downloading crates ...
[INFO] [stderr]   Downloaded plotters-svg v0.3.3
[INFO] [stderr]   Downloaded criterion v0.3.6
[INFO] [stderr]   Downloaded criterion-plot v0.4.5
[INFO] [stderr]   Downloaded crossbeam-epoch v0.9.10
[INFO] [stderr]   Downloaded uuid-macro-internal v1.1.2
[INFO] [stderr]   Downloaded serde_derive v1.0.145
[INFO] [stderr]   Downloaded serde_cbor v0.11.2
[INFO] [stderr]   Downloaded plotters-backend v0.3.4
[INFO] [stderr]   Downloaded serde_json v1.0.85
[INFO] [stderr]   Downloaded plotters v0.3.4
[INFO] [stderr]   Downloaded libc v0.2.129
[INFO] running `Command { std: "docker" "create" "-v" "/var/lib/crater-agent-workspace/builds/worker-4-tc1/target:/opt/rustwide/target:rw,Z" "-v" "/var/lib/crater-agent-workspace/builds/worker-4-tc1/source:/opt/rustwide/workdir:ro,Z" "-v" "/var/lib/crater-agent-workspace/cargo-home:/opt/rustwide/cargo-home:ro,Z" "-v" "/var/lib/crater-agent-workspace/rustup-home:/opt/rustwide/rustup-home:ro,Z" "-e" "SOURCE_DIR=/opt/rustwide/workdir" "-e" "CARGO_TARGET_DIR=/opt/rustwide/target" "-e" "CARGO_HOME=/opt/rustwide/cargo-home" "-e" "RUSTUP_HOME=/opt/rustwide/rustup-home" "-w" "/opt/rustwide/workdir" "-m" "1610612736" "--user" "0:0" "--network" "none" "ghcr.io/rust-lang/crates-build-env/linux@sha256:f3a9d4ad9d972b27faf3965f35b62e55ba32bbce8f20bc8fe909558a86702fde" "/opt/rustwide/cargo-home/bin/cargo" "+1.83.0" "metadata" "--no-deps" "--format-version=1", kill_on_drop: false }`
[INFO] [stdout] 53b45c331d0dd5c4107f62d76a5d2ee6c3b8f179f00436c9eb56521b25111ef0
[INFO] running `Command { std: "docker" "start" "-a" "53b45c331d0dd5c4107f62d76a5d2ee6c3b8f179f00436c9eb56521b25111ef0", kill_on_drop: false }`
[INFO] running `Command { std: "docker" "inspect" "53b45c331d0dd5c4107f62d76a5d2ee6c3b8f179f00436c9eb56521b25111ef0", kill_on_drop: false }`
[INFO] running `Command { std: "docker" "rm" "-f" "53b45c331d0dd5c4107f62d76a5d2ee6c3b8f179f00436c9eb56521b25111ef0", kill_on_drop: false }`
[INFO] [stdout] 53b45c331d0dd5c4107f62d76a5d2ee6c3b8f179f00436c9eb56521b25111ef0
[INFO] running `Command { std: "docker" "create" "-v" "/var/lib/crater-agent-workspace/builds/worker-4-tc1/target:/opt/rustwide/target:rw,Z" "-v" "/var/lib/crater-agent-workspace/builds/worker-4-tc1/source:/opt/rustwide/workdir:ro,Z" "-v" "/var/lib/crater-agent-workspace/cargo-home:/opt/rustwide/cargo-home:ro,Z" "-v" "/var/lib/crater-agent-workspace/rustup-home:/opt/rustwide/rustup-home:ro,Z" "-e" "SOURCE_DIR=/opt/rustwide/workdir" "-e" "CARGO_TARGET_DIR=/opt/rustwide/target" "-e" "CARGO_INCREMENTAL=0" "-e" "RUST_BACKTRACE=full" "-e" "RUSTFLAGS=--cap-lints=warn" "-e" "RUSTDOCFLAGS=--cap-lints=warn" "-e" "CARGO_HOME=/opt/rustwide/cargo-home" "-e" "RUSTUP_HOME=/opt/rustwide/rustup-home" "-w" "/opt/rustwide/workdir" "-m" "1610612736" "--user" "0:0" "--network" "none" "ghcr.io/rust-lang/crates-build-env/linux@sha256:f3a9d4ad9d972b27faf3965f35b62e55ba32bbce8f20bc8fe909558a86702fde" "/opt/rustwide/cargo-home/bin/cargo" "+1.83.0" "build" "--frozen" "--message-format=json", kill_on_drop: false }`
[INFO] [stdout] b91ee80945af4e0d861a6794869e20f9fb3453cbcb560b549e95ebb52ac56a39
[INFO] running `Command { std: "docker" "start" "-a" "b91ee80945af4e0d861a6794869e20f9fb3453cbcb560b549e95ebb52ac56a39", kill_on_drop: false }`
[INFO] [stderr]    Compiling libc v0.2.129
[INFO] [stderr]    Compiling crossbeam-utils v0.8.11
[INFO] [stderr]    Compiling memoffset v0.6.5
[INFO] [stderr]    Compiling once_cell v1.13.1
[INFO] [stderr]    Compiling proc-macro2 v1.0.43
[INFO] [stderr]    Compiling crossbeam-epoch v0.9.10
[INFO] [stderr]    Compiling quote v1.0.21
[INFO] [stderr]    Compiling unicode-ident v1.0.3
[INFO] [stderr]    Compiling rayon-core v1.9.3
[INFO] [stderr]    Compiling syn v1.0.99
[INFO] [stderr]    Compiling num-traits v0.2.15
[INFO] [stderr]    Compiling ppv-lite86 v0.2.16
[INFO] [stderr]    Compiling rayon v1.5.3
[INFO] [stderr]    Compiling either v1.8.0
[INFO] [stderr]    Compiling getrandom v0.2.7
[INFO] [stderr]    Compiling num_cpus v1.13.1
[INFO] [stderr]    Compiling crossbeam-channel v0.5.6
[INFO] [stderr]    Compiling rand_core v0.6.3
[INFO] [stderr]    Compiling rand_chacha v0.3.1
[INFO] [stderr]    Compiling float-cmp v0.9.0
[INFO] [stderr]    Compiling crossbeam-deque v0.8.2
[INFO] [stderr]    Compiling rand v0.8.5
[INFO] [stderr]    Compiling uuid-macro-internal v1.1.2
[INFO] [stderr]    Compiling uuid v1.1.2
[INFO] [stderr]    Compiling ray-tracer v0.1.0 (/opt/rustwide/workdir)
[INFO] [stdout] warning: elided lifetime has a name
[INFO] [stdout]    --> src/lib/ray/ray.rs:109:17
[INFO] [stdout]     |
[INFO] [stdout] 105 |     pub fn prep_comp<'a>(
[INFO] [stdout]     |                      -- lifetime `'a` declared here
[INFO] [stdout] ...
[INFO] [stdout] 109 |     ) -> Option<PreComp> {
[INFO] [stdout]     |                 ^^^^^^^ this elided lifetime gets resolved as `'a`
[INFO] [stdout]     |
[INFO] [stdout]     = note: `#[warn(elided_named_lifetimes)]` on by default
[INFO] [stdout] 
[INFO] [stdout] 
[INFO] [stdout] warning: trait `ToU32` is never used
[INFO] [stdout]  --> src/lib/utils/test.rs:5:7
[INFO] [stdout]   |
[INFO] [stdout] 5 | trait ToU32 {
[INFO] [stdout]   |       ^^^^^
[INFO] [stdout]   |
[INFO] [stdout]   = note: `#[warn(dead_code)]` on by default
[INFO] [stdout] 
[INFO] [stdout] 
[INFO] [stderr]     Finished `dev` profile [unoptimized + debuginfo] target(s) in 10.92s
[INFO] running `Command { std: "docker" "inspect" "b91ee80945af4e0d861a6794869e20f9fb3453cbcb560b549e95ebb52ac56a39", kill_on_drop: false }`
[INFO] running `Command { std: "docker" "rm" "-f" "b91ee80945af4e0d861a6794869e20f9fb3453cbcb560b549e95ebb52ac56a39", kill_on_drop: false }`
[INFO] [stdout] b91ee80945af4e0d861a6794869e20f9fb3453cbcb560b549e95ebb52ac56a39
[INFO] running `Command { std: "docker" "create" "-v" "/var/lib/crater-agent-workspace/builds/worker-4-tc1/target:/opt/rustwide/target:rw,Z" "-v" "/var/lib/crater-agent-workspace/builds/worker-4-tc1/source:/opt/rustwide/workdir:ro,Z" "-v" "/var/lib/crater-agent-workspace/cargo-home:/opt/rustwide/cargo-home:ro,Z" "-v" "/var/lib/crater-agent-workspace/rustup-home:/opt/rustwide/rustup-home:ro,Z" "-e" "SOURCE_DIR=/opt/rustwide/workdir" "-e" "CARGO_TARGET_DIR=/opt/rustwide/target" "-e" "CARGO_INCREMENTAL=0" "-e" "RUST_BACKTRACE=full" "-e" "RUSTFLAGS=--cap-lints=warn" "-e" "RUSTDOCFLAGS=--cap-lints=warn" "-e" "CARGO_HOME=/opt/rustwide/cargo-home" "-e" "RUSTUP_HOME=/opt/rustwide/rustup-home" "-w" "/opt/rustwide/workdir" "-m" "1610612736" "--user" "0:0" "--network" "none" "ghcr.io/rust-lang/crates-build-env/linux@sha256:f3a9d4ad9d972b27faf3965f35b62e55ba32bbce8f20bc8fe909558a86702fde" "/opt/rustwide/cargo-home/bin/cargo" "+1.83.0" "test" "--frozen" "--no-run" "--message-format=json", kill_on_drop: false }`
[INFO] [stdout] 0393023dfab4d989bb48a807441354e7aa37fe86a1bf03fb241f17282b7cb4da
[INFO] running `Command { std: "docker" "start" "-a" "0393023dfab4d989bb48a807441354e7aa37fe86a1bf03fb241f17282b7cb4da", kill_on_drop: false }`
[INFO] [stderr]    Compiling serde v1.0.145
[INFO] [stderr]    Compiling memchr v2.5.0
[INFO] [stderr]    Compiling either v1.8.0
[INFO] [stderr]    Compiling ryu v1.0.11
[INFO] [stderr]    Compiling serde_json v1.0.85
[INFO] [stderr]    Compiling serde_derive v1.0.145
[INFO] [stderr]    Compiling regex-automata v0.1.10
[INFO] [stderr]    Compiling unicode-width v0.1.10
[INFO] [stderr]    Compiling lazy_static v1.4.0
[INFO] [stderr]    Compiling plotters-backend v0.3.4
[INFO] [stderr]    Compiling itoa v1.0.4
[INFO] [stderr]    Compiling cast v0.3.0
[INFO] [stderr]    Compiling half v1.8.2
[INFO] [stderr]    Compiling regex-syntax v0.6.27
[INFO] [stderr]    Compiling itoa v0.4.8
[INFO] [stderr]    Compiling same-file v1.0.6
[INFO] [stderr]    Compiling atty v0.2.14
[INFO] [stderr]    Compiling oorandom v11.1.3
[INFO] [stderr]    Compiling walkdir v2.3.2
[INFO] [stderr]    Compiling textwrap v0.11.0
[INFO] [stderr]    Compiling rayon v1.5.3
[INFO] [stderr]    Compiling itertools v0.10.5
[INFO] [stderr]    Compiling plotters-svg v0.3.3
[INFO] [stderr]    Compiling clap v2.34.0
[INFO] [stderr]    Compiling plotters v0.3.4
[INFO] [stderr]    Compiling csv-core v0.1.10
[INFO] [stderr]    Compiling regex v1.6.0
[INFO] [stderr]    Compiling criterion-plot v0.4.5
[INFO] [stderr]    Compiling ray-tracer v0.1.0 (/opt/rustwide/workdir)
[INFO] [stdout] warning: elided lifetime has a name
[INFO] [stdout]    --> src/lib/ray/ray.rs:109:17
[INFO] [stdout]     |
[INFO] [stdout] 105 |     pub fn prep_comp<'a>(
[INFO] [stdout]     |                      -- lifetime `'a` declared here
[INFO] [stdout] ...
[INFO] [stdout] 109 |     ) -> Option<PreComp> {
[INFO] [stdout]     |                 ^^^^^^^ this elided lifetime gets resolved as `'a`
[INFO] [stdout]     |
[INFO] [stdout]     = note: `#[warn(elided_named_lifetimes)]` on by default
[INFO] [stdout] 
[INFO] [stdout] 
[INFO] [stderr]    Compiling bstr v0.2.17
[INFO] [stderr]    Compiling serde_cbor v0.11.2
[INFO] [stdout] warning: trait `ToU32` is never used
[INFO] [stdout]  --> src/lib/utils/test.rs:5:7
[INFO] [stdout]   |
[INFO] [stdout] 5 | trait ToU32 {
[INFO] [stdout]   |       ^^^^^
[INFO] [stdout]   |
[INFO] [stdout]   = note: `#[warn(dead_code)]` on by default
[INFO] [stdout] 
[INFO] [stdout] 
[INFO] [stderr]    Compiling csv v1.1.6
[INFO] [stderr]    Compiling tinytemplate v1.2.1
[INFO] [stderr]    Compiling criterion v0.3.6
[INFO] [stdout] warning: elided lifetime has a name
[INFO] [stdout]    --> src/lib/ray/ray.rs:109:17
[INFO] [stdout]     |
[INFO] [stdout] 105 |     pub fn prep_comp<'a>(
[INFO] [stdout]     |                      -- lifetime `'a` declared here
[INFO] [stdout] ...
[INFO] [stdout] 109 |     ) -> Option<PreComp> {
[INFO] [stdout]     |                 ^^^^^^^ this elided lifetime gets resolved as `'a`
[INFO] [stdout]     |
[INFO] [stdout]     = note: `#[warn(elided_named_lifetimes)]` on by default
[INFO] [stdout] 
[INFO] [stdout] 
[INFO] [stdout] warning: trait `ToU32` is never used
[INFO] [stdout]  --> src/lib/utils/test.rs:5:7
[INFO] [stdout]   |
[INFO] [stdout] 5 | trait ToU32 {
[INFO] [stdout]   |       ^^^^^
[INFO] [stdout]   |
[INFO] [stdout]   = note: `#[warn(dead_code)]` on by default
[INFO] [stdout] 
[INFO] [stdout] 
[INFO] [stderr]     Finished `test` profile [unoptimized + debuginfo] target(s) in 25.03s
[INFO] running `Command { std: "docker" "inspect" "0393023dfab4d989bb48a807441354e7aa37fe86a1bf03fb241f17282b7cb4da", kill_on_drop: false }`
[INFO] running `Command { std: "docker" "rm" "-f" "0393023dfab4d989bb48a807441354e7aa37fe86a1bf03fb241f17282b7cb4da", kill_on_drop: false }`
[INFO] [stdout] 0393023dfab4d989bb48a807441354e7aa37fe86a1bf03fb241f17282b7cb4da
[INFO] running `Command { std: "docker" "create" "-v" "/var/lib/crater-agent-workspace/builds/worker-4-tc1/target:/opt/rustwide/target:rw,Z" "-v" "/var/lib/crater-agent-workspace/builds/worker-4-tc1/source:/opt/rustwide/workdir:ro,Z" "-v" "/var/lib/crater-agent-workspace/cargo-home:/opt/rustwide/cargo-home:ro,Z" "-v" "/var/lib/crater-agent-workspace/rustup-home:/opt/rustwide/rustup-home:ro,Z" "-e" "SOURCE_DIR=/opt/rustwide/workdir" "-e" "CARGO_TARGET_DIR=/opt/rustwide/target" "-e" "CARGO_INCREMENTAL=0" "-e" "RUST_BACKTRACE=full" "-e" "RUSTFLAGS=--cap-lints=warn" "-e" "RUSTDOCFLAGS=--cap-lints=warn" "-e" "CARGO_HOME=/opt/rustwide/cargo-home" "-e" "RUSTUP_HOME=/opt/rustwide/rustup-home" "-w" "/opt/rustwide/workdir" "-m" "1610612736" "--user" "0:0" "--network" "none" "ghcr.io/rust-lang/crates-build-env/linux@sha256:f3a9d4ad9d972b27faf3965f35b62e55ba32bbce8f20bc8fe909558a86702fde" "/opt/rustwide/cargo-home/bin/cargo" "+1.83.0" "test" "--frozen", kill_on_drop: false }`
[INFO] [stdout] 4be20ea7a333b7c5b2970a18743931512cbbe3c51b19784d83a38e6826a9de67
[INFO] running `Command { std: "docker" "start" "-a" "4be20ea7a333b7c5b2970a18743931512cbbe3c51b19784d83a38e6826a9de67", kill_on_drop: false }`
[INFO] [stderr] warning: elided lifetime has a name
[INFO] [stderr]    --> src/lib/ray/ray.rs:109:17
[INFO] [stderr]     |
[INFO] [stderr] 105 |     pub fn prep_comp<'a>(
[INFO] [stderr]     |                      -- lifetime `'a` declared here
[INFO] [stderr] ...
[INFO] [stderr] 109 |     ) -> Option<PreComp> {
[INFO] [stderr]     |                 ^^^^^^^ this elided lifetime gets resolved as `'a`
[INFO] [stderr]     |
[INFO] [stderr]     = note: `#[warn(elided_named_lifetimes)]` on by default
[INFO] [stderr] 
[INFO] [stderr] warning: trait `ToU32` is never used
[INFO] [stderr]  --> src/lib/utils/test.rs:5:7
[INFO] [stderr]   |
[INFO] [stderr] 5 | trait ToU32 {
[INFO] [stderr]   |       ^^^^^
[INFO] [stderr]   |
[INFO] [stderr]   = note: `#[warn(dead_code)]` on by default
[INFO] [stderr] 
[INFO] [stderr] warning: `ray-tracer` (lib) generated 2 warnings
[INFO] [stderr] warning: `ray-tracer` (lib test) generated 2 warnings (2 duplicates)
[INFO] [stderr]     Finished `test` profile [unoptimized + debuginfo] target(s) in 0.14s
[INFO] [stderr]      Running unittests src/lib/lib.rs (/opt/rustwide/target/debug/deps/module_lib-c3fb93409d1e1274)
[INFO] [stdout] 
[INFO] [stdout] running 165 tests
[INFO] [stdout] test camera::camera::tests::construct_ray_through_corner_of_canvas ... ok
[INFO] [stdout] test camera::camera::tests::construct_ray_when_camera_is_transformed ... ok
[INFO] [stdout] test camera::camera::tests::pixel_size_is_correct_for_vertical_canvas ... ok
[INFO] [stdout] test camera::camera::tests::pixel_size_is_correct_for_horizontal_canvas ... ok
[INFO] [stdout] test camera::camera::tests::construct_ray_through_center_of_canvas ... ok
[INFO] [stdout] test camera::camera::tests::default_constructor_has_corrector_fields ... ok
[INFO] [stdout] test canvas::canvas::tests::can_set_pixel_at_point ... ok
[INFO] [stdout] test canvas::canvas::tests::canvas_to_ppm_returns_correct_headers ... ok
[INFO] [stdout] test canvas::canvas::tests::canvas_will_return_none_out_of_bounds ... ok
[INFO] [stdout] test canvas::canvas::tests::canvas_will_return_some_pixel_in_bounds ... ok
[INFO] [stdout] test canvas::canvas::tests::returns_correct_pixel_grid ... ok
[INFO] [stdout] test colour::colour::tests::can_add_two_colours ... ok
[INFO] [stdout] test colour::colour::tests::can_multiply_by_scalar ... ok
[INFO] [stdout] test exercises::ray_sphere::ray_sphere::tests::test ... ok
[INFO] [stdout] test exercises::world_ex::world_ex::tests::run ... ok
[INFO] [stdout] test colour::colour::tests::can_subtract_two_colours ... ok
[INFO] [stdout] test canvas::canvas::tests::line_will_be_limited_in_simple_case ... ok
[INFO] [stdout] test colour::colour::tests::constructor_works ... ok
[INFO] [stdout] test canvas::canvas::tests::lines_will_be_limited_in_real_example ... ok
[INFO] [stdout] test geometry::vector::tests::cross_product_of_two_vectors_is_correct ... ok
[INFO] [stdout] test canvas::canvas::tests::line_will_be_limited_multiple_times ... ok
[INFO] [stdout] test colour::colour::tests::can_multiply_by_another_colour ... ok
[INFO] [stdout] test geometry::vector::tests::reflect_off_slanted_surface ... ok
[INFO] [stdout] test geometry::vector::tests::dot_of_two_simple_vectors_is_correct ... ok
[INFO] [stdout] test geometry::vector::tests::negative_vector_will_have_correct_magnitude ... ok
[INFO] [stdout] test geometry::vector::tests::norm_vector_of_x_4_will_have_x_1 ... ok
[INFO] [stdout] test geometry::vector::tests::point_and_point_subtract_to_vector ... ok
[INFO] [stdout] test geometry::vector::tests::vector_and_point_add_to_point ... ok
[INFO] [stdout] test geometry::vector::tests::vector_and_vector_divide_to_vector ... ok
[INFO] [stdout] test geometry::vector::tests::point_and_vector_subtract_to_point ... ok
[INFO] [stdout] test geometry::vector::tests::vector_and_vector_add_to_vector ... ok
[INFO] [stdout] test geometry::vector::tests::vector_with_x_of_one_will_have_one_magnitude ... ok
[INFO] [stdout] test geometry::vector::tests::vector_can_be_negated ... ok
[INFO] [stdout] test geometry::vector::tests::vector_with_y_of_one_will_have_one_magnitude ... ok
[INFO] [stdout] test geometry::vector::tests::complex_normalisation_is_correct ... ok
[INFO] [stdout] test canvas::canvas::tests::line_will_be_limited_with_large_word_on_boundary ... ok
[INFO] [stdout] test material::material::tests::lighting_behind_surface ... ok
[INFO] [stdout] test material::material::tests::lighting_with_light_offset_by_45 ... ok
[INFO] [stdout] test material::pattern::tests::checker_should_repeat_in_x ... ok
[INFO] [stdout] test material::material::tests::lighting_with_pattern_applied ... ok
[INFO] [stdout] test material::material::tests::shadow_cast ... ok
[INFO] [stdout] test geometry::vector::tests::reflect_vector_approach_at_45 ... ok
[INFO] [stdout] test material::material::tests::lighting_with_eye_in_path_of_reflection ... ok
[INFO] [stdout] test material::material::tests::lighting_with_eye_offset_by_45_between_light_and_surface ... ok
[INFO] [stdout] test geometry::vector::tests::vector_and_vector_subtract_to_vector ... ok
[INFO] [stdout] test geometry::vector::tests::vector_one_two_three_will_have_sqrt_14_magnitude ... ok
[INFO] [stdout] test geometry::vector::tests::vector_with_z_of_one_will_have_one_magnitude ... ok
[INFO] [stdout] test material::material::tests::lighting_with_eye_between_light_and_surface ... ok
[INFO] [stdout] test geometry::vector::tests::vector_and_vector_multiply_to_vector ... ok
[INFO] [stdout] test material::pattern::tests::checker_should_repeat_in_z ... ok
[INFO] [stdout] test material::pattern::tests::gradient_linearly_interpolates_between_colours ... ok
[INFO] [stdout] test material::pattern::tests::ring_should_extend_both_x_and_z ... ok
[INFO] [stdout] test material::pattern::tests::stripe_pattern_is_alternates_on_x ... ok
[INFO] [stdout] test material::pattern::tests::checker_should_repeat_in_y ... ok
[INFO] [stdout] test material::pattern::tests::stripe_pattern_is_constant_in_y ... ok
[INFO] [stdout] test material::pattern::tests::stripe_pattern_is_constant_in_z ... ok
[INFO] [stdout] test material::pattern::tests::stripes_with_pattern_and_object_transformation ... ok
[INFO] [stdout] test material::pattern::tests::stripes_with_pattern_transformation ... ok
[INFO] [stdout] test matrix::matrix::tests::arbitrary_view_transform_is_correct ... ok
[INFO] [stdout] test matrix::matrix::tests::can_represent_three_by_three_matrix ... ok
[INFO] [stdout] test matrix::matrix::tests::can_represent_two_by_two_matrix ... ok
[INFO] [stdout] test material::pattern::tests::stripes_with_object_transformation ... ok
[INFO] [stdout] test matrix::matrix::tests::cofactor_of_three_by_three_matrix_is_correct ... ok
[INFO] [stdout] test matrix::matrix::tests::determinant_base_is_correct ... ok
[INFO] [stdout] test matrix::matrix::tests::determinant_of_four_by_four_matrix_is_correct ... ok
[INFO] [stdout] test matrix::matrix::tests::determinant_of_three_by_three_matrix_is_correct ... ok
[INFO] [stdout] test geometry::vector::tests::vector_and_vector_multiply_with_fraction ... ok
[INFO] [stdout] test matrix::matrix::tests::chained_transformations_are_applied_in_reverse_order ... ok
[INFO] [stdout] test matrix::matrix::tests::matrix_can_be_multiplied_by_tuple ... ok
[INFO] [stdout] test matrix::matrix::tests::matrix_transposes_correctly ... ok
[INFO] [stdout] test matrix::matrix::tests::non_invertible_matrix_is_not_invertible ... ok
[INFO] [stdout] test matrix::matrix::tests::multiplying_point_by_translation_matrix_produces_new_point ... ok
[INFO] [stdout] test matrix::matrix::tests::multiplying_vector_by_translation_is_ignored ... ok
[INFO] [stdout] test matrix::matrix::tests::point_can_rotate_around_x_axis ... ok
[INFO] [stdout] test matrix::matrix::tests::point_can_rotate_around_z_axis ... ok
[INFO] [stdout] test matrix::matrix::tests::fluid_interface_can_be_used_to_create_transform ... ok
[INFO] [stdout] test matrix::matrix::tests::rotation_is_reversed_with_inverse_of_matrix ... ok
[INFO] [stdout] test matrix::matrix::tests::point_can_rotate_around_y_axis ... ok
[INFO] [stdout] test matrix::matrix::tests::scaling_matrix_can_be_applied_to_vector ... ok
[INFO] [stdout] test matrix::matrix::tests::inverse_of_matrix_is_correct ... ok
[INFO] [stdout] test matrix::matrix::tests::invertible_matrix_is_invertible ... ok
[INFO] [stdout] test matrix::matrix::tests::shearing_transformation_moves_y_in_proportion_to_z ... ok
[INFO] [stdout] test matrix::matrix::tests::inverse_of_scaling_matrix_shrinks_vector ... ok
[INFO] [stdout] test matrix::matrix::tests::shearing_transformation_moves_z_in_proportion_to_y ... ok
[INFO] [stdout] test matrix::matrix::tests::shearing_transformation_moves_y_in_proportion_to_x ... ok
[INFO] [stdout] test matrix::matrix::tests::shearing_transformation_moves_x_in_proportion_to_z ... ok
[INFO] [stdout] test matrix::matrix::tests::matrix_multiplied_by_identity_produces_original ... ok
[INFO] [stdout] test matrix::matrix::tests::individual_transformations_are_applied_in_sequence ... ok
[INFO] [stdout] test matrix::matrix::tests::shearing_transformation_moves_z_in_proportion_to_x ... ok
[INFO] [stdout] test matrix::matrix::tests::matrix_are_equal ... ok
[INFO] [stdout] test matrix::matrix::tests::matrix_are_ne ... ok
[INFO] [stdout] test matrix::matrix::tests::matrix_can_be_multiplied_together ... ok
[INFO] [stdout] test matrix::matrix::tests::matrix_elements_are_correct ... ok
[INFO] [stdout] test matrix::matrix::tests::minor_of_matrix_is_correct ... ok
[INFO] [stdout] test matrix::matrix::tests::multiplying_point_by_inverse_matrix_produces_reverse ... ok
[INFO] [stdout] test matrix::matrix::tests::scaling_matrix_can_be_applied_to_point ... ok
[INFO] [stdout] test matrix::matrix::tests::transpose_of_identity_is_identity ... ok
[INFO] [stdout] test matrix::matrix::tests::sub_matrix_of_three_by_three_is_two_by_two ... ok
[INFO] [stdout] test matrix::matrix::tests::view_transform_matrix_looking_in_positive_z_direction ... ok
[INFO] [stdout] test matrix::matrix::tests::scaling_can_reflect_vector ... ok
[INFO] [stdout] test ray::ray::tests::compute_a_point_from_distance ... ok
[INFO] [stdout] test ray::ray::tests::correct_hit_when_all_intersections_have_positive_t ... ok
[INFO] [stdout] test ray::ray::tests::correct_hit_when_all_intersections_some_intersections_have_negative_t ... ok
[INFO] [stdout] test ray::ray::tests::correct_hit_when_all_intersections_all_intersections_have_negative_t ... ok
[INFO] [stdout] test ray::ray::tests::hit_is_lowest_non_negative_intersection ... ok
[INFO] [stdout] test ray::ray::tests::intersecting_scaled_sphere_with_a_ray ... ok
[INFO] [stdout] test ray::ray::tests::intersect_set_the_object_on_intersection ... ok
[INFO] [stdout] test ray::ray::tests::intersecting_translated_sphere_with_a_ray ... ok
[INFO] [stdout] test matrix::matrix::tests::shearing_transformation_moves_x_in_proportion_to_y ... ok
[INFO] [stdout] test matrix::matrix::tests::view_transform_moves_the_world ... ok
[INFO] [stdout] test ray::ray::tests::can_get_ordered_intersects_with_multiple_objects ... ok
[INFO] [stdout] test ray::ray::tests::inside_is_false_when_intersection_occurs_on_the_outsied ... ok
[INFO] [stdout] test matrix::matrix::tests::sub_matrix_of_four_by_four_is_two_by_two ... ok
[INFO] [stdout] test shapes::plane::tests::intersect_from_below ... ok
[INFO] [stdout] test ray::ray::tests::intersection_when_intersection_occurs_on_the_inside ... ok
[INFO] [stdout] test ray::ray::tests::precomputing_the_reflective_vector ... ok
[INFO] [stdout] test ray::ray::tests::ray_can_be_created_with_origin_and_direction ... ok
[INFO] [stdout] test ray::ray::tests::sphere_behind_ray_has_negative_intersect ... ok
[INFO] [stdout] test shapes::plane::tests::intersect_from_above ... ok
[INFO] [stdout] test ray::ray::tests::precomputing_intersection_state ... ok
[INFO] [stdout] test ray::ray::tests::ray_can_be_scaled ... ok
[INFO] [stdout] test shapes::plane::tests::intersect_with_a_coplanar_ray ... ok
[INFO] [stdout] test ray::ray::tests::ray_can_originate_inside_sphere ... ok
[INFO] [stdout] test ray::ray::tests::intersects_a_sphere_at_two_points ... ok
[INFO] [stdout] test ray::ray::tests::ray_misses_sphere ... ok
[INFO] [stdout] test shapes::plane::tests::no_intersect_parallel_plane ... ok
[INFO] [stdout] test ray::ray::tests::intersects_a_sphere_at_tangent ... ok
[INFO] [stdout] test camera::camera::tests::rendering_world_with_camera ... ok
[INFO] [stdout] test shapes::sphere::tests::sphere_can_be_created_with_new_transform ... ok
[INFO] [stdout] test shapes::sphere::tests::sphere_can_change_transformation ... ok
[INFO] [stdout] test utils::test::tests::approx_floats_no_panic ... ok
[INFO] [stdout] test matrix::matrix::tests::transform_matrix_for_default_orientation_is_ident ... ok
[INFO] [stdout] test shapes::sphere::tests::normal_at_non_axial_point ... ok
[INFO] [stdout] test shapes::sphere::tests::normal_at_z_axis ... ok
[INFO] [stdout] test shapes::plane::tests::normal_is_always_constant ... ok
[INFO] [stdout] test shapes::sphere::tests::normal_at_x_axis ... ok
[INFO] [stdout] test shapes::sphere::tests::normal_with_translated_sphere ... ok
[INFO] [stdout] test utils::test::tests::can_compare_two_tuples ... ok
[INFO] [stdout] test utils::test::tests::different_decimals_panic ... ok
[INFO] [stdout] test utils::test::tests::minus_one_can_be_compared ... ok
[INFO] [stdout] test utils::test::tests::negative_and_positive_should_return_error ... ok
[INFO] [stdout] test ray::ray::tests::ray_can_be_translated ... ok
[INFO] [stdout] test shapes::sphere::tests::normal_with_transformed_sphere ... ok
[INFO] [stdout] test shapes::sphere::tests::sphere_has_default_transformation ... ok
[INFO] [stdout] test utils::test::tests::can_compare_two_tuples_with_trait_syntax ... ok
[INFO] [stdout] test world::world::test::precomp_hit_should_offset_the_point ... ok
[INFO] [stdout] test utils::test::tests::two_negative_chars_do_not_panic ... ok
[INFO] [stdout] test utils::test::tests::two_positive_numbers_should_not_panic ... ok
[INFO] [stdout] test world::world::test::default_world ... ok
[INFO] [stdout] test world::world::test::shading_at_intersection_is_correct_from_outside ... ok
[INFO] [stdout] test world::world::test::precomp_will_cast_shadow ... ok
[INFO] [stdout] test shapes::sphere::tests::normal_at_y_axis ... ok
[INFO] [stdout] test world::world::test::reflected_colour_for_non_reflective_material ... ok
[INFO] [stdout] test world::world::test::reflected_colour_for_reflective_material ... ok
[INFO] [stdout] test world::world::test::can_get_world_intersects ... ok
[INFO] [stdout] test world::world::test::shading_at_intersection_is_correct_from_inside ... ok
[INFO] [stdout] test world::world::test::shadow_with_object_between_point_and_light ... ok
[INFO] [stdout] test world::world::test::reflected_colour_for_reflective_material_with_shade_hit ... ok
[INFO] [stdout] test world::world::test::no_shadow_when_object_behind_the_light ... ok
[INFO] [stdout] test world::world::test::no_shadow_with_object_collinear_with_point_and_light ... ok
[INFO] [stdout] test world::world::test::no_shadow_when_object_behind_the_point ... ok
[INFO] [stdout] test world::world::test::reflection_does_not_cause_stack_overflow ... ok
[INFO] [stdout] test ray::ray::tests::finding_n1_and_n1_at_various_intersections ... FAILED
[INFO] [stdout] test utils::test::tests::approx_floats_will_panic - should panic ... ok
[INFO] [stdout] test utils::test::tests::can_compare_two_tuples_and_panic - should panic ... ok
[INFO] [stdout] 
[INFO] [stdout] failures:
[INFO] [stdout] 
[INFO] [stdout] ---- ray::ray::tests::finding_n1_and_n1_at_various_intersections stdout ----
[INFO] [stdout] thread 'ray::ray::tests::finding_n1_and_n1_at_various_intersections' panicked at src/lib/ray/ray.rs:477:13:
[INFO] [stdout] assertion `left == right` failed
[INFO] [stdout]   left: 1.1
[INFO] [stdout]  right: 1.0
[INFO] [stdout] stack backtrace:
[INFO] [stdout]    0:     0x6246c5b7ef2a - std::backtrace_rs::backtrace::libunwind::trace::h5a5b8284f2d0c266
[INFO] [stdout]                                at /rustc/90b35a6239c3d8bdabc530a6a0816f7ff89a0aaf/library/std/src/../../backtrace/src/backtrace/libunwind.rs:116:5
[INFO] [stdout]    1:     0x6246c5b7ef2a - std::backtrace_rs::backtrace::trace_unsynchronized::h76d4f1c9b0b875e3
[INFO] [stdout]                                at /rustc/90b35a6239c3d8bdabc530a6a0816f7ff89a0aaf/library/std/src/../../backtrace/src/backtrace/mod.rs:66:5
[INFO] [stdout]    2:     0x6246c5b7ef2a - std::sys::backtrace::_print_fmt::hc4546b8364a537c6
[INFO] [stdout]                                at /rustc/90b35a6239c3d8bdabc530a6a0816f7ff89a0aaf/library/std/src/sys/backtrace.rs:66:9
[INFO] [stdout]    3:     0x6246c5b7ef2a - <std::sys::backtrace::BacktraceLock::print::DisplayBacktrace as core::fmt::Display>::fmt::h5b6bd5631a6d1f6b
[INFO] [stdout]                                at /rustc/90b35a6239c3d8bdabc530a6a0816f7ff89a0aaf/library/std/src/sys/backtrace.rs:39:26
[INFO] [stdout]    4:     0x6246c5ba49e3 - core::fmt::rt::Argument::fmt::h270f6602a2b96f62
[INFO] [stdout]                                at /rustc/90b35a6239c3d8bdabc530a6a0816f7ff89a0aaf/library/core/src/fmt/rt.rs:177:76
[INFO] [stdout]    5:     0x6246c5ba49e3 - core::fmt::write::h7550c97b06c86515
[INFO] [stdout]                                at /rustc/90b35a6239c3d8bdabc530a6a0816f7ff89a0aaf/library/core/src/fmt/mod.rs:1186:21
[INFO] [stdout]    6:     0x6246c5b7bee3 - std::io::Write::write_fmt::h509ff860e5956e5e
[INFO] [stdout]                                at /rustc/90b35a6239c3d8bdabc530a6a0816f7ff89a0aaf/library/std/src/io/mod.rs:1839:15
[INFO] [stdout]    7:     0x6246c5b7ed72 - std::sys::backtrace::BacktraceLock::print::h2395ccd2c84ba3aa
[INFO] [stdout]                                at /rustc/90b35a6239c3d8bdabc530a6a0816f7ff89a0aaf/library/std/src/sys/backtrace.rs:42:9
[INFO] [stdout]    8:     0x6246c5b8038a - std::panicking::default_hook::{{closure}}::he19d4c7230e07961
[INFO] [stdout]                                at /rustc/90b35a6239c3d8bdabc530a6a0816f7ff89a0aaf/library/std/src/panicking.rs:268:22
[INFO] [stdout]    9:     0x6246c5b80194 - std::panicking::default_hook::hf614597d3c67bbdb
[INFO] [stdout]                                at /rustc/90b35a6239c3d8bdabc530a6a0816f7ff89a0aaf/library/std/src/panicking.rs:292:9
[INFO] [stdout]   10:     0x6246c5ab50e9 - <alloc::boxed::Box<F,A> as core::ops::function::Fn<Args>>::call::h39b51ce4599c23d1
[INFO] [stdout]                                at /rustc/90b35a6239c3d8bdabc530a6a0816f7ff89a0aaf/library/alloc/src/boxed.rs:2468:9
[INFO] [stdout]   11:     0x6246c5ab50e9 - test::test_main::{{closure}}::he977ae839a582784
[INFO] [stdout]                                at /rustc/90b35a6239c3d8bdabc530a6a0816f7ff89a0aaf/library/test/src/lib.rs:133:21
[INFO] [stdout]   12:     0x6246c5b80a28 - <alloc::boxed::Box<F,A> as core::ops::function::Fn<Args>>::call::h9455091b6b06f9fb
[INFO] [stdout]                                at /rustc/90b35a6239c3d8bdabc530a6a0816f7ff89a0aaf/library/alloc/src/boxed.rs:2468:9
[INFO] [stdout]   13:     0x6246c5b80a28 - std::panicking::rust_panic_with_hook::h8942133a8b252070
[INFO] [stdout]                                at /rustc/90b35a6239c3d8bdabc530a6a0816f7ff89a0aaf/library/std/src/panicking.rs:809:13
[INFO] [stdout]   14:     0x6246c5b807ea - std::panicking::begin_panic_handler::{{closure}}::hb5f5963570096b29
[INFO] [stdout]                                at /rustc/90b35a6239c3d8bdabc530a6a0816f7ff89a0aaf/library/std/src/panicking.rs:674:13
[INFO] [stdout]   15:     0x6246c5b7f409 - std::sys::backtrace::__rust_end_short_backtrace::h6208cedc1922feda
[INFO] [stdout]                                at /rustc/90b35a6239c3d8bdabc530a6a0816f7ff89a0aaf/library/std/src/sys/backtrace.rs:170:18
[INFO] [stdout]   16:     0x6246c5b8047c - rust_begin_unwind
[INFO] [stdout]                                at /rustc/90b35a6239c3d8bdabc530a6a0816f7ff89a0aaf/library/std/src/panicking.rs:665:5
[INFO] [stdout]   17:     0x6246c5a0a020 - core::panicking::panic_fmt::h0c3082644d1bf418
[INFO] [stdout]                                at /rustc/90b35a6239c3d8bdabc530a6a0816f7ff89a0aaf/library/core/src/panicking.rs:74:14
[INFO] [stdout]   18:     0x6246c5a0a424 - core::panicking::assert_failed_inner::h2ddf1fcc067fa858
[INFO] [stdout]   19:     0x6246c5a6cbfd - core::panicking::assert_failed::h0d3bc5073ebef095
[INFO] [stdout]                                at /rustc/90b35a6239c3d8bdabc530a6a0816f7ff89a0aaf/library/core/src/panicking.rs:367:5
[INFO] [stdout]   20:     0x6246c5a43d55 - module_lib::ray::ray::tests::finding_n1_and_n1_at_various_intersections::{{closure}}::he492ff0bec098703
[INFO] [stdout]                                at /opt/rustwide/workdir/src/lib/ray/ray.rs:477:13
[INFO] [stdout]   21:     0x6246c5a4c1f0 - core::iter::traits::iterator::Iterator::for_each::call::{{closure}}::h45abb9808aab240e
[INFO] [stdout]                                at /rustc/90b35a6239c3d8bdabc530a6a0816f7ff89a0aaf/library/core/src/iter/traits/iterator.rs:810:29
[INFO] [stdout]   22:     0x6246c5a230c4 - <core::iter::adapters::zip::Zip<A,B> as core::iter::adapters::zip::SpecFold>::spec_fold::h712cf67e0eead069
[INFO] [stdout]                                at /rustc/90b35a6239c3d8bdabc530a6a0816f7ff89a0aaf/library/core/src/iter/adapters/zip.rs:660:21
[INFO] [stdout]   23:     0x6246c5a1fc06 - <core::iter::adapters::zip::Zip<A,B> as core::iter::adapters::zip::ZipImpl<A,B>>::fold::h832bdb15762fe281
[INFO] [stdout]                                at /rustc/90b35a6239c3d8bdabc530a6a0816f7ff89a0aaf/library/core/src/iter/adapters/zip.rs:250:9
[INFO] [stdout]   24:     0x6246c5a1ed26 - <core::iter::adapters::zip::Zip<A,B> as core::iter::traits::iterator::Iterator>::fold::hb6050689a5f428f9
[INFO] [stdout]                                at /rustc/90b35a6239c3d8bdabc530a6a0816f7ff89a0aaf/library/core/src/iter/adapters/zip.rs:104:9
[INFO] [stdout]   25:     0x6246c5a20006 - core::iter::traits::iterator::Iterator::for_each::h617b6c4db411e25e
[INFO] [stdout]                                at /rustc/90b35a6239c3d8bdabc530a6a0816f7ff89a0aaf/library/core/src/iter/traits/iterator.rs:813:9
[INFO] [stdout]   26:     0x6246c5a43bfc - module_lib::ray::ray::tests::finding_n1_and_n1_at_various_intersections::h9a25232b94a6de23
[INFO] [stdout]                                at /opt/rustwide/workdir/src/lib/ray/ray.rs:476:9
[INFO] [stdout]   27:     0x6246c5a43467 - module_lib::ray::ray::tests::finding_n1_and_n1_at_various_intersections::{{closure}}::heb46638406663b86
[INFO] [stdout]                                at /opt/rustwide/workdir/src/lib/ray/ray.rs:446:52
[INFO] [stdout]   28:     0x6246c5a56fc6 - core::ops::function::FnOnce::call_once::h9ef7cc6c668138a6
[INFO] [stdout]                                at /rustc/90b35a6239c3d8bdabc530a6a0816f7ff89a0aaf/library/core/src/ops/function.rs:250:5
[INFO] [stdout]   29:     0x6246c5ab9aab - core::ops::function::FnOnce::call_once::h109cf8051a59b34e
[INFO] [stdout]                                at /rustc/90b35a6239c3d8bdabc530a6a0816f7ff89a0aaf/library/core/src/ops/function.rs:250:5
[INFO] [stdout]   30:     0x6246c5ab9aab - test::__rust_begin_short_backtrace::hf4fff89d377446ba
[INFO] [stdout]                                at /rustc/90b35a6239c3d8bdabc530a6a0816f7ff89a0aaf/library/test/src/lib.rs:621:18
[INFO] [stdout]   31:     0x6246c5ab92e7 - test::run_test_in_process::{{closure}}::h0e39181dd7ee5a43
[INFO] [stdout]                                at /rustc/90b35a6239c3d8bdabc530a6a0816f7ff89a0aaf/library/test/src/lib.rs:644:60
[INFO] [stdout]   32:     0x6246c5ab92e7 - <core::panic::unwind_safe::AssertUnwindSafe<F> as core::ops::function::FnOnce<()>>::call_once::hc5a66a30f0bdfd1f
[INFO] [stdout]                                at /rustc/90b35a6239c3d8bdabc530a6a0816f7ff89a0aaf/library/core/src/panic/unwind_safe.rs:272:9
[INFO] [stdout]   33:     0x6246c5ab92e7 - std::panicking::try::do_call::h873b7cf639554a5e
[INFO] [stdout]                                at /rustc/90b35a6239c3d8bdabc530a6a0816f7ff89a0aaf/library/std/src/panicking.rs:557:40
[INFO] [stdout]   34:     0x6246c5ab92e7 - std::panicking::try::hdb19862fad9c8bd1
[INFO] [stdout]                                at /rustc/90b35a6239c3d8bdabc530a6a0816f7ff89a0aaf/library/std/src/panicking.rs:520:19
[INFO] [stdout]   35:     0x6246c5ab92e7 - std::panic::catch_unwind::h281fe732d236d260
[INFO] [stdout]                                at /rustc/90b35a6239c3d8bdabc530a6a0816f7ff89a0aaf/library/std/src/panic.rs:358:14
[INFO] [stdout]   36:     0x6246c5ab92e7 - test::run_test_in_process::h949b6df8457ed338
[INFO] [stdout]                                at /rustc/90b35a6239c3d8bdabc530a6a0816f7ff89a0aaf/library/test/src/lib.rs:644:27
[INFO] [stdout]   37:     0x6246c5ab92e7 - test::run_test::{{closure}}::h52c556a6d4740e10
[INFO] [stdout]                                at /rustc/90b35a6239c3d8bdabc530a6a0816f7ff89a0aaf/library/test/src/lib.rs:565:43
[INFO] [stdout]   38:     0x6246c5a7e5c4 - test::run_test::{{closure}}::h4237f6381c45ccb9
[INFO] [stdout]                                at /rustc/90b35a6239c3d8bdabc530a6a0816f7ff89a0aaf/library/test/src/lib.rs:595:41
[INFO] [stdout]   39:     0x6246c5a7e5c4 - std::sys::backtrace::__rust_begin_short_backtrace::h505c97a579eca628
[INFO] [stdout]                                at /rustc/90b35a6239c3d8bdabc530a6a0816f7ff89a0aaf/library/std/src/sys/backtrace.rs:154:18
[INFO] [stdout]   40:     0x6246c5a81c8e - std::thread::Builder::spawn_unchecked_::{{closure}}::{{closure}}::h9e86b2e2bc107ea3
[INFO] [stdout]                                at /rustc/90b35a6239c3d8bdabc530a6a0816f7ff89a0aaf/library/std/src/thread/mod.rs:538:17
[INFO] [stdout]   41:     0x6246c5a81c8e - <core::panic::unwind_safe::AssertUnwindSafe<F> as core::ops::function::FnOnce<()>>::call_once::h8b06ddb275ff4a25
[INFO] [stdout]                                at /rustc/90b35a6239c3d8bdabc530a6a0816f7ff89a0aaf/library/core/src/panic/unwind_safe.rs:272:9
[INFO] [stdout]   42:     0x6246c5a81c8e - std::panicking::try::do_call::hb26ecd7cd9a9355d
[INFO] [stdout]                                at /rustc/90b35a6239c3d8bdabc530a6a0816f7ff89a0aaf/library/std/src/panicking.rs:557:40
[INFO] [stdout]   43:     0x6246c5a81c8e - std::panicking::try::h8ddeca9d705f9069
[INFO] [stdout]                                at /rustc/90b35a6239c3d8bdabc530a6a0816f7ff89a0aaf/library/std/src/panicking.rs:520:19
[INFO] [stdout]   44:     0x6246c5a81c8e - std::panic::catch_unwind::h49e1c33078844c46
[INFO] [stdout]                                at /rustc/90b35a6239c3d8bdabc530a6a0816f7ff89a0aaf/library/std/src/panic.rs:358:14
[INFO] [stdout]   45:     0x6246c5a81c8e - std::thread::Builder::spawn_unchecked_::{{closure}}::h6073db6ff56ad35d
[INFO] [stdout]                                at /rustc/90b35a6239c3d8bdabc530a6a0816f7ff89a0aaf/library/std/src/thread/mod.rs:537:30
[INFO] [stdout]   46:     0x6246c5a81c8e - core::ops::function::FnOnce::call_once{{vtable.shim}}::h2c5a5f3779c774f1
[INFO] [stdout]                                at /rustc/90b35a6239c3d8bdabc530a6a0816f7ff89a0aaf/library/core/src/ops/function.rs:250:5
[INFO] [stdout]   47:     0x6246c5b8488b - <alloc::boxed::Box<F,A> as core::ops::function::FnOnce<Args>>::call_once::hf75717d9f28faebf
[INFO] [stdout]                                at /rustc/90b35a6239c3d8bdabc530a6a0816f7ff89a0aaf/library/alloc/src/boxed.rs:2454:9
[INFO] [stdout]   48:     0x6246c5b8488b - <alloc::boxed::Box<F,A> as core::ops::function::FnOnce<Args>>::call_once::h7bd883a5f3c5f3c1
[INFO] [stdout]                                at /rustc/90b35a6239c3d8bdabc530a6a0816f7ff89a0aaf/library/alloc/src/boxed.rs:2454:9
[INFO] [stdout]   49:     0x6246c5b8488b - std::sys::pal::unix::thread::Thread::new::thread_start::hcc78f3943333fa94
[INFO] [stdout]                                at /rustc/90b35a6239c3d8bdabc530a6a0816f7ff89a0aaf/library/std/src/sys/pal/unix/thread.rs:105:17
[INFO] [stdout]   50:     0x72e506eb4ac3 - <unknown>
[INFO] [stdout]   51:     0x72e506f45a04 - clone
[INFO] [stdout]   52:                0x0 - <unknown>
[INFO] [stdout] 
[INFO] [stdout] 
[INFO] [stdout] failures:
[INFO] [stdout]     ray::ray::tests::finding_n1_and_n1_at_various_intersections
[INFO] [stdout] 
[INFO] [stdout] test result: FAILED. 164 passed; 1 failed; 0 ignored; 0 measured; 0 filtered out; finished in 0.18s
[INFO] [stdout] 
[INFO] [stderr] error: test failed, to rerun pass `--lib`
[INFO] running `Command { std: "docker" "inspect" "4be20ea7a333b7c5b2970a18743931512cbbe3c51b19784d83a38e6826a9de67", kill_on_drop: false }`
[INFO] running `Command { std: "docker" "rm" "-f" "4be20ea7a333b7c5b2970a18743931512cbbe3c51b19784d83a38e6826a9de67", kill_on_drop: false }`
[INFO] [stdout] 4be20ea7a333b7c5b2970a18743931512cbbe3c51b19784d83a38e6826a9de67
