[INFO] cloning repository https://github.com/H2Sxxa/temproject
[INFO] running `Command { std: "git" "-c" "credential.helper=" "-c" "credential.helper=/workspace/cargo-home/bin/git-credential-null" "clone" "--bare" "https://github.com/H2Sxxa/temproject" "/workspace/cache/git-repos/https%3A%2F%2Fgithub.com%2FH2Sxxa%2Ftemproject", kill_on_drop: false }`
[INFO] [stderr] Cloning into bare repository '/workspace/cache/git-repos/https%3A%2F%2Fgithub.com%2FH2Sxxa%2Ftemproject'...
[INFO] running `Command { std: "git" "rev-parse" "HEAD", kill_on_drop: false }`
[INFO] [stdout] 248fc0499bbef69a9c34de61185a62916280e8b3
[INFO] testing H2Sxxa/temproject against beta-2024-12-08 for beta-1.84.0-4-retry
[INFO] running `Command { std: "git" "clone" "/workspace/cache/git-repos/https%3A%2F%2Fgithub.com%2FH2Sxxa%2Ftemproject" "/workspace/builds/worker-0-tc2/source", kill_on_drop: false }`
[INFO] [stderr] Cloning into '/workspace/builds/worker-0-tc2/source'...
[INFO] [stderr] done.
[INFO] validating manifest of git repo https://github.com/H2Sxxa/temproject on toolchain beta-2024-12-08
[INFO] running `Command { std: CARGO_HOME="/workspace/cargo-home" RUSTUP_HOME="/workspace/rustup-home" "/workspace/cargo-home/bin/cargo" "+beta-2024-12-08" "metadata" "--manifest-path" "Cargo.toml" "--no-deps", kill_on_drop: false }`
[INFO] started tweaking git repo https://github.com/H2Sxxa/temproject
[INFO] finished tweaking git repo https://github.com/H2Sxxa/temproject
[INFO] tweaked toml for git repo https://github.com/H2Sxxa/temproject written to /workspace/builds/worker-0-tc2/source/Cargo.toml
[INFO] crate git repo https://github.com/H2Sxxa/temproject already has a lockfile, it will not be regenerated
[INFO] running `Command { std: CARGO_HOME="/workspace/cargo-home" RUSTUP_HOME="/workspace/rustup-home" "/workspace/cargo-home/bin/cargo" "+beta-2024-12-08" "fetch" "--manifest-path" "Cargo.toml", kill_on_drop: false }`
[INFO] running `Command { std: "docker" "create" "-v" "/var/lib/crater-agent-workspace/builds/worker-0-tc2/target:/opt/rustwide/target:rw,Z" "-v" "/var/lib/crater-agent-workspace/builds/worker-0-tc2/source:/opt/rustwide/workdir:ro,Z" "-v" "/var/lib/crater-agent-workspace/cargo-home:/opt/rustwide/cargo-home:ro,Z" "-v" "/var/lib/crater-agent-workspace/rustup-home:/opt/rustwide/rustup-home:ro,Z" "-e" "SOURCE_DIR=/opt/rustwide/workdir" "-e" "CARGO_TARGET_DIR=/opt/rustwide/target" "-e" "CARGO_HOME=/opt/rustwide/cargo-home" "-e" "RUSTUP_HOME=/opt/rustwide/rustup-home" "-w" "/opt/rustwide/workdir" "-m" "1610612736" "--user" "0:0" "--network" "none" "ghcr.io/rust-lang/crates-build-env/linux@sha256:f3a9d4ad9d972b27faf3965f35b62e55ba32bbce8f20bc8fe909558a86702fde" "/opt/rustwide/cargo-home/bin/cargo" "+beta-2024-12-08" "metadata" "--no-deps" "--format-version=1", kill_on_drop: false }`
[INFO] [stdout] 8785615e9f4bbdeee3627fbe330eba41b9258584af35d78eb2d4175a3499fc2e
[INFO] running `Command { std: "docker" "start" "-a" "8785615e9f4bbdeee3627fbe330eba41b9258584af35d78eb2d4175a3499fc2e", kill_on_drop: false }`
[INFO] running `Command { std: "docker" "inspect" "8785615e9f4bbdeee3627fbe330eba41b9258584af35d78eb2d4175a3499fc2e", kill_on_drop: false }`
[INFO] running `Command { std: "docker" "rm" "-f" "8785615e9f4bbdeee3627fbe330eba41b9258584af35d78eb2d4175a3499fc2e", kill_on_drop: false }`
[INFO] [stdout] 8785615e9f4bbdeee3627fbe330eba41b9258584af35d78eb2d4175a3499fc2e
[INFO] running `Command { std: "docker" "create" "-v" "/var/lib/crater-agent-workspace/builds/worker-0-tc2/target:/opt/rustwide/target:rw,Z" "-v" "/var/lib/crater-agent-workspace/builds/worker-0-tc2/source:/opt/rustwide/workdir:ro,Z" "-v" "/var/lib/crater-agent-workspace/cargo-home:/opt/rustwide/cargo-home:ro,Z" "-v" "/var/lib/crater-agent-workspace/rustup-home:/opt/rustwide/rustup-home:ro,Z" "-e" "SOURCE_DIR=/opt/rustwide/workdir" "-e" "CARGO_TARGET_DIR=/opt/rustwide/target" "-e" "CARGO_INCREMENTAL=0" "-e" "RUST_BACKTRACE=full" "-e" "RUSTFLAGS=--cap-lints=warn" "-e" "RUSTDOCFLAGS=--cap-lints=warn" "-e" "CARGO_HOME=/opt/rustwide/cargo-home" "-e" "RUSTUP_HOME=/opt/rustwide/rustup-home" "-w" "/opt/rustwide/workdir" "-m" "1610612736" "--user" "0:0" "--network" "none" "ghcr.io/rust-lang/crates-build-env/linux@sha256:f3a9d4ad9d972b27faf3965f35b62e55ba32bbce8f20bc8fe909558a86702fde" "/opt/rustwide/cargo-home/bin/cargo" "+beta-2024-12-08" "build" "--frozen" "--message-format=json", kill_on_drop: false }`
[INFO] [stdout] 15eae82c0442e87edb9d0feb92d813f83c5b54576f30756731435d934567bf28
[INFO] running `Command { std: "docker" "start" "-a" "15eae82c0442e87edb9d0feb92d813f83c5b54576f30756731435d934567bf28", kill_on_drop: false }`
[INFO] [stderr]    Compiling proc-macro2 v1.0.85
[INFO] [stderr]    Compiling libc v0.2.155
[INFO] [stderr]    Compiling autocfg v1.3.0
[INFO] [stderr]    Compiling parking_lot_core v0.9.10
[INFO] [stderr]    Compiling utf8parse v0.2.1
[INFO] [stderr]    Compiling serde v1.0.203
[INFO] [stderr]    Compiling anstyle v1.0.7
[INFO] [stderr]    Compiling is_terminal_polyfill v1.70.0
[INFO] [stderr]    Compiling smallvec v1.13.2
[INFO] [stderr]    Compiling anstyle-parse v0.2.4
[INFO] [stderr]    Compiling anstyle-query v1.1.0
[INFO] [stderr]    Compiling colorchoice v1.0.1
[INFO] [stderr]    Compiling clap_lex v0.7.0
[INFO] [stderr]    Compiling anstream v0.6.14
[INFO] [stderr]    Compiling strsim v0.11.1
[INFO] [stderr]    Compiling heck v0.5.0
[INFO] [stderr]    Compiling bytes v1.6.0
[INFO] [stderr]    Compiling pin-project-lite v0.2.14
[INFO] [stderr]    Compiling lock_api v0.4.12
[INFO] [stderr]    Compiling clap_builder v4.5.2
[INFO] [stderr]    Compiling num_cpus v1.16.0
[INFO] [stderr]    Compiling mio v0.8.11
[INFO] [stderr]    Compiling quote v1.0.36
[INFO] [stderr]    Compiling parking_lot v0.12.3
[INFO] [stderr]    Compiling syn v2.0.66
[INFO] [stderr]    Compiling socket2 v0.5.7
[INFO] [stderr]    Compiling signal-hook-registry v1.4.2
[INFO] [stderr]    Compiling serde_derive v1.0.203
[INFO] [stderr]    Compiling clap_derive v4.5.4
[INFO] [stderr]    Compiling tokio-macros v2.3.0
[INFO] [stderr]    Compiling async-recursion v1.1.1
[INFO] [stderr]    Compiling tokio v1.38.0
[INFO] [stderr]    Compiling clap v4.5.4
[INFO] [stderr]    Compiling bincode v1.3.3
[INFO] [stderr]    Compiling temproject v0.1.0 (/opt/rustwide/workdir)
[INFO] [stdout] warning: unused variable: `name`
[INFO] [stdout]   --> src/main.rs:11:25
[INFO] [stdout]    |
[INFO] [stdout] 11 |         Commands::New { name } => todo!(),
[INFO] [stdout]    |                         ^^^^ help: try ignoring the field: `name: _`
[INFO] [stdout]    |
[INFO] [stdout]    = note: `#[warn(unused_variables)]` on by default
[INFO] [stdout] 
[INFO] [stdout] 
[INFO] [stdout] warning: unused variable: `name`
[INFO] [stdout]   --> src/main.rs:13:25
[INFO] [stdout]    |
[INFO] [stdout] 13 |         Commands::Add { name } => todo!(),
[INFO] [stdout]    |                         ^^^^ help: try ignoring the field: `name: _`
[INFO] [stdout] 
[INFO] [stdout] 
[INFO] [stdout] warning: unused variable: `name`
[INFO] [stdout]   --> src/main.rs:14:28
[INFO] [stdout]    |
[INFO] [stdout] 14 |         Commands::Remove { name } => todo!(),
[INFO] [stdout]    |                            ^^^^ help: try ignoring the field: `name: _`
[INFO] [stdout] 
[INFO] [stdout] 
[INFO] [stdout] warning: unused variable: `name`
[INFO] [stdout]   --> src/main.rs:16:32
[INFO] [stdout]    |
[INFO] [stdout] 16 |             NetCommands::New { name } => todo!(),
[INFO] [stdout]    |                                ^^^^ help: try ignoring the field: `name: _`
[INFO] [stdout] 
[INFO] [stdout] 
[INFO] [stdout] warning: unused variable: `name`
[INFO] [stdout]   --> src/main.rs:18:32
[INFO] [stdout]    |
[INFO] [stdout] 18 |             NetCommands::Add { name } => todo!(),
[INFO] [stdout]    |                                ^^^^ help: try ignoring the field: `name: _`
[INFO] [stdout] 
[INFO] [stdout] 
[INFO] [stdout] warning: unused variable: `name`
[INFO] [stdout]   --> src/main.rs:19:35
[INFO] [stdout]    |
[INFO] [stdout] 19 |             NetCommands::Remove { name } => todo!(),
[INFO] [stdout]    |                                   ^^^^ help: try ignoring the field: `name: _`
[INFO] [stdout] 
[INFO] [stdout] 
[INFO] [stdout] warning: associated items `from_dir`, `from_template_buff`, `from_template_path`, and `generate` are never used
[INFO] [stdout]   --> src/template.rs:12:18
[INFO] [stdout]    |
[INFO] [stdout] 11 | impl Template {
[INFO] [stdout]    | ------------- associated items in this implementation
[INFO] [stdout] 12 |     pub async fn from_dir(path: String) -> Self {
[INFO] [stdout]    |                  ^^^^^^^^
[INFO] [stdout] ...
[INFO] [stdout] 39 |     pub async fn from_template_buff(buff: Vec<u8>) -> Self {
[INFO] [stdout]    |                  ^^^^^^^^^^^^^^^^^^
[INFO] [stdout] ...
[INFO] [stdout] 43 |     pub async fn from_template_path(path: String) -> Self {
[INFO] [stdout]    |                  ^^^^^^^^^^^^^^^^^^
[INFO] [stdout] ...
[INFO] [stdout] 47 |     pub async fn generate(&self, target: String) {
[INFO] [stdout]    |                  ^^^^^^^^
[INFO] [stdout]    |
[INFO] [stdout]    = note: `#[warn(dead_code)]` on by default
[INFO] [stdout] 
[INFO] [stdout] 
[INFO] [stderr]     Finished `dev` profile [unoptimized + debuginfo] target(s) in 40.63s
[INFO] running `Command { std: "docker" "inspect" "15eae82c0442e87edb9d0feb92d813f83c5b54576f30756731435d934567bf28", kill_on_drop: false }`
[INFO] running `Command { std: "docker" "rm" "-f" "15eae82c0442e87edb9d0feb92d813f83c5b54576f30756731435d934567bf28", kill_on_drop: false }`
[INFO] [stdout] 15eae82c0442e87edb9d0feb92d813f83c5b54576f30756731435d934567bf28
[INFO] running `Command { std: "docker" "create" "-v" "/var/lib/crater-agent-workspace/builds/worker-0-tc2/target:/opt/rustwide/target:rw,Z" "-v" "/var/lib/crater-agent-workspace/builds/worker-0-tc2/source:/opt/rustwide/workdir:ro,Z" "-v" "/var/lib/crater-agent-workspace/cargo-home:/opt/rustwide/cargo-home:ro,Z" "-v" "/var/lib/crater-agent-workspace/rustup-home:/opt/rustwide/rustup-home:ro,Z" "-e" "SOURCE_DIR=/opt/rustwide/workdir" "-e" "CARGO_TARGET_DIR=/opt/rustwide/target" "-e" "CARGO_INCREMENTAL=0" "-e" "RUST_BACKTRACE=full" "-e" "RUSTFLAGS=--cap-lints=warn" "-e" "RUSTDOCFLAGS=--cap-lints=warn" "-e" "CARGO_HOME=/opt/rustwide/cargo-home" "-e" "RUSTUP_HOME=/opt/rustwide/rustup-home" "-w" "/opt/rustwide/workdir" "-m" "1610612736" "--user" "0:0" "--network" "none" "ghcr.io/rust-lang/crates-build-env/linux@sha256:f3a9d4ad9d972b27faf3965f35b62e55ba32bbce8f20bc8fe909558a86702fde" "/opt/rustwide/cargo-home/bin/cargo" "+beta-2024-12-08" "test" "--frozen" "--no-run" "--message-format=json", kill_on_drop: false }`
[INFO] [stdout] 9cd1562965c4ea89c25a7313aedcc37a7ccd782cf7585f9ab2a61e9070e7815b
[INFO] running `Command { std: "docker" "start" "-a" "9cd1562965c4ea89c25a7313aedcc37a7ccd782cf7585f9ab2a61e9070e7815b", kill_on_drop: false }`
[INFO] [stderr]    Compiling temproject v0.1.0 (/opt/rustwide/workdir)
[INFO] [stdout] warning: unused variable: `name`
[INFO] [stdout]   --> src/main.rs:11:25
[INFO] [stdout]    |
[INFO] [stdout] 11 |         Commands::New { name } => todo!(),
[INFO] [stdout]    |                         ^^^^ help: try ignoring the field: `name: _`
[INFO] [stdout]    |
[INFO] [stdout]    = note: `#[warn(unused_variables)]` on by default
[INFO] [stdout] 
[INFO] [stdout] 
[INFO] [stdout] warning: unused variable: `name`
[INFO] [stdout]   --> src/main.rs:13:25
[INFO] [stdout]    |
[INFO] [stdout] 13 |         Commands::Add { name } => todo!(),
[INFO] [stdout]    |                         ^^^^ help: try ignoring the field: `name: _`
[INFO] [stdout] 
[INFO] [stdout] 
[INFO] [stdout] warning: unused variable: `name`
[INFO] [stdout]   --> src/main.rs:14:28
[INFO] [stdout]    |
[INFO] [stdout] 14 |         Commands::Remove { name } => todo!(),
[INFO] [stdout]    |                            ^^^^ help: try ignoring the field: `name: _`
[INFO] [stdout] 
[INFO] [stdout] 
[INFO] [stdout] warning: unused variable: `name`
[INFO] [stdout]   --> src/main.rs:16:32
[INFO] [stdout]    |
[INFO] [stdout] 16 |             NetCommands::New { name } => todo!(),
[INFO] [stdout]    |                                ^^^^ help: try ignoring the field: `name: _`
[INFO] [stdout] 
[INFO] [stdout] 
[INFO] [stdout] warning: unused variable: `name`
[INFO] [stdout]   --> src/main.rs:18:32
[INFO] [stdout]    |
[INFO] [stdout] 18 |             NetCommands::Add { name } => todo!(),
[INFO] [stdout]    |                                ^^^^ help: try ignoring the field: `name: _`
[INFO] [stdout] 
[INFO] [stdout] 
[INFO] [stdout] warning: unused variable: `name`
[INFO] [stdout]   --> src/main.rs:19:35
[INFO] [stdout]    |
[INFO] [stdout] 19 |             NetCommands::Remove { name } => todo!(),
[INFO] [stdout]    |                                   ^^^^ help: try ignoring the field: `name: _`
[INFO] [stdout] 
[INFO] [stdout] 
[INFO] [stdout] warning: associated functions `from_template_buff` and `from_template_path` are never used
[INFO] [stdout]   --> src/template.rs:39:18
[INFO] [stdout]    |
[INFO] [stdout] 11 | impl Template {
[INFO] [stdout]    | ------------- associated functions in this implementation
[INFO] [stdout] ...
[INFO] [stdout] 39 |     pub async fn from_template_buff(buff: Vec<u8>) -> Self {
[INFO] [stdout]    |                  ^^^^^^^^^^^^^^^^^^
[INFO] [stdout] ...
[INFO] [stdout] 43 |     pub async fn from_template_path(path: String) -> Self {
[INFO] [stdout]    |                  ^^^^^^^^^^^^^^^^^^
[INFO] [stdout]    |
[INFO] [stdout]    = note: `#[warn(dead_code)]` on by default
[INFO] [stdout] 
[INFO] [stdout] 
[INFO] [stderr]     Finished `test` profile [unoptimized + debuginfo] target(s) in 3.28s
[INFO] running `Command { std: "docker" "inspect" "9cd1562965c4ea89c25a7313aedcc37a7ccd782cf7585f9ab2a61e9070e7815b", kill_on_drop: false }`
[INFO] running `Command { std: "docker" "rm" "-f" "9cd1562965c4ea89c25a7313aedcc37a7ccd782cf7585f9ab2a61e9070e7815b", kill_on_drop: false }`
[INFO] [stdout] 9cd1562965c4ea89c25a7313aedcc37a7ccd782cf7585f9ab2a61e9070e7815b
[INFO] running `Command { std: "docker" "create" "-v" "/var/lib/crater-agent-workspace/builds/worker-0-tc2/target:/opt/rustwide/target:rw,Z" "-v" "/var/lib/crater-agent-workspace/builds/worker-0-tc2/source:/opt/rustwide/workdir:ro,Z" "-v" "/var/lib/crater-agent-workspace/cargo-home:/opt/rustwide/cargo-home:ro,Z" "-v" "/var/lib/crater-agent-workspace/rustup-home:/opt/rustwide/rustup-home:ro,Z" "-e" "SOURCE_DIR=/opt/rustwide/workdir" "-e" "CARGO_TARGET_DIR=/opt/rustwide/target" "-e" "CARGO_INCREMENTAL=0" "-e" "RUST_BACKTRACE=full" "-e" "RUSTFLAGS=--cap-lints=warn" "-e" "RUSTDOCFLAGS=--cap-lints=warn" "-e" "CARGO_HOME=/opt/rustwide/cargo-home" "-e" "RUSTUP_HOME=/opt/rustwide/rustup-home" "-w" "/opt/rustwide/workdir" "-m" "1610612736" "--user" "0:0" "--network" "none" "ghcr.io/rust-lang/crates-build-env/linux@sha256:f3a9d4ad9d972b27faf3965f35b62e55ba32bbce8f20bc8fe909558a86702fde" "/opt/rustwide/cargo-home/bin/cargo" "+beta-2024-12-08" "test" "--frozen", kill_on_drop: false }`
[INFO] [stdout] 048da29f442ed8e365edb80e17194a7254c68459b2e4e8e6366e3d89a8f10df2
[INFO] running `Command { std: "docker" "start" "-a" "048da29f442ed8e365edb80e17194a7254c68459b2e4e8e6366e3d89a8f10df2", kill_on_drop: false }`
[INFO] [stderr] warning: unused variable: `name`
[INFO] [stderr]   --> src/main.rs:11:25
[INFO] [stderr]    |
[INFO] [stderr] 11 |         Commands::New { name } => todo!(),
[INFO] [stderr]    |                         ^^^^ help: try ignoring the field: `name: _`
[INFO] [stderr]    |
[INFO] [stderr]    = note: `#[warn(unused_variables)]` on by default
[INFO] [stderr] 
[INFO] [stderr] warning: unused variable: `name`
[INFO] [stderr]   --> src/main.rs:13:25
[INFO] [stderr]    |
[INFO] [stderr] 13 |         Commands::Add { name } => todo!(),
[INFO] [stderr]    |                         ^^^^ help: try ignoring the field: `name: _`
[INFO] [stderr] 
[INFO] [stderr] warning: unused variable: `name`
[INFO] [stderr]   --> src/main.rs:14:28
[INFO] [stderr]    |
[INFO] [stderr] 14 |         Commands::Remove { name } => todo!(),
[INFO] [stderr]    |                            ^^^^ help: try ignoring the field: `name: _`
[INFO] [stderr] 
[INFO] [stderr] warning: unused variable: `name`
[INFO] [stderr]   --> src/main.rs:16:32
[INFO] [stderr]    |
[INFO] [stderr] 16 |             NetCommands::New { name } => todo!(),
[INFO] [stderr]    |                                ^^^^ help: try ignoring the field: `name: _`
[INFO] [stderr] 
[INFO] [stderr] warning: unused variable: `name`
[INFO] [stderr]   --> src/main.rs:18:32
[INFO] [stderr]    |
[INFO] [stderr] 18 |             NetCommands::Add { name } => todo!(),
[INFO] [stderr]    |                                ^^^^ help: try ignoring the field: `name: _`
[INFO] [stderr] 
[INFO] [stderr] warning: unused variable: `name`
[INFO] [stderr]   --> src/main.rs:19:35
[INFO] [stderr]    |
[INFO] [stderr] 19 |             NetCommands::Remove { name } => todo!(),
[INFO] [stderr]    |                                   ^^^^ help: try ignoring the field: `name: _`
[INFO] [stderr] 
[INFO] [stderr] warning: associated functions `from_template_buff` and `from_template_path` are never used
[INFO] [stderr]   --> src/template.rs:39:18
[INFO] [stderr]    |
[INFO] [stderr] 11 | impl Template {
[INFO] [stderr]    | ------------- associated functions in this implementation
[INFO] [stderr] ...
[INFO] [stderr] 39 |     pub async fn from_template_buff(buff: Vec<u8>) -> Self {
[INFO] [stderr]    |                  ^^^^^^^^^^^^^^^^^^
[INFO] [stderr] ...
[INFO] [stderr] 43 |     pub async fn from_template_path(path: String) -> Self {
[INFO] [stderr]    |                  ^^^^^^^^^^^^^^^^^^
[INFO] [stderr]    |
[INFO] [stderr]    = note: `#[warn(dead_code)]` on by default
[INFO] [stderr] 
[INFO] [stderr] warning: `temproject` (bin "temproject" test) generated 7 warnings
[INFO] [stderr]     Finished `test` profile [unoptimized + debuginfo] target(s) in 0.09s
[INFO] [stderr]      Running unittests src/main.rs (/opt/rustwide/target/debug/deps/temproject-cd0d20e6fbb12153)
[INFO] [stdout] 
[INFO] [stdout] running 1 test
[INFO] [stdout] test template::test_dir ... FAILED
[INFO] [stdout] 
[INFO] [stdout] failures:
[INFO] [stdout] 
[INFO] [stdout] ---- template::test_dir stdout ----
[INFO] [stdout] thread 'template::test_dir' panicked at src/template.rs:49:33:
[INFO] [stdout] called `Result::unwrap()` on an `Err` value: Os { code: 2, kind: NotFound, message: "No such file or directory" }
[INFO] [stdout] stack backtrace:
[INFO] [stdout]    0:     0x622596c333ba - std::backtrace_rs::backtrace::libunwind::trace::h8810477743020387
[INFO] [stdout]                                at /rustc/202008a1b8de96d2e5b6bc02d379db03a877d34d/library/std/src/../../backtrace/src/backtrace/libunwind.rs:116:5
[INFO] [stdout]    1:     0x622596c333ba - std::backtrace_rs::backtrace::trace_unsynchronized::h3aa55355dd6c54a6
[INFO] [stdout]                                at /rustc/202008a1b8de96d2e5b6bc02d379db03a877d34d/library/std/src/../../backtrace/src/backtrace/mod.rs:66:5
[INFO] [stdout]    2:     0x622596c333ba - std::sys::backtrace::_print_fmt::h8588b0f62410823f
[INFO] [stdout]                                at /rustc/202008a1b8de96d2e5b6bc02d379db03a877d34d/library/std/src/sys/backtrace.rs:66:9
[INFO] [stdout]    3:     0x622596c333ba - <std::sys::backtrace::BacktraceLock::print::DisplayBacktrace as core::fmt::Display>::fmt::h98c26ac25ffe89bb
[INFO] [stdout]                                at /rustc/202008a1b8de96d2e5b6bc02d379db03a877d34d/library/std/src/sys/backtrace.rs:39:26
[INFO] [stdout]    4:     0x622596c59913 - core::fmt::rt::Argument::fmt::hf95377f4aebd453b
[INFO] [stdout]                                at /rustc/202008a1b8de96d2e5b6bc02d379db03a877d34d/library/core/src/fmt/rt.rs:177:76
[INFO] [stdout]    5:     0x622596c59913 - core::fmt::write::h0dd5f6e2238c7982
[INFO] [stdout]                                at /rustc/202008a1b8de96d2e5b6bc02d379db03a877d34d/library/core/src/fmt/mod.rs:1189:21
[INFO] [stdout]    6:     0x622596c30243 - std::io::Write::write_fmt::h03bb0ca26e6faf8c
[INFO] [stdout]                                at /rustc/202008a1b8de96d2e5b6bc02d379db03a877d34d/library/std/src/io/mod.rs:1884:15
[INFO] [stdout]    7:     0x622596c33202 - std::sys::backtrace::BacktraceLock::print::h5c19c1c038ee186d
[INFO] [stdout]                                at /rustc/202008a1b8de96d2e5b6bc02d379db03a877d34d/library/std/src/sys/backtrace.rs:42:9
[INFO] [stdout]    8:     0x622596c3483d - std::panicking::default_hook::{{closure}}::h77172f079a1fcb13
[INFO] [stdout]                                at /rustc/202008a1b8de96d2e5b6bc02d379db03a877d34d/library/std/src/panicking.rs:268:22
[INFO] [stdout]    9:     0x622596c34647 - std::panicking::default_hook::he5f8e3b203ccddba
[INFO] [stdout]                                at /rustc/202008a1b8de96d2e5b6bc02d379db03a877d34d/library/std/src/panicking.rs:292:9
[INFO] [stdout]   10:     0x622596b4a8d7 - <alloc::boxed::Box<F,A> as core::ops::function::Fn<Args>>::call::h7a3c7b4a1ae77f2f
[INFO] [stdout]                                at /rustc/202008a1b8de96d2e5b6bc02d379db03a877d34d/library/alloc/src/boxed.rs:1986:9
[INFO] [stdout]   11:     0x622596b4a8d7 - test::test_main::{{closure}}::hf0d3b69ae9b353d1
[INFO] [stdout]                                at /rustc/202008a1b8de96d2e5b6bc02d379db03a877d34d/library/test/src/lib.rs:134:21
[INFO] [stdout]   12:     0x622596c34ee8 - <alloc::boxed::Box<F,A> as core::ops::function::Fn<Args>>::call::h6332e82e7b189abd
[INFO] [stdout]                                at /rustc/202008a1b8de96d2e5b6bc02d379db03a877d34d/library/alloc/src/boxed.rs:1986:9
[INFO] [stdout]   13:     0x622596c34ee8 - std::panicking::rust_panic_with_hook::h53863d4e9018df39
[INFO] [stdout]                                at /rustc/202008a1b8de96d2e5b6bc02d379db03a877d34d/library/std/src/panicking.rs:809:13
[INFO] [stdout]   14:     0x622596c34caa - std::panicking::begin_panic_handler::{{closure}}::h67280e6fa0757873
[INFO] [stdout]                                at /rustc/202008a1b8de96d2e5b6bc02d379db03a877d34d/library/std/src/panicking.rs:674:13
[INFO] [stdout]   15:     0x622596c33899 - std::sys::backtrace::__rust_end_short_backtrace::h1dac3f54d6fbbeb2
[INFO] [stdout]                                at /rustc/202008a1b8de96d2e5b6bc02d379db03a877d34d/library/std/src/sys/backtrace.rs:170:18
[INFO] [stdout]   16:     0x622596c3493c - rust_begin_unwind
[INFO] [stdout]                                at /rustc/202008a1b8de96d2e5b6bc02d379db03a877d34d/library/std/src/panicking.rs:665:5
[INFO] [stdout]   17:     0x622596ae1d80 - core::panicking::panic_fmt::h6792bd1b2bf01041
[INFO] [stdout]                                at /rustc/202008a1b8de96d2e5b6bc02d379db03a877d34d/library/core/src/panicking.rs:76:14
[INFO] [stdout]   18:     0x622596ae2226 - core::result::unwrap_failed::h05e0602ed34287c5
[INFO] [stdout]                                at /rustc/202008a1b8de96d2e5b6bc02d379db03a877d34d/library/core/src/result.rs:1699:5
[INFO] [stdout]   19:     0x622596aff985 - core::result::Result<T,E>::unwrap::h9d524f63674bb3b0
[INFO] [stdout]                                at /rustc/202008a1b8de96d2e5b6bc02d379db03a877d34d/library/core/src/result.rs:1104:23
[INFO] [stdout]   20:     0x622596aff985 - temproject::template::Template::generate::{{closure}}::h05ba005011c41ae4
[INFO] [stdout]                                at /opt/rustwide/workdir/src/template.rs:49:9
[INFO] [stdout]   21:     0x622596b01b59 - temproject::template::test_dir::{{closure}}::h34e2882659b41e67
[INFO] [stdout]                                at /opt/rustwide/workdir/src/template.rs:64:34
[INFO] [stdout]   22:     0x622596af5f02 - <core::pin::Pin<P> as core::future::future::Future>::poll::h4e534d82c635bfb5
[INFO] [stdout]                                at /rustc/202008a1b8de96d2e5b6bc02d379db03a877d34d/library/core/src/future/future.rs:124:9
[INFO] [stdout]   23:     0x622596af5f3d - <core::pin::Pin<P> as core::future::future::Future>::poll::ha70742fc611e8d15
[INFO] [stdout]                                at /rustc/202008a1b8de96d2e5b6bc02d379db03a877d34d/library/core/src/future/future.rs:124:9
[INFO] [stdout]   24:     0x622596b10dff - tokio::runtime::scheduler::current_thread::CoreGuard::block_on::{{closure}}::{{closure}}::{{closure}}::h43ffd095005a2c5b
[INFO] [stdout]                                at /opt/rustwide/cargo-home/registry/src/index.crates.io-6f17d22bba15001f/tokio-1.38.0/src/runtime/scheduler/current_thread/mod.rs:659:57
[INFO] [stdout]   25:     0x622596b10d35 - tokio::runtime::coop::with_budget::h382d7ec5f83670bf
[INFO] [stdout]                                at /opt/rustwide/cargo-home/registry/src/index.crates.io-6f17d22bba15001f/tokio-1.38.0/src/runtime/coop.rs:107:5
[INFO] [stdout]   26:     0x622596b10d35 - tokio::runtime::coop::budget::h0f91e2fff756593a
[INFO] [stdout]                                at /opt/rustwide/cargo-home/registry/src/index.crates.io-6f17d22bba15001f/tokio-1.38.0/src/runtime/coop.rs:73:5
[INFO] [stdout]   27:     0x622596b10d35 - tokio::runtime::scheduler::current_thread::CoreGuard::block_on::{{closure}}::{{closure}}::h3366c3bc33f2e43f
[INFO] [stdout]                                at /opt/rustwide/cargo-home/registry/src/index.crates.io-6f17d22bba15001f/tokio-1.38.0/src/runtime/scheduler/current_thread/mod.rs:659:25
[INFO] [stdout]   28:     0x622596b0f7f0 - tokio::runtime::scheduler::current_thread::Context::enter::h153e24915e6e58c8
[INFO] [stdout]                                at /opt/rustwide/cargo-home/registry/src/index.crates.io-6f17d22bba15001f/tokio-1.38.0/src/runtime/scheduler/current_thread/mod.rs:404:19
[INFO] [stdout]   29:     0x622596b1059e - tokio::runtime::scheduler::current_thread::CoreGuard::block_on::{{closure}}::hdea7c7cddaa7fc44
[INFO] [stdout]                                at /opt/rustwide/cargo-home/registry/src/index.crates.io-6f17d22bba15001f/tokio-1.38.0/src/runtime/scheduler/current_thread/mod.rs:658:36
[INFO] [stdout]   30:     0x622596b10314 - tokio::runtime::scheduler::current_thread::CoreGuard::enter::{{closure}}::hdb46ce2954ccef2d
[INFO] [stdout]                                at /opt/rustwide/cargo-home/registry/src/index.crates.io-6f17d22bba15001f/tokio-1.38.0/src/runtime/scheduler/current_thread/mod.rs:737:68
[INFO] [stdout]   31:     0x622596b0f11b - tokio::runtime::context::scoped::Scoped<T>::set::h46da4bebe121dc85
[INFO] [stdout]                                at /opt/rustwide/cargo-home/registry/src/index.crates.io-6f17d22bba15001f/tokio-1.38.0/src/runtime/context/scoped.rs:40:9
[INFO] [stdout]   32:     0x622596b04029 - tokio::runtime::context::set_scheduler::{{closure}}::h3fc64ca393090a42
[INFO] [stdout]                                at /opt/rustwide/cargo-home/registry/src/index.crates.io-6f17d22bba15001f/tokio-1.38.0/src/runtime/context.rs:180:26
[INFO] [stdout]   33:     0x622596b08ecd - std::thread::local::LocalKey<T>::try_with::hf49b84094455bd06
[INFO] [stdout]                                at /rustc/202008a1b8de96d2e5b6bc02d379db03a877d34d/library/std/src/thread/local.rs:283:12
[INFO] [stdout]   34:     0x622596b0867a - std::thread::local::LocalKey<T>::with::h5c34ae3f4b93cd00
[INFO] [stdout]                                at /rustc/202008a1b8de96d2e5b6bc02d379db03a877d34d/library/std/src/thread/local.rs:260:9
[INFO] [stdout]   35:     0x622596b03fdd - tokio::runtime::context::set_scheduler::he001bf60a8efb932
[INFO] [stdout]                                at /opt/rustwide/cargo-home/registry/src/index.crates.io-6f17d22bba15001f/tokio-1.38.0/src/runtime/context.rs:180:9
[INFO] [stdout]   36:     0x622596b100c0 - tokio::runtime::scheduler::current_thread::CoreGuard::enter::h07a498257c70eba0
[INFO] [stdout]                                at /opt/rustwide/cargo-home/registry/src/index.crates.io-6f17d22bba15001f/tokio-1.38.0/src/runtime/scheduler/current_thread/mod.rs:737:27
[INFO] [stdout]   37:     0x622596b10333 - tokio::runtime::scheduler::current_thread::CoreGuard::block_on::h8dffcaa09a400078
[INFO] [stdout]                                at /opt/rustwide/cargo-home/registry/src/index.crates.io-6f17d22bba15001f/tokio-1.38.0/src/runtime/scheduler/current_thread/mod.rs:646:19
[INFO] [stdout]   38:     0x622596b0f32d - tokio::runtime::scheduler::current_thread::CurrentThread::block_on::{{closure}}::h0e28178ab2198fcb
[INFO] [stdout]                                at /opt/rustwide/cargo-home/registry/src/index.crates.io-6f17d22bba15001f/tokio-1.38.0/src/runtime/scheduler/current_thread/mod.rs:175:28
[INFO] [stdout]   39:     0x622596b0aeb6 - tokio::runtime::context::runtime::enter_runtime::h97f1df7aa0d80964
[INFO] [stdout]                                at /opt/rustwide/cargo-home/registry/src/index.crates.io-6f17d22bba15001f/tokio-1.38.0/src/runtime/context/runtime.rs:65:16
[INFO] [stdout]   40:     0x622596b0f241 - tokio::runtime::scheduler::current_thread::CurrentThread::block_on::hd9af62aceeb2e776
[INFO] [stdout]                                at /opt/rustwide/cargo-home/registry/src/index.crates.io-6f17d22bba15001f/tokio-1.38.0/src/runtime/scheduler/current_thread/mod.rs:167:9
[INFO] [stdout]   41:     0x622596b0b69d - tokio::runtime::runtime::Runtime::block_on::h9959e24523a5f1ad
[INFO] [stdout]                                at /opt/rustwide/cargo-home/registry/src/index.crates.io-6f17d22bba15001f/tokio-1.38.0/src/runtime/runtime.rs:347:47
[INFO] [stdout]   42:     0x622596b0175e - temproject::template::test_dir::hd02d33e70f6bb9d9
[INFO] [stdout]                                at /opt/rustwide/workdir/src/template.rs:64:5
[INFO] [stdout]   43:     0x622596b01607 - temproject::template::test_dir::{{closure}}::h3125817fdc166677
[INFO] [stdout]                                at /opt/rustwide/workdir/src/template.rs:61:20
[INFO] [stdout]   44:     0x622596aecc56 - core::ops::function::FnOnce::call_once::h7daa9adbcc2fd277
[INFO] [stdout]                                at /rustc/202008a1b8de96d2e5b6bc02d379db03a877d34d/library/core/src/ops/function.rs:250:5
[INFO] [stdout]   45:     0x622596b4f3fb - core::ops::function::FnOnce::call_once::h871bf86719ec9aa4
[INFO] [stdout]                                at /rustc/202008a1b8de96d2e5b6bc02d379db03a877d34d/library/core/src/ops/function.rs:250:5
[INFO] [stdout]   46:     0x622596b4f3fb - test::__rust_begin_short_backtrace::h2167df1e2b7d76fd
[INFO] [stdout]                                at /rustc/202008a1b8de96d2e5b6bc02d379db03a877d34d/library/test/src/lib.rs:632:18
[INFO] [stdout]   47:     0x622596b4ede8 - test::run_test_in_process::{{closure}}::h15d92f75a3adfb79
[INFO] [stdout]                                at /rustc/202008a1b8de96d2e5b6bc02d379db03a877d34d/library/test/src/lib.rs:655:60
[INFO] [stdout]   48:     0x622596b4ede8 - <core::panic::unwind_safe::AssertUnwindSafe<F> as core::ops::function::FnOnce<()>>::call_once::hb6c8955835a8dbbb
[INFO] [stdout]                                at /rustc/202008a1b8de96d2e5b6bc02d379db03a877d34d/library/core/src/panic/unwind_safe.rs:272:9
[INFO] [stdout]   49:     0x622596b4ede8 - std::panicking::try::do_call::hc79d0fc888a0bd30
[INFO] [stdout]                                at /rustc/202008a1b8de96d2e5b6bc02d379db03a877d34d/library/std/src/panicking.rs:557:40
[INFO] [stdout]   50:     0x622596b4ede8 - std::panicking::try::hb8a7878e3a8589d6
[INFO] [stdout]                                at /rustc/202008a1b8de96d2e5b6bc02d379db03a877d34d/library/std/src/panicking.rs:520:19
[INFO] [stdout]   51:     0x622596b4ede8 - std::panic::catch_unwind::hb8e4600ff0ff5cfa
[INFO] [stdout]                                at /rustc/202008a1b8de96d2e5b6bc02d379db03a877d34d/library/std/src/panic.rs:358:14
[INFO] [stdout]   52:     0x622596b4ede8 - test::run_test_in_process::hc2900b0b18688dd6
[INFO] [stdout]                                at /rustc/202008a1b8de96d2e5b6bc02d379db03a877d34d/library/test/src/lib.rs:655:27
[INFO] [stdout]   53:     0x622596b4ede8 - test::run_test::{{closure}}::hac2a9cb07be3d48d
[INFO] [stdout]                                at /rustc/202008a1b8de96d2e5b6bc02d379db03a877d34d/library/test/src/lib.rs:576:43
[INFO] [stdout]   54:     0x622596b1288a - test::run_test::{{closure}}::h4a5b729e66a38cd8
[INFO] [stdout]                                at /rustc/202008a1b8de96d2e5b6bc02d379db03a877d34d/library/test/src/lib.rs:606:41
[INFO] [stdout]   55:     0x622596b1288a - std::sys::backtrace::__rust_begin_short_backtrace::h0496fb742492f573
[INFO] [stdout]                                at /rustc/202008a1b8de96d2e5b6bc02d379db03a877d34d/library/std/src/sys/backtrace.rs:154:18
[INFO] [stdout]   56:     0x622596b16204 - std::thread::Builder::spawn_unchecked_::{{closure}}::{{closure}}::hbb6d257c550a54bd
[INFO] [stdout]                                at /rustc/202008a1b8de96d2e5b6bc02d379db03a877d34d/library/std/src/thread/mod.rs:561:17
[INFO] [stdout]   57:     0x622596b16204 - <core::panic::unwind_safe::AssertUnwindSafe<F> as core::ops::function::FnOnce<()>>::call_once::h46696fe4a6832328
[INFO] [stdout]                                at /rustc/202008a1b8de96d2e5b6bc02d379db03a877d34d/library/core/src/panic/unwind_safe.rs:272:9
[INFO] [stdout]   58:     0x622596b16204 - std::panicking::try::do_call::h2625a51b667bfb64
[INFO] [stdout]                                at /rustc/202008a1b8de96d2e5b6bc02d379db03a877d34d/library/std/src/panicking.rs:557:40
[INFO] [stdout]   59:     0x622596b16204 - std::panicking::try::hb956a59a1973aa4c
[INFO] [stdout]                                at /rustc/202008a1b8de96d2e5b6bc02d379db03a877d34d/library/std/src/panicking.rs:520:19
[INFO] [stdout]   60:     0x622596b16204 - std::panic::catch_unwind::h64f3b9d1067ef6a0
[INFO] [stdout]                                at /rustc/202008a1b8de96d2e5b6bc02d379db03a877d34d/library/std/src/panic.rs:358:14
[INFO] [stdout]   61:     0x622596b16204 - std::thread::Builder::spawn_unchecked_::{{closure}}::h42b2841295b6c0b2
[INFO] [stdout]                                at /rustc/202008a1b8de96d2e5b6bc02d379db03a877d34d/library/std/src/thread/mod.rs:559:30
[INFO] [stdout]   62:     0x622596b16204 - core::ops::function::FnOnce::call_once{{vtable.shim}}::h6127de71b8124639
[INFO] [stdout]                                at /rustc/202008a1b8de96d2e5b6bc02d379db03a877d34d/library/core/src/ops/function.rs:250:5
[INFO] [stdout]   63:     0x622596c3979b - <alloc::boxed::Box<F,A> as core::ops::function::FnOnce<Args>>::call_once::h42f0ba71002a1b2c
[INFO] [stdout]                                at /rustc/202008a1b8de96d2e5b6bc02d379db03a877d34d/library/alloc/src/boxed.rs:1972:9
[INFO] [stdout]   64:     0x622596c3979b - <alloc::boxed::Box<F,A> as core::ops::function::FnOnce<Args>>::call_once::had9e47d7a3dcecb8
[INFO] [stdout]                                at /rustc/202008a1b8de96d2e5b6bc02d379db03a877d34d/library/alloc/src/boxed.rs:1972:9
[INFO] [stdout]   65:     0x622596c3979b - std::sys::pal::unix::thread::Thread::new::thread_start::h48cf765408f6f5f2
[INFO] [stdout]                                at /rustc/202008a1b8de96d2e5b6bc02d379db03a877d34d/library/std/src/sys/pal/unix/thread.rs:105:17
[INFO] [stdout]   66:     0x724bb05b6ac3 - <unknown>
[INFO] [stdout]   67:     0x724bb0647a04 - clone
[INFO] [stdout]   68:                0x0 - <unknown>
[INFO] [stdout] 
[INFO] [stdout] 
[INFO] [stdout] failures:
[INFO] [stdout]     template::test_dir
[INFO] [stdout] 
[INFO] [stdout] test result: FAILED. 0 passed; 1 failed; 0 ignored; 0 measured; 0 filtered out; finished in 0.05s
[INFO] [stdout] 
[INFO] [stderr] error: test failed, to rerun pass `--bin temproject`
[INFO] running `Command { std: "docker" "inspect" "048da29f442ed8e365edb80e17194a7254c68459b2e4e8e6366e3d89a8f10df2", kill_on_drop: false }`
[INFO] running `Command { std: "docker" "rm" "-f" "048da29f442ed8e365edb80e17194a7254c68459b2e4e8e6366e3d89a8f10df2", kill_on_drop: false }`
[INFO] [stdout] 048da29f442ed8e365edb80e17194a7254c68459b2e4e8e6366e3d89a8f10df2
