[INFO] cloning repository https://github.com/Gutz02/xml_proc
[INFO] running `Command { std: "git" "-c" "credential.helper=" "-c" "credential.helper=/workspace/cargo-home/bin/git-credential-null" "clone" "--bare" "https://github.com/Gutz02/xml_proc" "/workspace/cache/git-repos/https%3A%2F%2Fgithub.com%2FGutz02%2Fxml_proc", kill_on_drop: false }`
[INFO] [stderr] Cloning into bare repository '/workspace/cache/git-repos/https%3A%2F%2Fgithub.com%2FGutz02%2Fxml_proc'...
[INFO] running `Command { std: "git" "rev-parse" "HEAD", kill_on_drop: false }`
[INFO] [stdout] c95b7688093bb4a0e0297d2d50f73c8947f26ade
[INFO] testing Gutz02/xml_proc against 1.83.0 for beta-1.84.0-4-retry
[INFO] running `Command { std: "git" "clone" "/workspace/cache/git-repos/https%3A%2F%2Fgithub.com%2FGutz02%2Fxml_proc" "/workspace/builds/worker-0-tc1/source", kill_on_drop: false }`
[INFO] [stderr] Cloning into '/workspace/builds/worker-0-tc1/source'...
[INFO] [stderr] done.
[INFO] validating manifest of git repo https://github.com/Gutz02/xml_proc on toolchain 1.83.0
[INFO] running `Command { std: CARGO_HOME="/workspace/cargo-home" RUSTUP_HOME="/workspace/rustup-home" "/workspace/cargo-home/bin/cargo" "+1.83.0" "metadata" "--manifest-path" "Cargo.toml" "--no-deps", kill_on_drop: false }`
[INFO] started tweaking git repo https://github.com/Gutz02/xml_proc
[INFO] finished tweaking git repo https://github.com/Gutz02/xml_proc
[INFO] tweaked toml for git repo https://github.com/Gutz02/xml_proc written to /workspace/builds/worker-0-tc1/source/Cargo.toml
[INFO] crate git repo https://github.com/Gutz02/xml_proc already has a lockfile, it will not be regenerated
[INFO] running `Command { std: CARGO_HOME="/workspace/cargo-home" RUSTUP_HOME="/workspace/rustup-home" "/workspace/cargo-home/bin/cargo" "+1.83.0" "fetch" "--manifest-path" "Cargo.toml", kill_on_drop: false }`
[INFO] running `Command { std: "docker" "create" "-v" "/var/lib/crater-agent-workspace/builds/worker-0-tc1/target:/opt/rustwide/target:rw,Z" "-v" "/var/lib/crater-agent-workspace/builds/worker-0-tc1/source:/opt/rustwide/workdir:ro,Z" "-v" "/var/lib/crater-agent-workspace/cargo-home:/opt/rustwide/cargo-home:ro,Z" "-v" "/var/lib/crater-agent-workspace/rustup-home:/opt/rustwide/rustup-home:ro,Z" "-e" "SOURCE_DIR=/opt/rustwide/workdir" "-e" "CARGO_TARGET_DIR=/opt/rustwide/target" "-e" "CARGO_HOME=/opt/rustwide/cargo-home" "-e" "RUSTUP_HOME=/opt/rustwide/rustup-home" "-w" "/opt/rustwide/workdir" "-m" "1610612736" "--user" "0:0" "--network" "none" "ghcr.io/rust-lang/crates-build-env/linux@sha256:f3a9d4ad9d972b27faf3965f35b62e55ba32bbce8f20bc8fe909558a86702fde" "/opt/rustwide/cargo-home/bin/cargo" "+1.83.0" "metadata" "--no-deps" "--format-version=1", kill_on_drop: false }`
[INFO] [stdout] 0e02057cbf52daa2329ac52dc1c0747cf593aad8a952b506581b8b5527328099
[INFO] running `Command { std: "docker" "start" "-a" "0e02057cbf52daa2329ac52dc1c0747cf593aad8a952b506581b8b5527328099", kill_on_drop: false }`
[INFO] running `Command { std: "docker" "inspect" "0e02057cbf52daa2329ac52dc1c0747cf593aad8a952b506581b8b5527328099", kill_on_drop: false }`
[INFO] running `Command { std: "docker" "rm" "-f" "0e02057cbf52daa2329ac52dc1c0747cf593aad8a952b506581b8b5527328099", kill_on_drop: false }`
[INFO] [stdout] 0e02057cbf52daa2329ac52dc1c0747cf593aad8a952b506581b8b5527328099
[INFO] running `Command { std: "docker" "create" "-v" "/var/lib/crater-agent-workspace/builds/worker-0-tc1/target:/opt/rustwide/target:rw,Z" "-v" "/var/lib/crater-agent-workspace/builds/worker-0-tc1/source:/opt/rustwide/workdir:ro,Z" "-v" "/var/lib/crater-agent-workspace/cargo-home:/opt/rustwide/cargo-home:ro,Z" "-v" "/var/lib/crater-agent-workspace/rustup-home:/opt/rustwide/rustup-home:ro,Z" "-e" "SOURCE_DIR=/opt/rustwide/workdir" "-e" "CARGO_TARGET_DIR=/opt/rustwide/target" "-e" "CARGO_INCREMENTAL=0" "-e" "RUST_BACKTRACE=full" "-e" "RUSTFLAGS=--cap-lints=warn" "-e" "RUSTDOCFLAGS=--cap-lints=warn" "-e" "CARGO_HOME=/opt/rustwide/cargo-home" "-e" "RUSTUP_HOME=/opt/rustwide/rustup-home" "-w" "/opt/rustwide/workdir" "-m" "1610612736" "--user" "0:0" "--network" "none" "ghcr.io/rust-lang/crates-build-env/linux@sha256:f3a9d4ad9d972b27faf3965f35b62e55ba32bbce8f20bc8fe909558a86702fde" "/opt/rustwide/cargo-home/bin/cargo" "+1.83.0" "build" "--frozen" "--message-format=json", kill_on_drop: false }`
[INFO] [stdout] 0b430881d83a6668f5f8d128f16188e2efdfb775bdc0bb463f06cceeae19a3a5
[INFO] running `Command { std: "docker" "start" "-a" "0b430881d83a6668f5f8d128f16188e2efdfb775bdc0bb463f06cceeae19a3a5", kill_on_drop: false }`
[INFO] [stderr]    Compiling xml_proc v0.1.0 (/opt/rustwide/workdir)
[INFO] [stdout] warning: value assigned to `wanted_id` is never read
[INFO] [stdout]    --> src/xml_proc.rs:195:13
[INFO] [stdout]     |
[INFO] [stdout] 195 |     let mut wanted_id : usize = 0;
[INFO] [stdout]     |             ^^^^^^^^^
[INFO] [stdout]     |
[INFO] [stdout]     = help: maybe it is overwritten before being read?
[INFO] [stdout]     = note: `#[warn(unused_assignments)]` on by default
[INFO] [stdout] 
[INFO] [stdout] 
[INFO] [stdout] warning: value assigned to `wanted_id` is never read
[INFO] [stdout]    --> src/xml_proc.rs:195:13
[INFO] [stdout]     |
[INFO] [stdout] 195 |     let mut wanted_id : usize = 0;
[INFO] [stdout]     |             ^^^^^^^^^
[INFO] [stdout]     |
[INFO] [stdout]     = help: maybe it is overwritten before being read?
[INFO] [stdout]     = note: `#[warn(unused_assignments)]` on by default
[INFO] [stdout] 
[INFO] [stdout] 
[INFO] [stdout] warning: unused variable: `string_error`
[INFO] [stdout]   --> src/main.rs:19:13
[INFO] [stdout]    |
[INFO] [stdout] 19 |         Err(string_error) => {
[INFO] [stdout]    |             ^^^^^^^^^^^^ help: if this is intentional, prefix it with an underscore: `_string_error`
[INFO] [stdout]    |
[INFO] [stdout]    = note: `#[warn(unused_variables)]` on by default
[INFO] [stdout] 
[INFO] [stdout] 
[INFO] [stdout] warning: function `print_content` is never used
[INFO] [stdout]   --> src/xml_proc.rs:12:8
[INFO] [stdout]    |
[INFO] [stdout] 12 | pub fn print_content(file_name: &str){
[INFO] [stdout]    |        ^^^^^^^^^^^^^
[INFO] [stdout]    |
[INFO] [stdout]    = note: `#[warn(dead_code)]` on by default
[INFO] [stdout] 
[INFO] [stdout] 
[INFO] [stdout] warning: function `get_inner_element` is never used
[INFO] [stdout]   --> src/xml_proc.rs:40:8
[INFO] [stdout]    |
[INFO] [stdout] 40 | pub fn get_inner_element(line: &String) -> String{
[INFO] [stdout]    |        ^^^^^^^^^^^^^^^^^
[INFO] [stdout] 
[INFO] [stdout] 
[INFO] [stdout] warning: fields `root`, `leaf`, and `indentation` are never read
[INFO] [stdout]   --> src/tree_struct.rs:5:5
[INFO] [stdout]    |
[INFO] [stdout] 3  | pub struct Node {
[INFO] [stdout]    |            ---- fields in this struct
[INFO] [stdout] 4  |     name: String,
[INFO] [stdout] 5  |     root: bool,
[INFO] [stdout]    |     ^^^^
[INFO] [stdout] 6  |     leaf: bool,
[INFO] [stdout]    |     ^^^^
[INFO] [stdout] ...
[INFO] [stdout] 11 |     indentation : usize,
[INFO] [stdout]    |     ^^^^^^^^^^^
[INFO] [stdout] 
[INFO] [stdout] 
[INFO] [stdout] warning: methods `get_attribute_value`, `is_root`, `is_leaf`, `get_indentation`, `set_indentation`, and `set_id` are never used
[INFO] [stdout]   --> src/tree_struct.rs:41:12
[INFO] [stdout]    |
[INFO] [stdout] 15 | impl Node {
[INFO] [stdout]    | --------- methods in this implementation
[INFO] [stdout] ...
[INFO] [stdout] 41 |     pub fn get_attribute_value(&self, k: &str) -> Result<String, String> {
[INFO] [stdout]    |            ^^^^^^^^^^^^^^^^^^^
[INFO] [stdout] ...
[INFO] [stdout] 73 |     pub fn is_root(&self) -> bool {
[INFO] [stdout]    |            ^^^^^^^
[INFO] [stdout] ...
[INFO] [stdout] 77 |     pub fn is_leaf(&self) -> bool {
[INFO] [stdout]    |            ^^^^^^^
[INFO] [stdout] ...
[INFO] [stdout] 81 |     pub fn get_indentation(&self) -> usize{
[INFO] [stdout]    |            ^^^^^^^^^^^^^^^
[INFO] [stdout] ...
[INFO] [stdout] 85 |     pub fn set_indentation(&mut self, amount : usize){
[INFO] [stdout]    |            ^^^^^^^^^^^^^^^
[INFO] [stdout] ...
[INFO] [stdout] 93 |     pub fn set_id(&mut self, new_id : usize){
[INFO] [stdout]    |            ^^^^^^
[INFO] [stdout] 
[INFO] [stdout] 
[INFO] [stderr]     Finished `dev` profile [unoptimized + debuginfo] target(s) in 1.09s
[INFO] running `Command { std: "docker" "inspect" "0b430881d83a6668f5f8d128f16188e2efdfb775bdc0bb463f06cceeae19a3a5", kill_on_drop: false }`
[INFO] running `Command { std: "docker" "rm" "-f" "0b430881d83a6668f5f8d128f16188e2efdfb775bdc0bb463f06cceeae19a3a5", kill_on_drop: false }`
[INFO] [stdout] 0b430881d83a6668f5f8d128f16188e2efdfb775bdc0bb463f06cceeae19a3a5
[INFO] running `Command { std: "docker" "create" "-v" "/var/lib/crater-agent-workspace/builds/worker-0-tc1/target:/opt/rustwide/target:rw,Z" "-v" "/var/lib/crater-agent-workspace/builds/worker-0-tc1/source:/opt/rustwide/workdir:ro,Z" "-v" "/var/lib/crater-agent-workspace/cargo-home:/opt/rustwide/cargo-home:ro,Z" "-v" "/var/lib/crater-agent-workspace/rustup-home:/opt/rustwide/rustup-home:ro,Z" "-e" "SOURCE_DIR=/opt/rustwide/workdir" "-e" "CARGO_TARGET_DIR=/opt/rustwide/target" "-e" "CARGO_INCREMENTAL=0" "-e" "RUST_BACKTRACE=full" "-e" "RUSTFLAGS=--cap-lints=warn" "-e" "RUSTDOCFLAGS=--cap-lints=warn" "-e" "CARGO_HOME=/opt/rustwide/cargo-home" "-e" "RUSTUP_HOME=/opt/rustwide/rustup-home" "-w" "/opt/rustwide/workdir" "-m" "1610612736" "--user" "0:0" "--network" "none" "ghcr.io/rust-lang/crates-build-env/linux@sha256:f3a9d4ad9d972b27faf3965f35b62e55ba32bbce8f20bc8fe909558a86702fde" "/opt/rustwide/cargo-home/bin/cargo" "+1.83.0" "test" "--frozen" "--no-run" "--message-format=json", kill_on_drop: false }`
[INFO] [stdout] efcb5fe5d297337ecbbd099314ad79d1eb9b767f419e27fca7bff17c3e2db1f1
[INFO] running `Command { std: "docker" "start" "-a" "efcb5fe5d297337ecbbd099314ad79d1eb9b767f419e27fca7bff17c3e2db1f1", kill_on_drop: false }`
[INFO] [stdout] warning: value assigned to `wanted_id` is never read
[INFO] [stdout]    --> src/xml_proc.rs:195:13
[INFO] [stdout]     |
[INFO] [stdout] 195 |     let mut wanted_id : usize = 0;
[INFO] [stdout]     |             ^^^^^^^^^
[INFO] [stdout]     |
[INFO] [stdout]     = help: maybe it is overwritten before being read?
[INFO] [stdout]     = note: `#[warn(unused_assignments)]` on by default
[INFO] [stdout] 
[INFO] [stdout] 
[INFO] [stderr]    Compiling xml_proc v0.1.0 (/opt/rustwide/workdir)
[INFO] [stdout] warning: value assigned to `wanted_id` is never read
[INFO] [stdout]    --> src/xml_proc.rs:195:13
[INFO] [stdout]     |
[INFO] [stdout] 195 |     let mut wanted_id : usize = 0;
[INFO] [stdout]     |             ^^^^^^^^^
[INFO] [stdout]     |
[INFO] [stdout]     = help: maybe it is overwritten before being read?
[INFO] [stdout]     = note: `#[warn(unused_assignments)]` on by default
[INFO] [stdout] 
[INFO] [stdout] 
[INFO] [stdout] warning: value assigned to `wanted_id` is never read
[INFO] [stdout]    --> src/xml_proc.rs:195:13
[INFO] [stdout]     |
[INFO] [stdout] 195 |     let mut wanted_id : usize = 0;
[INFO] [stdout]     |             ^^^^^^^^^
[INFO] [stdout]     |
[INFO] [stdout]     = help: maybe it is overwritten before being read?
[INFO] [stdout]     = note: `#[warn(unused_assignments)]` on by default
[INFO] [stdout] 
[INFO] [stdout] 
[INFO] [stdout] warning: unused variable: `string_error`
[INFO] [stdout]   --> src/main.rs:19:13
[INFO] [stdout]    |
[INFO] [stdout] 19 |         Err(string_error) => {
[INFO] [stdout]    |             ^^^^^^^^^^^^ help: if this is intentional, prefix it with an underscore: `_string_error`
[INFO] [stdout]    |
[INFO] [stdout]    = note: `#[warn(unused_variables)]` on by default
[INFO] [stdout] 
[INFO] [stdout] 
[INFO] [stdout] warning: function `print_content` is never used
[INFO] [stdout]   --> src/xml_proc.rs:12:8
[INFO] [stdout]    |
[INFO] [stdout] 12 | pub fn print_content(file_name: &str){
[INFO] [stdout]    |        ^^^^^^^^^^^^^
[INFO] [stdout]    |
[INFO] [stdout]    = note: `#[warn(dead_code)]` on by default
[INFO] [stdout] 
[INFO] [stdout] 
[INFO] [stdout] warning: methods `set_indentation` and `set_id` are never used
[INFO] [stdout]   --> src/tree_struct.rs:85:12
[INFO] [stdout]    |
[INFO] [stdout] 15 | impl Node {
[INFO] [stdout]    | --------- methods in this implementation
[INFO] [stdout] ...
[INFO] [stdout] 85 |     pub fn set_indentation(&mut self, amount : usize){
[INFO] [stdout]    |            ^^^^^^^^^^^^^^^
[INFO] [stdout] ...
[INFO] [stdout] 93 |     pub fn set_id(&mut self, new_id : usize){
[INFO] [stdout]    |            ^^^^^^
[INFO] [stdout] 
[INFO] [stdout] 
[INFO] [stderr]     Finished `test` profile [unoptimized + debuginfo] target(s) in 1.29s
[INFO] running `Command { std: "docker" "inspect" "efcb5fe5d297337ecbbd099314ad79d1eb9b767f419e27fca7bff17c3e2db1f1", kill_on_drop: false }`
[INFO] running `Command { std: "docker" "rm" "-f" "efcb5fe5d297337ecbbd099314ad79d1eb9b767f419e27fca7bff17c3e2db1f1", kill_on_drop: false }`
[INFO] [stdout] efcb5fe5d297337ecbbd099314ad79d1eb9b767f419e27fca7bff17c3e2db1f1
[INFO] running `Command { std: "docker" "create" "-v" "/var/lib/crater-agent-workspace/builds/worker-0-tc1/target:/opt/rustwide/target:rw,Z" "-v" "/var/lib/crater-agent-workspace/builds/worker-0-tc1/source:/opt/rustwide/workdir:ro,Z" "-v" "/var/lib/crater-agent-workspace/cargo-home:/opt/rustwide/cargo-home:ro,Z" "-v" "/var/lib/crater-agent-workspace/rustup-home:/opt/rustwide/rustup-home:ro,Z" "-e" "SOURCE_DIR=/opt/rustwide/workdir" "-e" "CARGO_TARGET_DIR=/opt/rustwide/target" "-e" "CARGO_INCREMENTAL=0" "-e" "RUST_BACKTRACE=full" "-e" "RUSTFLAGS=--cap-lints=warn" "-e" "RUSTDOCFLAGS=--cap-lints=warn" "-e" "CARGO_HOME=/opt/rustwide/cargo-home" "-e" "RUSTUP_HOME=/opt/rustwide/rustup-home" "-w" "/opt/rustwide/workdir" "-m" "1610612736" "--user" "0:0" "--network" "none" "ghcr.io/rust-lang/crates-build-env/linux@sha256:f3a9d4ad9d972b27faf3965f35b62e55ba32bbce8f20bc8fe909558a86702fde" "/opt/rustwide/cargo-home/bin/cargo" "+1.83.0" "test" "--frozen", kill_on_drop: false }`
[INFO] [stdout] 12d3715859ec0340d4ae8b7dbf66d6d40ac857a0598cc1d0eaf5800214a7e2c3
[INFO] running `Command { std: "docker" "start" "-a" "12d3715859ec0340d4ae8b7dbf66d6d40ac857a0598cc1d0eaf5800214a7e2c3", kill_on_drop: false }`
[INFO] [stderr] warning: value assigned to `wanted_id` is never read
[INFO] [stderr]    --> src/xml_proc.rs:195:13
[INFO] [stderr]     |
[INFO] [stderr] 195 |     let mut wanted_id : usize = 0;
[INFO] [stderr]     |             ^^^^^^^^^
[INFO] [stderr]     |
[INFO] [stderr]     = help: maybe it is overwritten before being read?
[INFO] [stderr]     = note: `#[warn(unused_assignments)]` on by default
[INFO] [stderr] 
[INFO] [stderr] warning: `xml_proc` (lib) generated 1 warning
[INFO] [stderr] warning: unused variable: `string_error`
[INFO] [stderr]   --> src/main.rs:19:13
[INFO] [stderr]    |
[INFO] [stderr] 19 |         Err(string_error) => {
[INFO] [stderr]    |             ^^^^^^^^^^^^ help: if this is intentional, prefix it with an underscore: `_string_error`
[INFO] [stderr]    |
[INFO] [stderr]    = note: `#[warn(unused_variables)]` on by default
[INFO] [stderr] 
[INFO] [stderr] warning: function `print_content` is never used
[INFO] [stderr]   --> src/xml_proc.rs:12:8
[INFO] [stderr]    |
[INFO] [stderr] 12 | pub fn print_content(file_name: &str){
[INFO] [stderr]    |        ^^^^^^^^^^^^^
[INFO] [stderr]    |
[INFO] [stderr]    = note: `#[warn(dead_code)]` on by default
[INFO] [stderr] 
[INFO] [stderr] warning: methods `set_indentation` and `set_id` are never used
[INFO] [stderr]   --> src/tree_struct.rs:85:12
[INFO] [stderr]    |
[INFO] [stderr] 15 | impl Node {
[INFO] [stderr]    | --------- methods in this implementation
[INFO] [stderr] ...
[INFO] [stderr] 85 |     pub fn set_indentation(&mut self, amount : usize){
[INFO] [stderr]    |            ^^^^^^^^^^^^^^^
[INFO] [stderr] ...
[INFO] [stderr] 93 |     pub fn set_id(&mut self, new_id : usize){
[INFO] [stderr]    |            ^^^^^^
[INFO] [stderr] 
[INFO] [stderr] warning: `xml_proc` (bin "xml_proc" test) generated 4 warnings (1 duplicate)
[INFO] [stderr] warning: `xml_proc` (lib test) generated 1 warning (1 duplicate)
[INFO] [stderr]     Finished `test` profile [unoptimized + debuginfo] target(s) in 0.02s
[INFO] [stderr]      Running unittests src/lib.rs (/opt/rustwide/target/debug/deps/xml_proc-a711ff17d97d1b98)
[INFO] [stdout] 
[INFO] [stdout] running 22 tests
[INFO] [stdout] test tree_struct::test_tree::create_node ... ok
[INFO] [stdout] test tree_struct::test_tree::add_parent_node ... ok
[INFO] [stdout] test tree_struct::test_tree::get_node_attributes ... ok
[INFO] [stdout] test tree_struct::test_tree::get_node_leaf ... ok
[INFO] [stdout] test tree_struct::test_tree::inner_element_operations ... ok
[INFO] [stdout] test tree_struct::test_tree::no_such_attribute ... ok
[INFO] [stdout] test xml_proc::tests::read_error_no_file ... ok
[INFO] [stdout] test xml_proc::tests::test_contents_with_formating_node ... ok
[INFO] [stdout] test xml_proc::tests::test_correct_relationship ... ok
[INFO] [stdout] test xml_proc::tests::test_get_first_tag ... ok
[INFO] [stdout] test xml_proc::tests::test_get_inner_element ... ok
[INFO] [stdout] test xml_proc::tests::test_is_comment ... ok
[INFO] [stdout] test xml_proc::tests::test_is_prolog ... ok
[INFO] [stdout] test xml_proc::tests::test_newline_inner_element ... ok
[INFO] [stdout] test tree_struct::test_tree::add_child_node ... ok
[INFO] [stdout] test xml_proc::tests::test_get_name ... ok
[INFO] [stdout] test xml_proc::tests::test_get_attributes ... ok
[INFO] [stdout] test xml_proc::tests::test_proc_mutiple_lines ... ok
[INFO] [stdout] test xml_proc::tests::test_correct_indentation ... ok
[INFO] [stdout] test xml_proc::tests::test_tree_id_to_node ... ok
[INFO] [stdout] test tree_struct::test_tree::get_node_root ... ok
[INFO] [stdout] test xml_proc::tests::test_read_xml_file ... FAILED
[INFO] [stdout] 
[INFO] [stdout] failures:
[INFO] [stdout] 
[INFO] [stdout] ---- xml_proc::tests::test_read_xml_file stdout ----
[INFO] [stderr] error: test failed, to rerun pass `--lib`
[INFO] [stdout] thread 'xml_proc::tests::test_read_xml_file' panicked at src/xml_proc.rs:259:62:
[INFO] [stdout] called `Result::unwrap()` on an `Err` value: "No Such File Found"
[INFO] [stdout] stack backtrace:
[INFO] [stdout]    0:     0x5a109d3b605a - std::backtrace_rs::backtrace::libunwind::trace::h5a5b8284f2d0c266
[INFO] [stdout]                                at /rustc/90b35a6239c3d8bdabc530a6a0816f7ff89a0aaf/library/std/src/../../backtrace/src/backtrace/libunwind.rs:116:5
[INFO] [stdout]    1:     0x5a109d3b605a - std::backtrace_rs::backtrace::trace_unsynchronized::h76d4f1c9b0b875e3
[INFO] [stdout]                                at /rustc/90b35a6239c3d8bdabc530a6a0816f7ff89a0aaf/library/std/src/../../backtrace/src/backtrace/mod.rs:66:5
[INFO] [stdout]    2:     0x5a109d3b605a - std::sys::backtrace::_print_fmt::hc4546b8364a537c6
[INFO] [stdout]                                at /rustc/90b35a6239c3d8bdabc530a6a0816f7ff89a0aaf/library/std/src/sys/backtrace.rs:66:9
[INFO] [stdout]    3:     0x5a109d3b605a - <std::sys::backtrace::BacktraceLock::print::DisplayBacktrace as core::fmt::Display>::fmt::h5b6bd5631a6d1f6b
[INFO] [stdout]                                at /rustc/90b35a6239c3d8bdabc530a6a0816f7ff89a0aaf/library/std/src/sys/backtrace.rs:39:26
[INFO] [stdout]    4:     0x5a109d3db553 - core::fmt::rt::Argument::fmt::h270f6602a2b96f62
[INFO] [stdout]                                at /rustc/90b35a6239c3d8bdabc530a6a0816f7ff89a0aaf/library/core/src/fmt/rt.rs:177:76
[INFO] [stdout]    5:     0x5a109d3db553 - core::fmt::write::h7550c97b06c86515
[INFO] [stdout]                                at /rustc/90b35a6239c3d8bdabc530a6a0816f7ff89a0aaf/library/core/src/fmt/mod.rs:1186:21
[INFO] [stdout]    6:     0x5a109d3b3223 - std::io::Write::write_fmt::h509ff860e5956e5e
[INFO] [stdout]                                at /rustc/90b35a6239c3d8bdabc530a6a0816f7ff89a0aaf/library/std/src/io/mod.rs:1839:15
[INFO] [stdout]    7:     0x5a109d3b5ea2 - std::sys::backtrace::BacktraceLock::print::h2395ccd2c84ba3aa
[INFO] [stdout]                                at /rustc/90b35a6239c3d8bdabc530a6a0816f7ff89a0aaf/library/std/src/sys/backtrace.rs:42:9
[INFO] [stdout]    8:     0x5a109d3b74ba - std::panicking::default_hook::{{closure}}::he19d4c7230e07961
[INFO] [stdout]                                at /rustc/90b35a6239c3d8bdabc530a6a0816f7ff89a0aaf/library/std/src/panicking.rs:268:22
[INFO] [stdout]    9:     0x5a109d3b72c4 - std::panicking::default_hook::hf614597d3c67bbdb
[INFO] [stdout]                                at /rustc/90b35a6239c3d8bdabc530a6a0816f7ff89a0aaf/library/std/src/panicking.rs:292:9
[INFO] [stdout]   10:     0x5a109d382489 - <alloc::boxed::Box<F,A> as core::ops::function::Fn<Args>>::call::h39b51ce4599c23d1
[INFO] [stdout]                                at /rustc/90b35a6239c3d8bdabc530a6a0816f7ff89a0aaf/library/alloc/src/boxed.rs:2468:9
[INFO] [stdout]   11:     0x5a109d382489 - test::test_main::{{closure}}::he977ae839a582784
[INFO] [stdout]                                at /rustc/90b35a6239c3d8bdabc530a6a0816f7ff89a0aaf/library/test/src/lib.rs:133:21
[INFO] [stdout]   12:     0x5a109d3b7b58 - <alloc::boxed::Box<F,A> as core::ops::function::Fn<Args>>::call::h9455091b6b06f9fb
[INFO] [stdout]                                at /rustc/90b35a6239c3d8bdabc530a6a0816f7ff89a0aaf/library/alloc/src/boxed.rs:2468:9
[INFO] [stdout]   13:     0x5a109d3b7b58 - std::panicking::rust_panic_with_hook::h8942133a8b252070
[INFO] [stdout]                                at /rustc/90b35a6239c3d8bdabc530a6a0816f7ff89a0aaf/library/std/src/panicking.rs:809:13
[INFO] [stdout]   14:     0x5a109d3b791a - std::panicking::begin_panic_handler::{{closure}}::hb5f5963570096b29
[INFO] [stdout]                                at /rustc/90b35a6239c3d8bdabc530a6a0816f7ff89a0aaf/library/std/src/panicking.rs:674:13
[INFO] [stdout]   15:     0x5a109d3b6539 - std::sys::backtrace::__rust_end_short_backtrace::h6208cedc1922feda
[INFO] [stdout]                                at /rustc/90b35a6239c3d8bdabc530a6a0816f7ff89a0aaf/library/std/src/sys/backtrace.rs:170:18
[INFO] [stdout]   16:     0x5a109d3b75ac - rust_begin_unwind
[INFO] [stdout]                                at /rustc/90b35a6239c3d8bdabc530a6a0816f7ff89a0aaf/library/std/src/panicking.rs:665:5
[INFO] [stdout]   17:     0x5a109d328a60 - core::panicking::panic_fmt::h0c3082644d1bf418
[INFO] [stdout]                                at /rustc/90b35a6239c3d8bdabc530a6a0816f7ff89a0aaf/library/core/src/panicking.rs:74:14
[INFO] [stdout]   18:     0x5a109d328ea6 - core::result::unwrap_failed::hd20b4aa073bda1e2
[INFO] [stdout]                                at /rustc/90b35a6239c3d8bdabc530a6a0816f7ff89a0aaf/library/core/src/result.rs:1700:5
[INFO] [stdout]   19:     0x5a109d330c69 - core::result::Result<T,E>::unwrap::h9a3272d05176e3c1
[INFO] [stdout]                                at /rustc/90b35a6239c3d8bdabc530a6a0816f7ff89a0aaf/library/core/src/result.rs:1104:23
[INFO] [stdout]   20:     0x5a109d330c69 - xml_proc::xml_proc::tests::test_read_xml_file::hdb56cb60eacf7eed
[INFO] [stdout]                                at /opt/rustwide/workdir/src/xml_proc.rs:259:37
[INFO] [stdout]   21:     0x5a109d330bc7 - xml_proc::xml_proc::tests::test_read_xml_file::{{closure}}::h4c2afd759e34053f
[INFO] [stdout]                                at /opt/rustwide/workdir/src/xml_proc.rs:257:28
[INFO] [stdout]   22:     0x5a109d338f96 - core::ops::function::FnOnce::call_once::h94e86ad8238782b3
[INFO] [stdout]                                at /rustc/90b35a6239c3d8bdabc530a6a0816f7ff89a0aaf/library/core/src/ops/function.rs:250:5
[INFO] [stdout]   23:     0x5a109d386e4b - core::ops::function::FnOnce::call_once::h109cf8051a59b34e
[INFO] [stdout]                                at /rustc/90b35a6239c3d8bdabc530a6a0816f7ff89a0aaf/library/core/src/ops/function.rs:250:5
[INFO] [stdout]   24:     0x5a109d386e4b - test::__rust_begin_short_backtrace::hf4fff89d377446ba
[INFO] [stdout]                                at /rustc/90b35a6239c3d8bdabc530a6a0816f7ff89a0aaf/library/test/src/lib.rs:621:18
[INFO] [stdout]   25:     0x5a109d386687 - test::run_test_in_process::{{closure}}::h0e39181dd7ee5a43
[INFO] [stdout]                                at /rustc/90b35a6239c3d8bdabc530a6a0816f7ff89a0aaf/library/test/src/lib.rs:644:60
[INFO] [stdout]   26:     0x5a109d386687 - <core::panic::unwind_safe::AssertUnwindSafe<F> as core::ops::function::FnOnce<()>>::call_once::hc5a66a30f0bdfd1f
[INFO] [stdout]                                at /rustc/90b35a6239c3d8bdabc530a6a0816f7ff89a0aaf/library/core/src/panic/unwind_safe.rs:272:9
[INFO] [stdout]   27:     0x5a109d386687 - std::panicking::try::do_call::h873b7cf639554a5e
[INFO] [stdout]                                at /rustc/90b35a6239c3d8bdabc530a6a0816f7ff89a0aaf/library/std/src/panicking.rs:557:40
[INFO] [stdout]   28:     0x5a109d386687 - std::panicking::try::hdb19862fad9c8bd1
[INFO] [stdout]                                at /rustc/90b35a6239c3d8bdabc530a6a0816f7ff89a0aaf/library/std/src/panicking.rs:520:19
[INFO] [stdout]   29:     0x5a109d386687 - std::panic::catch_unwind::h281fe732d236d260
[INFO] [stdout]                                at /rustc/90b35a6239c3d8bdabc530a6a0816f7ff89a0aaf/library/std/src/panic.rs:358:14
[INFO] [stdout]   30:     0x5a109d386687 - test::run_test_in_process::h949b6df8457ed338
[INFO] [stdout]                                at /rustc/90b35a6239c3d8bdabc530a6a0816f7ff89a0aaf/library/test/src/lib.rs:644:27
[INFO] [stdout]   31:     0x5a109d386687 - test::run_test::{{closure}}::h52c556a6d4740e10
[INFO] [stdout]                                at /rustc/90b35a6239c3d8bdabc530a6a0816f7ff89a0aaf/library/test/src/lib.rs:565:43
[INFO] [stdout]   32:     0x5a109d34b964 - test::run_test::{{closure}}::h4237f6381c45ccb9
[INFO] [stdout]                                at /rustc/90b35a6239c3d8bdabc530a6a0816f7ff89a0aaf/library/test/src/lib.rs:595:41
[INFO] [stdout]   33:     0x5a109d34b964 - std::sys::backtrace::__rust_begin_short_backtrace::h505c97a579eca628
[INFO] [stdout]                                at /rustc/90b35a6239c3d8bdabc530a6a0816f7ff89a0aaf/library/std/src/sys/backtrace.rs:154:18
[INFO] [stdout]   34:     0x5a109d34f02e - std::thread::Builder::spawn_unchecked_::{{closure}}::{{closure}}::h9e86b2e2bc107ea3
[INFO] [stdout]                                at /rustc/90b35a6239c3d8bdabc530a6a0816f7ff89a0aaf/library/std/src/thread/mod.rs:538:17
[INFO] [stdout]   35:     0x5a109d34f02e - <core::panic::unwind_safe::AssertUnwindSafe<F> as core::ops::function::FnOnce<()>>::call_once::h8b06ddb275ff4a25
[INFO] [stdout]                                at /rustc/90b35a6239c3d8bdabc530a6a0816f7ff89a0aaf/library/core/src/panic/unwind_safe.rs:272:9
[INFO] [stdout]   36:     0x5a109d34f02e - std::panicking::try::do_call::hb26ecd7cd9a9355d
[INFO] [stdout]                                at /rustc/90b35a6239c3d8bdabc530a6a0816f7ff89a0aaf/library/std/src/panicking.rs:557:40
[INFO] [stdout]   37:     0x5a109d34f02e - std::panicking::try::h8ddeca9d705f9069
[INFO] [stdout]                                at /rustc/90b35a6239c3d8bdabc530a6a0816f7ff89a0aaf/library/std/src/panicking.rs:520:19
[INFO] [stdout]   38:     0x5a109d34f02e - std::panic::catch_unwind::h49e1c33078844c46
[INFO] [stdout]                                at /rustc/90b35a6239c3d8bdabc530a6a0816f7ff89a0aaf/library/std/src/panic.rs:358:14
[INFO] [stdout]   39:     0x5a109d34f02e - std::thread::Builder::spawn_unchecked_::{{closure}}::h6073db6ff56ad35d
[INFO] [stdout]                                at /rustc/90b35a6239c3d8bdabc530a6a0816f7ff89a0aaf/library/std/src/thread/mod.rs:537:30
[INFO] [stdout]   40:     0x5a109d34f02e - core::ops::function::FnOnce::call_once{{vtable.shim}}::h2c5a5f3779c774f1
[INFO] [stdout]                                at /rustc/90b35a6239c3d8bdabc530a6a0816f7ff89a0aaf/library/core/src/ops/function.rs:250:5
[INFO] [stdout]   41:     0x5a109d3bb8ab - <alloc::boxed::Box<F,A> as core::ops::function::FnOnce<Args>>::call_once::hf75717d9f28faebf
[INFO] [stdout]                                at /rustc/90b35a6239c3d8bdabc530a6a0816f7ff89a0aaf/library/alloc/src/boxed.rs:2454:9
[INFO] [stdout]   42:     0x5a109d3bb8ab - <alloc::boxed::Box<F,A> as core::ops::function::FnOnce<Args>>::call_once::h7bd883a5f3c5f3c1
[INFO] [stdout]                                at /rustc/90b35a6239c3d8bdabc530a6a0816f7ff89a0aaf/library/alloc/src/boxed.rs:2454:9
[INFO] [stdout]   43:     0x5a109d3bb8ab - std::sys::pal::unix::thread::Thread::new::thread_start::hcc78f3943333fa94
[INFO] [stdout]                                at /rustc/90b35a6239c3d8bdabc530a6a0816f7ff89a0aaf/library/std/src/sys/pal/unix/thread.rs:105:17
[INFO] [stdout]   44:     0x7f7467916ac3 - <unknown>
[INFO] [stdout]   45:     0x7f74679a7a04 - clone
[INFO] [stdout]   46:                0x0 - <unknown>
[INFO] [stdout] 
[INFO] [stdout] 
[INFO] [stdout] failures:
[INFO] [stdout]     xml_proc::tests::test_read_xml_file
[INFO] [stdout] 
[INFO] [stdout] test result: FAILED. 21 passed; 1 failed; 0 ignored; 0 measured; 0 filtered out; finished in 0.07s
[INFO] [stdout] 
[INFO] running `Command { std: "docker" "inspect" "12d3715859ec0340d4ae8b7dbf66d6d40ac857a0598cc1d0eaf5800214a7e2c3", kill_on_drop: false }`
[INFO] running `Command { std: "docker" "rm" "-f" "12d3715859ec0340d4ae8b7dbf66d6d40ac857a0598cc1d0eaf5800214a7e2c3", kill_on_drop: false }`
[INFO] [stdout] 12d3715859ec0340d4ae8b7dbf66d6d40ac857a0598cc1d0eaf5800214a7e2c3
