[INFO] cloning repository https://github.com/Guocork/rust_detail
[INFO] running `Command { std: "git" "-c" "credential.helper=" "-c" "credential.helper=/workspace/cargo-home/bin/git-credential-null" "clone" "--bare" "https://github.com/Guocork/rust_detail" "/workspace/cache/git-repos/https%3A%2F%2Fgithub.com%2FGuocork%2Frust_detail", kill_on_drop: false }`
[INFO] [stderr] Cloning into bare repository '/workspace/cache/git-repos/https%3A%2F%2Fgithub.com%2FGuocork%2Frust_detail'...
[INFO] running `Command { std: "git" "rev-parse" "HEAD", kill_on_drop: false }`
[INFO] [stdout] 93e691f4f20c79b9b9a496e499f181cdac32fd8a
[INFO] testing Guocork/rust_detail against 1.83.0 for beta-1.84.0-4-retry
[INFO] running `Command { std: "git" "clone" "/workspace/cache/git-repos/https%3A%2F%2Fgithub.com%2FGuocork%2Frust_detail" "/workspace/builds/worker-2-tc1/source", kill_on_drop: false }`
[INFO] [stderr] Cloning into '/workspace/builds/worker-2-tc1/source'...
[INFO] [stderr] done.
[INFO] validating manifest of git repo https://github.com/Guocork/rust_detail on toolchain 1.83.0
[INFO] running `Command { std: CARGO_HOME="/workspace/cargo-home" RUSTUP_HOME="/workspace/rustup-home" "/workspace/cargo-home/bin/cargo" "+1.83.0" "metadata" "--manifest-path" "Cargo.toml" "--no-deps", kill_on_drop: false }`
[INFO] started tweaking git repo https://github.com/Guocork/rust_detail
[INFO] finished tweaking git repo https://github.com/Guocork/rust_detail
[INFO] tweaked toml for git repo https://github.com/Guocork/rust_detail written to /workspace/builds/worker-2-tc1/source/Cargo.toml
[INFO] crate git repo https://github.com/Guocork/rust_detail already has a lockfile, it will not be regenerated
[INFO] running `Command { std: CARGO_HOME="/workspace/cargo-home" RUSTUP_HOME="/workspace/rustup-home" "/workspace/cargo-home/bin/cargo" "+1.83.0" "fetch" "--manifest-path" "Cargo.toml", kill_on_drop: false }`
[INFO] running `Command { std: "docker" "create" "-v" "/var/lib/crater-agent-workspace/builds/worker-2-tc1/target:/opt/rustwide/target:rw,Z" "-v" "/var/lib/crater-agent-workspace/builds/worker-2-tc1/source:/opt/rustwide/workdir:ro,Z" "-v" "/var/lib/crater-agent-workspace/cargo-home:/opt/rustwide/cargo-home:ro,Z" "-v" "/var/lib/crater-agent-workspace/rustup-home:/opt/rustwide/rustup-home:ro,Z" "-e" "SOURCE_DIR=/opt/rustwide/workdir" "-e" "CARGO_TARGET_DIR=/opt/rustwide/target" "-e" "CARGO_HOME=/opt/rustwide/cargo-home" "-e" "RUSTUP_HOME=/opt/rustwide/rustup-home" "-w" "/opt/rustwide/workdir" "-m" "1610612736" "--user" "0:0" "--network" "none" "ghcr.io/rust-lang/crates-build-env/linux@sha256:f3a9d4ad9d972b27faf3965f35b62e55ba32bbce8f20bc8fe909558a86702fde" "/opt/rustwide/cargo-home/bin/cargo" "+1.83.0" "metadata" "--no-deps" "--format-version=1", kill_on_drop: false }`
[INFO] [stdout] e48f8d1926be902954129f3e3c0cc8fc6fa43a6c4a43854194b368c3cac874ee
[INFO] running `Command { std: "docker" "start" "-a" "e48f8d1926be902954129f3e3c0cc8fc6fa43a6c4a43854194b368c3cac874ee", kill_on_drop: false }`
[INFO] running `Command { std: "docker" "inspect" "e48f8d1926be902954129f3e3c0cc8fc6fa43a6c4a43854194b368c3cac874ee", kill_on_drop: false }`
[INFO] running `Command { std: "docker" "rm" "-f" "e48f8d1926be902954129f3e3c0cc8fc6fa43a6c4a43854194b368c3cac874ee", kill_on_drop: false }`
[INFO] [stdout] e48f8d1926be902954129f3e3c0cc8fc6fa43a6c4a43854194b368c3cac874ee
[INFO] running `Command { std: "docker" "create" "-v" "/var/lib/crater-agent-workspace/builds/worker-2-tc1/target:/opt/rustwide/target:rw,Z" "-v" "/var/lib/crater-agent-workspace/builds/worker-2-tc1/source:/opt/rustwide/workdir:ro,Z" "-v" "/var/lib/crater-agent-workspace/cargo-home:/opt/rustwide/cargo-home:ro,Z" "-v" "/var/lib/crater-agent-workspace/rustup-home:/opt/rustwide/rustup-home:ro,Z" "-e" "SOURCE_DIR=/opt/rustwide/workdir" "-e" "CARGO_TARGET_DIR=/opt/rustwide/target" "-e" "CARGO_INCREMENTAL=0" "-e" "RUST_BACKTRACE=full" "-e" "RUSTFLAGS=--cap-lints=warn" "-e" "RUSTDOCFLAGS=--cap-lints=warn" "-e" "CARGO_HOME=/opt/rustwide/cargo-home" "-e" "RUSTUP_HOME=/opt/rustwide/rustup-home" "-w" "/opt/rustwide/workdir" "-m" "1610612736" "--user" "0:0" "--network" "none" "ghcr.io/rust-lang/crates-build-env/linux@sha256:f3a9d4ad9d972b27faf3965f35b62e55ba32bbce8f20bc8fe909558a86702fde" "/opt/rustwide/cargo-home/bin/cargo" "+1.83.0" "build" "--frozen" "--message-format=json", kill_on_drop: false }`
[INFO] [stdout] 51b9f47f024e32c2c00668e34da139f37416ff387cf5222e50bb3a2631c5e5f8
[INFO] running `Command { std: "docker" "start" "-a" "51b9f47f024e32c2c00668e34da139f37416ff387cf5222e50bb3a2631c5e5f8", kill_on_drop: false }`
[INFO] [stderr]    Compiling rust_detail v0.1.0 (/opt/rustwide/workdir)
[INFO] [stdout] warning: unused import: `std::mem::transmute`
[INFO] [stdout]  --> src/endianness.rs:1:5
[INFO] [stdout]   |
[INFO] [stdout] 1 | use std::mem::transmute;
[INFO] [stdout]   |     ^^^^^^^^^^^^^^^^^^^
[INFO] [stdout]   |
[INFO] [stdout]   = note: `#[warn(unused_imports)]` on by default
[INFO] [stdout] 
[INFO] [stdout] 
[INFO] [stdout] warning: struct `Animal` is never constructed
[INFO] [stdout]   --> src/lib.rs:33:8
[INFO] [stdout]    |
[INFO] [stdout] 33 | struct Animal {
[INFO] [stdout]    |        ^^^^^^
[INFO] [stdout]    |
[INFO] [stdout]    = note: `#[warn(dead_code)]` on by default
[INFO] [stdout] 
[INFO] [stdout] 
[INFO] [stdout] warning: unused variable: `slice`
[INFO] [stdout]   --> src/main.rs:17:9
[INFO] [stdout]    |
[INFO] [stdout] 17 |     let slice: &[i32] = &[1, 2, 3]; // slice 是一个宽指针，包含指向数组起始位置的指针和数组的长度。
[INFO] [stdout]    |         ^^^^^ help: if this is intentional, prefix it with an underscore: `_slice`
[INFO] [stdout]    |
[INFO] [stdout]    = note: `#[warn(unused_variables)]` on by default
[INFO] [stdout] 
[INFO] [stdout] 
[INFO] [stdout] warning: unused variable: `boxed_slice`
[INFO] [stdout]   --> src/main.rs:18:9
[INFO] [stdout]    |
[INFO] [stdout] 18 |     let boxed_slice: Box<[i32]> = Box::new([1, 2, 3]); // boxed_slice 是一个 Box 包装的切片，它内部包含宽指针。
[INFO] [stdout]    |         ^^^^^^^^^^^ help: if this is intentional, prefix it with an underscore: `_boxed_slice`
[INFO] [stdout] 
[INFO] [stdout] 
[INFO] [stdout] warning: unused variable: `arc_slice`
[INFO] [stdout]   --> src/main.rs:19:9
[INFO] [stdout]    |
[INFO] [stdout] 19 |     let arc_slice: Arc<[i32]> = Arc::new([1, 2, 3]); // arc_slice 是一个 Arc 包装的切片，它内部包含宽指针。
[INFO] [stdout]    |         ^^^^^^^^^ help: if this is intentional, prefix it with an underscore: `_arc_slice`
[INFO] [stdout] 
[INFO] [stdout] 
[INFO] [stdout] warning: unused variable: `a`
[INFO] [stdout]   --> src/main.rs:24:9
[INFO] [stdout]    |
[INFO] [stdout] 24 |     let a: &str = "Rust";
[INFO] [stdout]    |         ^ help: if this is intentional, prefix it with an underscore: `_a`
[INFO] [stdout] 
[INFO] [stdout] 
[INFO] [stdout] warning: unused variable: `shared_map2`
[INFO] [stdout]   --> src/main.rs:43:13
[INFO] [stdout]    |
[INFO] [stdout] 43 |         let shared_map2 = shared_map.clone();
[INFO] [stdout]    |             ^^^^^^^^^^^ help: if this is intentional, prefix it with an underscore: `_shared_map2`
[INFO] [stdout] 
[INFO] [stdout] 
[INFO] [stdout] warning: function `is_strong` is never used
[INFO] [stdout]   --> src/main.rs:80:4
[INFO] [stdout]    |
[INFO] [stdout] 80 | fn is_strong<T: AsRef<str>>(password: T) -> bool {
[INFO] [stdout]    |    ^^^^^^^^^
[INFO] [stdout]    |
[INFO] [stdout]    = note: `#[warn(dead_code)]` on by default
[INFO] [stdout] 
[INFO] [stdout] 
[INFO] [stdout] warning: function `is_stron` is never used
[INFO] [stdout]   --> src/main.rs:85:4
[INFO] [stdout]    |
[INFO] [stdout] 85 | fn is_stron<T: Into<String>>(password: T) -> bool {
[INFO] [stdout]    |    ^^^^^^^^
[INFO] [stdout] 
[INFO] [stdout] 
[INFO] [stdout] warning: struct `Car` is never constructed
[INFO] [stdout]  --> src/smartponiter.rs:6:8
[INFO] [stdout]   |
[INFO] [stdout] 6 | struct Car {
[INFO] [stdout]   |        ^^^
[INFO] [stdout] 
[INFO] [stdout] 
[INFO] [stdout] warning: struct `Wheel` is never constructed
[INFO] [stdout]   --> src/smartponiter.rs:12:8
[INFO] [stdout]    |
[INFO] [stdout] 12 | struct Wheel {
[INFO] [stdout]    |        ^^^^^
[INFO] [stdout] 
[INFO] [stdout] 
[INFO] [stdout] warning: function `main` is never used
[INFO] [stdout]   --> src/smartponiter.rs:18:4
[INFO] [stdout]    |
[INFO] [stdout] 18 | fn main() {
[INFO] [stdout]    |    ^^^^
[INFO] [stdout] 
[INFO] [stdout] 
[INFO] [stderr]     Finished `dev` profile [unoptimized + debuginfo] target(s) in 0.52s
[INFO] running `Command { std: "docker" "inspect" "51b9f47f024e32c2c00668e34da139f37416ff387cf5222e50bb3a2631c5e5f8", kill_on_drop: false }`
[INFO] running `Command { std: "docker" "rm" "-f" "51b9f47f024e32c2c00668e34da139f37416ff387cf5222e50bb3a2631c5e5f8", kill_on_drop: false }`
[INFO] [stdout] 51b9f47f024e32c2c00668e34da139f37416ff387cf5222e50bb3a2631c5e5f8
[INFO] running `Command { std: "docker" "create" "-v" "/var/lib/crater-agent-workspace/builds/worker-2-tc1/target:/opt/rustwide/target:rw,Z" "-v" "/var/lib/crater-agent-workspace/builds/worker-2-tc1/source:/opt/rustwide/workdir:ro,Z" "-v" "/var/lib/crater-agent-workspace/cargo-home:/opt/rustwide/cargo-home:ro,Z" "-v" "/var/lib/crater-agent-workspace/rustup-home:/opt/rustwide/rustup-home:ro,Z" "-e" "SOURCE_DIR=/opt/rustwide/workdir" "-e" "CARGO_TARGET_DIR=/opt/rustwide/target" "-e" "CARGO_INCREMENTAL=0" "-e" "RUST_BACKTRACE=full" "-e" "RUSTFLAGS=--cap-lints=warn" "-e" "RUSTDOCFLAGS=--cap-lints=warn" "-e" "CARGO_HOME=/opt/rustwide/cargo-home" "-e" "RUSTUP_HOME=/opt/rustwide/rustup-home" "-w" "/opt/rustwide/workdir" "-m" "1610612736" "--user" "0:0" "--network" "none" "ghcr.io/rust-lang/crates-build-env/linux@sha256:f3a9d4ad9d972b27faf3965f35b62e55ba32bbce8f20bc8fe909558a86702fde" "/opt/rustwide/cargo-home/bin/cargo" "+1.83.0" "test" "--frozen" "--no-run" "--message-format=json", kill_on_drop: false }`
[INFO] [stdout] ae8a76940241208d15d1445330dcdcec41b4b03d2435dea441b8d9c2b2217fc3
[INFO] running `Command { std: "docker" "start" "-a" "ae8a76940241208d15d1445330dcdcec41b4b03d2435dea441b8d9c2b2217fc3", kill_on_drop: false }`
[INFO] [stdout] warning: unused import: `std::mem::transmute`
[INFO] [stdout]  --> src/endianness.rs:1:5
[INFO] [stdout]   |
[INFO] [stdout] 1 | use std::mem::transmute;
[INFO] [stdout]   |     ^^^^^^^^^^^^^^^^^^^
[INFO] [stdout]   |
[INFO] [stdout]   = note: `#[warn(unused_imports)]` on by default
[INFO] [stdout] 
[INFO] [stdout] 
[INFO] [stdout] warning: struct `Animal` is never constructed
[INFO] [stdout]   --> src/lib.rs:33:8
[INFO] [stdout]    |
[INFO] [stdout] 33 | struct Animal {
[INFO] [stdout]    |        ^^^^^^
[INFO] [stdout]    |
[INFO] [stdout]    = note: `#[warn(dead_code)]` on by default
[INFO] [stdout] 
[INFO] [stdout] 
[INFO] [stderr]    Compiling rust_detail v0.1.0 (/opt/rustwide/workdir)
[INFO] [stdout] warning: unused variable: `slice`
[INFO] [stdout]   --> src/main.rs:17:9
[INFO] [stdout]    |
[INFO] [stdout] 17 |     let slice: &[i32] = &[1, 2, 3]; // slice 是一个宽指针，包含指向数组起始位置的指针和数组的长度。
[INFO] [stdout]    |         ^^^^^ help: if this is intentional, prefix it with an underscore: `_slice`
[INFO] [stdout]    |
[INFO] [stdout]    = note: `#[warn(unused_variables)]` on by default
[INFO] [stdout] 
[INFO] [stdout] 
[INFO] [stdout] warning: unused variable: `boxed_slice`
[INFO] [stdout]   --> src/main.rs:18:9
[INFO] [stdout]    |
[INFO] [stdout] 18 |     let boxed_slice: Box<[i32]> = Box::new([1, 2, 3]); // boxed_slice 是一个 Box 包装的切片，它内部包含宽指针。
[INFO] [stdout]    |         ^^^^^^^^^^^ help: if this is intentional, prefix it with an underscore: `_boxed_slice`
[INFO] [stdout] 
[INFO] [stdout] 
[INFO] [stdout] warning: unused variable: `arc_slice`
[INFO] [stdout]   --> src/main.rs:19:9
[INFO] [stdout]    |
[INFO] [stdout] 19 |     let arc_slice: Arc<[i32]> = Arc::new([1, 2, 3]); // arc_slice 是一个 Arc 包装的切片，它内部包含宽指针。
[INFO] [stdout]    |         ^^^^^^^^^ help: if this is intentional, prefix it with an underscore: `_arc_slice`
[INFO] [stdout] 
[INFO] [stdout] 
[INFO] [stdout] warning: unused variable: `a`
[INFO] [stdout]   --> src/main.rs:24:9
[INFO] [stdout]    |
[INFO] [stdout] 24 |     let a: &str = "Rust";
[INFO] [stdout]    |         ^ help: if this is intentional, prefix it with an underscore: `_a`
[INFO] [stdout] 
[INFO] [stdout] 
[INFO] [stdout] warning: unused variable: `shared_map2`
[INFO] [stdout]   --> src/main.rs:43:13
[INFO] [stdout]    |
[INFO] [stdout] 43 |         let shared_map2 = shared_map.clone();
[INFO] [stdout]    |             ^^^^^^^^^^^ help: if this is intentional, prefix it with an underscore: `_shared_map2`
[INFO] [stdout] 
[INFO] [stdout] 
[INFO] [stdout] warning: function `is_strong` is never used
[INFO] [stdout]   --> src/main.rs:80:4
[INFO] [stdout]    |
[INFO] [stdout] 80 | fn is_strong<T: AsRef<str>>(password: T) -> bool {
[INFO] [stdout]    |    ^^^^^^^^^
[INFO] [stdout]    |
[INFO] [stdout]    = note: `#[warn(dead_code)]` on by default
[INFO] [stdout] 
[INFO] [stdout] 
[INFO] [stdout] warning: function `is_stron` is never used
[INFO] [stdout]   --> src/main.rs:85:4
[INFO] [stdout]    |
[INFO] [stdout] 85 | fn is_stron<T: Into<String>>(password: T) -> bool {
[INFO] [stdout]    |    ^^^^^^^^
[INFO] [stdout] 
[INFO] [stdout] 
[INFO] [stdout] warning: struct `Car` is never constructed
[INFO] [stdout]  --> src/smartponiter.rs:6:8
[INFO] [stdout]   |
[INFO] [stdout] 6 | struct Car {
[INFO] [stdout]   |        ^^^
[INFO] [stdout] 
[INFO] [stdout] 
[INFO] [stdout] warning: struct `Wheel` is never constructed
[INFO] [stdout]   --> src/smartponiter.rs:12:8
[INFO] [stdout]    |
[INFO] [stdout] 12 | struct Wheel {
[INFO] [stdout]    |        ^^^^^
[INFO] [stdout] 
[INFO] [stdout] 
[INFO] [stdout] warning: function `main` is never used
[INFO] [stdout]   --> src/smartponiter.rs:18:4
[INFO] [stdout]    |
[INFO] [stdout] 18 | fn main() {
[INFO] [stdout]    |    ^^^^
[INFO] [stdout] 
[INFO] [stdout] 
[INFO] [stdout] warning: unused variable: `sign_bits`
[INFO] [stdout]   --> src/endianness.rs:29:13
[INFO] [stdout]    |
[INFO] [stdout] 29 |         let sign_bits = n_bits >> 31;
[INFO] [stdout]    |             ^^^^^^^^^ help: if this is intentional, prefix it with an underscore: `_sign_bits`
[INFO] [stdout]    |
[INFO] [stdout]    = note: `#[warn(unused_variables)]` on by default
[INFO] [stdout] 
[INFO] [stdout] 
[INFO] [stdout] warning: unused variable: `exponent`
[INFO] [stdout]   --> src/endianness.rs:39:13
[INFO] [stdout]    |
[INFO] [stdout] 39 |         let exponent = (exponent_ as i32) - 127;
[INFO] [stdout]    |             ^^^^^^^^ help: if this is intentional, prefix it with an underscore: `_exponent`
[INFO] [stdout] 
[INFO] [stdout] 
[INFO] [stdout] warning: unused variable: `a`
[INFO] [stdout]   --> src/lib.rs:60:13
[INFO] [stdout]    |
[INFO] [stdout] 60 |         let a = 5;
[INFO] [stdout]    |             ^ help: if this is intentional, prefix it with an underscore: `_a`
[INFO] [stdout] 
[INFO] [stdout] 
[INFO] [stdout] warning: field `age` is never read
[INFO] [stdout]   --> src/lib.rs:34:5
[INFO] [stdout]    |
[INFO] [stdout] 33 | struct Animal {
[INFO] [stdout]    |        ------ field in this struct
[INFO] [stdout] 34 |     age: u8,
[INFO] [stdout]    |     ^^^
[INFO] [stdout]    |
[INFO] [stdout]    = note: `Animal` has a derived impl for the trait `Debug`, but this is intentionally ignored during dead code analysis
[INFO] [stdout]    = note: `#[warn(dead_code)]` on by default
[INFO] [stdout] 
[INFO] [stdout] 
[INFO] [stderr]     Finished `test` profile [unoptimized + debuginfo] target(s) in 0.52s
[INFO] running `Command { std: "docker" "inspect" "ae8a76940241208d15d1445330dcdcec41b4b03d2435dea441b8d9c2b2217fc3", kill_on_drop: false }`
[INFO] running `Command { std: "docker" "rm" "-f" "ae8a76940241208d15d1445330dcdcec41b4b03d2435dea441b8d9c2b2217fc3", kill_on_drop: false }`
[INFO] [stdout] ae8a76940241208d15d1445330dcdcec41b4b03d2435dea441b8d9c2b2217fc3
[INFO] running `Command { std: "docker" "create" "-v" "/var/lib/crater-agent-workspace/builds/worker-2-tc1/target:/opt/rustwide/target:rw,Z" "-v" "/var/lib/crater-agent-workspace/builds/worker-2-tc1/source:/opt/rustwide/workdir:ro,Z" "-v" "/var/lib/crater-agent-workspace/cargo-home:/opt/rustwide/cargo-home:ro,Z" "-v" "/var/lib/crater-agent-workspace/rustup-home:/opt/rustwide/rustup-home:ro,Z" "-e" "SOURCE_DIR=/opt/rustwide/workdir" "-e" "CARGO_TARGET_DIR=/opt/rustwide/target" "-e" "CARGO_INCREMENTAL=0" "-e" "RUST_BACKTRACE=full" "-e" "RUSTFLAGS=--cap-lints=warn" "-e" "RUSTDOCFLAGS=--cap-lints=warn" "-e" "CARGO_HOME=/opt/rustwide/cargo-home" "-e" "RUSTUP_HOME=/opt/rustwide/rustup-home" "-w" "/opt/rustwide/workdir" "-m" "1610612736" "--user" "0:0" "--network" "none" "ghcr.io/rust-lang/crates-build-env/linux@sha256:f3a9d4ad9d972b27faf3965f35b62e55ba32bbce8f20bc8fe909558a86702fde" "/opt/rustwide/cargo-home/bin/cargo" "+1.83.0" "test" "--frozen", kill_on_drop: false }`
[INFO] [stdout] cbb829c6ac2310cf6197be34456582719ddfa360859457a1fed09e9034e76757
[INFO] running `Command { std: "docker" "start" "-a" "cbb829c6ac2310cf6197be34456582719ddfa360859457a1fed09e9034e76757", kill_on_drop: false }`
[INFO] [stderr] warning: unused import: `std::mem::transmute`
[INFO] [stderr]  --> src/endianness.rs:1:5
[INFO] [stderr]   |
[INFO] [stderr] 1 | use std::mem::transmute;
[INFO] [stderr]   |     ^^^^^^^^^^^^^^^^^^^
[INFO] [stderr]   |
[INFO] [stderr]   = note: `#[warn(unused_imports)]` on by default
[INFO] [stderr] 
[INFO] [stderr] warning: struct `Animal` is never constructed
[INFO] [stderr]   --> src/lib.rs:33:8
[INFO] [stderr]    |
[INFO] [stderr] 33 | struct Animal {
[INFO] [stderr]    |        ^^^^^^
[INFO] [stderr]    |
[INFO] [stderr]    = note: `#[warn(dead_code)]` on by default
[INFO] [stderr] 
[INFO] [stderr] warning: `rust_detail` (lib) generated 2 warnings (run `cargo fix --lib -p rust_detail` to apply 1 suggestion)
[INFO] [stderr] warning: unused variable: `slice`
[INFO] [stderr]   --> src/main.rs:17:9
[INFO] [stderr]    |
[INFO] [stderr] 17 |     let slice: &[i32] = &[1, 2, 3]; // slice 是一个宽指针，包含指向数组起始位置的指针和数组的长度。
[INFO] [stderr]    |         ^^^^^ help: if this is intentional, prefix it with an underscore: `_slice`
[INFO] [stderr]    |
[INFO] [stderr]    = note: `#[warn(unused_variables)]` on by default
[INFO] [stderr] 
[INFO] [stderr] warning: unused variable: `boxed_slice`
[INFO] [stderr]   --> src/main.rs:18:9
[INFO] [stderr]    |
[INFO] [stderr] 18 |     let boxed_slice: Box<[i32]> = Box::new([1, 2, 3]); // boxed_slice 是一个 Box 包装的切片，它内部包含宽指针。
[INFO] [stderr]    |         ^^^^^^^^^^^ help: if this is intentional, prefix it with an underscore: `_boxed_slice`
[INFO] [stderr] 
[INFO] [stderr] warning: unused variable: `arc_slice`
[INFO] [stderr]   --> src/main.rs:19:9
[INFO] [stderr]    |
[INFO] [stderr] 19 |     let arc_slice: Arc<[i32]> = Arc::new([1, 2, 3]); // arc_slice 是一个 Arc 包装的切片，它内部包含宽指针。
[INFO] [stderr]    |         ^^^^^^^^^ help: if this is intentional, prefix it with an underscore: `_arc_slice`
[INFO] [stderr] 
[INFO] [stderr] warning: unused variable: `a`
[INFO] [stderr]   --> src/main.rs:24:9
[INFO] [stderr]    |
[INFO] [stderr] 24 |     let a: &str = "Rust";
[INFO] [stderr]    |         ^ help: if this is intentional, prefix it with an underscore: `_a`
[INFO] [stderr] 
[INFO] [stderr] warning: unused variable: `shared_map2`
[INFO] [stderr]   --> src/main.rs:43:13
[INFO] [stderr]    |
[INFO] [stderr] 43 |         let shared_map2 = shared_map.clone();
[INFO] [stderr]    |             ^^^^^^^^^^^ help: if this is intentional, prefix it with an underscore: `_shared_map2`
[INFO] [stderr] 
[INFO] [stderr] warning: function `is_strong` is never used
[INFO] [stderr]   --> src/main.rs:80:4
[INFO] [stderr]    |
[INFO] [stderr] 80 | fn is_strong<T: AsRef<str>>(password: T) -> bool {
[INFO] [stderr]    |    ^^^^^^^^^
[INFO] [stderr]    |
[INFO] [stderr]    = note: `#[warn(dead_code)]` on by default
[INFO] [stderr] 
[INFO] [stderr] warning: function `is_stron` is never used
[INFO] [stderr]   --> src/main.rs:85:4
[INFO] [stderr]    |
[INFO] [stderr] 85 | fn is_stron<T: Into<String>>(password: T) -> bool {
[INFO] [stderr]    |    ^^^^^^^^
[INFO] [stderr] 
[INFO] [stderr] warning: struct `Car` is never constructed
[INFO] [stderr]  --> src/smartponiter.rs:6:8
[INFO] [stderr]   |
[INFO] [stderr] 6 | struct Car {
[INFO] [stderr]   |        ^^^
[INFO] [stderr] 
[INFO] [stderr] warning: struct `Wheel` is never constructed
[INFO] [stderr]   --> src/smartponiter.rs:12:8
[INFO] [stderr]    |
[INFO] [stderr] 12 | struct Wheel {
[INFO] [stderr]    |        ^^^^^
[INFO] [stderr] 
[INFO] [stderr] warning: function `main` is never used
[INFO] [stderr]   --> src/smartponiter.rs:18:4
[INFO] [stderr]    |
[INFO] [stderr] 18 | fn main() {
[INFO] [stderr]    |    ^^^^
[INFO] [stderr] 
[INFO] [stderr] warning: `rust_detail` (bin "rust_detail" test) generated 10 warnings
[INFO] [stderr] warning: unused variable: `sign_bits`
[INFO] [stderr]   --> src/endianness.rs:29:13
[INFO] [stderr]    |
[INFO] [stderr] 29 |         let sign_bits = n_bits >> 31;
[INFO] [stderr]    |             ^^^^^^^^^ help: if this is intentional, prefix it with an underscore: `_sign_bits`
[INFO] [stderr]    |
[INFO] [stderr]    = note: `#[warn(unused_variables)]` on by default
[INFO] [stderr] 
[INFO] [stderr] warning: unused variable: `exponent`
[INFO] [stderr]   --> src/endianness.rs:39:13
[INFO] [stderr]    |
[INFO] [stderr] 39 |         let exponent = (exponent_ as i32) - 127;
[INFO] [stderr]    |             ^^^^^^^^ help: if this is intentional, prefix it with an underscore: `_exponent`
[INFO] [stderr] 
[INFO] [stderr] warning: unused variable: `a`
[INFO] [stderr]   --> src/lib.rs:60:13
[INFO] [stderr]    |
[INFO] [stderr] 60 |         let a = 5;
[INFO] [stderr]    |             ^ help: if this is intentional, prefix it with an underscore: `_a`
[INFO] [stderr] 
[INFO] [stderr] warning: field `age` is never read
[INFO] [stderr]   --> src/lib.rs:34:5
[INFO] [stderr]    |
[INFO] [stderr] 33 | struct Animal {
[INFO] [stderr]    |        ------ field in this struct
[INFO] [stderr] 34 |     age: u8,
[INFO] [stderr]    |     ^^^
[INFO] [stderr]    |
[INFO] [stderr]    = note: `Animal` has a derived impl for the trait `Debug`, but this is intentionally ignored during dead code analysis
[INFO] [stderr]    = note: `#[warn(dead_code)]` on by default
[INFO] [stderr] 
[INFO] [stderr] warning: `rust_detail` (lib test) generated 4 warnings
[INFO] [stderr]     Finished `test` profile [unoptimized + debuginfo] target(s) in 0.01s
[INFO] [stderr]      Running unittests src/lib.rs (/opt/rustwide/target/debug/deps/rust_detail-e62f55a2cc94fa5c)
[INFO] [stdout] 
[INFO] [stdout] running 10 tests
[INFO] [stdout] test bit_model::test::test ... ok
[INFO] [stdout] test bit_model::test::test3 ... ok
[INFO] [stdout] test bit_model::test::test1 ... ok
[INFO] [stdout] test endianness::test::test ... ok
[INFO] [stdout] test endianness::test::test1 ... ok
[INFO] [stdout] test endianness::test::test2 ... ok
[INFO] [stdout] test endianness::test::test3 ... ok
[INFO] [stdout] test test::test ... ok
[INFO] [stdout] test bit_model::test::test2 ... FAILED
[INFO] [stdout] test bit_model::test::test4 ... FAILED
[INFO] [stdout] 
[INFO] [stdout] failures:
[INFO] [stdout] 
[INFO] [stdout] ---- bit_model::test::test2 stdout ----
[INFO] [stdout] 0..1000..2000..3000..4000..5000..6000..7000..8000..9000..10000..
[INFO] [stdout] 11000..12000..13000..14000..15000..16000..17000..18000..19000..20000..
[INFO] [stdout] 21000..22000..23000..24000..25000..26000..27000..28000..29000..30000..
[INFO] [stdout] 31000..32000..33000..34000..35000..36000..37000..38000..39000..40000..
[INFO] [stdout] 41000..42000..43000..44000..45000..46000..47000..48000..49000..50000..
[INFO] [stdout] 51000..52000..53000..54000..55000..56000..57000..58000..59000..60000..
[INFO] [stdout] 61000..62000..63000..64000..65000..thread 'bit_model::test::test2' panicked at src/bit_model.rs:39:13:
[INFO] [stdout] attempt to add with overflow
[INFO] [stdout] stack backtrace:
[INFO] [stdout]    0:     0x63e2f8b1a4ca - std::backtrace_rs::backtrace::libunwind::trace::h5a5b8284f2d0c266
[INFO] [stdout]                                at /rustc/90b35a6239c3d8bdabc530a6a0816f7ff89a0aaf/library/std/src/../../backtrace/src/backtrace/libunwind.rs:116:5
[INFO] [stdout]    1:     0x63e2f8b1a4ca - std::backtrace_rs::backtrace::trace_unsynchronized::h76d4f1c9b0b875e3
[INFO] [stdout]                                at /rustc/90b35a6239c3d8bdabc530a6a0816f7ff89a0aaf/library/std/src/../../backtrace/src/backtrace/mod.rs:66:5
[INFO] [stdout]    2:     0x63e2f8b1a4ca - std::sys::backtrace::_print_fmt::hc4546b8364a537c6
[INFO] [stdout]                                at /rustc/90b35a6239c3d8bdabc530a6a0816f7ff89a0aaf/library/std/src/sys/backtrace.rs:66:9
[INFO] [stdout]    3:     0x63e2f8b1a4ca - <std::sys::backtrace::BacktraceLock::print::DisplayBacktrace as core::fmt::Display>::fmt::h5b6bd5631a6d1f6b
[INFO] [stdout]                                at /rustc/90b35a6239c3d8bdabc530a6a0816f7ff89a0aaf/library/std/src/sys/backtrace.rs:39:26
[INFO] [stdout]    4:     0x63e2f8b40253 - core::fmt::rt::Argument::fmt::h270f6602a2b96f62
[INFO] [stdout]                                at /rustc/90b35a6239c3d8bdabc530a6a0816f7ff89a0aaf/library/core/src/fmt/rt.rs:177:76
[INFO] [stdout]    5:     0x63e2f8b40253 - core::fmt::write::h7550c97b06c86515
[INFO] [stdout]                                at /rustc/90b35a6239c3d8bdabc530a6a0816f7ff89a0aaf/library/core/src/fmt/mod.rs:1186:21
[INFO] [stdout]    6:     0x63e2f8b17693 - std::io::Write::write_fmt::h509ff860e5956e5e
[INFO] [stdout]                                at /rustc/90b35a6239c3d8bdabc530a6a0816f7ff89a0aaf/library/std/src/io/mod.rs:1839:15
[INFO] [stdout]    7:     0x63e2f8b1a312 - std::sys::backtrace::BacktraceLock::print::h2395ccd2c84ba3aa
[INFO] [stdout]                                at /rustc/90b35a6239c3d8bdabc530a6a0816f7ff89a0aaf/library/std/src/sys/backtrace.rs:42:9
[INFO] [stdout]    8:     0x63e2f8b1b92a - std::panicking::default_hook::{{closure}}::he19d4c7230e07961
[INFO] [stdout]                                at /rustc/90b35a6239c3d8bdabc530a6a0816f7ff89a0aaf/library/std/src/panicking.rs:268:22
[INFO] [stdout]    9:     0x63e2f8b1b734 - std::panicking::default_hook::hf614597d3c67bbdb
[INFO] [stdout]                                at /rustc/90b35a6239c3d8bdabc530a6a0816f7ff89a0aaf/library/std/src/panicking.rs:292:9
[INFO] [stdout]   10:     0x63e2f8ae7019 - <alloc::boxed::Box<F,A> as core::ops::function::Fn<Args>>::call::h39b51ce4599c23d1
[INFO] [stdout]                                at /rustc/90b35a6239c3d8bdabc530a6a0816f7ff89a0aaf/library/alloc/src/boxed.rs:2468:9
[INFO] [stdout]   11:     0x63e2f8ae7019 - test::test_main::{{closure}}::he977ae839a582784
[INFO] [stdout]                                at /rustc/90b35a6239c3d8bdabc530a6a0816f7ff89a0aaf/library/test/src/lib.rs:133:21
[INFO] [stdout]   12:     0x63e2f8b1bfc8 - <alloc::boxed::Box<F,A> as core::ops::function::Fn<Args>>::call::h9455091b6b06f9fb
[INFO] [stdout]                                at /rustc/90b35a6239c3d8bdabc530a6a0816f7ff89a0aaf/library/alloc/src/boxed.rs:2468:9
[INFO] [stdout]   13:     0x63e2f8b1bfc8 - std::panicking::rust_panic_with_hook::h8942133a8b252070
[INFO] [stdout]                                at /rustc/90b35a6239c3d8bdabc530a6a0816f7ff89a0aaf/library/std/src/panicking.rs:809:13
[INFO] [stdout]   14:     0x63e2f8b1bd56 - std::panicking::begin_panic_handler::{{closure}}::hb5f5963570096b29
[INFO] [stdout]                                at /rustc/90b35a6239c3d8bdabc530a6a0816f7ff89a0aaf/library/std/src/panicking.rs:667:13
[INFO] [stdout]   15:     0x63e2f8b1a9a9 - std::sys::backtrace::__rust_end_short_backtrace::h6208cedc1922feda
[INFO] [stdout]                                at /rustc/90b35a6239c3d8bdabc530a6a0816f7ff89a0aaf/library/std/src/sys/backtrace.rs:170:18
[INFO] [stdout]   16:     0x63e2f8b1ba1c - rust_begin_unwind
[INFO] [stdout]                                at /rustc/90b35a6239c3d8bdabc530a6a0816f7ff89a0aaf/library/std/src/panicking.rs:665:5
[INFO] [stdout]   17:     0x63e2f8aaaa50 - core::panicking::panic_fmt::h0c3082644d1bf418
[INFO] [stdout]                                at /rustc/90b35a6239c3d8bdabc530a6a0816f7ff89a0aaf/library/core/src/panicking.rs:74:14
[INFO] [stdout]   18:     0x63e2f8aab0c7 - core::panicking::panic_const::panic_const_add_overflow::hf2f4fb688348b3b0
[INFO] [stdout]                                at /rustc/90b35a6239c3d8bdabc530a6a0816f7ff89a0aaf/library/core/src/panicking.rs:181:21
[INFO] [stdout]   19:     0x63e2f8aaddd7 - rust_detail::bit_model::test::test2::h026204a164969619
[INFO] [stdout]                                at /opt/rustwide/workdir/src/bit_model.rs:39:13
[INFO] [stdout]   20:     0x63e2f8aadc27 - rust_detail::bit_model::test::test2::{{closure}}::haf12cccb8157d282
[INFO] [stdout]                                at /opt/rustwide/workdir/src/bit_model.rs:34:15
[INFO] [stdout]   21:     0x63e2f8aabbe6 - core::ops::function::FnOnce::call_once::h897a859daae3a243
[INFO] [stdout]                                at /rustc/90b35a6239c3d8bdabc530a6a0816f7ff89a0aaf/library/core/src/ops/function.rs:250:5
[INFO] [stdout]   22:     0x63e2f8aeb9db - core::ops::function::FnOnce::call_once::h109cf8051a59b34e
[INFO] [stdout]                                at /rustc/90b35a6239c3d8bdabc530a6a0816f7ff89a0aaf/library/core/src/ops/function.rs:250:5
[INFO] [stdout]   23:     0x63e2f8aeb9db - test::__rust_begin_short_backtrace::hf4fff89d377446ba
[INFO] [stdout]                                at /rustc/90b35a6239c3d8bdabc530a6a0816f7ff89a0aaf/library/test/src/lib.rs:621:18
[INFO] [stdout]   24:     0x63e2f8aeb217 - test::run_test_in_process::{{closure}}::h0e39181dd7ee5a43
[INFO] [stdout]                                at /rustc/90b35a6239c3d8bdabc530a6a0816f7ff89a0aaf/library/test/src/lib.rs:644:60
[INFO] [stdout]   25:     0x63e2f8aeb217 - <core::panic::unwind_safe::AssertUnwindSafe<F> as core::ops::function::FnOnce<()>>::call_once::hc5a66a30f0bdfd1f
[INFO] [stdout]                                at /rustc/90b35a6239c3d8bdabc530a6a0816f7ff89a0aaf/library/core/src/panic/unwind_safe.rs:272:9
[INFO] [stdout]   26:     0x63e2f8aeb217 - std::panicking::try::do_call::h873b7cf639554a5e
[INFO] [stdout]                                at /rustc/90b35a6239c3d8bdabc530a6a0816f7ff89a0aaf/library/std/src/panicking.rs:557:40
[INFO] [stdout]   27:     0x63e2f8aeb217 - std::panicking::try::hdb19862fad9c8bd1
[INFO] [stdout]                                at /rustc/90b35a6239c3d8bdabc530a6a0816f7ff89a0aaf/library/std/src/panicking.rs:520:19
[INFO] [stdout]   28:     0x63e2f8aeb217 - std::panic::catch_unwind::h281fe732d236d260
[INFO] [stdout]                                at /rustc/90b35a6239c3d8bdabc530a6a0816f7ff89a0aaf/library/std/src/panic.rs:358:14
[INFO] [stdout]   29:     0x63e2f8aeb217 - test::run_test_in_process::h949b6df8457ed338
[INFO] [stdout]                                at /rustc/90b35a6239c3d8bdabc530a6a0816f7ff89a0aaf/library/test/src/lib.rs:644:27
[INFO] [stdout]   30:     0x63e2f8aeb217 - test::run_test::{{closure}}::h52c556a6d4740e10
[INFO] [stdout]                                at /rustc/90b35a6239c3d8bdabc530a6a0816f7ff89a0aaf/library/test/src/lib.rs:565:43
[INFO] [stdout]   31:     0x63e2f8ab04f4 - test::run_test::{{closure}}::h4237f6381c45ccb9
[INFO] [stdout]                                at /rustc/90b35a6239c3d8bdabc530a6a0816f7ff89a0aaf/library/test/src/lib.rs:595:41
[INFO] [stdout]   32:     0x63e2f8ab04f4 - std::sys::backtrace::__rust_begin_short_backtrace::h505c97a579eca628
[INFO] [stdout]                                at /rustc/90b35a6239c3d8bdabc530a6a0816f7ff89a0aaf/library/std/src/sys/backtrace.rs:154:18
[INFO] [stdout]   33:     0x63e2f8ab3bbe - std::thread::Builder::spawn_unchecked_::{{closure}}::{{closure}}::h9e86b2e2bc107ea3
[INFO] [stdout]                                at /rustc/90b35a6239c3d8bdabc530a6a0816f7ff89a0aaf/library/std/src/thread/mod.rs:538:17
[INFO] [stdout]   34:     0x63e2f8ab3bbe - <core::panic::unwind_safe::AssertUnwindSafe<F> as core::ops::function::FnOnce<()>>::call_once::h8b06ddb275ff4a25
[INFO] [stdout]                                at /rustc/90b35a6239c3d8bdabc530a6a0816f7ff89a0aaf/library/core/src/panic/unwind_safe.rs:272:9
[INFO] [stdout]   35:     0x63e2f8ab3bbe - std::panicking::try::do_call::hb26ecd7cd9a9355d
[INFO] [stdout]                                at /rustc/90b35a6239c3d8bdabc530a6a0816f7ff89a0aaf/library/std/src/panicking.rs:557:40
[INFO] [stdout]   36:     0x63e2f8ab3bbe - std::panicking::try::h8ddeca9d705f9069
[INFO] [stdout]                                at /rustc/90b35a6239c3d8bdabc530a6a0816f7ff89a0aaf/library/std/src/panicking.rs:520:19
[INFO] [stdout]   37:     0x63e2f8ab3bbe - std::panic::catch_unwind::h49e1c33078844c46
[INFO] [stdout]                                at /rustc/90b35a6239c3d8bdabc530a6a0816f7ff89a0aaf/library/std/src/panic.rs:358:14
[INFO] [stdout]   38:     0x63e2f8ab3bbe - std::thread::Builder::spawn_unchecked_::{{closure}}::h6073db6ff56ad35d
[INFO] [stdout]                                at /rustc/90b35a6239c3d8bdabc530a6a0816f7ff89a0aaf/library/std/src/thread/mod.rs:537:30
[INFO] [stdout]   39:     0x63e2f8ab3bbe - core::ops::function::FnOnce::call_once{{vtable.shim}}::h2c5a5f3779c774f1
[INFO] [stdout]                                at /rustc/90b35a6239c3d8bdabc530a6a0816f7ff89a0aaf/library/core/src/ops/function.rs:250:5
[INFO] [stdout]   40:     0x63e2f8b1fd1b - <alloc::boxed::Box<F,A> as core::ops::function::FnOnce<Args>>::call_once::hf75717d9f28faebf
[INFO] [stdout]                                at /rustc/90b35a6239c3d8bdabc530a6a0816f7ff89a0aaf/library/alloc/src/boxed.rs:2454:9
[INFO] [stdout]   41:     0x63e2f8b1fd1b - <alloc::boxed::Box<F,A> as core::ops::function::FnOnce<Args>>::call_once::h7bd883a5f3c5f3c1
[INFO] [stdout]                                at /rustc/90b35a6239c3d8bdabc530a6a0816f7ff89a0aaf/library/alloc/src/boxed.rs:2454:9
[INFO] [stdout]   42:     0x63e2f8b1fd1b - std::sys::pal::unix::thread::Thread::new::thread_start::hcc78f3943333fa94
[INFO] [stdout]                                at /rustc/90b35a6239c3d8bdabc530a6a0816f7ff89a0aaf/library/std/src/sys/pal/unix/thread.rs:105:17
[INFO] [stdout]   43:     0x7e16f6a26ac3 - <unknown>
[INFO] [stdout]   44:     0x7e16f6ab7a04 - clone
[INFO] [stdout]   45:                0x0 - <unknown>
[INFO] [stdout] 
[INFO] [stdout] ---- bit_model::test::test4 stdout ----
[INFO] [stdout] thread 'bit_model::test::test4' panicked at src/bit_model.rs:66:21:
[INFO] [stdout] attempt to add with overflow
[INFO] [stdout] stack backtrace:
[INFO] [stdout]    0:     0x63e2f8b1a4ca - std::backtrace_rs::backtrace::libunwind::trace::h5a5b8284f2d0c266
[INFO] [stdout]                                at /rustc/90b35a6239c3d8bdabc530a6a0816f7ff89a0aaf/library/std/src/../../backtrace/src/backtrace/libunwind.rs:116:5
[INFO] [stdout]    1:     0x63e2f8b1a4ca - std::backtrace_rs::backtrace::trace_unsynchronized::h76d4f1c9b0b875e3
[INFO] [stdout]                                at /rustc/90b35a6239c3d8bdabc530a6a0816f7ff89a0aaf/library/std/src/../../backtrace/src/backtrace/mod.rs:66:5
[INFO] [stdout]    2:     0x63e2f8b1a4ca - std::sys::backtrace::_print_fmt::hc4546b8364a537c6
[INFO] [stdout]                                at /rustc/90b35a6239c3d8bdabc530a6a0816f7ff89a0aaf/library/std/src/sys/backtrace.rs:66:9
[INFO] [stdout]    3:     0x63e2f8b1a4ca - <std::sys::backtrace::BacktraceLock::print::DisplayBacktrace as core::fmt::Display>::fmt::h5b6bd5631a6d1f6b
[INFO] [stdout]                                at /rustc/90b35a6239c3d8bdabc530a6a0816f7ff89a0aaf/library/std/src/sys/backtrace.rs:39:26
[INFO] [stdout]    4:     0x63e2f8b40253 - core::fmt::rt::Argument::fmt::h270f6602a2b96f62
[INFO] [stdout]                                at /rustc/90b35a6239c3d8bdabc530a6a0816f7ff89a0aaf/library/core/src/fmt/rt.rs:177:76
[INFO] [stdout]    5:     0x63e2f8b40253 - core::fmt::write::h7550c97b06c86515
[INFO] [stdout]                                at /rustc/90b35a6239c3d8bdabc530a6a0816f7ff89a0aaf/library/core/src/fmt/mod.rs:1186:21
[INFO] [stdout]    6:     0x63e2f8b17693 - std::io::Write::write_fmt::h509ff860e5956e5e
[INFO] [stdout]                                at /rustc/90b35a6239c3d8bdabc530a6a0816f7ff89a0aaf/library/std/src/io/mod.rs:1839:15
[INFO] [stdout]    7:     0x63e2f8b1a312 - std::sys::backtrace::BacktraceLock::print::h2395ccd2c84ba3aa
[INFO] [stdout]                                at /rustc/90b35a6239c3d8bdabc530a6a0816f7ff89a0aaf/library/std/src/sys/backtrace.rs:42:9
[INFO] [stdout]    8:     0x63e2f8b1b92a - std::panicking::default_hook::{{closure}}::he19d4c7230e07961
[INFO] [stdout]                                at /rustc/90b35a6239c3d8bdabc530a6a0816f7ff89a0aaf/library/std/src/panicking.rs:268:22
[INFO] [stdout]    9:     0x63e2f8b1b734 - std::panicking::default_hook::hf614597d3c67bbdb
[INFO] [stdout]                                at /rustc/90b35a6239c3d8bdabc530a6a0816f7ff89a0aaf/library/std/src/panicking.rs:292:9
[INFO] [stdout]   10:     0x63e2f8ae7019 - <alloc::boxed::Box<F,A> as core::ops::function::Fn<Args>>::call::h39b51ce4599c23d1
[INFO] [stdout]                                at /rustc/90b35a6239c3d8bdabc530a6a0816f7ff89a0aaf/library/alloc/src/boxed.rs:2468:9
[INFO] [stdout]   11:     0x63e2f8ae7019 - test::test_main::{{closure}}::he977ae839a582784
[INFO] [stdout]                                at /rustc/90b35a6239c3d8bdabc530a6a0816f7ff89a0aaf/library/test/src/lib.rs:133:21
[INFO] [stdout]   12:     0x63e2f8b1bfc8 - <alloc::boxed::Box<F,A> as core::ops::function::Fn<Args>>::call::h9455091b6b06f9fb
[INFO] [stdout]                                at /rustc/90b35a6239c3d8bdabc530a6a0816f7ff89a0aaf/library/alloc/src/boxed.rs:2468:9
[INFO] [stdout]   13:     0x63e2f8b1bfc8 - std::panicking::rust_panic_with_hook::h8942133a8b252070
[INFO] [stdout]                                at /rustc/90b35a6239c3d8bdabc530a6a0816f7ff89a0aaf/library/std/src/panicking.rs:809:13
[INFO] [stdout]   14:     0x63e2f8b1bd56 - std::panicking::begin_panic_handler::{{closure}}::hb5f5963570096b29
[INFO] [stdout]                                at /rustc/90b35a6239c3d8bdabc530a6a0816f7ff89a0aaf/library/std/src/panicking.rs:667:13
[INFO] [stdout]   15:     0x63e2f8b1a9a9 - std::sys::backtrace::__rust_end_short_backtrace::h6208cedc1922feda
[INFO] [stdout]                                at /rustc/90b35a6239c3d8bdabc530a6a0816f7ff89a0aaf/library/std/src/sys/backtrace.rs:170:18
[INFO] [stdout]   16:     0x63e2f8b1ba1c - rust_begin_unwind
[INFO] [stdout]                                at /rustc/90b35a6239c3d8bdabc530a6a0816f7ff89a0aaf/library/std/src/panicking.rs:665:5
[INFO] [stdout]   17:     0x63e2f8aaaa50 - core::panicking::panic_fmt::h0c3082644d1bf418
[INFO] [stdout]                                at /rustc/90b35a6239c3d8bdabc530a6a0816f7ff89a0aaf/library/core/src/panicking.rs:74:14
[INFO] [stdout]   18:     0x63e2f8aab0c7 - core::panicking::panic_const::panic_const_add_overflow::hf2f4fb688348b3b0
[INFO] [stdout]                                at /rustc/90b35a6239c3d8bdabc530a6a0816f7ff89a0aaf/library/core/src/panicking.rs:181:21
[INFO] [stdout]   19:     0x63e2f8aae2b6 - rust_detail::bit_model::test::test4::h03a9de7f8d319101
[INFO] [stdout]                                at /opt/rustwide/workdir/src/bit_model.rs:66:21
[INFO] [stdout]   20:     0x63e2f8aae1d7 - rust_detail::bit_model::test::test4::{{closure}}::h6aecdb18339bf9c7
[INFO] [stdout]                                at /opt/rustwide/workdir/src/bit_model.rs:64:15
[INFO] [stdout]   21:     0x63e2f8aabc26 - core::ops::function::FnOnce::call_once::h95563c2557f8c153
[INFO] [stdout]                                at /rustc/90b35a6239c3d8bdabc530a6a0816f7ff89a0aaf/library/core/src/ops/function.rs:250:5
[INFO] [stdout]   22:     0x63e2f8aeb9db - core::ops::function::FnOnce::call_once::h109cf8051a59b34e
[INFO] [stdout]                                at /rustc/90b35a6239c3d8bdabc530a6a0816f7ff89a0aaf/library/core/src/ops/function.rs:250:5
[INFO] [stdout]   23:     0x63e2f8aeb9db - test::__rust_begin_short_backtrace::hf4fff89d377446ba
[INFO] [stdout]                                at /rustc/90b35a6239c3d8bdabc530a6a0816f7ff89a0aaf/library/test/src/lib.rs:621:18
[INFO] [stdout]   24:     0x63e2f8aeb217 - test::run_test_in_process::{{closure}}::h0e39181dd7ee5a43
[INFO] [stdout]                                at /rustc/90b35a6239c3d8bdabc530a6a0816f7ff89a0aaf/library/test/src/lib.rs:644:60
[INFO] [stdout]   25:     0x63e2f8aeb217 - <core::panic::unwind_safe::AssertUnwindSafe<F> as core::ops::function::FnOnce<()>>::call_once::hc5a66a30f0bdfd1f
[INFO] [stdout]                                at /rustc/90b35a6239c3d8bdabc530a6a0816f7ff89a0aaf/library/core/src/panic/unwind_safe.rs:272:9
[INFO] [stdout]   26:     0x63e2f8aeb217 - std::panicking::try::do_call::h873b7cf639554a5e
[INFO] [stdout]                                at /rustc/90b35a6239c3d8bdabc530a6a0816f7ff89a0aaf/library/std/src/panicking.rs:557:40
[INFO] [stdout]   27:     0x63e2f8aeb217 - std::panicking::try::hdb19862fad9c8bd1
[INFO] [stdout]                                at /rustc/90b35a6239c3d8bdabc530a6a0816f7ff89a0aaf/library/std/src/panicking.rs:520:19
[INFO] [stdout]   28:     0x63e2f8aeb217 - std::panic::catch_unwind::h281fe732d236d260
[INFO] [stdout]                                at /rustc/90b35a6239c3d8bdabc530a6a0816f7ff89a0aaf/library/std/src/panic.rs:358:14
[INFO] [stdout]   29:     0x63e2f8aeb217 - test::run_test_in_process::h949b6df8457ed338
[INFO] [stdout]                                at /rustc/90b35a6239c3d8bdabc530a6a0816f7ff89a0aaf/library/test/src/lib.rs:644:27
[INFO] [stdout]   30:     0x63e2f8aeb217 - test::run_test::{{closure}}::h52c556a6d4740e10
[INFO] [stdout]                                at /rustc/90b35a6239c3d8bdabc530a6a0816f7ff89a0aaf/library/test/src/lib.rs:565:43
[INFO] [stdout]   31:     0x63e2f8ab04f4 - test::run_test::{{closure}}::h4237f6381c45ccb9
[INFO] [stdout]                                at /rustc/90b35a6239c3d8bdabc530a6a0816f7ff89a0aaf/library/test/src/lib.rs:595:41
[INFO] [stdout]   32:     0x63e2f8ab04f4 - std::sys::backtrace::__rust_begin_short_backtrace::h505c97a579eca628
[INFO] [stdout]                                at /rustc/90b35a6239c3d8bdabc530a6a0816f7ff89a0aaf/library/std/src/sys/backtrace.rs:154:18
[INFO] [stdout]   33:     0x63e2f8ab3bbe - std::thread::Builder::spawn_unchecked_::{{closure}}::{{closure}}::h9e86b2e2bc107ea3
[INFO] [stdout]                                at /rustc/90b35a6239c3d8bdabc530a6a0816f7ff89a0aaf/library/std/src/thread/mod.rs:538:17
[INFO] [stdout]   34:     0x63e2f8ab3bbe - <core::panic::unwind_safe::AssertUnwindSafe<F> as core::ops::function::FnOnce<()>>::call_once::h8b06ddb275ff4a25
[INFO] [stdout]                                at /rustc/90b35a6239c3d8bdabc530a6a0816f7ff89a0aaf/library/core/src/panic/unwind_safe.rs:272:9
[INFO] [stdout]   35:     0x63e2f8ab3bbe - std::panicking::try::do_call::hb26ecd7cd9a9355d
[INFO] [stdout]                                at /rustc/90b35a6239c3d8bdabc530a6a0816f7ff89a0aaf/library/std/src/panicking.rs:557:40
[INFO] [stdout]   36:     0x63e2f8ab3bbe - std::panicking::try::h8ddeca9d705f9069
[INFO] [stdout]                                at /rustc/90b35a6239c3d8bdabc530a6a0816f7ff89a0aaf/library/std/src/panicking.rs:520:19
[INFO] [stdout]   37:     0x63e2f8ab3bbe - std::panic::catch_unwind::h49e1c33078844c46
[INFO] [stdout]                                at /rustc/90b35a6239c3d8bdabc530a6a0816f7ff89a0aaf/library/std/src/panic.rs:358:14
[INFO] [stdout]   38:     0x63e2f8ab3bbe - std::thread::Builder::spawn_unchecked_::{{closure}}::h6073db6ff56ad35d
[INFO] [stdout]                                at /rustc/90b35a6239c3d8bdabc530a6a0816f7ff89a0aaf/library/std/src/thread/mod.rs:537:30
[INFO] [stdout]   39:     0x63e2f8ab3bbe - core::ops::function::FnOnce::call_once{{vtable.shim}}::h2c5a5f3779c774f1
[INFO] [stdout]                                at /rustc/90b35a6239c3d8bdabc530a6a0816f7ff89a0aaf/library/core/src/ops/function.rs:250:5
[INFO] [stdout]   40:     0x63e2f8b1fd1b - <alloc::boxed::Box<F,A> as core::ops::function::FnOnce<Args>>::call_once::hf75717d9f28faebf
[INFO] [stdout]                                at /rustc/90b35a6239c3d8bdabc530a6a0816f7ff89a0aaf/library/alloc/src/boxed.rs:2454:9
[INFO] [stdout]   41:     0x63e2f8b1fd1b - <alloc::boxed::Box<F,A> as core::ops::function::FnOnce<Args>>::call_once::h7bd883a5f3c5f3c1
[INFO] [stdout]                                at /rustc/90b35a6239c3d8bdabc530a6a0816f7ff89a0aaf/library/alloc/src/boxed.rs:2454:9
[INFO] [stdout]   42:     0x63e2f8b1fd1b - std::sys::pal::unix::thread::Thread::new::thread_start::hcc78f3943333fa94
[INFO] [stdout]                                at /rustc/90b35a6239c3d8bdabc530a6a0816f7ff89a0aaf/library/std/src/sys/pal/unix/thread.rs:105:17
[INFO] [stdout]   43:     0x7e16f6a26ac3 - <unknown>
[INFO] [stdout]   44:     0x7e16f6ab7a04 - clone
[INFO] [stdout]   45:                0x0 - <unknown>
[INFO] [stdout] 
[INFO] [stdout] 
[INFO] [stdout] failures:
[INFO] [stdout]     bit_model::test::test2
[INFO] [stdout]     bit_model::test::test4
[INFO] [stdout] 
[INFO] [stdout] test result: FAILED. 8 passed; 2 failed; 0 ignored; 0 measured; 0 filtered out; finished in 0.02s
[INFO] [stdout] 
[INFO] [stderr] error: test failed, to rerun pass `--lib`
[INFO] running `Command { std: "docker" "inspect" "cbb829c6ac2310cf6197be34456582719ddfa360859457a1fed09e9034e76757", kill_on_drop: false }`
[INFO] running `Command { std: "docker" "rm" "-f" "cbb829c6ac2310cf6197be34456582719ddfa360859457a1fed09e9034e76757", kill_on_drop: false }`
[INFO] [stdout] cbb829c6ac2310cf6197be34456582719ddfa360859457a1fed09e9034e76757
