[INFO] cloning repository https://github.com/GrzegorzManiak/super-markdown
[INFO] running `Command { std: "git" "-c" "credential.helper=" "-c" "credential.helper=/workspace/cargo-home/bin/git-credential-null" "clone" "--bare" "https://github.com/GrzegorzManiak/super-markdown" "/workspace/cache/git-repos/https%3A%2F%2Fgithub.com%2FGrzegorzManiak%2Fsuper-markdown", kill_on_drop: false }`
[INFO] [stderr] Cloning into bare repository '/workspace/cache/git-repos/https%3A%2F%2Fgithub.com%2FGrzegorzManiak%2Fsuper-markdown'...
[INFO] running `Command { std: "git" "rev-parse" "HEAD", kill_on_drop: false }`
[INFO] [stdout] b1b5707151c76e8ef5b0014cf4c9c96731087f19
[INFO] testing GrzegorzManiak/super-markdown against beta-2024-12-08 for beta-1.84.0-4-retry
[INFO] running `Command { std: "git" "clone" "/workspace/cache/git-repos/https%3A%2F%2Fgithub.com%2FGrzegorzManiak%2Fsuper-markdown" "/workspace/builds/worker-6-tc2/source", kill_on_drop: false }`
[INFO] [stderr] Cloning into '/workspace/builds/worker-6-tc2/source'...
[INFO] [stderr] done.
[INFO] validating manifest of git repo https://github.com/GrzegorzManiak/super-markdown on toolchain beta-2024-12-08
[INFO] running `Command { std: CARGO_HOME="/workspace/cargo-home" RUSTUP_HOME="/workspace/rustup-home" "/workspace/cargo-home/bin/cargo" "+beta-2024-12-08" "metadata" "--manifest-path" "Cargo.toml" "--no-deps", kill_on_drop: false }`
[INFO] started tweaking git repo https://github.com/GrzegorzManiak/super-markdown
[INFO] finished tweaking git repo https://github.com/GrzegorzManiak/super-markdown
[INFO] tweaked toml for git repo https://github.com/GrzegorzManiak/super-markdown written to /workspace/builds/worker-6-tc2/source/Cargo.toml
[INFO] crate git repo https://github.com/GrzegorzManiak/super-markdown already has a lockfile, it will not be regenerated
[INFO] running `Command { std: CARGO_HOME="/workspace/cargo-home" RUSTUP_HOME="/workspace/rustup-home" "/workspace/cargo-home/bin/cargo" "+beta-2024-12-08" "fetch" "--manifest-path" "Cargo.toml", kill_on_drop: false }`
[INFO] [stderr] warning: no edition set: defaulting to the 2015 edition while the latest is 2021
[INFO] running `Command { std: "docker" "create" "-v" "/var/lib/crater-agent-workspace/builds/worker-6-tc2/target:/opt/rustwide/target:rw,Z" "-v" "/var/lib/crater-agent-workspace/builds/worker-6-tc2/source:/opt/rustwide/workdir:ro,Z" "-v" "/var/lib/crater-agent-workspace/cargo-home:/opt/rustwide/cargo-home:ro,Z" "-v" "/var/lib/crater-agent-workspace/rustup-home:/opt/rustwide/rustup-home:ro,Z" "-e" "SOURCE_DIR=/opt/rustwide/workdir" "-e" "CARGO_TARGET_DIR=/opt/rustwide/target" "-e" "CARGO_HOME=/opt/rustwide/cargo-home" "-e" "RUSTUP_HOME=/opt/rustwide/rustup-home" "-w" "/opt/rustwide/workdir" "-m" "1610612736" "--user" "0:0" "--network" "none" "ghcr.io/rust-lang/crates-build-env/linux@sha256:f3a9d4ad9d972b27faf3965f35b62e55ba32bbce8f20bc8fe909558a86702fde" "/opt/rustwide/cargo-home/bin/cargo" "+beta-2024-12-08" "metadata" "--no-deps" "--format-version=1", kill_on_drop: false }`
[INFO] [stdout] 8bd021de2e9bcf640e38b026effd7efb09ab92cd1b2de20307de5096aedd1f20
[INFO] running `Command { std: "docker" "start" "-a" "8bd021de2e9bcf640e38b026effd7efb09ab92cd1b2de20307de5096aedd1f20", kill_on_drop: false }`
[INFO] running `Command { std: "docker" "inspect" "8bd021de2e9bcf640e38b026effd7efb09ab92cd1b2de20307de5096aedd1f20", kill_on_drop: false }`
[INFO] running `Command { std: "docker" "rm" "-f" "8bd021de2e9bcf640e38b026effd7efb09ab92cd1b2de20307de5096aedd1f20", kill_on_drop: false }`
[INFO] [stdout] 8bd021de2e9bcf640e38b026effd7efb09ab92cd1b2de20307de5096aedd1f20
[INFO] running `Command { std: "docker" "create" "-v" "/var/lib/crater-agent-workspace/builds/worker-6-tc2/target:/opt/rustwide/target:rw,Z" "-v" "/var/lib/crater-agent-workspace/builds/worker-6-tc2/source:/opt/rustwide/workdir:ro,Z" "-v" "/var/lib/crater-agent-workspace/cargo-home:/opt/rustwide/cargo-home:ro,Z" "-v" "/var/lib/crater-agent-workspace/rustup-home:/opt/rustwide/rustup-home:ro,Z" "-e" "SOURCE_DIR=/opt/rustwide/workdir" "-e" "CARGO_TARGET_DIR=/opt/rustwide/target" "-e" "CARGO_INCREMENTAL=0" "-e" "RUST_BACKTRACE=full" "-e" "RUSTFLAGS=--cap-lints=warn" "-e" "RUSTDOCFLAGS=--cap-lints=warn" "-e" "CARGO_HOME=/opt/rustwide/cargo-home" "-e" "RUSTUP_HOME=/opt/rustwide/rustup-home" "-w" "/opt/rustwide/workdir" "-m" "1610612736" "--user" "0:0" "--network" "none" "ghcr.io/rust-lang/crates-build-env/linux@sha256:f3a9d4ad9d972b27faf3965f35b62e55ba32bbce8f20bc8fe909558a86702fde" "/opt/rustwide/cargo-home/bin/cargo" "+beta-2024-12-08" "build" "--frozen" "--message-format=json", kill_on_drop: false }`
[INFO] [stdout] 8e0c55ceada761e07dc9981b33c49bb4f1731aa7fd56afea968a86b9c3d273c0
[INFO] running `Command { std: "docker" "start" "-a" "8e0c55ceada761e07dc9981b33c49bb4f1731aa7fd56afea968a86b9c3d273c0", kill_on_drop: false }`
[INFO] [stderr] warning: no edition set: defaulting to the 2015 edition while the latest is 2021
[INFO] [stderr]    Compiling libc v0.2.137
[INFO] [stderr]    Compiling proc-macro2 v1.0.47
[INFO] [stderr]    Compiling quote v1.0.21
[INFO] [stderr]    Compiling unicode-ident v1.0.5
[INFO] [stderr]    Compiling syn v1.0.105
[INFO] [stderr]    Compiling ppv-lite86 v0.2.17
[INFO] [stderr]    Compiling getrandom v0.2.8
[INFO] [stderr]    Compiling rand_core v0.6.4
[INFO] [stderr]    Compiling rand_chacha v0.3.1
[INFO] [stderr]    Compiling rand v0.8.5
[INFO] [stderr]    Compiling uuid-macro-internal v1.2.2
[INFO] [stderr]    Compiling uuid v1.2.2
[INFO] [stderr]    Compiling super-markdown v0.1.0 (/opt/rustwide/workdir)
[INFO] [stdout] warning: unused import: `crate::paramater::Parameter`
[INFO] [stdout]  --> src/parser/mod.rs:1:5
[INFO] [stdout]   |
[INFO] [stdout] 1 | use crate::paramater::Parameter;
[INFO] [stdout]   |     ^^^^^^^^^^^^^^^^^^^^^^^^^^^
[INFO] [stdout]   |
[INFO] [stdout]   = note: `#[warn(unused_imports)]` on by default
[INFO] [stdout] 
[INFO] [stdout] 
[INFO] [stdout] warning: unused import: `uuid`
[INFO] [stdout]  --> src/segment/keywords/extrapolate_keys.rs:1:18
[INFO] [stdout]   |
[INFO] [stdout] 1 | use uuid::{Uuid, uuid};
[INFO] [stdout]   |                  ^^^^
[INFO] [stdout] 
[INFO] [stdout] 
[INFO] [stdout] warning: unused variable: `name`
[INFO] [stdout]   --> src/parser/mod.rs:34:25
[INFO] [stdout]    |
[INFO] [stdout] 34 |             get_class: |name: &str| { None }
[INFO] [stdout]    |                         ^^^^ help: if this is intentional, prefix it with an underscore: `_name`
[INFO] [stdout]    |
[INFO] [stdout]    = note: `#[warn(unused_variables)]` on by default
[INFO] [stdout] 
[INFO] [stdout] 
[INFO] [stdout] warning: associated function `new` is never used
[INFO] [stdout]   --> src/parser/mod.rs:48:8
[INFO] [stdout]    |
[INFO] [stdout] 47 | impl Parser {
[INFO] [stdout]    | ----------- associated function in this implementation
[INFO] [stdout] 48 |     fn new() -> Self {
[INFO] [stdout]    |        ^^^
[INFO] [stdout]    |
[INFO] [stdout]    = note: `#[warn(dead_code)]` on by default
[INFO] [stdout] 
[INFO] [stdout] 
[INFO] [stderr]     Finished `dev` profile [unoptimized + debuginfo] target(s) in 8.96s
[INFO] running `Command { std: "docker" "inspect" "8e0c55ceada761e07dc9981b33c49bb4f1731aa7fd56afea968a86b9c3d273c0", kill_on_drop: false }`
[INFO] running `Command { std: "docker" "rm" "-f" "8e0c55ceada761e07dc9981b33c49bb4f1731aa7fd56afea968a86b9c3d273c0", kill_on_drop: false }`
[INFO] [stdout] 8e0c55ceada761e07dc9981b33c49bb4f1731aa7fd56afea968a86b9c3d273c0
[INFO] running `Command { std: "docker" "create" "-v" "/var/lib/crater-agent-workspace/builds/worker-6-tc2/target:/opt/rustwide/target:rw,Z" "-v" "/var/lib/crater-agent-workspace/builds/worker-6-tc2/source:/opt/rustwide/workdir:ro,Z" "-v" "/var/lib/crater-agent-workspace/cargo-home:/opt/rustwide/cargo-home:ro,Z" "-v" "/var/lib/crater-agent-workspace/rustup-home:/opt/rustwide/rustup-home:ro,Z" "-e" "SOURCE_DIR=/opt/rustwide/workdir" "-e" "CARGO_TARGET_DIR=/opt/rustwide/target" "-e" "CARGO_INCREMENTAL=0" "-e" "RUST_BACKTRACE=full" "-e" "RUSTFLAGS=--cap-lints=warn" "-e" "RUSTDOCFLAGS=--cap-lints=warn" "-e" "CARGO_HOME=/opt/rustwide/cargo-home" "-e" "RUSTUP_HOME=/opt/rustwide/rustup-home" "-w" "/opt/rustwide/workdir" "-m" "1610612736" "--user" "0:0" "--network" "none" "ghcr.io/rust-lang/crates-build-env/linux@sha256:f3a9d4ad9d972b27faf3965f35b62e55ba32bbce8f20bc8fe909558a86702fde" "/opt/rustwide/cargo-home/bin/cargo" "+beta-2024-12-08" "test" "--frozen" "--no-run" "--message-format=json", kill_on_drop: false }`
[INFO] [stdout] a52f3407a35e499b9190dc772a420a96fd6a74575f5c32cf50e0d01bdaa36fd8
[INFO] running `Command { std: "docker" "start" "-a" "a52f3407a35e499b9190dc772a420a96fd6a74575f5c32cf50e0d01bdaa36fd8", kill_on_drop: false }`
[INFO] [stderr] warning: no edition set: defaulting to the 2015 edition while the latest is 2021
[INFO] [stderr]    Compiling super-markdown v0.1.0 (/opt/rustwide/workdir)
[INFO] [stdout] warning: unused import: `crate::paramater::Parameter`
[INFO] [stdout]  --> src/parser/mod.rs:1:5
[INFO] [stdout]   |
[INFO] [stdout] 1 | use crate::paramater::Parameter;
[INFO] [stdout]   |     ^^^^^^^^^^^^^^^^^^^^^^^^^^^
[INFO] [stdout]   |
[INFO] [stdout]   = note: `#[warn(unused_imports)]` on by default
[INFO] [stdout] 
[INFO] [stdout] 
[INFO] [stdout] warning: unused import: `uuid`
[INFO] [stdout]  --> src/segment/keywords/extrapolate_keys.rs:1:18
[INFO] [stdout]   |
[INFO] [stdout] 1 | use uuid::{Uuid, uuid};
[INFO] [stdout]   |                  ^^^^
[INFO] [stdout] 
[INFO] [stdout] 
[INFO] [stdout] warning: unused variable: `name`
[INFO] [stdout]   --> src/parser/mod.rs:34:25
[INFO] [stdout]    |
[INFO] [stdout] 34 |             get_class: |name: &str| { None }
[INFO] [stdout]    |                         ^^^^ help: if this is intentional, prefix it with an underscore: `_name`
[INFO] [stdout]    |
[INFO] [stdout]    = note: `#[warn(unused_variables)]` on by default
[INFO] [stdout] 
[INFO] [stdout] 
[INFO] [stdout] warning: associated function `new` is never used
[INFO] [stdout]   --> src/parser/mod.rs:48:8
[INFO] [stdout]    |
[INFO] [stdout] 47 | impl Parser {
[INFO] [stdout]    | ----------- associated function in this implementation
[INFO] [stdout] 48 |     fn new() -> Self {
[INFO] [stdout]    |        ^^^
[INFO] [stdout]    |
[INFO] [stdout]    = note: `#[warn(dead_code)]` on by default
[INFO] [stdout] 
[INFO] [stdout] 
[INFO] [stdout] warning: function `key_extrapolation__single_key` should have a snake case name
[INFO] [stdout]   --> src/segment/keywords/tests.rs:18:8
[INFO] [stdout]    |
[INFO] [stdout] 18 |     fn key_extrapolation__single_key() {
[INFO] [stdout]    |        ^^^^^^^^^^^^^^^^^^^^^^^^^^^^^ help: convert the identifier to snake case: `key_extrapolation_single_key`
[INFO] [stdout]    |
[INFO] [stdout]    = note: `#[warn(non_snake_case)]` on by default
[INFO] [stdout] 
[INFO] [stdout] 
[INFO] [stdout] warning: function `key_extrapolation__multiple_keys` should have a snake case name
[INFO] [stdout]   --> src/segment/keywords/tests.rs:27:8
[INFO] [stdout]    |
[INFO] [stdout] 27 |     fn key_extrapolation__multiple_keys() {
[INFO] [stdout]    |        ^^^^^^^^^^^^^^^^^^^^^^^^^^^^^^^^ help: convert the identifier to snake case: `key_extrapolation_multiple_keys`
[INFO] [stdout] 
[INFO] [stdout] 
[INFO] [stdout] warning: function `key_extrapolation__semi_nested_keys` should have a snake case name
[INFO] [stdout]   --> src/segment/keywords/tests.rs:36:8
[INFO] [stdout]    |
[INFO] [stdout] 36 |     fn key_extrapolation__semi_nested_keys() {
[INFO] [stdout]    |        ^^^^^^^^^^^^^^^^^^^^^^^^^^^^^^^^^^^ help: convert the identifier to snake case: `key_extrapolation_semi_nested_keys`
[INFO] [stdout] 
[INFO] [stdout] 
[INFO] [stdout] warning: function `key_extrapolation__nested_keys` should have a snake case name
[INFO] [stdout]   --> src/segment/keywords/tests.rs:45:8
[INFO] [stdout]    |
[INFO] [stdout] 45 |     fn key_extrapolation__nested_keys() {
[INFO] [stdout]    |        ^^^^^^^^^^^^^^^^^^^^^^^^^^^^^^ help: convert the identifier to snake case: `key_extrapolation_nested_keys`
[INFO] [stdout] 
[INFO] [stdout] 
[INFO] [stdout] warning: function `check_escaped__escaped` should have a snake case name
[INFO] [stdout]   --> src/segment/keywords/tests.rs:59:8
[INFO] [stdout]    |
[INFO] [stdout] 59 |     fn check_escaped__escaped() {
[INFO] [stdout]    |        ^^^^^^^^^^^^^^^^^^^^^^ help: convert the identifier to snake case: `check_escaped_escaped`
[INFO] [stdout] 
[INFO] [stdout] 
[INFO] [stdout] warning: function `check_escaped__not_escaped` should have a snake case name
[INFO] [stdout]   --> src/segment/keywords/tests.rs:70:8
[INFO] [stdout]    |
[INFO] [stdout] 70 |     fn check_escaped__not_escaped() {
[INFO] [stdout]    |        ^^^^^^^^^^^^^^^^^^^^^^^^^^ help: convert the identifier to snake case: `check_escaped_not_escaped`
[INFO] [stdout] 
[INFO] [stdout] 
[INFO] [stdout] warning: function `check_escaped__escaped_escape` should have a snake case name
[INFO] [stdout]   --> src/segment/keywords/tests.rs:81:8
[INFO] [stdout]    |
[INFO] [stdout] 81 |     fn check_escaped__escaped_escape() {
[INFO] [stdout]    |        ^^^^^^^^^^^^^^^^^^^^^^^^^^^^^ help: convert the identifier to snake case: `check_escaped_escaped_escape`
[INFO] [stdout] 
[INFO] [stdout] 
[INFO] [stdout] warning: function `check_escaped__start_of_line` should have a snake case name
[INFO] [stdout]   --> src/segment/keywords/tests.rs:92:8
[INFO] [stdout]    |
[INFO] [stdout] 92 |     fn check_escaped__start_of_line() {
[INFO] [stdout]    |        ^^^^^^^^^^^^^^^^^^^^^^^^^^^^ help: convert the identifier to snake case: `check_escaped_start_of_line`
[INFO] [stdout] 
[INFO] [stdout] 
[INFO] [stdout] warning: function `check_escaped__end_of_line` should have a snake case name
[INFO] [stdout]    --> src/segment/keywords/tests.rs:103:8
[INFO] [stdout]     |
[INFO] [stdout] 103 |     fn check_escaped__end_of_line() {
[INFO] [stdout]     |        ^^^^^^^^^^^^^^^^^^^^^^^^^^ help: convert the identifier to snake case: `check_escaped_end_of_line`
[INFO] [stdout] 
[INFO] [stdout] 
[INFO] [stdout] warning: function `check_escaped__multiple_same_keys` should have a snake case name
[INFO] [stdout]    --> src/segment/keywords/tests.rs:114:8
[INFO] [stdout]     |
[INFO] [stdout] 114 |     fn check_escaped__multiple_same_keys() {
[INFO] [stdout]     |        ^^^^^^^^^^^^^^^^^^^^^^^^^^^^^^^^^ help: convert the identifier to snake case: `check_escaped_multiple_same_keys`
[INFO] [stdout] 
[INFO] [stdout] 
[INFO] [stdout] warning: function `check_escaped__multiple_different_keys` should have a snake case name
[INFO] [stdout]    --> src/segment/keywords/tests.rs:128:8
[INFO] [stdout]     |
[INFO] [stdout] 128 |     fn check_escaped__multiple_different_keys() {
[INFO] [stdout]     |        ^^^^^^^^^^^^^^^^^^^^^^^^^^^^^^^^^^^^^^ help: convert the identifier to snake case: `check_escaped_multiple_different_keys`
[INFO] [stdout] 
[INFO] [stdout] 
[INFO] [stderr]     Finished `test` profile [unoptimized + debuginfo] target(s) in 1.49s
[INFO] running `Command { std: "docker" "inspect" "a52f3407a35e499b9190dc772a420a96fd6a74575f5c32cf50e0d01bdaa36fd8", kill_on_drop: false }`
[INFO] running `Command { std: "docker" "rm" "-f" "a52f3407a35e499b9190dc772a420a96fd6a74575f5c32cf50e0d01bdaa36fd8", kill_on_drop: false }`
[INFO] [stdout] a52f3407a35e499b9190dc772a420a96fd6a74575f5c32cf50e0d01bdaa36fd8
[INFO] running `Command { std: "docker" "create" "-v" "/var/lib/crater-agent-workspace/builds/worker-6-tc2/target:/opt/rustwide/target:rw,Z" "-v" "/var/lib/crater-agent-workspace/builds/worker-6-tc2/source:/opt/rustwide/workdir:ro,Z" "-v" "/var/lib/crater-agent-workspace/cargo-home:/opt/rustwide/cargo-home:ro,Z" "-v" "/var/lib/crater-agent-workspace/rustup-home:/opt/rustwide/rustup-home:ro,Z" "-e" "SOURCE_DIR=/opt/rustwide/workdir" "-e" "CARGO_TARGET_DIR=/opt/rustwide/target" "-e" "CARGO_INCREMENTAL=0" "-e" "RUST_BACKTRACE=full" "-e" "RUSTFLAGS=--cap-lints=warn" "-e" "RUSTDOCFLAGS=--cap-lints=warn" "-e" "CARGO_HOME=/opt/rustwide/cargo-home" "-e" "RUSTUP_HOME=/opt/rustwide/rustup-home" "-w" "/opt/rustwide/workdir" "-m" "1610612736" "--user" "0:0" "--network" "none" "ghcr.io/rust-lang/crates-build-env/linux@sha256:f3a9d4ad9d972b27faf3965f35b62e55ba32bbce8f20bc8fe909558a86702fde" "/opt/rustwide/cargo-home/bin/cargo" "+beta-2024-12-08" "test" "--frozen", kill_on_drop: false }`
[INFO] [stdout] 08d45657128fd6e3d3251c836cae7ae574cad50c5d593fc837e72a6363fb369a
[INFO] running `Command { std: "docker" "start" "-a" "08d45657128fd6e3d3251c836cae7ae574cad50c5d593fc837e72a6363fb369a", kill_on_drop: false }`
[INFO] [stderr] warning: no edition set: defaulting to the 2015 edition while the latest is 2021
[INFO] [stderr] warning: unused import: `crate::paramater::Parameter`
[INFO] [stderr]  --> src/parser/mod.rs:1:5
[INFO] [stderr]   |
[INFO] [stderr] 1 | use crate::paramater::Parameter;
[INFO] [stderr]   |     ^^^^^^^^^^^^^^^^^^^^^^^^^^^
[INFO] [stderr]   |
[INFO] [stderr]   = note: `#[warn(unused_imports)]` on by default
[INFO] [stderr] 
[INFO] [stderr] warning: unused import: `uuid`
[INFO] [stderr]  --> src/segment/keywords/extrapolate_keys.rs:1:18
[INFO] [stderr]   |
[INFO] [stderr] 1 | use uuid::{Uuid, uuid};
[INFO] [stderr]   |                  ^^^^
[INFO] [stderr] 
[INFO] [stderr] warning: unused variable: `name`
[INFO] [stderr]   --> src/parser/mod.rs:34:25
[INFO] [stderr]    |
[INFO] [stderr] 34 |             get_class: |name: &str| { None }
[INFO] [stderr]    |                         ^^^^ help: if this is intentional, prefix it with an underscore: `_name`
[INFO] [stderr]    |
[INFO] [stderr]    = note: `#[warn(unused_variables)]` on by default
[INFO] [stderr] 
[INFO] [stderr] warning: associated function `new` is never used
[INFO] [stderr]   --> src/parser/mod.rs:48:8
[INFO] [stderr]    |
[INFO] [stderr] 47 | impl Parser {
[INFO] [stderr]    | ----------- associated function in this implementation
[INFO] [stderr] 48 |     fn new() -> Self {
[INFO] [stderr]    |        ^^^
[INFO] [stderr]    |
[INFO] [stderr]    = note: `#[warn(dead_code)]` on by default
[INFO] [stderr] 
[INFO] [stderr] warning: function `key_extrapolation__single_key` should have a snake case name
[INFO] [stderr]   --> src/segment/keywords/tests.rs:18:8
[INFO] [stderr]    |
[INFO] [stderr] 18 |     fn key_extrapolation__single_key() {
[INFO] [stderr]    |        ^^^^^^^^^^^^^^^^^^^^^^^^^^^^^ help: convert the identifier to snake case: `key_extrapolation_single_key`
[INFO] [stderr]    |
[INFO] [stderr]    = note: `#[warn(non_snake_case)]` on by default
[INFO] [stderr] 
[INFO] [stderr] warning: function `key_extrapolation__multiple_keys` should have a snake case name
[INFO] [stderr]   --> src/segment/keywords/tests.rs:27:8
[INFO] [stderr]    |
[INFO] [stderr] 27 |     fn key_extrapolation__multiple_keys() {
[INFO] [stderr]    |        ^^^^^^^^^^^^^^^^^^^^^^^^^^^^^^^^ help: convert the identifier to snake case: `key_extrapolation_multiple_keys`
[INFO] [stderr] 
[INFO] [stderr] warning: function `key_extrapolation__semi_nested_keys` should have a snake case name
[INFO] [stderr]   --> src/segment/keywords/tests.rs:36:8
[INFO] [stderr]    |
[INFO] [stderr] 36 |     fn key_extrapolation__semi_nested_keys() {
[INFO] [stderr]    |        ^^^^^^^^^^^^^^^^^^^^^^^^^^^^^^^^^^^ help: convert the identifier to snake case: `key_extrapolation_semi_nested_keys`
[INFO] [stderr] 
[INFO] [stderr] warning: function `key_extrapolation__nested_keys` should have a snake case name
[INFO] [stderr]   --> src/segment/keywords/tests.rs:45:8
[INFO] [stderr]    |
[INFO] [stderr] 45 |     fn key_extrapolation__nested_keys() {
[INFO] [stderr]    |        ^^^^^^^^^^^^^^^^^^^^^^^^^^^^^^ help: convert the identifier to snake case: `key_extrapolation_nested_keys`
[INFO] [stderr] 
[INFO] [stderr] warning: function `check_escaped__escaped` should have a snake case name
[INFO] [stderr]   --> src/segment/keywords/tests.rs:59:8
[INFO] [stderr]    |
[INFO] [stderr] 59 |     fn check_escaped__escaped() {
[INFO] [stderr]    |        ^^^^^^^^^^^^^^^^^^^^^^ help: convert the identifier to snake case: `check_escaped_escaped`
[INFO] [stderr] 
[INFO] [stderr] warning: function `check_escaped__not_escaped` should have a snake case name
[INFO] [stderr]   --> src/segment/keywords/tests.rs:70:8
[INFO] [stderr]    |
[INFO] [stderr] 70 |     fn check_escaped__not_escaped() {
[INFO] [stderr]    |        ^^^^^^^^^^^^^^^^^^^^^^^^^^ help: convert the identifier to snake case: `check_escaped_not_escaped`
[INFO] [stderr] 
[INFO] [stderr] warning: function `check_escaped__escaped_escape` should have a snake case name
[INFO] [stderr]   --> src/segment/keywords/tests.rs:81:8
[INFO] [stderr]    |
[INFO] [stderr] 81 |     fn check_escaped__escaped_escape() {
[INFO] [stderr]    |        ^^^^^^^^^^^^^^^^^^^^^^^^^^^^^ help: convert the identifier to snake case: `check_escaped_escaped_escape`
[INFO] [stderr] 
[INFO] [stderr] warning: function `check_escaped__start_of_line` should have a snake case name
[INFO] [stderr]   --> src/segment/keywords/tests.rs:92:8
[INFO] [stderr]    |
[INFO] [stderr] 92 |     fn check_escaped__start_of_line() {
[INFO] [stderr]    |        ^^^^^^^^^^^^^^^^^^^^^^^^^^^^ help: convert the identifier to snake case: `check_escaped_start_of_line`
[INFO] [stderr] 
[INFO] [stderr] warning: function `check_escaped__end_of_line` should have a snake case name
[INFO] [stderr]    --> src/segment/keywords/tests.rs:103:8
[INFO] [stderr]     |
[INFO] [stderr] 103 |     fn check_escaped__end_of_line() {
[INFO] [stderr]     |        ^^^^^^^^^^^^^^^^^^^^^^^^^^ help: convert the identifier to snake case: `check_escaped_end_of_line`
[INFO] [stderr] 
[INFO] [stderr] warning: function `check_escaped__multiple_same_keys` should have a snake case name
[INFO] [stderr]    --> src/segment/keywords/tests.rs:114:8
[INFO] [stderr]     |
[INFO] [stderr] 114 |     fn check_escaped__multiple_same_keys() {
[INFO] [stderr]     |        ^^^^^^^^^^^^^^^^^^^^^^^^^^^^^^^^^ help: convert the identifier to snake case: `check_escaped_multiple_same_keys`
[INFO] [stderr] 
[INFO] [stderr] warning: function `check_escaped__multiple_different_keys` should have a snake case name
[INFO] [stderr]    --> src/segment/keywords/tests.rs:128:8
[INFO] [stderr]     |
[INFO] [stderr] 128 |     fn check_escaped__multiple_different_keys() {
[INFO] [stderr]     |        ^^^^^^^^^^^^^^^^^^^^^^^^^^^^^^^^^^^^^^ help: convert the identifier to snake case: `check_escaped_multiple_different_keys`
[INFO] [stderr] 
[INFO] [stderr] warning: `super-markdown` (bin "super-markdown" test) generated 15 warnings (run `cargo fix --bin "super-markdown" --tests` to apply 2 suggestions)
[INFO] [stderr]     Finished `test` profile [unoptimized + debuginfo] target(s) in 0.04s
[INFO] [stderr]      Running unittests src/main.rs (/opt/rustwide/target/debug/deps/super_markdown-44eda7699631c2c6)
[INFO] [stdout] 
[INFO] [stdout] running 31 tests
[INFO] [stdout] test segment::keywords::tests::tests::check_escaped__escaped ... ok
[INFO] [stdout] test segment::keywords::tests::tests::check_escaped__end_of_line ... ok
[INFO] [stdout] test segment::keywords::tests::tests::check_escaped__escaped_escape ... ok
[INFO] [stdout] test segment::keywords::tests::tests::check_escaped__multiple_same_keys ... ok
[INFO] [stdout] test segment::keywords::tests::tests::check_escaped__multiple_different_keys ... ok
[INFO] [stdout] test segment::keywords::tests::tests::check_escaped__not_escaped ... ok
[INFO] [stdout] test segment::keywords::tests::tests::contains_meta_valid ... ok
[INFO] [stdout] test segment::keywords::tests::tests::contains_scope_escaped ... ok
[INFO] [stdout] test segment::keywords::tests::tests::identify_keys_wrapper ... ok
[INFO] [stdout] test segment::keywords::tests::tests::contains_scope_one_valid_one_invalid ... ok
[INFO] [stdout] test segment::keywords::tests::tests::invalid_scope_l ... ok
[INFO] [stdout] test segment::keywords::tests::tests::identify_keys_single ... ok
[INFO] [stdout] test segment::keywords::tests::tests::invalid_scope_lr ... ok
[INFO] [stdout] test segment::keywords::tests::tests::invalid_scope_r ... ok
[INFO] [stdout] test segment::keywords::tests::tests::invalid_scope_rl ... ok
[INFO] [stdout] test segment::keywords::tests::tests::key_extrapolation__multiple_keys ... ok
[INFO] [stdout] test segment::keywords::tests::tests::key_extrapolation__nested_keys ... ok
[INFO] [stdout] test segment::keywords::tests::tests::key_extrapolation__semi_nested_keys ... ok
[INFO] [stdout] test segment::keywords::tests::tests::test_starts_with_heading ... ok
[INFO] [stdout] test segment::keywords::tests::tests::contains_scope_invalid ... ok
[INFO] [stdout] test segment::keywords::tests::tests::contains_scope_valid ... ok
[INFO] [stdout] test segment::keywords::tests::tests::test_starts_with_none ... ok
[INFO] [stdout] test segment::keywords::tests::tests::key_extrapolation__single_key ... ok
[INFO] [stdout] test segment::keywords::tests::tests::valid_scope ... ok
[INFO] [stdout] test segment::keywords::tests::tests::check_escaped__start_of_line ... ok
[INFO] [stdout] test segment::keywords::tests::tests::test_starts_with_heading_2 ... ok
[INFO] [stdout] test segment::keywords::tests::tests::valid_heading_scope ... ok
[INFO] [stdout] test segment::keywords::tests::tests::one_valid_one_invalid_scope ... ok
[INFO] [stdout] test segment::keywords::tests::tests::valid_two_scopes ... ok
[INFO] [stdout] test segment::keywords::tests::tests::identify_multiple_key_wrappers ... FAILED
[INFO] [stdout] test segment::keywords::tests::tests::identify_multiple_same_wrappers ... FAILED
[INFO] [stdout] 
[INFO] [stdout] failures:
[INFO] [stdout] 
[INFO] [stdout] ---- segment::keywords::tests::tests::identify_multiple_key_wrappers stdout ----
[INFO] [stdout] thread 'segment::keywords::tests::tests::identify_multiple_key_wrappers' panicked at src/segment/keywords/tests.rs:358:31:
[INFO] [stdout] index out of bounds: the len is 1 but the index is 1
[INFO] [stdout] stack backtrace:
[INFO] [stdout]    0:     0x56a3ff5f0f3a - std::backtrace_rs::backtrace::libunwind::trace::h8810477743020387
[INFO] [stdout]                                at /rustc/202008a1b8de96d2e5b6bc02d379db03a877d34d/library/std/src/../../backtrace/src/backtrace/libunwind.rs:116:5
[INFO] [stdout]    1:     0x56a3ff5f0f3a - std::backtrace_rs::backtrace::trace_unsynchronized::h3aa55355dd6c54a6
[INFO] [stdout]                                at /rustc/202008a1b8de96d2e5b6bc02d379db03a877d34d/library/std/src/../../backtrace/src/backtrace/mod.rs:66:5
[INFO] [stdout]    2:     0x56a3ff5f0f3a - std::sys::backtrace::_print_fmt::h8588b0f62410823f
[INFO] [stdout]                                at /rustc/202008a1b8de96d2e5b6bc02d379db03a877d34d/library/std/src/sys/backtrace.rs:66:9
[INFO] [stdout]    3:     0x56a3ff5f0f3a - <std::sys::backtrace::BacktraceLock::print::DisplayBacktrace as core::fmt::Display>::fmt::h98c26ac25ffe89bb
[INFO] [stdout]                                at /rustc/202008a1b8de96d2e5b6bc02d379db03a877d34d/library/std/src/sys/backtrace.rs:39:26
[INFO] [stdout]    4:     0x56a3ff616a33 - core::fmt::rt::Argument::fmt::hf95377f4aebd453b
[INFO] [stdout]                                at /rustc/202008a1b8de96d2e5b6bc02d379db03a877d34d/library/core/src/fmt/rt.rs:177:76
[INFO] [stdout]    5:     0x56a3ff616a33 - core::fmt::write::h0dd5f6e2238c7982
[INFO] [stdout]                                at /rustc/202008a1b8de96d2e5b6bc02d379db03a877d34d/library/core/src/fmt/mod.rs:1189:21
[INFO] [stdout]    6:     0x56a3ff5ee0d3 - std::io::Write::write_fmt::h03bb0ca26e6faf8c
[INFO] [stdout]                                at /rustc/202008a1b8de96d2e5b6bc02d379db03a877d34d/library/std/src/io/mod.rs:1884:15
[INFO] [stdout]    7:     0x56a3ff5f0d82 - std::sys::backtrace::BacktraceLock::print::h5c19c1c038ee186d
[INFO] [stdout]                                at /rustc/202008a1b8de96d2e5b6bc02d379db03a877d34d/library/std/src/sys/backtrace.rs:42:9
[INFO] [stdout]    8:     0x56a3ff5f23bd - std::panicking::default_hook::{{closure}}::h77172f079a1fcb13
[INFO] [stdout]                                at /rustc/202008a1b8de96d2e5b6bc02d379db03a877d34d/library/std/src/panicking.rs:268:22
[INFO] [stdout]    9:     0x56a3ff5f21c7 - std::panicking::default_hook::he5f8e3b203ccddba
[INFO] [stdout]                                at /rustc/202008a1b8de96d2e5b6bc02d379db03a877d34d/library/std/src/panicking.rs:292:9
[INFO] [stdout]   10:     0x56a3ff581af7 - <alloc::boxed::Box<F,A> as core::ops::function::Fn<Args>>::call::h7a3c7b4a1ae77f2f
[INFO] [stdout]                                at /rustc/202008a1b8de96d2e5b6bc02d379db03a877d34d/library/alloc/src/boxed.rs:1986:9
[INFO] [stdout]   11:     0x56a3ff581af7 - test::test_main::{{closure}}::hf0d3b69ae9b353d1
[INFO] [stdout]                                at /rustc/202008a1b8de96d2e5b6bc02d379db03a877d34d/library/test/src/lib.rs:134:21
[INFO] [stdout]   12:     0x56a3ff5f2a68 - <alloc::boxed::Box<F,A> as core::ops::function::Fn<Args>>::call::h6332e82e7b189abd
[INFO] [stdout]                                at /rustc/202008a1b8de96d2e5b6bc02d379db03a877d34d/library/alloc/src/boxed.rs:1986:9
[INFO] [stdout]   13:     0x56a3ff5f2a68 - std::panicking::rust_panic_with_hook::h53863d4e9018df39
[INFO] [stdout]                                at /rustc/202008a1b8de96d2e5b6bc02d379db03a877d34d/library/std/src/panicking.rs:809:13
[INFO] [stdout]   14:     0x56a3ff5f282a - std::panicking::begin_panic_handler::{{closure}}::h67280e6fa0757873
[INFO] [stdout]                                at /rustc/202008a1b8de96d2e5b6bc02d379db03a877d34d/library/std/src/panicking.rs:674:13
[INFO] [stdout]   15:     0x56a3ff5f1419 - std::sys::backtrace::__rust_end_short_backtrace::h1dac3f54d6fbbeb2
[INFO] [stdout]                                at /rustc/202008a1b8de96d2e5b6bc02d379db03a877d34d/library/std/src/sys/backtrace.rs:170:18
[INFO] [stdout]   16:     0x56a3ff5f24bc - rust_begin_unwind
[INFO] [stdout]                                at /rustc/202008a1b8de96d2e5b6bc02d379db03a877d34d/library/std/src/panicking.rs:665:5
[INFO] [stdout]   17:     0x56a3ff51c060 - core::panicking::panic_fmt::h6792bd1b2bf01041
[INFO] [stdout]                                at /rustc/202008a1b8de96d2e5b6bc02d379db03a877d34d/library/core/src/panicking.rs:76:14
[INFO] [stdout]   18:     0x56a3ff51c1e1 - core::panicking::panic_bounds_check::hb2257b29f1a42aba
[INFO] [stdout]                                at /rustc/202008a1b8de96d2e5b6bc02d379db03a877d34d/library/core/src/panicking.rs:281:5
[INFO] [stdout]   19:     0x56a3ff538787 - <usize as core::slice::index::SliceIndex<[T]>>::index::hbf2ac2f50c06099e
[INFO] [stdout]                                at /rustc/202008a1b8de96d2e5b6bc02d379db03a877d34d/library/core/src/slice/index.rs:274:10
[INFO] [stdout]   20:     0x56a3ff521074 - core::slice::index::<impl core::ops::index::Index<I> for [T]>::index::h9b19c540f0401ca7
[INFO] [stdout]                                at /rustc/202008a1b8de96d2e5b6bc02d379db03a877d34d/library/core/src/slice/index.rs:16:9
[INFO] [stdout]   21:     0x56a3ff521074 - <alloc::vec::Vec<T,A> as core::ops::index::Index<I>>::index::h16300414a1b44ad1
[INFO] [stdout]                                at /rustc/202008a1b8de96d2e5b6bc02d379db03a877d34d/library/alloc/src/vec/mod.rs:3346:9
[INFO] [stdout]   22:     0x56a3ff534b47 - super_markdown::segment::keywords::tests::tests::identify_multiple_key_wrappers::h5d668a6fd4a3082e
[INFO] [stdout]                                at /opt/rustwide/workdir/src/segment/keywords/tests.rs:358:31
[INFO] [stdout]   23:     0x56a3ff534677 - super_markdown::segment::keywords::tests::tests::identify_multiple_key_wrappers::{{closure}}::h28aee20be8ad62d8
[INFO] [stdout]                                at /opt/rustwide/workdir/src/segment/keywords/tests.rs:341:40
[INFO] [stdout]   24:     0x56a3ff52ab56 - core::ops::function::FnOnce::call_once::h2d043676472d8097
[INFO] [stdout]                                at /rustc/202008a1b8de96d2e5b6bc02d379db03a877d34d/library/core/src/ops/function.rs:250:5
[INFO] [stdout]   25:     0x56a3ff58661b - core::ops::function::FnOnce::call_once::h871bf86719ec9aa4
[INFO] [stdout]                                at /rustc/202008a1b8de96d2e5b6bc02d379db03a877d34d/library/core/src/ops/function.rs:250:5
[INFO] [stdout]   26:     0x56a3ff58661b - test::__rust_begin_short_backtrace::h2167df1e2b7d76fd
[INFO] [stdout]                                at /rustc/202008a1b8de96d2e5b6bc02d379db03a877d34d/library/test/src/lib.rs:632:18
[INFO] [stdout]   27:     0x56a3ff586008 - test::run_test_in_process::{{closure}}::h15d92f75a3adfb79
[INFO] [stdout]                                at /rustc/202008a1b8de96d2e5b6bc02d379db03a877d34d/library/test/src/lib.rs:655:60
[INFO] [stdout]   28:     0x56a3ff586008 - <core::panic::unwind_safe::AssertUnwindSafe<F> as core::ops::function::FnOnce<()>>::call_once::hb6c8955835a8dbbb
[INFO] [stdout]                                at /rustc/202008a1b8de96d2e5b6bc02d379db03a877d34d/library/core/src/panic/unwind_safe.rs:272:9
[INFO] [stdout]   29:     0x56a3ff586008 - std::panicking::try::do_call::hc79d0fc888a0bd30
[INFO] [stdout]                                at /rustc/202008a1b8de96d2e5b6bc02d379db03a877d34d/library/std/src/panicking.rs:557:40
[INFO] [stdout]   30:     0x56a3ff586008 - std::panicking::try::hb8a7878e3a8589d6
[INFO] [stdout]                                at /rustc/202008a1b8de96d2e5b6bc02d379db03a877d34d/library/std/src/panicking.rs:520:19
[INFO] [stdout]   31:     0x56a3ff586008 - std::panic::catch_unwind::hb8e4600ff0ff5cfa
[INFO] [stdout]                                at /rustc/202008a1b8de96d2e5b6bc02d379db03a877d34d/library/std/src/panic.rs:358:14
[INFO] [stdout]   32:     0x56a3ff586008 - test::run_test_in_process::hc2900b0b18688dd6
[INFO] [stdout]                                at /rustc/202008a1b8de96d2e5b6bc02d379db03a877d34d/library/test/src/lib.rs:655:27
[INFO] [stdout]   33:     0x56a3ff586008 - test::run_test::{{closure}}::hac2a9cb07be3d48d
[INFO] [stdout]                                at /rustc/202008a1b8de96d2e5b6bc02d379db03a877d34d/library/test/src/lib.rs:576:43
[INFO] [stdout]   34:     0x56a3ff549aaa - test::run_test::{{closure}}::h4a5b729e66a38cd8
[INFO] [stdout]                                at /rustc/202008a1b8de96d2e5b6bc02d379db03a877d34d/library/test/src/lib.rs:606:41
[INFO] [stdout]   35:     0x56a3ff549aaa - std::sys::backtrace::__rust_begin_short_backtrace::h0496fb742492f573
[INFO] [stdout]                                at /rustc/202008a1b8de96d2e5b6bc02d379db03a877d34d/library/std/src/sys/backtrace.rs:154:18
[INFO] [stdout]   36:     0x56a3ff54d424 - std::thread::Builder::spawn_unchecked_::{{closure}}::{{closure}}::hbb6d257c550a54bd
[INFO] [stdout]                                at /rustc/202008a1b8de96d2e5b6bc02d379db03a877d34d/library/std/src/thread/mod.rs:561:17
[INFO] [stdout]   37:     0x56a3ff54d424 - <core::panic::unwind_safe::AssertUnwindSafe<F> as core::ops::function::FnOnce<()>>::call_once::h46696fe4a6832328
[INFO] [stdout]                                at /rustc/202008a1b8de96d2e5b6bc02d379db03a877d34d/library/core/src/panic/unwind_safe.rs:272:9
[INFO] [stdout]   38:     0x56a3ff54d424 - std::panicking::try::do_call::h2625a51b667bfb64
[INFO] [stdout]                                at /rustc/202008a1b8de96d2e5b6bc02d379db03a877d34d/library/std/src/panicking.rs:557:40
[INFO] [stdout]   39:     0x56a3ff54d424 - std::panicking::try::hb956a59a1973aa4c
[INFO] [stdout]                                at /rustc/202008a1b8de96d2e5b6bc02d379db03a877d34d/library/std/src/panicking.rs:520:19
[INFO] [stdout]   40:     0x56a3ff54d424 - std::panic::catch_unwind::h64f3b9d1067ef6a0
[INFO] [stdout]                                at /rustc/202008a1b8de96d2e5b6bc02d379db03a877d34d/library/std/src/panic.rs:358:14
[INFO] [stdout]   41:     0x56a3ff54d424 - std::thread::Builder::spawn_unchecked_::{{closure}}::h42b2841295b6c0b2
[INFO] [stdout]                                at /rustc/202008a1b8de96d2e5b6bc02d379db03a877d34d/library/std/src/thread/mod.rs:559:30
[INFO] [stdout]   42:     0x56a3ff54d424 - core::ops::function::FnOnce::call_once{{vtable.shim}}::h6127de71b8124639
[INFO] [stdout]                                at /rustc/202008a1b8de96d2e5b6bc02d379db03a877d34d/library/core/src/ops/function.rs:250:5
[INFO] [stdout]   43:     0x56a3ff5f69ab - <alloc::boxed::Box<F,A> as core::ops::function::FnOnce<Args>>::call_once::h42f0ba71002a1b2c
[INFO] [stdout]                                at /rustc/202008a1b8de96d2e5b6bc02d379db03a877d34d/library/alloc/src/boxed.rs:1972:9
[INFO] [stdout]   44:     0x56a3ff5f69ab - <alloc::boxed::Box<F,A> as core::ops::function::FnOnce<Args>>::call_once::had9e47d7a3dcecb8
[INFO] [stdout]                                at /rustc/202008a1b8de96d2e5b6bc02d379db03a877d34d/library/alloc/src/boxed.rs:1972:9
[INFO] [stdout]   45:     0x56a3ff5f69ab - std::sys::pal::unix::thread::Thread::new::thread_start::h48cf765408f6f5f2
[INFO] [stdout]                                at /rustc/202008a1b8de96d2e5b6bc02d379db03a877d34d/library/std/src/sys/pal/unix/thread.rs:105:17
[INFO] [stdout]   46:     0x7b3ad6689ac3 - <unknown>
[INFO] [stdout]   47:     0x7b3ad671aa04 - clone
[INFO] [stdout]   48:                0x0 - <unknown>
[INFO] [stdout] 
[INFO] [stdout] ---- segment::keywords::tests::tests::identify_multiple_same_wrappers stdout ----
[INFO] [stdout] thread 'segment::keywords::tests::tests::identify_multiple_same_wrappers' panicked at src/segment/keywords/tests.rs:386:31:
[INFO] [stdout] index out of bounds: the len is 1 but the index is 1
[INFO] [stdout] stack backtrace:
[INFO] [stdout]    0:     0x56a3ff5f0f3a - std::backtrace_rs::backtrace::libunwind::trace::h8810477743020387
[INFO] [stdout]                                at /rustc/202008a1b8de96d2e5b6bc02d379db03a877d34d/library/std/src/../../backtrace/src/backtrace/libunwind.rs:116:5
[INFO] [stdout]    1:     0x56a3ff5f0f3a - std::backtrace_rs::backtrace::trace_unsynchronized::h3aa55355dd6c54a6
[INFO] [stdout]                                at /rustc/202008a1b8de96d2e5b6bc02d379db03a877d34d/library/std/src/../../backtrace/src/backtrace/mod.rs:66:5
[INFO] [stdout]    2:     0x56a3ff5f0f3a - std::sys::backtrace::_print_fmt::h8588b0f62410823f
[INFO] [stdout]                                at /rustc/202008a1b8de96d2e5b6bc02d379db03a877d34d/library/std/src/sys/backtrace.rs:66:9
[INFO] [stdout]    3:     0x56a3ff5f0f3a - <std::sys::backtrace::BacktraceLock::print::DisplayBacktrace as core::fmt::Display>::fmt::h98c26ac25ffe89bb
[INFO] [stdout]                                at /rustc/202008a1b8de96d2e5b6bc02d379db03a877d34d/library/std/src/sys/backtrace.rs:39:26
[INFO] [stdout]    4:     0x56a3ff616a33 - core::fmt::rt::Argument::fmt::hf95377f4aebd453b
[INFO] [stdout]                                at /rustc/202008a1b8de96d2e5b6bc02d379db03a877d34d/library/core/src/fmt/rt.rs:177:76
[INFO] [stdout]    5:     0x56a3ff616a33 - core::fmt::write::h0dd5f6e2238c7982
[INFO] [stdout]                                at /rustc/202008a1b8de96d2e5b6bc02d379db03a877d34d/library/core/src/fmt/mod.rs:1189:21
[INFO] [stdout]    6:     0x56a3ff5ee0d3 - std::io::Write::write_fmt::h03bb0ca26e6faf8c
[INFO] [stdout]                                at /rustc/202008a1b8de96d2e5b6bc02d379db03a877d34d/library/std/src/io/mod.rs:1884:15
[INFO] [stdout]    7:     0x56a3ff5f0d82 - std::sys::backtrace::BacktraceLock::print::h5c19c1c038ee186d
[INFO] [stdout]                                at /rustc/202008a1b8de96d2e5b6bc02d379db03a877d34d/library/std/src/sys/backtrace.rs:42:9
[INFO] [stdout]    8:     0x56a3ff5f23bd - std::panicking::default_hook::{{closure}}::h77172f079a1fcb13
[INFO] [stdout]                                at /rustc/202008a1b8de96d2e5b6bc02d379db03a877d34d/library/std/src/panicking.rs:268:22
[INFO] [stdout]    9:     0x56a3ff5f21c7 - std::panicking::default_hook::he5f8e3b203ccddba
[INFO] [stdout]                                at /rustc/202008a1b8de96d2e5b6bc02d379db03a877d34d/library/std/src/panicking.rs:292:9
[INFO] [stdout]   10:     0x56a3ff581af7 - <alloc::boxed::Box<F,A> as core::ops::function::Fn<Args>>::call::h7a3c7b4a1ae77f2f
[INFO] [stdout]                                at /rustc/202008a1b8de96d2e5b6bc02d379db03a877d34d/library/alloc/src/boxed.rs:1986:9
[INFO] [stdout]   11:     0x56a3ff581af7 - test::test_main::{{closure}}::hf0d3b69ae9b353d1
[INFO] [stdout]                                at /rustc/202008a1b8de96d2e5b6bc02d379db03a877d34d/library/test/src/lib.rs:134:21
[INFO] [stdout]   12:     0x56a3ff5f2a68 - <alloc::boxed::Box<F,A> as core::ops::function::Fn<Args>>::call::h6332e82e7b189abd
[INFO] [stdout]                                at /rustc/202008a1b8de96d2e5b6bc02d379db03a877d34d/library/alloc/src/boxed.rs:1986:9
[INFO] [stdout]   13:     0x56a3ff5f2a68 - std::panicking::rust_panic_with_hook::h53863d4e9018df39
[INFO] [stdout]                                at /rustc/202008a1b8de96d2e5b6bc02d379db03a877d34d/library/std/src/panicking.rs:809:13
[INFO] [stdout]   14:     0x56a3ff5f282a - std::panicking::begin_panic_handler::{{closure}}::h67280e6fa0757873
[INFO] [stdout]                                at /rustc/202008a1b8de96d2e5b6bc02d379db03a877d34d/library/std/src/panicking.rs:674:13
[INFO] [stdout]   15:     0x56a3ff5f1419 - std::sys::backtrace::__rust_end_short_backtrace::h1dac3f54d6fbbeb2
[INFO] [stdout]                                at /rustc/202008a1b8de96d2e5b6bc02d379db03a877d34d/library/std/src/sys/backtrace.rs:170:18
[INFO] [stdout]   16:     0x56a3ff5f24bc - rust_begin_unwind
[INFO] [stdout]                                at /rustc/202008a1b8de96d2e5b6bc02d379db03a877d34d/library/std/src/panicking.rs:665:5
[INFO] [stdout]   17:     0x56a3ff51c060 - core::panicking::panic_fmt::h6792bd1b2bf01041
[INFO] [stdout]                                at /rustc/202008a1b8de96d2e5b6bc02d379db03a877d34d/library/core/src/panicking.rs:76:14
[INFO] [stdout]   18:     0x56a3ff51c1e1 - core::panicking::panic_bounds_check::hb2257b29f1a42aba
[INFO] [stdout]                                at /rustc/202008a1b8de96d2e5b6bc02d379db03a877d34d/library/core/src/panicking.rs:281:5
[INFO] [stdout]   19:     0x56a3ff538787 - <usize as core::slice::index::SliceIndex<[T]>>::index::hbf2ac2f50c06099e
[INFO] [stdout]                                at /rustc/202008a1b8de96d2e5b6bc02d379db03a877d34d/library/core/src/slice/index.rs:274:10
[INFO] [stdout]   20:     0x56a3ff521074 - core::slice::index::<impl core::ops::index::Index<I> for [T]>::index::h9b19c540f0401ca7
[INFO] [stdout]                                at /rustc/202008a1b8de96d2e5b6bc02d379db03a877d34d/library/core/src/slice/index.rs:16:9
[INFO] [stdout]   21:     0x56a3ff521074 - <alloc::vec::Vec<T,A> as core::ops::index::Index<I>>::index::h16300414a1b44ad1
[INFO] [stdout]                                at /rustc/202008a1b8de96d2e5b6bc02d379db03a877d34d/library/alloc/src/vec/mod.rs:3346:9
[INFO] [stdout]   22:     0x56a3ff535177 - super_markdown::segment::keywords::tests::tests::identify_multiple_same_wrappers::hd68f6157b4bb65a7
[INFO] [stdout]                                at /opt/rustwide/workdir/src/segment/keywords/tests.rs:386:31
[INFO] [stdout]   23:     0x56a3ff534ca7 - super_markdown::segment::keywords::tests::tests::identify_multiple_same_wrappers::{{closure}}::h887affa93c1d4264
[INFO] [stdout]                                at /opt/rustwide/workdir/src/segment/keywords/tests.rs:369:41
[INFO] [stdout]   24:     0x56a3ff52a9b6 - core::ops::function::FnOnce::call_once::h0f1fb6f258e325a6
[INFO] [stdout]                                at /rustc/202008a1b8de96d2e5b6bc02d379db03a877d34d/library/core/src/ops/function.rs:250:5
[INFO] [stdout]   25:     0x56a3ff58661b - core::ops::function::FnOnce::call_once::h871bf86719ec9aa4
[INFO] [stdout]                                at /rustc/202008a1b8de96d2e5b6bc02d379db03a877d34d/library/core/src/ops/function.rs:250:5
[INFO] [stdout]   26:     0x56a3ff58661b - test::__rust_begin_short_backtrace::h2167df1e2b7d76fd
[INFO] [stdout]                                at /rustc/202008a1b8de96d2e5b6bc02d379db03a877d34d/library/test/src/lib.rs:632:18
[INFO] [stdout]   27:     0x56a3ff586008 - test::run_test_in_process::{{closure}}::h15d92f75a3adfb79
[INFO] [stdout]                                at /rustc/202008a1b8de96d2e5b6bc02d379db03a877d34d/library/test/src/lib.rs:655:60
[INFO] [stdout]   28:     0x56a3ff586008 - <core::panic::unwind_safe::AssertUnwindSafe<F> as core::ops::function::FnOnce<()>>::call_once::hb6c8955835a8dbbb
[INFO] [stdout]                                at /rustc/202008a1b8de96d2e5b6bc02d379db03a877d34d/library/core/src/panic/unwind_safe.rs:272:9
[INFO] [stdout]   29:     0x56a3ff586008 - std::panicking::try::do_call::hc79d0fc888a0bd30
[INFO] [stdout]                                at /rustc/202008a1b8de96d2e5b6bc02d379db03a877d34d/library/std/src/panicking.rs:557:40
[INFO] [stdout]   30:     0x56a3ff586008 - std::panicking::try::hb8a7878e3a8589d6
[INFO] [stdout]                                at /rustc/202008a1b8de96d2e5b6bc02d379db03a877d34d/library/std/src/panicking.rs:520:19
[INFO] [stdout]   31:     0x56a3ff586008 - std::panic::catch_unwind::hb8e4600ff0ff5cfa
[INFO] [stdout]                                at /rustc/202008a1b8de96d2e5b6bc02d379db03a877d34d/library/std/src/panic.rs:358:14
[INFO] [stdout]   32:     0x56a3ff586008 - test::run_test_in_process::hc2900b0b18688dd6
[INFO] [stdout]                                at /rustc/202008a1b8de96d2e5b6bc02d379db03a877d34d/library/test/src/lib.rs:655:27
[INFO] [stdout]   33:     0x56a3ff586008 - test::run_test::{{closure}}::hac2a9cb07be3d48d
[INFO] [stdout]                                at /rustc/202008a1b8de96d2e5b6bc02d379db03a877d34d/library/test/src/lib.rs:576:43
[INFO] [stdout]   34:     0x56a3ff549aaa - test::run_test::{{closure}}::h4a5b729e66a38cd8
[INFO] [stdout]                                at /rustc/202008a1b8de96d2e5b6bc02d379db03a877d34d/library/test/src/lib.rs:606:41
[INFO] [stdout]   35:     0x56a3ff549aaa - std::sys::backtrace::__rust_begin_short_backtrace::h0496fb742492f573
[INFO] [stdout]                                at /rustc/202008a1b8de96d2e5b6bc02d379db03a877d34d/library/std/src/sys/backtrace.rs:154:18
[INFO] [stdout]   36:     0x56a3ff54d424 - std::thread::Builder::spawn_unchecked_::{{closure}}::{{closure}}::hbb6d257c550a54bd
[INFO] [stdout]                                at /rustc/202008a1b8de96d2e5b6bc02d379db03a877d34d/library/std/src/thread/mod.rs:561:17
[INFO] [stdout]   37:     0x56a3ff54d424 - <core::panic::unwind_safe::AssertUnwindSafe<F> as core::ops::function::FnOnce<()>>::call_once::h46696fe4a6832328
[INFO] [stdout]                                at /rustc/202008a1b8de96d2e5b6bc02d379db03a877d34d/library/core/src/panic/unwind_safe.rs:272:9
[INFO] [stdout]   38:     0x56a3ff54d424 - std::panicking::try::do_call::h2625a51b667bfb64
[INFO] [stdout]                                at /rustc/202008a1b8de96d2e5b6bc02d379db03a877d34d/library/std/src/panicking.rs:557:40
[INFO] [stdout]   39:     0x56a3ff54d424 - std::panicking::try::hb956a59a1973aa4c
[INFO] [stdout]                                at /rustc/202008a1b8de96d2e5b6bc02d379db03a877d34d/library/std/src/panicking.rs:520:19
[INFO] [stdout]   40:     0x56a3ff54d424 - std::panic::catch_unwind::h64f3b9d1067ef6a0
[INFO] [stdout]                                at /rustc/202008a1b8de96d2e5b6bc02d379db03a877d34d/library/std/src/panic.rs:358:14
[INFO] [stdout]   41:     0x56a3ff54d424 - std::thread::Builder::spawn_unchecked_::{{closure}}::h42b2841295b6c0b2
[INFO] [stdout]                                at /rustc/202008a1b8de96d2e5b6bc02d379db03a877d34d/library/std/src/thread/mod.rs:559:30
[INFO] [stdout]   42:     0x56a3ff54d424 - core::ops::function::FnOnce::call_once{{vtable.shim}}::h6127de71b8124639
[INFO] [stdout]                                at /rustc/202008a1b8de96d2e5b6bc02d379db03a877d34d/library/core/src/ops/function.rs:250:5
[INFO] [stdout]   43:     0x56a3ff5f69ab - <alloc::boxed::Box<F,A> as core::ops::function::FnOnce<Args>>::call_once::h42f0ba71002a1b2c
[INFO] [stdout]                                at /rustc/202008a1b8de96d2e5b6bc02d379db03a877d34d/library/alloc/src/boxed.rs:1972:9
[INFO] [stdout]   44:     0x56a3ff5f69ab - <alloc::boxed::Box<F,A> as core::ops::function::FnOnce<Args>>::call_once::had9e47d7a3dcecb8
[INFO] [stdout]                                at /rustc/202008a1b8de96d2e5b6bc02d379db03a877d34d/library/alloc/src/boxed.rs:1972:9
[INFO] [stdout]   45:     0x56a3ff5f69ab - std::sys::pal::unix::thread::Thread::new::thread_start::h48cf765408f6f5f2
[INFO] [stdout]                                at /rustc/202008a1b8de96d2e5b6bc02d379db03a877d34d/library/std/src/sys/pal/unix/thread.rs:105:17
[INFO] [stdout]   46:     0x7b3ad6689ac3 - <unknown>
[INFO] [stdout]   47:     0x7b3ad671aa04 - clone
[INFO] [stdout]   48:                0x0 - <unknown>
[INFO] [stdout] 
[INFO] [stdout] 
[INFO] [stdout] failures:
[INFO] [stdout]     segment::keywords::tests::tests::identify_multiple_key_wrappers
[INFO] [stdout]     segment::keywords::tests::tests::identify_multiple_same_wrappers
[INFO] [stdout] 
[INFO] [stdout] test result: FAILED. 29 passed; 2 failed; 0 ignored; 0 measured; 0 filtered out; finished in 0.07s
[INFO] [stdout] 
[INFO] [stderr] error: test failed, to rerun pass `--bin super-markdown`
[INFO] running `Command { std: "docker" "inspect" "08d45657128fd6e3d3251c836cae7ae574cad50c5d593fc837e72a6363fb369a", kill_on_drop: false }`
[INFO] running `Command { std: "docker" "rm" "-f" "08d45657128fd6e3d3251c836cae7ae574cad50c5d593fc837e72a6363fb369a", kill_on_drop: false }`
[INFO] [stdout] 08d45657128fd6e3d3251c836cae7ae574cad50c5d593fc837e72a6363fb369a
