[INFO] cloning repository https://github.com/GreatGodOfFire/bernt
[INFO] running `Command { std: "git" "-c" "credential.helper=" "-c" "credential.helper=/workspace/cargo-home/bin/git-credential-null" "clone" "--bare" "https://github.com/GreatGodOfFire/bernt" "/workspace/cache/git-repos/https%3A%2F%2Fgithub.com%2FGreatGodOfFire%2Fbernt", kill_on_drop: false }`
[INFO] [stderr] Cloning into bare repository '/workspace/cache/git-repos/https%3A%2F%2Fgithub.com%2FGreatGodOfFire%2Fbernt'...
[INFO] running `Command { std: "git" "rev-parse" "HEAD", kill_on_drop: false }`
[INFO] [stdout] 7f61748a7055344be5c7ede3a43c6f5fc8f8b2f5
[INFO] testing GreatGodOfFire/bernt against 1.83.0 for beta-1.84.0-4-retry
[INFO] running `Command { std: "git" "clone" "/workspace/cache/git-repos/https%3A%2F%2Fgithub.com%2FGreatGodOfFire%2Fbernt" "/workspace/builds/worker-0-tc1/source", kill_on_drop: false }`
[INFO] [stderr] Cloning into '/workspace/builds/worker-0-tc1/source'...
[INFO] [stderr] done.
[INFO] validating manifest of git repo https://github.com/GreatGodOfFire/bernt on toolchain 1.83.0
[INFO] running `Command { std: CARGO_HOME="/workspace/cargo-home" RUSTUP_HOME="/workspace/rustup-home" "/workspace/cargo-home/bin/cargo" "+1.83.0" "metadata" "--manifest-path" "Cargo.toml" "--no-deps", kill_on_drop: false }`
[INFO] removed /workspace/builds/worker-0-tc1/source/.cargo/config.toml
[INFO] removed /workspace/builds/worker-0-tc1/source/rust-toolchain.toml
[INFO] started tweaking git repo https://github.com/GreatGodOfFire/bernt
[INFO] finished tweaking git repo https://github.com/GreatGodOfFire/bernt
[INFO] tweaked toml for git repo https://github.com/GreatGodOfFire/bernt written to /workspace/builds/worker-0-tc1/source/Cargo.toml
[INFO] crate git repo https://github.com/GreatGodOfFire/bernt already has a lockfile, it will not be regenerated
[INFO] running `Command { std: CARGO_HOME="/workspace/cargo-home" RUSTUP_HOME="/workspace/rustup-home" "/workspace/cargo-home/bin/cargo" "+1.83.0" "fetch" "--manifest-path" "Cargo.toml", kill_on_drop: false }`
[INFO] [stderr]     Blocking waiting for file lock on package cache
[INFO] [stderr]     Blocking waiting for file lock on package cache
[INFO] [stderr]  Downloading crates ...
[INFO] [stderr]   Downloaded argh_derive v0.1.12
[INFO] [stderr]   Downloaded argh_shared v0.1.12
[INFO] [stderr]   Downloaded argh v0.1.12
[INFO] running `Command { std: "docker" "create" "-v" "/var/lib/crater-agent-workspace/builds/worker-0-tc1/target:/opt/rustwide/target:rw,Z" "-v" "/var/lib/crater-agent-workspace/builds/worker-0-tc1/source:/opt/rustwide/workdir:ro,Z" "-v" "/var/lib/crater-agent-workspace/cargo-home:/opt/rustwide/cargo-home:ro,Z" "-v" "/var/lib/crater-agent-workspace/rustup-home:/opt/rustwide/rustup-home:ro,Z" "-e" "SOURCE_DIR=/opt/rustwide/workdir" "-e" "CARGO_TARGET_DIR=/opt/rustwide/target" "-e" "CARGO_HOME=/opt/rustwide/cargo-home" "-e" "RUSTUP_HOME=/opt/rustwide/rustup-home" "-w" "/opt/rustwide/workdir" "-m" "1610612736" "--user" "0:0" "--network" "none" "ghcr.io/rust-lang/crates-build-env/linux@sha256:f3a9d4ad9d972b27faf3965f35b62e55ba32bbce8f20bc8fe909558a86702fde" "/opt/rustwide/cargo-home/bin/cargo" "+1.83.0" "metadata" "--no-deps" "--format-version=1", kill_on_drop: false }`
[INFO] [stdout] 8f7ad8d78c8c63327c3b59f2ab3e999505ca662c0af19d24431183930ca8104e
[INFO] running `Command { std: "docker" "start" "-a" "8f7ad8d78c8c63327c3b59f2ab3e999505ca662c0af19d24431183930ca8104e", kill_on_drop: false }`
[INFO] running `Command { std: "docker" "inspect" "8f7ad8d78c8c63327c3b59f2ab3e999505ca662c0af19d24431183930ca8104e", kill_on_drop: false }`
[INFO] running `Command { std: "docker" "rm" "-f" "8f7ad8d78c8c63327c3b59f2ab3e999505ca662c0af19d24431183930ca8104e", kill_on_drop: false }`
[INFO] [stdout] 8f7ad8d78c8c63327c3b59f2ab3e999505ca662c0af19d24431183930ca8104e
[INFO] running `Command { std: "docker" "create" "-v" "/var/lib/crater-agent-workspace/builds/worker-0-tc1/target:/opt/rustwide/target:rw,Z" "-v" "/var/lib/crater-agent-workspace/builds/worker-0-tc1/source:/opt/rustwide/workdir:ro,Z" "-v" "/var/lib/crater-agent-workspace/cargo-home:/opt/rustwide/cargo-home:ro,Z" "-v" "/var/lib/crater-agent-workspace/rustup-home:/opt/rustwide/rustup-home:ro,Z" "-e" "SOURCE_DIR=/opt/rustwide/workdir" "-e" "CARGO_TARGET_DIR=/opt/rustwide/target" "-e" "CARGO_INCREMENTAL=0" "-e" "RUST_BACKTRACE=full" "-e" "RUSTFLAGS=--cap-lints=warn" "-e" "RUSTDOCFLAGS=--cap-lints=warn" "-e" "CARGO_HOME=/opt/rustwide/cargo-home" "-e" "RUSTUP_HOME=/opt/rustwide/rustup-home" "-w" "/opt/rustwide/workdir" "-m" "1610612736" "--user" "0:0" "--network" "none" "ghcr.io/rust-lang/crates-build-env/linux@sha256:f3a9d4ad9d972b27faf3965f35b62e55ba32bbce8f20bc8fe909558a86702fde" "/opt/rustwide/cargo-home/bin/cargo" "+1.83.0" "build" "--frozen" "--message-format=json", kill_on_drop: false }`
[INFO] [stdout] 9c86a5dac49c841f0e291b481bcfb31af618bec426f153fd674cc0dbe72fdf56
[INFO] running `Command { std: "docker" "start" "-a" "9c86a5dac49c841f0e291b481bcfb31af618bec426f153fd674cc0dbe72fdf56", kill_on_drop: false }`
[INFO] [stderr]    Compiling bernt v0.1.0 (/opt/rustwide/workdir)
[INFO] [stdout] warning: constant evaluation is taking a long time
[INFO] [stdout]   --> src/movegen/sliding/magic.rs:91:17
[INFO] [stdout]    |
[INFO] [stdout] 91 |         let j = mask.trailing_zeros();
[INFO] [stdout]    |                 ^^^^^^^^^^^^^^^^^^^^^ the const evaluator is currently interpreting this expression
[INFO] [stdout]    |
[INFO] [stdout] help: the constant being evaluated
[INFO] [stdout]   --> src/movegen/sliding/magic.rs:24:1
[INFO] [stdout]    |
[INFO] [stdout] 24 | pub const ROOK_ATTACKS: [u64; attack_count(_ROOK_MASKS_BITS)] = rook_attacks();
[INFO] [stdout]    | ^^^^^^^^^^^^^^^^^^^^^^^^^^^^^^^^^^^^^^^^^^^^^^^^^^^^^^^^^^^^^
[INFO] [stdout] 
[INFO] [stdout] 
[INFO] [stdout] warning: field `0` is never read
[INFO] [stdout]    --> src/main.rs:194:13
[INFO] [stdout]     |
[INFO] [stdout] 194 |     Threads(u8),
[INFO] [stdout]     |     ------- ^^
[INFO] [stdout]     |     |
[INFO] [stdout]     |     field in this variant
[INFO] [stdout]     |
[INFO] [stdout]     = note: `#[warn(dead_code)]` on by default
[INFO] [stdout] help: consider changing the field to be of unit type to suppress this warning while preserving the field numbering, or remove the field
[INFO] [stdout]     |
[INFO] [stdout] 194 |     Threads(()),
[INFO] [stdout]     |             ~~
[INFO] [stdout] 
[INFO] [stdout] 
[INFO] [stderr]     Finished `dev` profile [unoptimized + debuginfo] target(s) in 18.86s
[INFO] running `Command { std: "docker" "inspect" "9c86a5dac49c841f0e291b481bcfb31af618bec426f153fd674cc0dbe72fdf56", kill_on_drop: false }`
[INFO] running `Command { std: "docker" "rm" "-f" "9c86a5dac49c841f0e291b481bcfb31af618bec426f153fd674cc0dbe72fdf56", kill_on_drop: false }`
[INFO] [stdout] 9c86a5dac49c841f0e291b481bcfb31af618bec426f153fd674cc0dbe72fdf56
[INFO] running `Command { std: "docker" "create" "-v" "/var/lib/crater-agent-workspace/builds/worker-0-tc1/target:/opt/rustwide/target:rw,Z" "-v" "/var/lib/crater-agent-workspace/builds/worker-0-tc1/source:/opt/rustwide/workdir:ro,Z" "-v" "/var/lib/crater-agent-workspace/cargo-home:/opt/rustwide/cargo-home:ro,Z" "-v" "/var/lib/crater-agent-workspace/rustup-home:/opt/rustwide/rustup-home:ro,Z" "-e" "SOURCE_DIR=/opt/rustwide/workdir" "-e" "CARGO_TARGET_DIR=/opt/rustwide/target" "-e" "CARGO_INCREMENTAL=0" "-e" "RUST_BACKTRACE=full" "-e" "RUSTFLAGS=--cap-lints=warn" "-e" "RUSTDOCFLAGS=--cap-lints=warn" "-e" "CARGO_HOME=/opt/rustwide/cargo-home" "-e" "RUSTUP_HOME=/opt/rustwide/rustup-home" "-w" "/opt/rustwide/workdir" "-m" "1610612736" "--user" "0:0" "--network" "none" "ghcr.io/rust-lang/crates-build-env/linux@sha256:f3a9d4ad9d972b27faf3965f35b62e55ba32bbce8f20bc8fe909558a86702fde" "/opt/rustwide/cargo-home/bin/cargo" "+1.83.0" "test" "--frozen" "--no-run" "--message-format=json", kill_on_drop: false }`
[INFO] [stdout] 4eefd1cf3cd3e48b13d3e8b36c731c5b8087bc1da58b2c15be22425d5dd4c4e2
[INFO] running `Command { std: "docker" "start" "-a" "4eefd1cf3cd3e48b13d3e8b36c731c5b8087bc1da58b2c15be22425d5dd4c4e2", kill_on_drop: false }`
[INFO] [stderr]    Compiling bernt v0.1.0 (/opt/rustwide/workdir)
[INFO] [stdout] warning: constant evaluation is taking a long time
[INFO] [stdout]   --> src/movegen/sliding/magic.rs:91:17
[INFO] [stdout]    |
[INFO] [stdout] 91 |         let j = mask.trailing_zeros();
[INFO] [stdout]    |                 ^^^^^^^^^^^^^^^^^^^^^ the const evaluator is currently interpreting this expression
[INFO] [stdout]    |
[INFO] [stdout] help: the constant being evaluated
[INFO] [stdout]   --> src/movegen/sliding/magic.rs:24:1
[INFO] [stdout]    |
[INFO] [stdout] 24 | pub const ROOK_ATTACKS: [u64; attack_count(_ROOK_MASKS_BITS)] = rook_attacks();
[INFO] [stdout]    | ^^^^^^^^^^^^^^^^^^^^^^^^^^^^^^^^^^^^^^^^^^^^^^^^^^^^^^^^^^^^^
[INFO] [stdout] 
[INFO] [stdout] 
[INFO] [stdout] warning: field `0` is never read
[INFO] [stdout]    --> src/main.rs:194:13
[INFO] [stdout]     |
[INFO] [stdout] 194 |     Threads(u8),
[INFO] [stdout]     |     ------- ^^
[INFO] [stdout]     |     |
[INFO] [stdout]     |     field in this variant
[INFO] [stdout]     |
[INFO] [stdout]     = note: `#[warn(dead_code)]` on by default
[INFO] [stdout] help: consider changing the field to be of unit type to suppress this warning while preserving the field numbering, or remove the field
[INFO] [stdout]     |
[INFO] [stdout] 194 |     Threads(()),
[INFO] [stdout]     |             ~~
[INFO] [stdout] 
[INFO] [stdout] 
[INFO] [stderr]     Finished `test` profile [optimized + debuginfo] target(s) in 18.64s
[INFO] running `Command { std: "docker" "inspect" "4eefd1cf3cd3e48b13d3e8b36c731c5b8087bc1da58b2c15be22425d5dd4c4e2", kill_on_drop: false }`
[INFO] running `Command { std: "docker" "rm" "-f" "4eefd1cf3cd3e48b13d3e8b36c731c5b8087bc1da58b2c15be22425d5dd4c4e2", kill_on_drop: false }`
[INFO] [stdout] 4eefd1cf3cd3e48b13d3e8b36c731c5b8087bc1da58b2c15be22425d5dd4c4e2
[INFO] running `Command { std: "docker" "create" "-v" "/var/lib/crater-agent-workspace/builds/worker-0-tc1/target:/opt/rustwide/target:rw,Z" "-v" "/var/lib/crater-agent-workspace/builds/worker-0-tc1/source:/opt/rustwide/workdir:ro,Z" "-v" "/var/lib/crater-agent-workspace/cargo-home:/opt/rustwide/cargo-home:ro,Z" "-v" "/var/lib/crater-agent-workspace/rustup-home:/opt/rustwide/rustup-home:ro,Z" "-e" "SOURCE_DIR=/opt/rustwide/workdir" "-e" "CARGO_TARGET_DIR=/opt/rustwide/target" "-e" "CARGO_INCREMENTAL=0" "-e" "RUST_BACKTRACE=full" "-e" "RUSTFLAGS=--cap-lints=warn" "-e" "RUSTDOCFLAGS=--cap-lints=warn" "-e" "CARGO_HOME=/opt/rustwide/cargo-home" "-e" "RUSTUP_HOME=/opt/rustwide/rustup-home" "-w" "/opt/rustwide/workdir" "-m" "1610612736" "--user" "0:0" "--network" "none" "ghcr.io/rust-lang/crates-build-env/linux@sha256:f3a9d4ad9d972b27faf3965f35b62e55ba32bbce8f20bc8fe909558a86702fde" "/opt/rustwide/cargo-home/bin/cargo" "+1.83.0" "test" "--frozen", kill_on_drop: false }`
[INFO] [stdout] 31df5a0eb0ab237bbd1caee4d99d518cd484e8cdc48a5561acf8753102835829
[INFO] running `Command { std: "docker" "start" "-a" "31df5a0eb0ab237bbd1caee4d99d518cd484e8cdc48a5561acf8753102835829", kill_on_drop: false }`
[INFO] [stderr] warning: constant evaluation is taking a long time
[INFO] [stderr]   --> src/movegen/sliding/magic.rs:91:17
[INFO] [stderr]    |
[INFO] [stderr] 91 |         let j = mask.trailing_zeros();
[INFO] [stderr]    |                 ^^^^^^^^^^^^^^^^^^^^^ the const evaluator is currently interpreting this expression
[INFO] [stderr]    |
[INFO] [stderr] help: the constant being evaluated
[INFO] [stderr]   --> src/movegen/sliding/magic.rs:24:1
[INFO] [stderr]    |
[INFO] [stderr] 24 | pub const ROOK_ATTACKS: [u64; attack_count(_ROOK_MASKS_BITS)] = rook_attacks();
[INFO] [stderr]    | ^^^^^^^^^^^^^^^^^^^^^^^^^^^^^^^^^^^^^^^^^^^^^^^^^^^^^^^^^^^^^
[INFO] [stderr] 
[INFO] [stderr] warning: field `0` is never read
[INFO] [stderr]    --> src/main.rs:194:13
[INFO] [stderr]     |
[INFO] [stderr] 194 |     Threads(u8),
[INFO] [stderr]     |     ------- ^^
[INFO] [stderr]     |     |
[INFO] [stderr]     |     field in this variant
[INFO] [stderr]     |
[INFO] [stderr]     = note: `#[warn(dead_code)]` on by default
[INFO] [stderr] help: consider changing the field to be of unit type to suppress this warning while preserving the field numbering, or remove the field
[INFO] [stderr]     |
[INFO] [stderr] 194 |     Threads(()),
[INFO] [stderr]     |             ~~
[INFO] [stderr] 
[INFO] [stderr] warning: `bernt` (bin "bernt" test) generated 2 warnings
[INFO] [stderr]     Finished `test` profile [optimized + debuginfo] target(s) in 0.03s
[INFO] [stderr]      Running unittests src/main.rs (/opt/rustwide/target/debug/deps/bernt-81ce6d162b753a8d)
[INFO] [stdout] 
[INFO] [stdout] running 7 tests
[INFO] [stdout] test position::startpos_fen ... FAILED
[INFO] [stdout] test movegen::tests::pos4_d5 ... ok
[INFO] [stdout] test movegen::tests::pos3_d6 ... ok
[INFO] [stdout] test movegen::tests::pos5_d5 ... ok
[INFO] [stdout] test movegen::tests::startpos_d6 ... ok
[INFO] [stdout] test movegen::tests::pos6_d5 ... ok
[INFO] [stderr] error: test failed, to rerun pass `--bin bernt`
[INFO] [stdout] test movegen::tests::kiwipete_d5 ... ok
[INFO] [stdout] 
[INFO] [stdout] failures:
[INFO] [stdout] 
[INFO] [stdout] ---- position::startpos_fen stdout ----
[INFO] [stdout] thread 'position::startpos_fen' panicked at src/position.rs:415:5:
[INFO] [stdout] assertion `left == right` failed
[INFO] [stdout]   left: Pawn: 0x00ff00000000ff00
[INFO] [stdout] Knight: 0x4200000000000042
[INFO] [stdout] Bishop: 0x2400000000000024
[INFO] [stdout] Rook: 0x8100000000000081
[INFO] [stdout] Queen: 0x0800000000000008
[INFO] [stdout] King: 0x1000000000000010
[INFO] [stdout] White: 0x000000000000ffff
[INFO] [stdout] Black: 0xffff000000000000
[INFO] [stdout] 
[INFO] [stdout]  right: Pawn: 0x00ff00000000ff00
[INFO] [stdout] Knight: 0x4200000000000042
[INFO] [stdout] Bishop: 0x2400000000000024
[INFO] [stdout] Rook: 0x8100000000000081
[INFO] [stdout] Queen: 0x0800000000000008
[INFO] [stdout] King: 0x1000000000000010
[INFO] [stdout] White: 0x000000000000ffff
[INFO] [stdout] Black: 0xffff000000000000
[INFO] [stdout] 
[INFO] [stdout] stack backtrace:
[INFO] [stdout]    0:     0x60eea92b442a - std::backtrace_rs::backtrace::libunwind::trace::h5a5b8284f2d0c266
[INFO] [stdout]                                at /rustc/90b35a6239c3d8bdabc530a6a0816f7ff89a0aaf/library/std/src/../../backtrace/src/backtrace/libunwind.rs:116:5
[INFO] [stdout]    1:     0x60eea92b442a - std::backtrace_rs::backtrace::trace_unsynchronized::h76d4f1c9b0b875e3
[INFO] [stdout]                                at /rustc/90b35a6239c3d8bdabc530a6a0816f7ff89a0aaf/library/std/src/../../backtrace/src/backtrace/mod.rs:66:5
[INFO] [stdout]    2:     0x60eea92b442a - std::sys::backtrace::_print_fmt::hc4546b8364a537c6
[INFO] [stdout]                                at /rustc/90b35a6239c3d8bdabc530a6a0816f7ff89a0aaf/library/std/src/sys/backtrace.rs:66:9
[INFO] [stdout]    3:     0x60eea92b442a - <std::sys::backtrace::BacktraceLock::print::DisplayBacktrace as core::fmt::Display>::fmt::h5b6bd5631a6d1f6b
[INFO] [stdout]                                at /rustc/90b35a6239c3d8bdabc530a6a0816f7ff89a0aaf/library/std/src/sys/backtrace.rs:39:26
[INFO] [stdout]    4:     0x60eea92d96b3 - core::fmt::rt::Argument::fmt::h270f6602a2b96f62
[INFO] [stdout]                                at /rustc/90b35a6239c3d8bdabc530a6a0816f7ff89a0aaf/library/core/src/fmt/rt.rs:177:76
[INFO] [stdout]    5:     0x60eea92d96b3 - core::fmt::write::h7550c97b06c86515
[INFO] [stdout]                                at /rustc/90b35a6239c3d8bdabc530a6a0816f7ff89a0aaf/library/core/src/fmt/mod.rs:1186:21
[INFO] [stdout]    6:     0x60eea92b15f3 - std::io::Write::write_fmt::h509ff860e5956e5e
[INFO] [stdout]                                at /rustc/90b35a6239c3d8bdabc530a6a0816f7ff89a0aaf/library/std/src/io/mod.rs:1839:15
[INFO] [stdout]    7:     0x60eea92b4272 - std::sys::backtrace::BacktraceLock::print::h2395ccd2c84ba3aa
[INFO] [stdout]                                at /rustc/90b35a6239c3d8bdabc530a6a0816f7ff89a0aaf/library/std/src/sys/backtrace.rs:42:9
[INFO] [stdout]    8:     0x60eea92b588a - std::panicking::default_hook::{{closure}}::he19d4c7230e07961
[INFO] [stdout]                                at /rustc/90b35a6239c3d8bdabc530a6a0816f7ff89a0aaf/library/std/src/panicking.rs:268:22
[INFO] [stdout]    9:     0x60eea92b5694 - std::panicking::default_hook::hf614597d3c67bbdb
[INFO] [stdout]                                at /rustc/90b35a6239c3d8bdabc530a6a0816f7ff89a0aaf/library/std/src/panicking.rs:292:9
[INFO] [stdout]   10:     0x60eea9280f79 - <alloc::boxed::Box<F,A> as core::ops::function::Fn<Args>>::call::h39b51ce4599c23d1
[INFO] [stdout]                                at /rustc/90b35a6239c3d8bdabc530a6a0816f7ff89a0aaf/library/alloc/src/boxed.rs:2468:9
[INFO] [stdout]   11:     0x60eea9280f79 - test::test_main::{{closure}}::he977ae839a582784
[INFO] [stdout]                                at /rustc/90b35a6239c3d8bdabc530a6a0816f7ff89a0aaf/library/test/src/lib.rs:133:21
[INFO] [stdout]   12:     0x60eea92b5f28 - <alloc::boxed::Box<F,A> as core::ops::function::Fn<Args>>::call::h9455091b6b06f9fb
[INFO] [stdout]                                at /rustc/90b35a6239c3d8bdabc530a6a0816f7ff89a0aaf/library/alloc/src/boxed.rs:2468:9
[INFO] [stdout]   13:     0x60eea92b5f28 - std::panicking::rust_panic_with_hook::h8942133a8b252070
[INFO] [stdout]                                at /rustc/90b35a6239c3d8bdabc530a6a0816f7ff89a0aaf/library/std/src/panicking.rs:809:13
[INFO] [stdout]   14:     0x60eea92b5cea - std::panicking::begin_panic_handler::{{closure}}::hb5f5963570096b29
[INFO] [stdout]                                at /rustc/90b35a6239c3d8bdabc530a6a0816f7ff89a0aaf/library/std/src/panicking.rs:674:13
[INFO] [stdout]   15:     0x60eea92b4909 - std::sys::backtrace::__rust_end_short_backtrace::h6208cedc1922feda
[INFO] [stdout]                                at /rustc/90b35a6239c3d8bdabc530a6a0816f7ff89a0aaf/library/std/src/sys/backtrace.rs:170:18
[INFO] [stdout]   16:     0x60eea92b597c - rust_begin_unwind
[INFO] [stdout]                                at /rustc/90b35a6239c3d8bdabc530a6a0816f7ff89a0aaf/library/std/src/panicking.rs:665:5
[INFO] [stdout]   17:     0x60eea9244ae0 - core::panicking::panic_fmt::h0c3082644d1bf418
[INFO] [stdout]                                at /rustc/90b35a6239c3d8bdabc530a6a0816f7ff89a0aaf/library/core/src/panicking.rs:74:14
[INFO] [stdout]   18:     0x60eea9244e0b - core::panicking::assert_failed_inner::h2ddf1fcc067fa858
[INFO] [stdout]   19:     0x60eea92420e4 - core::panicking::assert_failed::h5c59ac164f4dbe5e
[INFO] [stdout]                                at /rustc/90b35a6239c3d8bdabc530a6a0816f7ff89a0aaf/library/core/src/panicking.rs:367:5
[INFO] [stdout]   20:     0x60eea9246e72 - bernt::position::startpos_fen::h6dc58d8b8924af96
[INFO] [stdout]                                at /opt/rustwide/workdir/src/position.rs:415:5
[INFO] [stdout]   21:     0x60eea92480f9 - bernt::position::startpos_fen::{{closure}}::h08b081889a06f158
[INFO] [stdout]                                at /opt/rustwide/workdir/src/position.rs:414:18
[INFO] [stdout]   22:     0x60eea92480f9 - core::ops::function::FnOnce::call_once::hbf01a4589789f226
[INFO] [stdout]                                at /rustc/90b35a6239c3d8bdabc530a6a0816f7ff89a0aaf/library/core/src/ops/function.rs:250:5
[INFO] [stdout]   23:     0x60eea928593b - core::ops::function::FnOnce::call_once::h109cf8051a59b34e
[INFO] [stdout]                                at /rustc/90b35a6239c3d8bdabc530a6a0816f7ff89a0aaf/library/core/src/ops/function.rs:250:5
[INFO] [stdout]   24:     0x60eea928593b - test::__rust_begin_short_backtrace::hf4fff89d377446ba
[INFO] [stdout]                                at /rustc/90b35a6239c3d8bdabc530a6a0816f7ff89a0aaf/library/test/src/lib.rs:621:18
[INFO] [stdout]   25:     0x60eea9285177 - test::run_test_in_process::{{closure}}::h0e39181dd7ee5a43
[INFO] [stdout]                                at /rustc/90b35a6239c3d8bdabc530a6a0816f7ff89a0aaf/library/test/src/lib.rs:644:60
[INFO] [stdout]   26:     0x60eea9285177 - <core::panic::unwind_safe::AssertUnwindSafe<F> as core::ops::function::FnOnce<()>>::call_once::hc5a66a30f0bdfd1f
[INFO] [stdout]                                at /rustc/90b35a6239c3d8bdabc530a6a0816f7ff89a0aaf/library/core/src/panic/unwind_safe.rs:272:9
[INFO] [stdout]   27:     0x60eea9285177 - std::panicking::try::do_call::h873b7cf639554a5e
[INFO] [stdout]                                at /rustc/90b35a6239c3d8bdabc530a6a0816f7ff89a0aaf/library/std/src/panicking.rs:557:40
[INFO] [stdout]   28:     0x60eea9285177 - std::panicking::try::hdb19862fad9c8bd1
[INFO] [stdout]                                at /rustc/90b35a6239c3d8bdabc530a6a0816f7ff89a0aaf/library/std/src/panicking.rs:520:19
[INFO] [stdout]   29:     0x60eea9285177 - std::panic::catch_unwind::h281fe732d236d260
[INFO] [stdout]                                at /rustc/90b35a6239c3d8bdabc530a6a0816f7ff89a0aaf/library/std/src/panic.rs:358:14
[INFO] [stdout]   30:     0x60eea9285177 - test::run_test_in_process::h949b6df8457ed338
[INFO] [stdout]                                at /rustc/90b35a6239c3d8bdabc530a6a0816f7ff89a0aaf/library/test/src/lib.rs:644:27
[INFO] [stdout]   31:     0x60eea9285177 - test::run_test::{{closure}}::h52c556a6d4740e10
[INFO] [stdout]                                at /rustc/90b35a6239c3d8bdabc530a6a0816f7ff89a0aaf/library/test/src/lib.rs:565:43
[INFO] [stdout]   32:     0x60eea924a454 - test::run_test::{{closure}}::h4237f6381c45ccb9
[INFO] [stdout]                                at /rustc/90b35a6239c3d8bdabc530a6a0816f7ff89a0aaf/library/test/src/lib.rs:595:41
[INFO] [stdout]   33:     0x60eea924a454 - std::sys::backtrace::__rust_begin_short_backtrace::h505c97a579eca628
[INFO] [stdout]                                at /rustc/90b35a6239c3d8bdabc530a6a0816f7ff89a0aaf/library/std/src/sys/backtrace.rs:154:18
[INFO] [stdout]   34:     0x60eea924db1e - std::thread::Builder::spawn_unchecked_::{{closure}}::{{closure}}::h9e86b2e2bc107ea3
[INFO] [stdout]                                at /rustc/90b35a6239c3d8bdabc530a6a0816f7ff89a0aaf/library/std/src/thread/mod.rs:538:17
[INFO] [stdout]   35:     0x60eea924db1e - <core::panic::unwind_safe::AssertUnwindSafe<F> as core::ops::function::FnOnce<()>>::call_once::h8b06ddb275ff4a25
[INFO] [stdout]                                at /rustc/90b35a6239c3d8bdabc530a6a0816f7ff89a0aaf/library/core/src/panic/unwind_safe.rs:272:9
[INFO] [stdout]   36:     0x60eea924db1e - std::panicking::try::do_call::hb26ecd7cd9a9355d
[INFO] [stdout]                                at /rustc/90b35a6239c3d8bdabc530a6a0816f7ff89a0aaf/library/std/src/panicking.rs:557:40
[INFO] [stdout]   37:     0x60eea924db1e - std::panicking::try::h8ddeca9d705f9069
[INFO] [stdout]                                at /rustc/90b35a6239c3d8bdabc530a6a0816f7ff89a0aaf/library/std/src/panicking.rs:520:19
[INFO] [stdout]   38:     0x60eea924db1e - std::panic::catch_unwind::h49e1c33078844c46
[INFO] [stdout]                                at /rustc/90b35a6239c3d8bdabc530a6a0816f7ff89a0aaf/library/std/src/panic.rs:358:14
[INFO] [stdout]   39:     0x60eea924db1e - std::thread::Builder::spawn_unchecked_::{{closure}}::h6073db6ff56ad35d
[INFO] [stdout]                                at /rustc/90b35a6239c3d8bdabc530a6a0816f7ff89a0aaf/library/std/src/thread/mod.rs:537:30
[INFO] [stdout]   40:     0x60eea924db1e - core::ops::function::FnOnce::call_once{{vtable.shim}}::h2c5a5f3779c774f1
[INFO] [stdout]                                at /rustc/90b35a6239c3d8bdabc530a6a0816f7ff89a0aaf/library/core/src/ops/function.rs:250:5
[INFO] [stdout]   41:     0x60eea92b9c7b - <alloc::boxed::Box<F,A> as core::ops::function::FnOnce<Args>>::call_once::hf75717d9f28faebf
[INFO] [stdout]                                at /rustc/90b35a6239c3d8bdabc530a6a0816f7ff89a0aaf/library/alloc/src/boxed.rs:2454:9
[INFO] [stdout]   42:     0x60eea92b9c7b - <alloc::boxed::Box<F,A> as core::ops::function::FnOnce<Args>>::call_once::h7bd883a5f3c5f3c1
[INFO] [stdout]                                at /rustc/90b35a6239c3d8bdabc530a6a0816f7ff89a0aaf/library/alloc/src/boxed.rs:2454:9
[INFO] [stdout]   43:     0x60eea92b9c7b - std::sys::pal::unix::thread::Thread::new::thread_start::hcc78f3943333fa94
[INFO] [stdout]                                at /rustc/90b35a6239c3d8bdabc530a6a0816f7ff89a0aaf/library/std/src/sys/pal/unix/thread.rs:105:17
[INFO] [stdout]   44:     0x76eea2936ac3 - <unknown>
[INFO] [stdout]   45:     0x76eea29c7a04 - clone
[INFO] [stdout]   46:                0x0 - <unknown>
[INFO] [stdout] 
[INFO] [stdout] 
[INFO] [stdout] failures:
[INFO] [stdout]     position::startpos_fen
[INFO] [stdout] 
[INFO] [stdout] test result: FAILED. 6 passed; 1 failed; 0 ignored; 0 measured; 0 filtered out; finished in 14.26s
[INFO] [stdout] 
[INFO] running `Command { std: "docker" "inspect" "31df5a0eb0ab237bbd1caee4d99d518cd484e8cdc48a5561acf8753102835829", kill_on_drop: false }`
[INFO] running `Command { std: "docker" "rm" "-f" "31df5a0eb0ab237bbd1caee4d99d518cd484e8cdc48a5561acf8753102835829", kill_on_drop: false }`
[INFO] [stdout] 31df5a0eb0ab237bbd1caee4d99d518cd484e8cdc48a5561acf8753102835829
