[INFO] cloning repository https://github.com/GitNiko/example-axum-k8s
[INFO] running `Command { std: "git" "-c" "credential.helper=" "-c" "credential.helper=/workspace/cargo-home/bin/git-credential-null" "clone" "--bare" "https://github.com/GitNiko/example-axum-k8s" "/workspace/cache/git-repos/https%3A%2F%2Fgithub.com%2FGitNiko%2Fexample-axum-k8s", kill_on_drop: false }`
[INFO] [stderr] Cloning into bare repository '/workspace/cache/git-repos/https%3A%2F%2Fgithub.com%2FGitNiko%2Fexample-axum-k8s'...
[INFO] running `Command { std: "git" "rev-parse" "HEAD", kill_on_drop: false }`
[INFO] [stdout] 7cb4b1d6aeef3500cc9df07f5da5a02899430bb9
[INFO] testing GitNiko/example-axum-k8s against beta-2024-12-08 for beta-1.84.0-4-retry
[INFO] running `Command { std: "git" "clone" "/workspace/cache/git-repos/https%3A%2F%2Fgithub.com%2FGitNiko%2Fexample-axum-k8s" "/workspace/builds/worker-2-tc2/source", kill_on_drop: false }`
[INFO] [stderr] Cloning into '/workspace/builds/worker-2-tc2/source'...
[INFO] [stderr] done.
[INFO] validating manifest of git repo https://github.com/GitNiko/example-axum-k8s on toolchain beta-2024-12-08
[INFO] running `Command { std: CARGO_HOME="/workspace/cargo-home" RUSTUP_HOME="/workspace/rustup-home" "/workspace/cargo-home/bin/cargo" "+beta-2024-12-08" "metadata" "--manifest-path" "Cargo.toml" "--no-deps", kill_on_drop: false }`
[INFO] started tweaking git repo https://github.com/GitNiko/example-axum-k8s
[INFO] finished tweaking git repo https://github.com/GitNiko/example-axum-k8s
[INFO] tweaked toml for git repo https://github.com/GitNiko/example-axum-k8s written to /workspace/builds/worker-2-tc2/source/Cargo.toml
[INFO] crate git repo https://github.com/GitNiko/example-axum-k8s already has a lockfile, it will not be regenerated
[INFO] running `Command { std: CARGO_HOME="/workspace/cargo-home" RUSTUP_HOME="/workspace/rustup-home" "/workspace/cargo-home/bin/cargo" "+beta-2024-12-08" "fetch" "--manifest-path" "Cargo.toml", kill_on_drop: false }`
[INFO] running `Command { std: "docker" "create" "-v" "/var/lib/crater-agent-workspace/builds/worker-2-tc2/target:/opt/rustwide/target:rw,Z" "-v" "/var/lib/crater-agent-workspace/builds/worker-2-tc2/source:/opt/rustwide/workdir:ro,Z" "-v" "/var/lib/crater-agent-workspace/cargo-home:/opt/rustwide/cargo-home:ro,Z" "-v" "/var/lib/crater-agent-workspace/rustup-home:/opt/rustwide/rustup-home:ro,Z" "-e" "SOURCE_DIR=/opt/rustwide/workdir" "-e" "CARGO_TARGET_DIR=/opt/rustwide/target" "-e" "CARGO_HOME=/opt/rustwide/cargo-home" "-e" "RUSTUP_HOME=/opt/rustwide/rustup-home" "-w" "/opt/rustwide/workdir" "-m" "1610612736" "--user" "0:0" "--network" "none" "ghcr.io/rust-lang/crates-build-env/linux@sha256:f3a9d4ad9d972b27faf3965f35b62e55ba32bbce8f20bc8fe909558a86702fde" "/opt/rustwide/cargo-home/bin/cargo" "+beta-2024-12-08" "metadata" "--no-deps" "--format-version=1", kill_on_drop: false }`
[INFO] [stdout] 353a31801cc47daae334e3308a508b39e0a408fdcb31af112d97bd2fe735c160
[INFO] running `Command { std: "docker" "start" "-a" "353a31801cc47daae334e3308a508b39e0a408fdcb31af112d97bd2fe735c160", kill_on_drop: false }`
[INFO] running `Command { std: "docker" "inspect" "353a31801cc47daae334e3308a508b39e0a408fdcb31af112d97bd2fe735c160", kill_on_drop: false }`
[INFO] running `Command { std: "docker" "rm" "-f" "353a31801cc47daae334e3308a508b39e0a408fdcb31af112d97bd2fe735c160", kill_on_drop: false }`
[INFO] [stdout] 353a31801cc47daae334e3308a508b39e0a408fdcb31af112d97bd2fe735c160
[INFO] running `Command { std: "docker" "create" "-v" "/var/lib/crater-agent-workspace/builds/worker-2-tc2/target:/opt/rustwide/target:rw,Z" "-v" "/var/lib/crater-agent-workspace/builds/worker-2-tc2/source:/opt/rustwide/workdir:ro,Z" "-v" "/var/lib/crater-agent-workspace/cargo-home:/opt/rustwide/cargo-home:ro,Z" "-v" "/var/lib/crater-agent-workspace/rustup-home:/opt/rustwide/rustup-home:ro,Z" "-e" "SOURCE_DIR=/opt/rustwide/workdir" "-e" "CARGO_TARGET_DIR=/opt/rustwide/target" "-e" "CARGO_INCREMENTAL=0" "-e" "RUST_BACKTRACE=full" "-e" "RUSTFLAGS=--cap-lints=warn" "-e" "RUSTDOCFLAGS=--cap-lints=warn" "-e" "CARGO_HOME=/opt/rustwide/cargo-home" "-e" "RUSTUP_HOME=/opt/rustwide/rustup-home" "-w" "/opt/rustwide/workdir" "-m" "1610612736" "--user" "0:0" "--network" "none" "ghcr.io/rust-lang/crates-build-env/linux@sha256:f3a9d4ad9d972b27faf3965f35b62e55ba32bbce8f20bc8fe909558a86702fde" "/opt/rustwide/cargo-home/bin/cargo" "+beta-2024-12-08" "build" "--frozen" "--message-format=json", kill_on_drop: false }`
[INFO] [stdout] ff3f94a1bfec403c761249646ffc4956484f73833603c7167824dacbf11d748a
[INFO] running `Command { std: "docker" "start" "-a" "ff3f94a1bfec403c761249646ffc4956484f73833603c7167824dacbf11d748a", kill_on_drop: false }`
[INFO] [stderr]    Compiling proc-macro2 v1.0.51
[INFO] [stderr]    Compiling quote v1.0.23
[INFO] [stderr]    Compiling unicode-ident v1.0.6
[INFO] [stderr]    Compiling syn v1.0.107
[INFO] [stderr]    Compiling autocfg v1.1.0
[INFO] [stderr]    Compiling libc v0.2.139
[INFO] [stderr]    Compiling log v0.4.17
[INFO] [stderr]    Compiling itoa v1.0.5
[INFO] [stderr]    Compiling pin-project-lite v0.2.9
[INFO] [stderr]    Compiling serde_derive v1.0.152
[INFO] [stderr]    Compiling memchr v2.5.0
[INFO] [stderr]    Compiling once_cell v1.17.0
[INFO] [stderr]    Compiling serde v1.0.152
[INFO] [stderr]    Compiling futures-core v0.3.26
[INFO] [stderr]    Compiling bytes v1.4.0
[INFO] [stderr]    Compiling slab v0.4.7
[INFO] [stderr]    Compiling fnv v1.0.7
[INFO] [stderr]    Compiling lock_api v0.4.9
[INFO] [stderr]    Compiling futures-sink v0.3.26
[INFO] [stderr]    Compiling futures-channel v0.3.26
[INFO] [stderr]    Compiling smallvec v1.10.0
[INFO] [stderr]    Compiling parking_lot_core v0.9.7
[INFO] [stderr]    Compiling futures-task v0.3.26
[INFO] [stderr]    Compiling futures-util v0.3.26
[INFO] [stderr]    Compiling ryu v1.0.12
[INFO] [stderr]    Compiling scopeguard v1.1.0
[INFO] [stderr]    Compiling indexmap v1.9.2
[INFO] [stderr]    Compiling tokio v1.25.0
[INFO] [stderr]    Compiling futures-io v0.3.26
[INFO] [stderr]    Compiling socket2 v0.4.7
[INFO] [stderr]    Compiling mio v0.8.5
[INFO] [stderr]    Compiling num_cpus v1.15.0
[INFO] [stderr]    Compiling parking_lot v0.12.1
[INFO] [stderr]    Compiling signal-hook-registry v1.4.0
[INFO] [stderr]    Compiling tracing-core v0.1.30
[INFO] [stderr]    Compiling hashbrown v0.12.3
[INFO] [stderr]    Compiling http v0.2.8
[INFO] [stderr]    Compiling cc v1.0.79
[INFO] [stderr]    Compiling serde_json v1.0.93
[INFO] [stderr]    Compiling pkg-config v0.3.26
[INFO] [stderr]    Compiling num-traits v0.2.15
[INFO] [stderr]    Compiling tower-service v0.3.2
[INFO] [stderr]    Compiling httparse v1.8.0
[INFO] [stderr]    Compiling percent-encoding v2.2.0
[INFO] [stderr]    Compiling tinyvec_macros v0.1.1
[INFO] [stderr]    Compiling tinyvec v1.6.0
[INFO] [stderr]    Compiling form_urlencoded v1.1.0
[INFO] [stderr]    Compiling num-integer v0.1.45
[INFO] [stderr]    Compiling bitflags v1.3.2
[INFO] [stderr]    Compiling try-lock v0.2.4
[INFO] [stderr]    Compiling tower-layer v0.3.2
[INFO] [stderr]    Compiling rustversion v1.0.11
[INFO] [stderr]    Compiling http-body v0.4.5
[INFO] [stderr]    Compiling want v0.3.0
[INFO] [stderr]    Compiling getrandom v0.2.8
[INFO] [stderr]    Compiling openssl-sys v0.9.80
[INFO] [stderr]    Compiling thiserror v1.0.38
[INFO] [stderr]    Compiling unicode-bidi v0.3.10
[INFO] [stderr]    Compiling httpdate v1.0.2
[INFO] [stderr]    Compiling unicode-normalization v0.1.22
[INFO] [stderr]    Compiling foreign-types-shared v0.1.1
[INFO] [stderr]    Compiling openssl v0.10.45
[INFO] [stderr]    Compiling linked-hash-map v0.5.6
[INFO] [stderr]    Compiling ordered-float v2.10.0
[INFO] [stderr]    Compiling foreign-types v0.3.2
[INFO] [stderr]    Compiling k8s-openapi v0.17.0
[INFO] [stderr]    Compiling tokio-openssl v0.6.3
[INFO] [stderr]    Compiling idna v0.3.0
[INFO] [stderr]    Compiling base64 v0.13.1
[INFO] [stderr]    Compiling schemars v0.8.11
[INFO] [stderr]    Compiling iana-time-zone v0.1.53
[INFO] [stderr]    Compiling rand_core v0.6.4
[INFO] [stderr]    Compiling base64 v0.20.0
[INFO] [stderr]    Compiling ppv-lite86 v0.2.17
[INFO] [stderr]    Compiling ident_case v1.0.1
[INFO] [stderr]    Compiling hyper-openssl v0.9.2
[INFO] [stderr]    Compiling http-range-header v0.3.0
[INFO] [stderr]    Compiling strsim v0.10.0
[INFO] [stderr]    Compiling url v2.3.1
[INFO] [stderr]    Compiling version_check v0.9.4
[INFO] [stderr]    Compiling dyn-clone v1.0.10
[INFO] [stderr]    Compiling rand_chacha v0.3.1
[INFO] [stderr]    Compiling linked_hash_set v0.1.4
[INFO] [stderr]    Compiling yaml-rust v0.4.5
[INFO] [stderr]    Compiling dirs-sys-next v0.1.2
[INFO] [stderr]    Compiling regex-syntax v0.6.28
[INFO] [stderr]    Compiling zeroize v1.5.7
[INFO] [stderr]    Compiling ahash v0.8.3
[INFO] [stderr]    Compiling async-trait v0.1.64
[INFO] [stderr]    Compiling dirs-next v2.0.0
[INFO] [stderr]    Compiling rand v0.8.5
[INFO] [stderr]    Compiling axum-core v0.3.2
[INFO] [stderr]    Compiling pem v1.1.1
[INFO] [stderr]    Compiling serde_derive_internals v0.26.0
[INFO] [stderr]    Compiling darling_core v0.14.3
[INFO] [stderr]    Compiling instant v0.1.12
[INFO] [stderr]    Compiling either v1.8.1
[INFO] [stderr]    Compiling axum v0.6.4
[INFO] [stderr]    Compiling mime v0.3.16
[INFO] [stderr]    Compiling overload v0.1.1
[INFO] [stderr]    Compiling anyhow v1.0.69
[INFO] [stderr]    Compiling nu-ansi-term v0.46.0
[INFO] [stderr]    Compiling backoff v0.4.0
[INFO] [stderr]    Compiling tracing-log v0.1.3
[INFO] [stderr]    Compiling sharded-slab v0.1.4
[INFO] [stderr]    Compiling thread_local v1.1.4
[INFO] [stderr]    Compiling matchit v0.7.0
[INFO] [stderr]    Compiling sync_wrapper v0.1.2
[INFO] [stderr]    Compiling regex-automata v0.1.10
[INFO] [stderr]    Compiling futures-macro v0.3.26
[INFO] [stderr]    Compiling tokio-macros v1.8.2
[INFO] [stderr]    Compiling tracing-attributes v0.1.23
[INFO] [stderr]    Compiling pin-project-internal v1.0.12
[INFO] [stderr]    Compiling thiserror-impl v1.0.38
[INFO] [stderr]    Compiling openssl-macros v0.1.0
[INFO] [stderr]    Compiling schemars_derive v0.8.11
[INFO] [stderr]    Compiling tracing v0.1.37
[INFO] [stderr]    Compiling darling_macro v0.14.3
[INFO] [stderr]    Compiling pin-project v1.0.12
[INFO] [stderr]    Compiling darling v0.14.3
[INFO] [stderr]    Compiling derivative v2.2.0
[INFO] [stderr]    Compiling matchers v0.1.0
[INFO] [stderr]    Compiling regex v1.7.1
[INFO] [stderr]    Compiling kube-derive v0.78.0
[INFO] [stderr]    Compiling tracing-subscriber v0.3.16
[INFO] [stderr]    Compiling futures-executor v0.3.26
[INFO] [stderr]    Compiling futures v0.3.26
[INFO] [stderr]    Compiling hyper v0.14.24
[INFO] [stderr]    Compiling tokio-util v0.7.4
[INFO] [stderr]    Compiling tokio-io-timeout v1.2.0
[INFO] [stderr]    Compiling tower v0.4.13
[INFO] [stderr]    Compiling tower-http v0.3.5
[INFO] [stderr]    Compiling serde-value v0.7.0
[INFO] [stderr]    Compiling chrono v0.4.23
[INFO] [stderr]    Compiling secrecy v0.8.0
[INFO] [stderr]    Compiling serde_yaml v0.8.26
[INFO] [stderr]    Compiling serde_urlencoded v0.7.1
[INFO] [stderr]    Compiling serde_path_to_error v0.1.9
[INFO] [stderr]    Compiling treediff v4.0.2
[INFO] [stderr]    Compiling json-patch v0.3.0
[INFO] [stderr]    Compiling jsonpath_lib v0.3.0
[INFO] [stderr]    Compiling hyper-timeout v0.4.1
[INFO] [stderr]    Compiling kube-core v0.78.0
[INFO] [stderr]    Compiling kube-client v0.78.0
[INFO] [stderr]    Compiling kube-runtime v0.78.0
[INFO] [stderr]    Compiling kube v0.78.0
[INFO] [stderr]    Compiling axum-kube v0.1.0 (/opt/rustwide/workdir)
[INFO] [stdout] warning: unused import: `Log`
[INFO] [stdout]  --> src/kube/mod.rs:6:25
[INFO] [stdout]   |
[INFO] [stdout] 6 |     api::{DeleteParams, Log, LogParams, PostParams},
[INFO] [stdout]   |                         ^^^
[INFO] [stdout]   |
[INFO] [stdout]   = note: `#[warn(unused_imports)]` on by default
[INFO] [stdout] 
[INFO] [stdout] 
[INFO] [stdout] warning: associated function `delete_pod` is never used
[INFO] [stdout]    --> src/kube/mod.rs:135:14
[INFO] [stdout]     |
[INFO] [stdout] 67  | impl Kube {
[INFO] [stdout]     | --------- associated function in this implementation
[INFO] [stdout] ...
[INFO] [stdout] 135 |     async fn delete_pod() {
[INFO] [stdout]     |              ^^^^^^^^^^
[INFO] [stdout]     |
[INFO] [stdout]     = note: `#[warn(dead_code)]` on by default
[INFO] [stdout] 
[INFO] [stdout] 
[INFO] [stdout] warning: unused import: `http::StatusCode`
[INFO] [stdout]  --> src/main.rs:3:5
[INFO] [stdout]   |
[INFO] [stdout] 3 |     http::StatusCode,
[INFO] [stdout]   |     ^^^^^^^^^^^^^^^^
[INFO] [stdout]   |
[INFO] [stdout]   = note: `#[warn(unused_imports)]` on by default
[INFO] [stdout] 
[INFO] [stdout] 
[INFO] [stdout] warning: unused import: `PodStatus`
[INFO] [stdout]  --> src/main.rs:8:49
[INFO] [stdout]   |
[INFO] [stdout] 8 | use axum_kube::kube::{Kube, PodInfo, PodLogReq, PodStatus};
[INFO] [stdout]   |                                                 ^^^^^^^^^
[INFO] [stdout] 
[INFO] [stdout] 
[INFO] [stdout] warning: unused variable: `kube`
[INFO] [stdout]   --> src/main.rs:48:21
[INFO] [stdout]    |
[INFO] [stdout] 48 | async fn root(State(kube): State<Kube>) -> &'static str {
[INFO] [stdout]    |                     ^^^^ help: if this is intentional, prefix it with an underscore: `_kube`
[INFO] [stdout]    |
[INFO] [stdout]    = note: `#[warn(unused_variables)]` on by default
[INFO] [stdout] 
[INFO] [stdout] 
[INFO] [stderr]     Finished `dev` profile [unoptimized + debuginfo] target(s) in 3m 05s
[INFO] running `Command { std: "docker" "inspect" "ff3f94a1bfec403c761249646ffc4956484f73833603c7167824dacbf11d748a", kill_on_drop: false }`
[INFO] running `Command { std: "docker" "rm" "-f" "ff3f94a1bfec403c761249646ffc4956484f73833603c7167824dacbf11d748a", kill_on_drop: false }`
[INFO] [stdout] ff3f94a1bfec403c761249646ffc4956484f73833603c7167824dacbf11d748a
[INFO] running `Command { std: "docker" "create" "-v" "/var/lib/crater-agent-workspace/builds/worker-2-tc2/target:/opt/rustwide/target:rw,Z" "-v" "/var/lib/crater-agent-workspace/builds/worker-2-tc2/source:/opt/rustwide/workdir:ro,Z" "-v" "/var/lib/crater-agent-workspace/cargo-home:/opt/rustwide/cargo-home:ro,Z" "-v" "/var/lib/crater-agent-workspace/rustup-home:/opt/rustwide/rustup-home:ro,Z" "-e" "SOURCE_DIR=/opt/rustwide/workdir" "-e" "CARGO_TARGET_DIR=/opt/rustwide/target" "-e" "CARGO_INCREMENTAL=0" "-e" "RUST_BACKTRACE=full" "-e" "RUSTFLAGS=--cap-lints=warn" "-e" "RUSTDOCFLAGS=--cap-lints=warn" "-e" "CARGO_HOME=/opt/rustwide/cargo-home" "-e" "RUSTUP_HOME=/opt/rustwide/rustup-home" "-w" "/opt/rustwide/workdir" "-m" "1610612736" "--user" "0:0" "--network" "none" "ghcr.io/rust-lang/crates-build-env/linux@sha256:f3a9d4ad9d972b27faf3965f35b62e55ba32bbce8f20bc8fe909558a86702fde" "/opt/rustwide/cargo-home/bin/cargo" "+beta-2024-12-08" "test" "--frozen" "--no-run" "--message-format=json", kill_on_drop: false }`
[INFO] [stdout] 460a1f7ba7c14445ffa43e89cc8bf78abab61638b53e233d5e83b60f42902b52
[INFO] running `Command { std: "docker" "start" "-a" "460a1f7ba7c14445ffa43e89cc8bf78abab61638b53e233d5e83b60f42902b52", kill_on_drop: false }`
[INFO] [stderr]    Compiling axum-kube v0.1.0 (/opt/rustwide/workdir)
[INFO] [stdout] warning: unused import: `Log`
[INFO] [stdout]  --> src/kube/mod.rs:6:25
[INFO] [stdout]   |
[INFO] [stdout] 6 |     api::{DeleteParams, Log, LogParams, PostParams},
[INFO] [stdout]   |                         ^^^
[INFO] [stdout]   |
[INFO] [stdout]   = note: `#[warn(unused_imports)]` on by default
[INFO] [stdout] 
[INFO] [stdout] 
[INFO] [stdout] warning: associated function `delete_pod` is never used
[INFO] [stdout]    --> src/kube/mod.rs:135:14
[INFO] [stdout]     |
[INFO] [stdout] 67  | impl Kube {
[INFO] [stdout]     | --------- associated function in this implementation
[INFO] [stdout] ...
[INFO] [stdout] 135 |     async fn delete_pod() {
[INFO] [stdout]     |              ^^^^^^^^^^
[INFO] [stdout]     |
[INFO] [stdout]     = note: `#[warn(dead_code)]` on by default
[INFO] [stdout] 
[INFO] [stdout] 
[INFO] [stdout] warning: unused import: `http::StatusCode`
[INFO] [stdout]  --> src/main.rs:3:5
[INFO] [stdout]   |
[INFO] [stdout] 3 |     http::StatusCode,
[INFO] [stdout]   |     ^^^^^^^^^^^^^^^^
[INFO] [stdout]   |
[INFO] [stdout]   = note: `#[warn(unused_imports)]` on by default
[INFO] [stdout] 
[INFO] [stdout] 
[INFO] [stdout] warning: unused import: `PodStatus`
[INFO] [stdout]  --> src/main.rs:8:49
[INFO] [stdout]   |
[INFO] [stdout] 8 | use axum_kube::kube::{Kube, PodInfo, PodLogReq, PodStatus};
[INFO] [stdout]   |                                                 ^^^^^^^^^
[INFO] [stdout] 
[INFO] [stdout] 
[INFO] [stdout] warning: unused import: `Log`
[INFO] [stdout]  --> src/kube/mod.rs:6:25
[INFO] [stdout]   |
[INFO] [stdout] 6 |     api::{DeleteParams, Log, LogParams, PostParams},
[INFO] [stdout]   |                         ^^^
[INFO] [stdout]   |
[INFO] [stdout]   = note: `#[warn(unused_imports)]` on by default
[INFO] [stdout] 
[INFO] [stdout] 
[INFO] [stdout] warning: unused import: `std::env`
[INFO] [stdout]    --> src/kube/mod.rs:147:9
[INFO] [stdout]     |
[INFO] [stdout] 147 |     use std::env;
[INFO] [stdout]     |         ^^^^^^^^
[INFO] [stdout] 
[INFO] [stdout] 
[INFO] [stdout] warning: unused import: `axum::http::Uri`
[INFO] [stdout]    --> src/kube/mod.rs:149:9
[INFO] [stdout]     |
[INFO] [stdout] 149 |     use axum::http::Uri;
[INFO] [stdout]     |         ^^^^^^^^^^^^^^^
[INFO] [stdout] 
[INFO] [stdout] 
[INFO] [stdout] warning: unused imports: `KubeConfigOptions` and `Kubeconfig`
[INFO] [stdout]    --> src/kube/mod.rs:151:18
[INFO] [stdout]     |
[INFO] [stdout] 151 |         config::{KubeConfigOptions, Kubeconfig},
[INFO] [stdout]     |                  ^^^^^^^^^^^^^^^^^  ^^^^^^^^^^
[INFO] [stdout] 
[INFO] [stdout] 
[INFO] [stdout] warning: unused import: `interval_at`
[INFO] [stdout]    --> src/kube/mod.rs:154:23
[INFO] [stdout]     |
[INFO] [stdout] 154 |     use tokio::time::{interval_at, sleep, Duration};
[INFO] [stdout]     |                       ^^^^^^^^^^^
[INFO] [stdout] 
[INFO] [stdout] 
[INFO] [stdout] warning: unused variable: `kube`
[INFO] [stdout]   --> src/main.rs:48:21
[INFO] [stdout]    |
[INFO] [stdout] 48 | async fn root(State(kube): State<Kube>) -> &'static str {
[INFO] [stdout]    |                     ^^^^ help: if this is intentional, prefix it with an underscore: `_kube`
[INFO] [stdout]    |
[INFO] [stdout]    = note: `#[warn(unused_variables)]` on by default
[INFO] [stdout] 
[INFO] [stdout] 
[INFO] [stdout] warning: unused variable: `o`
[INFO] [stdout]    --> src/kube/mod.rs:179:16
[INFO] [stdout]     |
[INFO] [stdout] 179 |             Ok(o) => {
[INFO] [stdout]     |                ^ help: if this is intentional, prefix it with an underscore: `_o`
[INFO] [stdout]     |
[INFO] [stdout]     = note: `#[warn(unused_variables)]` on by default
[INFO] [stdout] 
[INFO] [stdout] 
[INFO] [stdout] warning: unused variable: `e`
[INFO] [stdout]    --> src/kube/mod.rs:182:17
[INFO] [stdout]     |
[INFO] [stdout] 182 |             Err(e) => {}
[INFO] [stdout]     |                 ^ help: if this is intentional, prefix it with an underscore: `_e`
[INFO] [stdout] 
[INFO] [stdout] 
[INFO] [stdout] warning: associated function `delete_pod` is never used
[INFO] [stdout]    --> src/kube/mod.rs:135:14
[INFO] [stdout]     |
[INFO] [stdout] 67  | impl Kube {
[INFO] [stdout]     | --------- associated function in this implementation
[INFO] [stdout] ...
[INFO] [stdout] 135 |     async fn delete_pod() {
[INFO] [stdout]     |              ^^^^^^^^^^
[INFO] [stdout]     |
[INFO] [stdout]     = note: `#[warn(dead_code)]` on by default
[INFO] [stdout] 
[INFO] [stdout] 
[INFO] [stderr]     Finished `test` profile [unoptimized + debuginfo] target(s) in 11.08s
[INFO] running `Command { std: "docker" "inspect" "460a1f7ba7c14445ffa43e89cc8bf78abab61638b53e233d5e83b60f42902b52", kill_on_drop: false }`
[INFO] running `Command { std: "docker" "rm" "-f" "460a1f7ba7c14445ffa43e89cc8bf78abab61638b53e233d5e83b60f42902b52", kill_on_drop: false }`
[INFO] [stdout] 460a1f7ba7c14445ffa43e89cc8bf78abab61638b53e233d5e83b60f42902b52
[INFO] running `Command { std: "docker" "create" "-v" "/var/lib/crater-agent-workspace/builds/worker-2-tc2/target:/opt/rustwide/target:rw,Z" "-v" "/var/lib/crater-agent-workspace/builds/worker-2-tc2/source:/opt/rustwide/workdir:ro,Z" "-v" "/var/lib/crater-agent-workspace/cargo-home:/opt/rustwide/cargo-home:ro,Z" "-v" "/var/lib/crater-agent-workspace/rustup-home:/opt/rustwide/rustup-home:ro,Z" "-e" "SOURCE_DIR=/opt/rustwide/workdir" "-e" "CARGO_TARGET_DIR=/opt/rustwide/target" "-e" "CARGO_INCREMENTAL=0" "-e" "RUST_BACKTRACE=full" "-e" "RUSTFLAGS=--cap-lints=warn" "-e" "RUSTDOCFLAGS=--cap-lints=warn" "-e" "CARGO_HOME=/opt/rustwide/cargo-home" "-e" "RUSTUP_HOME=/opt/rustwide/rustup-home" "-w" "/opt/rustwide/workdir" "-m" "1610612736" "--user" "0:0" "--network" "none" "ghcr.io/rust-lang/crates-build-env/linux@sha256:f3a9d4ad9d972b27faf3965f35b62e55ba32bbce8f20bc8fe909558a86702fde" "/opt/rustwide/cargo-home/bin/cargo" "+beta-2024-12-08" "test" "--frozen", kill_on_drop: false }`
[INFO] [stdout] 6212cb6c643809c91c85f5630108969c6d7e08c4e3239a54687a4210f92f485d
[INFO] running `Command { std: "docker" "start" "-a" "6212cb6c643809c91c85f5630108969c6d7e08c4e3239a54687a4210f92f485d", kill_on_drop: false }`
[INFO] [stderr] warning: unused import: `Log`
[INFO] [stderr]  --> src/kube/mod.rs:6:25
[INFO] [stderr]   |
[INFO] [stderr] 6 |     api::{DeleteParams, Log, LogParams, PostParams},
[INFO] [stderr]   |                         ^^^
[INFO] [stderr]   |
[INFO] [stderr]   = note: `#[warn(unused_imports)]` on by default
[INFO] [stderr] 
[INFO] [stderr] warning: associated function `delete_pod` is never used
[INFO] [stderr]    --> src/kube/mod.rs:135:14
[INFO] [stderr]     |
[INFO] [stderr] 67  | impl Kube {
[INFO] [stderr]     | --------- associated function in this implementation
[INFO] [stderr] ...
[INFO] [stderr] 135 |     async fn delete_pod() {
[INFO] [stderr]     |              ^^^^^^^^^^
[INFO] [stderr]     |
[INFO] [stderr]     = note: `#[warn(dead_code)]` on by default
[INFO] [stderr] 
[INFO] [stderr] warning: unused import: `std::env`
[INFO] [stderr]    --> src/kube/mod.rs:147:9
[INFO] [stderr]     |
[INFO] [stderr] 147 |     use std::env;
[INFO] [stderr]     |         ^^^^^^^^
[INFO] [stderr] 
[INFO] [stderr] warning: unused import: `axum::http::Uri`
[INFO] [stderr]    --> src/kube/mod.rs:149:9
[INFO] [stderr]     |
[INFO] [stderr] 149 |     use axum::http::Uri;
[INFO] [stderr]     |         ^^^^^^^^^^^^^^^
[INFO] [stderr] 
[INFO] [stderr] warning: unused imports: `KubeConfigOptions` and `Kubeconfig`
[INFO] [stderr]    --> src/kube/mod.rs:151:18
[INFO] [stderr]     |
[INFO] [stderr] 151 |         config::{KubeConfigOptions, Kubeconfig},
[INFO] [stderr]     |                  ^^^^^^^^^^^^^^^^^  ^^^^^^^^^^
[INFO] [stderr] 
[INFO] [stderr] warning: unused import: `interval_at`
[INFO] [stderr]    --> src/kube/mod.rs:154:23
[INFO] [stderr]     |
[INFO] [stderr] 154 |     use tokio::time::{interval_at, sleep, Duration};
[INFO] [stderr]     |                       ^^^^^^^^^^^
[INFO] [stderr] 
[INFO] [stderr] warning: unused variable: `o`
[INFO] [stderr]    --> src/kube/mod.rs:179:16
[INFO] [stderr]     |
[INFO] [stderr] 179 |             Ok(o) => {
[INFO] [stderr]     |                ^ help: if this is intentional, prefix it with an underscore: `_o`
[INFO] [stderr]     |
[INFO] [stderr]     = note: `#[warn(unused_variables)]` on by default
[INFO] [stderr] 
[INFO] [stderr] warning: unused variable: `e`
[INFO] [stderr]    --> src/kube/mod.rs:182:17
[INFO] [stderr]     |
[INFO] [stderr] 182 |             Err(e) => {}
[INFO] [stderr]     |                 ^ help: if this is intentional, prefix it with an underscore: `_e`
[INFO] [stderr] 
[INFO] [stderr] warning: `axum-kube` (lib) generated 2 warnings (run `cargo fix --lib -p axum-kube` to apply 1 suggestion)
[INFO] [stderr] warning: `axum-kube` (lib test) generated 8 warnings (2 duplicates) (run `cargo fix --lib -p axum-kube --tests` to apply 4 suggestions)
[INFO] [stderr] warning: unused import: `http::StatusCode`
[INFO] [stderr]  --> src/main.rs:3:5
[INFO] [stderr]   |
[INFO] [stderr] 3 |     http::StatusCode,
[INFO] [stderr]   |     ^^^^^^^^^^^^^^^^
[INFO] [stderr]   |
[INFO] [stderr]   = note: `#[warn(unused_imports)]` on by default
[INFO] [stderr] 
[INFO] [stderr] warning: unused import: `PodStatus`
[INFO] [stderr]  --> src/main.rs:8:49
[INFO] [stderr]   |
[INFO] [stderr] 8 | use axum_kube::kube::{Kube, PodInfo, PodLogReq, PodStatus};
[INFO] [stderr]   |                                                 ^^^^^^^^^
[INFO] [stderr] 
[INFO] [stderr] warning: unused variable: `kube`
[INFO] [stderr]   --> src/main.rs:48:21
[INFO] [stderr]    |
[INFO] [stderr] 48 | async fn root(State(kube): State<Kube>) -> &'static str {
[INFO] [stderr]    |                     ^^^^ help: if this is intentional, prefix it with an underscore: `_kube`
[INFO] [stderr]    |
[INFO] [stderr]    = note: `#[warn(unused_variables)]` on by default
[INFO] [stderr] 
[INFO] [stderr] warning: `axum-kube` (bin "axum-kube" test) generated 3 warnings (run `cargo fix --bin "axum-kube" --tests` to apply 2 suggestions)
[INFO] [stderr]     Finished `test` profile [unoptimized + debuginfo] target(s) in 0.17s
[INFO] [stderr]      Running unittests src/lib.rs (/opt/rustwide/target/debug/deps/axum_kube-0f349d382c28ddc2)
[INFO] [stdout] 
[INFO] [stdout] running 1 test
[INFO] [stdout] test kube::tests::create_pod ... FAILED
[INFO] [stdout] 
[INFO] [stdout] failures:
[INFO] [stdout] 
[INFO] [stdout] ---- kube::tests::create_pod stdout ----
[INFO] [stdout] thread 'kube::tests::create_pod' panicked at src/kube/mod.rs:169:44:
[INFO] [stdout] called `Result::unwrap()` on an `Err` value: InferConfigError { in_cluster: ReadEnvironmentVariable(NotPresent), kubeconfig: ReadConfig(Os { code: 2, kind: NotFound, message: "No such file or directory" }, "/root/.kube/config") }
[INFO] [stdout] stack backtrace:
[INFO] [stdout]    0:     0x60b275136cfa - std::backtrace_rs::backtrace::libunwind::trace::h8810477743020387
[INFO] [stdout]                                at /rustc/202008a1b8de96d2e5b6bc02d379db03a877d34d/library/std/src/../../backtrace/src/backtrace/libunwind.rs:116:5
[INFO] [stdout]    1:     0x60b275136cfa - std::backtrace_rs::backtrace::trace_unsynchronized::h3aa55355dd6c54a6
[INFO] [stdout]                                at /rustc/202008a1b8de96d2e5b6bc02d379db03a877d34d/library/std/src/../../backtrace/src/backtrace/mod.rs:66:5
[INFO] [stdout]    2:     0x60b275136cfa - std::sys::backtrace::_print_fmt::h8588b0f62410823f
[INFO] [stdout]                                at /rustc/202008a1b8de96d2e5b6bc02d379db03a877d34d/library/std/src/sys/backtrace.rs:66:9
[INFO] [stdout]    3:     0x60b275136cfa - <std::sys::backtrace::BacktraceLock::print::DisplayBacktrace as core::fmt::Display>::fmt::h98c26ac25ffe89bb
[INFO] [stdout]                                at /rustc/202008a1b8de96d2e5b6bc02d379db03a877d34d/library/std/src/sys/backtrace.rs:39:26
[INFO] [stdout]    4:     0x60b275162463 - core::fmt::rt::Argument::fmt::hf95377f4aebd453b
[INFO] [stdout]                                at /rustc/202008a1b8de96d2e5b6bc02d379db03a877d34d/library/core/src/fmt/rt.rs:177:76
[INFO] [stdout]    5:     0x60b275162463 - core::fmt::write::h0dd5f6e2238c7982
[INFO] [stdout]                                at /rustc/202008a1b8de96d2e5b6bc02d379db03a877d34d/library/core/src/fmt/mod.rs:1189:21
[INFO] [stdout]    6:     0x60b275133203 - std::io::Write::write_fmt::h03bb0ca26e6faf8c
[INFO] [stdout]                                at /rustc/202008a1b8de96d2e5b6bc02d379db03a877d34d/library/std/src/io/mod.rs:1884:15
[INFO] [stdout]    7:     0x60b275136b42 - std::sys::backtrace::BacktraceLock::print::h5c19c1c038ee186d
[INFO] [stdout]                                at /rustc/202008a1b8de96d2e5b6bc02d379db03a877d34d/library/std/src/sys/backtrace.rs:42:9
[INFO] [stdout]    8:     0x60b2751387fd - std::panicking::default_hook::{{closure}}::h77172f079a1fcb13
[INFO] [stdout]                                at /rustc/202008a1b8de96d2e5b6bc02d379db03a877d34d/library/std/src/panicking.rs:268:22
[INFO] [stdout]    9:     0x60b275138607 - std::panicking::default_hook::he5f8e3b203ccddba
[INFO] [stdout]                                at /rustc/202008a1b8de96d2e5b6bc02d379db03a877d34d/library/std/src/panicking.rs:292:9
[INFO] [stdout]   10:     0x60b274bd5ce7 - <alloc::boxed::Box<F,A> as core::ops::function::Fn<Args>>::call::h7a3c7b4a1ae77f2f
[INFO] [stdout]                                at /rustc/202008a1b8de96d2e5b6bc02d379db03a877d34d/library/alloc/src/boxed.rs:1986:9
[INFO] [stdout]   11:     0x60b274bd5ce7 - test::test_main::{{closure}}::hf0d3b69ae9b353d1
[INFO] [stdout]                                at /rustc/202008a1b8de96d2e5b6bc02d379db03a877d34d/library/test/src/lib.rs:134:21
[INFO] [stdout]   12:     0x60b275138ea8 - <alloc::boxed::Box<F,A> as core::ops::function::Fn<Args>>::call::h6332e82e7b189abd
[INFO] [stdout]                                at /rustc/202008a1b8de96d2e5b6bc02d379db03a877d34d/library/alloc/src/boxed.rs:1986:9
[INFO] [stdout]   13:     0x60b275138ea8 - std::panicking::rust_panic_with_hook::h53863d4e9018df39
[INFO] [stdout]                                at /rustc/202008a1b8de96d2e5b6bc02d379db03a877d34d/library/std/src/panicking.rs:809:13
[INFO] [stdout]   14:     0x60b275138c6a - std::panicking::begin_panic_handler::{{closure}}::h67280e6fa0757873
[INFO] [stdout]                                at /rustc/202008a1b8de96d2e5b6bc02d379db03a877d34d/library/std/src/panicking.rs:674:13
[INFO] [stdout]   15:     0x60b2751371d9 - std::sys::backtrace::__rust_end_short_backtrace::h1dac3f54d6fbbeb2
[INFO] [stdout]                                at /rustc/202008a1b8de96d2e5b6bc02d379db03a877d34d/library/std/src/sys/backtrace.rs:170:18
[INFO] [stdout]   16:     0x60b2751388fc - rust_begin_unwind
[INFO] [stdout]                                at /rustc/202008a1b8de96d2e5b6bc02d379db03a877d34d/library/std/src/panicking.rs:665:5
[INFO] [stdout]   17:     0x60b274987240 - core::panicking::panic_fmt::h6792bd1b2bf01041
[INFO] [stdout]                                at /rustc/202008a1b8de96d2e5b6bc02d379db03a877d34d/library/core/src/panicking.rs:76:14
[INFO] [stdout]   18:     0x60b2749876c6 - core::result::unwrap_failed::h05e0602ed34287c5
[INFO] [stdout]                                at /rustc/202008a1b8de96d2e5b6bc02d379db03a877d34d/library/core/src/result.rs:1699:5
[INFO] [stdout]   19:     0x60b274ae741f - core::result::Result<T,E>::unwrap::h2c731d109f1a401f
[INFO] [stdout]                                at /rustc/202008a1b8de96d2e5b6bc02d379db03a877d34d/library/core/src/result.rs:1104:23
[INFO] [stdout]   20:     0x60b274ae741f - axum_kube::kube::tests::create_pod::{{closure}}::hdad974adc8785142
[INFO] [stdout]                                at /opt/rustwide/workdir/src/kube/mod.rs:169:22
[INFO] [stdout]   21:     0x60b274b9b812 - <core::pin::Pin<P> as core::future::future::Future>::poll::haacba6b4e567e315
[INFO] [stdout]                                at /rustc/202008a1b8de96d2e5b6bc02d379db03a877d34d/library/core/src/future/future.rs:124:9
[INFO] [stdout]   22:     0x60b274b9b7cd - <core::pin::Pin<P> as core::future::future::Future>::poll::h6fbdf55806065b8d
[INFO] [stdout]                                at /rustc/202008a1b8de96d2e5b6bc02d379db03a877d34d/library/core/src/future/future.rs:124:9
[INFO] [stdout]   23:     0x60b274b87fdf - tokio::runtime::scheduler::current_thread::CoreGuard::block_on::{{closure}}::{{closure}}::{{closure}}::h2e528dc9db14298e
[INFO] [stdout]                                at /opt/rustwide/cargo-home/registry/src/index.crates.io-6f17d22bba15001f/tokio-1.25.0/src/runtime/scheduler/current_thread.rs:541:57
[INFO] [stdout]   24:     0x60b274b87ed5 - tokio::runtime::coop::with_budget::he927aa0872b91441
[INFO] [stdout]                                at /opt/rustwide/cargo-home/registry/src/index.crates.io-6f17d22bba15001f/tokio-1.25.0/src/runtime/coop.rs:102:5
[INFO] [stdout]   25:     0x60b274b87ed5 - tokio::runtime::coop::budget::hf104cec339cb08d2
[INFO] [stdout]                                at /opt/rustwide/cargo-home/registry/src/index.crates.io-6f17d22bba15001f/tokio-1.25.0/src/runtime/coop.rs:68:5
[INFO] [stdout]   26:     0x60b274b87ed5 - tokio::runtime::scheduler::current_thread::CoreGuard::block_on::{{closure}}::{{closure}}::h05c44b91d38dff09
[INFO] [stdout]                                at /opt/rustwide/cargo-home/registry/src/index.crates.io-6f17d22bba15001f/tokio-1.25.0/src/runtime/scheduler/current_thread.rs:541:25
[INFO] [stdout]   27:     0x60b274b86860 - tokio::runtime::scheduler::current_thread::Context::enter::h1e5fe649a5987b7f
[INFO] [stdout]                                at /opt/rustwide/cargo-home/registry/src/index.crates.io-6f17d22bba15001f/tokio-1.25.0/src/runtime/scheduler/current_thread.rs:350:19
[INFO] [stdout]   28:     0x60b274b87592 - tokio::runtime::scheduler::current_thread::CoreGuard::block_on::{{closure}}::ha308272ffc6afb4e
[INFO] [stdout]                                at /opt/rustwide/cargo-home/registry/src/index.crates.io-6f17d22bba15001f/tokio-1.25.0/src/runtime/scheduler/current_thread.rs:540:36
[INFO] [stdout]   29:     0x60b274b87314 - tokio::runtime::scheduler::current_thread::CoreGuard::enter::{{closure}}::hb64d44582d3d65d6
[INFO] [stdout]                                at /opt/rustwide/cargo-home/registry/src/index.crates.io-6f17d22bba15001f/tokio-1.25.0/src/runtime/scheduler/current_thread.rs:615:57
[INFO] [stdout]   30:     0x60b274ae5ff3 - tokio::macros::scoped_tls::ScopedKey<T>::set::h69f5de1d57ab61b1
[INFO] [stdout]                                at /opt/rustwide/cargo-home/registry/src/index.crates.io-6f17d22bba15001f/tokio-1.25.0/src/macros/scoped_tls.rs:61:9
[INFO] [stdout]   31:     0x60b274b870bf - tokio::runtime::scheduler::current_thread::CoreGuard::enter::he5983bd7c6587d03
[INFO] [stdout]                                at /opt/rustwide/cargo-home/registry/src/index.crates.io-6f17d22bba15001f/tokio-1.25.0/src/runtime/scheduler/current_thread.rs:615:27
[INFO] [stdout]   32:     0x60b274b87332 - tokio::runtime::scheduler::current_thread::CoreGuard::block_on::h90d1eeb563185f80
[INFO] [stdout]                                at /opt/rustwide/cargo-home/registry/src/index.crates.io-6f17d22bba15001f/tokio-1.25.0/src/runtime/scheduler/current_thread.rs:530:19
[INFO] [stdout]   33:     0x60b274b86371 - tokio::runtime::scheduler::current_thread::CurrentThread::block_on::hff8e566be9d67e04
[INFO] [stdout]                                at /opt/rustwide/cargo-home/registry/src/index.crates.io-6f17d22bba15001f/tokio-1.25.0/src/runtime/scheduler/current_thread.rs:154:24
[INFO] [stdout]   34:     0x60b274ac549d - tokio::runtime::runtime::Runtime::block_on::h41cbbfb0d08a3f13
[INFO] [stdout]                                at /opt/rustwide/cargo-home/registry/src/index.crates.io-6f17d22bba15001f/tokio-1.25.0/src/runtime/runtime.rs:282:47
[INFO] [stdout]   35:     0x60b274ae6fcc - axum_kube::kube::tests::create_pod::h9bf9b81412de21c7
[INFO] [stdout]                                at /opt/rustwide/workdir/src/kube/mod.rs:198:9
[INFO] [stdout]   36:     0x60b274ae6e47 - axum_kube::kube::tests::create_pod::{{closure}}::hee2cb549cf5ba2bd
[INFO] [stdout]                                at /opt/rustwide/workdir/src/kube/mod.rs:161:26
[INFO] [stdout]   37:     0x60b274b82416 - core::ops::function::FnOnce::call_once::h6ec356651b953e3e
[INFO] [stdout]                                at /rustc/202008a1b8de96d2e5b6bc02d379db03a877d34d/library/core/src/ops/function.rs:250:5
[INFO] [stdout]   38:     0x60b274bda80b - core::ops::function::FnOnce::call_once::h871bf86719ec9aa4
[INFO] [stdout]                                at /rustc/202008a1b8de96d2e5b6bc02d379db03a877d34d/library/core/src/ops/function.rs:250:5
[INFO] [stdout]   39:     0x60b274bda80b - test::__rust_begin_short_backtrace::h2167df1e2b7d76fd
[INFO] [stdout]                                at /rustc/202008a1b8de96d2e5b6bc02d379db03a877d34d/library/test/src/lib.rs:632:18
[INFO] [stdout]   40:     0x60b274bda1f8 - test::run_test_in_process::{{closure}}::h15d92f75a3adfb79
[INFO] [stdout]                                at /rustc/202008a1b8de96d2e5b6bc02d379db03a877d34d/library/test/src/lib.rs:655:60
[INFO] [stdout]   41:     0x60b274bda1f8 - <core::panic::unwind_safe::AssertUnwindSafe<F> as core::ops::function::FnOnce<()>>::call_once::hb6c8955835a8dbbb
[INFO] [stdout]                                at /rustc/202008a1b8de96d2e5b6bc02d379db03a877d34d/library/core/src/panic/unwind_safe.rs:272:9
[INFO] [stdout]   42:     0x60b274bda1f8 - std::panicking::try::do_call::hc79d0fc888a0bd30
[INFO] [stdout]                                at /rustc/202008a1b8de96d2e5b6bc02d379db03a877d34d/library/std/src/panicking.rs:557:40
[INFO] [stdout]   43:     0x60b274bda1f8 - std::panicking::try::hb8a7878e3a8589d6
[INFO] [stdout]                                at /rustc/202008a1b8de96d2e5b6bc02d379db03a877d34d/library/std/src/panicking.rs:520:19
[INFO] [stdout]   44:     0x60b274bda1f8 - std::panic::catch_unwind::hb8e4600ff0ff5cfa
[INFO] [stdout]                                at /rustc/202008a1b8de96d2e5b6bc02d379db03a877d34d/library/std/src/panic.rs:358:14
[INFO] [stdout]   45:     0x60b274bda1f8 - test::run_test_in_process::hc2900b0b18688dd6
[INFO] [stdout]                                at /rustc/202008a1b8de96d2e5b6bc02d379db03a877d34d/library/test/src/lib.rs:655:27
[INFO] [stdout]   46:     0x60b274bda1f8 - test::run_test::{{closure}}::hac2a9cb07be3d48d
[INFO] [stdout]                                at /rustc/202008a1b8de96d2e5b6bc02d379db03a877d34d/library/test/src/lib.rs:576:43
[INFO] [stdout]   47:     0x60b274b9dc9a - test::run_test::{{closure}}::h4a5b729e66a38cd8
[INFO] [stdout]                                at /rustc/202008a1b8de96d2e5b6bc02d379db03a877d34d/library/test/src/lib.rs:606:41
[INFO] [stdout]   48:     0x60b274b9dc9a - std::sys::backtrace::__rust_begin_short_backtrace::h0496fb742492f573
[INFO] [stdout]                                at /rustc/202008a1b8de96d2e5b6bc02d379db03a877d34d/library/std/src/sys/backtrace.rs:154:18
[INFO] [stdout]   49:     0x60b274ba1614 - std::thread::Builder::spawn_unchecked_::{{closure}}::{{closure}}::hbb6d257c550a54bd
[INFO] [stdout]                                at /rustc/202008a1b8de96d2e5b6bc02d379db03a877d34d/library/std/src/thread/mod.rs:561:17
[INFO] [stdout]   50:     0x60b274ba1614 - <core::panic::unwind_safe::AssertUnwindSafe<F> as core::ops::function::FnOnce<()>>::call_once::h46696fe4a6832328
[INFO] [stdout]                                at /rustc/202008a1b8de96d2e5b6bc02d379db03a877d34d/library/core/src/panic/unwind_safe.rs:272:9
[INFO] [stdout]   51:     0x60b274ba1614 - std::panicking::try::do_call::h2625a51b667bfb64
[INFO] [stdout]                                at /rustc/202008a1b8de96d2e5b6bc02d379db03a877d34d/library/std/src/panicking.rs:557:40
[INFO] [stdout]   52:     0x60b274ba1614 - std::panicking::try::hb956a59a1973aa4c
[INFO] [stdout]                                at /rustc/202008a1b8de96d2e5b6bc02d379db03a877d34d/library/std/src/panicking.rs:520:19
[INFO] [stdout]   53:     0x60b274ba1614 - std::panic::catch_unwind::h64f3b9d1067ef6a0
[INFO] [stdout]                                at /rustc/202008a1b8de96d2e5b6bc02d379db03a877d34d/library/std/src/panic.rs:358:14
[INFO] [stdout]   54:     0x60b274ba1614 - std::thread::Builder::spawn_unchecked_::{{closure}}::h42b2841295b6c0b2
[INFO] [stdout]                                at /rustc/202008a1b8de96d2e5b6bc02d379db03a877d34d/library/std/src/thread/mod.rs:559:30
[INFO] [stdout]   55:     0x60b274ba1614 - core::ops::function::FnOnce::call_once{{vtable.shim}}::h6127de71b8124639
[INFO] [stdout]                                at /rustc/202008a1b8de96d2e5b6bc02d379db03a877d34d/library/core/src/ops/function.rs:250:5
[INFO] [stdout]   56:     0x60b27513db6b - <alloc::boxed::Box<F,A> as core::ops::function::FnOnce<Args>>::call_once::h42f0ba71002a1b2c
[INFO] [stdout]                                at /rustc/202008a1b8de96d2e5b6bc02d379db03a877d34d/library/alloc/src/boxed.rs:1972:9
[INFO] [stdout]   57:     0x60b27513db6b - <alloc::boxed::Box<F,A> as core::ops::function::FnOnce<Args>>::call_once::had9e47d7a3dcecb8
[INFO] [stdout]                                at /rustc/202008a1b8de96d2e5b6bc02d379db03a877d34d/library/alloc/src/boxed.rs:1972:9
[INFO] [stdout]   58:     0x60b27513db6b - std::sys::pal::unix::thread::Thread::new::thread_start::h48cf765408f6f5f2
[INFO] [stdout]                                at /rustc/202008a1b8de96d2e5b6bc02d379db03a877d34d/library/std/src/sys/pal/unix/thread.rs:105:17
[INFO] [stdout]   59:     0x76e5bdbdbac3 - <unknown>
[INFO] [stdout]   60:     0x76e5bdc6ca04 - clone
[INFO] [stdout]   61:                0x0 - <unknown>
[INFO] [stdout] 
[INFO] [stdout] 
[INFO] [stdout] failures:
[INFO] [stdout]     kube::tests::create_pod
[INFO] [stdout] 
[INFO] [stdout] test result: FAILED. 0 passed; 1 failed; 0 ignored; 0 measured; 0 filtered out; finished in 0.13s
[INFO] [stdout] 
[INFO] [stderr] error: test failed, to rerun pass `--lib`
[INFO] running `Command { std: "docker" "inspect" "6212cb6c643809c91c85f5630108969c6d7e08c4e3239a54687a4210f92f485d", kill_on_drop: false }`
[INFO] running `Command { std: "docker" "rm" "-f" "6212cb6c643809c91c85f5630108969c6d7e08c4e3239a54687a4210f92f485d", kill_on_drop: false }`
[INFO] [stdout] 6212cb6c643809c91c85f5630108969c6d7e08c4e3239a54687a4210f92f485d
