[INFO] cloning repository https://github.com/GiGainfosystems/BuFFI
[INFO] running `Command { std: "git" "-c" "credential.helper=" "-c" "credential.helper=/workspace/cargo-home/bin/git-credential-null" "clone" "--bare" "https://github.com/GiGainfosystems/BuFFI" "/workspace/cache/git-repos/https%3A%2F%2Fgithub.com%2FGiGainfosystems%2FBuFFI", kill_on_drop: false }`
[INFO] [stderr] Cloning into bare repository '/workspace/cache/git-repos/https%3A%2F%2Fgithub.com%2FGiGainfosystems%2FBuFFI'...
[INFO] running `Command { std: "git" "rev-parse" "HEAD", kill_on_drop: false }`
[INFO] [stdout] b9288a1d0f63841728ab9255eea4b1ceb3a7d2fe
[INFO] testing GiGainfosystems/BuFFI against 1.83.0 for beta-1.84.0-4-retry
[INFO] running `Command { std: "git" "clone" "/workspace/cache/git-repos/https%3A%2F%2Fgithub.com%2FGiGainfosystems%2FBuFFI" "/workspace/builds/worker-0-tc1/source", kill_on_drop: false }`
[INFO] [stderr] Cloning into '/workspace/builds/worker-0-tc1/source'...
[INFO] [stderr] done.
[INFO] validating manifest of git repo https://github.com/GiGainfosystems/BuFFI on toolchain 1.83.0
[INFO] running `Command { std: CARGO_HOME="/workspace/cargo-home" RUSTUP_HOME="/workspace/rustup-home" "/workspace/cargo-home/bin/cargo" "+1.83.0" "metadata" "--manifest-path" "Cargo.toml" "--no-deps", kill_on_drop: false }`
[INFO] removed /workspace/builds/worker-0-tc1/source/rust-toolchain.toml
[INFO] started tweaking git repo https://github.com/GiGainfosystems/BuFFI
[INFO] finished tweaking git repo https://github.com/GiGainfosystems/BuFFI
[INFO] tweaked toml for git repo https://github.com/GiGainfosystems/BuFFI written to /workspace/builds/worker-0-tc1/source/Cargo.toml
[INFO] crate git repo https://github.com/GiGainfosystems/BuFFI already has a lockfile, it will not be regenerated
[INFO] running `Command { std: CARGO_HOME="/workspace/cargo-home" RUSTUP_HOME="/workspace/rustup-home" "/workspace/cargo-home/bin/cargo" "+1.83.0" "fetch" "--manifest-path" "Cargo.toml", kill_on_drop: false }`
[INFO] [stderr]     Updating crates.io index
[INFO] [stderr]  Downloading crates ...
[INFO] [stderr]   Downloaded similar v2.6.0
[INFO] [stderr]   Downloaded rustdoc-types v0.31.0
[INFO] [stderr]   Downloaded similar-asserts v1.6.0
[INFO] [stderr]   Downloaded textwrap v0.13.4
[INFO] [stderr]   Downloaded serde-reflection v0.4.0
[INFO] [stderr]   Downloaded serde-generate v0.26.0
[INFO] running `Command { std: "docker" "create" "-v" "/var/lib/crater-agent-workspace/builds/worker-0-tc1/target:/opt/rustwide/target:rw,Z" "-v" "/var/lib/crater-agent-workspace/builds/worker-0-tc1/source:/opt/rustwide/workdir:ro,Z" "-v" "/var/lib/crater-agent-workspace/cargo-home:/opt/rustwide/cargo-home:ro,Z" "-v" "/var/lib/crater-agent-workspace/rustup-home:/opt/rustwide/rustup-home:ro,Z" "-e" "SOURCE_DIR=/opt/rustwide/workdir" "-e" "CARGO_TARGET_DIR=/opt/rustwide/target" "-e" "CARGO_HOME=/opt/rustwide/cargo-home" "-e" "RUSTUP_HOME=/opt/rustwide/rustup-home" "-w" "/opt/rustwide/workdir" "-m" "1610612736" "--user" "0:0" "--network" "none" "ghcr.io/rust-lang/crates-build-env/linux@sha256:f3a9d4ad9d972b27faf3965f35b62e55ba32bbce8f20bc8fe909558a86702fde" "/opt/rustwide/cargo-home/bin/cargo" "+1.83.0" "metadata" "--no-deps" "--format-version=1", kill_on_drop: false }`
[INFO] [stdout] 4abb9532553f6723ed379b649d70c92ba3c32da6a4689bdd4b24cb4a6b643028
[INFO] running `Command { std: "docker" "start" "-a" "4abb9532553f6723ed379b649d70c92ba3c32da6a4689bdd4b24cb4a6b643028", kill_on_drop: false }`
[INFO] running `Command { std: "docker" "inspect" "4abb9532553f6723ed379b649d70c92ba3c32da6a4689bdd4b24cb4a6b643028", kill_on_drop: false }`
[INFO] running `Command { std: "docker" "rm" "-f" "4abb9532553f6723ed379b649d70c92ba3c32da6a4689bdd4b24cb4a6b643028", kill_on_drop: false }`
[INFO] [stdout] 4abb9532553f6723ed379b649d70c92ba3c32da6a4689bdd4b24cb4a6b643028
[INFO] running `Command { std: "docker" "create" "-v" "/var/lib/crater-agent-workspace/builds/worker-0-tc1/target:/opt/rustwide/target:rw,Z" "-v" "/var/lib/crater-agent-workspace/builds/worker-0-tc1/source:/opt/rustwide/workdir:ro,Z" "-v" "/var/lib/crater-agent-workspace/cargo-home:/opt/rustwide/cargo-home:ro,Z" "-v" "/var/lib/crater-agent-workspace/rustup-home:/opt/rustwide/rustup-home:ro,Z" "-e" "SOURCE_DIR=/opt/rustwide/workdir" "-e" "CARGO_TARGET_DIR=/opt/rustwide/target" "-e" "CARGO_INCREMENTAL=0" "-e" "RUST_BACKTRACE=full" "-e" "RUSTFLAGS=--cap-lints=warn" "-e" "RUSTDOCFLAGS=--cap-lints=warn" "-e" "CARGO_HOME=/opt/rustwide/cargo-home" "-e" "RUSTUP_HOME=/opt/rustwide/rustup-home" "-w" "/opt/rustwide/workdir" "-m" "1610612736" "--user" "0:0" "--network" "none" "ghcr.io/rust-lang/crates-build-env/linux@sha256:f3a9d4ad9d972b27faf3965f35b62e55ba32bbce8f20bc8fe909558a86702fde" "/opt/rustwide/cargo-home/bin/cargo" "+1.83.0" "build" "--frozen" "--message-format=json", kill_on_drop: false }`
[INFO] [stdout] 258b42d8f967aa686ae50fecc9fcfbddd95fcc72d79bdead238cf22c08e84d6c
[INFO] running `Command { std: "docker" "start" "-a" "258b42d8f967aa686ae50fecc9fcfbddd95fcc72d79bdead238cf22c08e84d6c", kill_on_drop: false }`
[INFO] [stderr]    Compiling serde v1.0.214
[INFO] [stderr]    Compiling unicode-segmentation v1.12.0
[INFO] [stderr]    Compiling thiserror v1.0.65
[INFO] [stderr]    Compiling libc v0.2.162
[INFO] [stderr]    Compiling hashbrown v0.15.0
[INFO] [stderr]    Compiling num-traits v0.2.19
[INFO] [stderr]    Compiling syn v2.0.85
[INFO] [stderr]    Compiling serde_json v1.0.132
[INFO] [stderr]    Compiling smawk v0.3.2
[INFO] [stderr]    Compiling unicode-width v0.1.14
[INFO] [stderr]    Compiling heck v0.3.3
[INFO] [stderr]    Compiling winnow v0.6.20
[INFO] [stderr]    Compiling itoa v1.0.11
[INFO] [stderr]    Compiling memchr v2.7.4
[INFO] [stderr]    Compiling ryu v1.0.18
[INFO] [stderr]    Compiling textwrap v0.13.4
[INFO] [stderr]    Compiling cgmath v0.18.0
[INFO] [stderr]    Compiling indexmap v2.6.0
[INFO] [stderr]    Compiling similar v2.6.0
[INFO] [stderr]    Compiling pin-project-lite v0.2.15
[INFO] [stderr]    Compiling tokio v1.41.1
[INFO] [stderr]    Compiling console v0.15.8
[INFO] [stderr]    Compiling approx v0.4.0
[INFO] [stderr]    Compiling similar-asserts v1.6.0
[INFO] [stderr]    Compiling serde_derive v1.0.214
[INFO] [stderr]    Compiling thiserror-impl v1.0.65
[INFO] [stderr]    Compiling buffi_macro v0.2.4 (/opt/rustwide/workdir/buffi_macro)
[INFO] [stderr]    Compiling serde_spanned v0.6.8
[INFO] [stderr]    Compiling toml_datetime v0.6.8
[INFO] [stderr]    Compiling serde-reflection v0.4.0
[INFO] [stderr]    Compiling rustdoc-types v0.31.0
[INFO] [stderr]    Compiling bincode v1.3.3
[INFO] [stderr]    Compiling toml_edit v0.22.22
[INFO] [stderr]    Compiling serde-generate v0.26.0
[INFO] [stderr]    Compiling toml v0.8.19
[INFO] [stderr]    Compiling buffi v0.2.4+rust.1.83.0 (/opt/rustwide/workdir/buffi)
[INFO] [stderr]    Compiling tests v0.1.0 (/opt/rustwide/workdir/tests)
[INFO] [stderr]    Compiling buffi_example v0.1.0 (/opt/rustwide/workdir/example/buffi_example)
[INFO] [stderr]    Compiling generate_bindings v0.1.0 (/opt/rustwide/workdir/example/generate_bindings)
[INFO] [stderr]     Finished `dev` profile [unoptimized + debuginfo] target(s) in 43.81s
[INFO] running `Command { std: "docker" "inspect" "258b42d8f967aa686ae50fecc9fcfbddd95fcc72d79bdead238cf22c08e84d6c", kill_on_drop: false }`
[INFO] running `Command { std: "docker" "rm" "-f" "258b42d8f967aa686ae50fecc9fcfbddd95fcc72d79bdead238cf22c08e84d6c", kill_on_drop: false }`
[INFO] [stdout] 258b42d8f967aa686ae50fecc9fcfbddd95fcc72d79bdead238cf22c08e84d6c
[INFO] running `Command { std: "docker" "create" "-v" "/var/lib/crater-agent-workspace/builds/worker-0-tc1/target:/opt/rustwide/target:rw,Z" "-v" "/var/lib/crater-agent-workspace/builds/worker-0-tc1/source:/opt/rustwide/workdir:ro,Z" "-v" "/var/lib/crater-agent-workspace/cargo-home:/opt/rustwide/cargo-home:ro,Z" "-v" "/var/lib/crater-agent-workspace/rustup-home:/opt/rustwide/rustup-home:ro,Z" "-e" "SOURCE_DIR=/opt/rustwide/workdir" "-e" "CARGO_TARGET_DIR=/opt/rustwide/target" "-e" "CARGO_INCREMENTAL=0" "-e" "RUST_BACKTRACE=full" "-e" "RUSTFLAGS=--cap-lints=warn" "-e" "RUSTDOCFLAGS=--cap-lints=warn" "-e" "CARGO_HOME=/opt/rustwide/cargo-home" "-e" "RUSTUP_HOME=/opt/rustwide/rustup-home" "-w" "/opt/rustwide/workdir" "-m" "1610612736" "--user" "0:0" "--network" "none" "ghcr.io/rust-lang/crates-build-env/linux@sha256:f3a9d4ad9d972b27faf3965f35b62e55ba32bbce8f20bc8fe909558a86702fde" "/opt/rustwide/cargo-home/bin/cargo" "+1.83.0" "test" "--frozen" "--no-run" "--message-format=json", kill_on_drop: false }`
[INFO] [stdout] cdcebac1a3cac8cb48564d7e68a523ccc19f0afd3f6959e9f9a7a6fee420cfbc
[INFO] running `Command { std: "docker" "start" "-a" "cdcebac1a3cac8cb48564d7e68a523ccc19f0afd3f6959e9f9a7a6fee420cfbc", kill_on_drop: false }`
[INFO] [stderr]    Compiling buffi_macro v0.2.4 (/opt/rustwide/workdir/buffi_macro)
[INFO] [stderr]    Compiling buffi v0.2.4+rust.1.83.0 (/opt/rustwide/workdir/buffi)
[INFO] [stderr]    Compiling generate_bindings v0.1.0 (/opt/rustwide/workdir/example/generate_bindings)
[INFO] [stderr]    Compiling tests v0.1.0 (/opt/rustwide/workdir/tests)
[INFO] [stderr]    Compiling buffi_example v0.1.0 (/opt/rustwide/workdir/example/buffi_example)
[INFO] [stderr]     Finished `test` profile [unoptimized + debuginfo] target(s) in 4.24s
[INFO] running `Command { std: "docker" "inspect" "cdcebac1a3cac8cb48564d7e68a523ccc19f0afd3f6959e9f9a7a6fee420cfbc", kill_on_drop: false }`
[INFO] running `Command { std: "docker" "rm" "-f" "cdcebac1a3cac8cb48564d7e68a523ccc19f0afd3f6959e9f9a7a6fee420cfbc", kill_on_drop: false }`
[INFO] [stdout] cdcebac1a3cac8cb48564d7e68a523ccc19f0afd3f6959e9f9a7a6fee420cfbc
[INFO] running `Command { std: "docker" "create" "-v" "/var/lib/crater-agent-workspace/builds/worker-0-tc1/target:/opt/rustwide/target:rw,Z" "-v" "/var/lib/crater-agent-workspace/builds/worker-0-tc1/source:/opt/rustwide/workdir:ro,Z" "-v" "/var/lib/crater-agent-workspace/cargo-home:/opt/rustwide/cargo-home:ro,Z" "-v" "/var/lib/crater-agent-workspace/rustup-home:/opt/rustwide/rustup-home:ro,Z" "-e" "SOURCE_DIR=/opt/rustwide/workdir" "-e" "CARGO_TARGET_DIR=/opt/rustwide/target" "-e" "CARGO_INCREMENTAL=0" "-e" "RUST_BACKTRACE=full" "-e" "RUSTFLAGS=--cap-lints=warn" "-e" "RUSTDOCFLAGS=--cap-lints=warn" "-e" "CARGO_HOME=/opt/rustwide/cargo-home" "-e" "RUSTUP_HOME=/opt/rustwide/rustup-home" "-w" "/opt/rustwide/workdir" "-m" "1610612736" "--user" "0:0" "--network" "none" "ghcr.io/rust-lang/crates-build-env/linux@sha256:f3a9d4ad9d972b27faf3965f35b62e55ba32bbce8f20bc8fe909558a86702fde" "/opt/rustwide/cargo-home/bin/cargo" "+1.83.0" "test" "--frozen", kill_on_drop: false }`
[INFO] [stdout] c7aae19c9f4cb06d9dc380181044eb5ed78e2d469a52b8778a8d62ee62382a4d
[INFO] running `Command { std: "docker" "start" "-a" "c7aae19c9f4cb06d9dc380181044eb5ed78e2d469a52b8778a8d62ee62382a4d", kill_on_drop: false }`
[INFO] [stderr]     Finished `test` profile [unoptimized + debuginfo] target(s) in 0.07s
[INFO] [stderr]      Running unittests src/lib.rs (/opt/rustwide/target/debug/deps/buffi-88cc31884aea68ef)
[INFO] [stdout] 
[INFO] [stderr]      Running unittests src/lib.rs (/opt/rustwide/target/debug/deps/buffi_example-541e76e9e8ec50d9)
[INFO] [stdout] running 0 tests
[INFO] [stdout] 
[INFO] [stdout] test result: ok. 0 passed; 0 failed; 0 ignored; 0 measured; 0 filtered out; finished in 0.00s
[INFO] [stdout] 
[INFO] [stdout] 
[INFO] [stdout] running 0 tests
[INFO] [stdout] 
[INFO] [stderr]      Running unittests src/lib.rs (/opt/rustwide/target/debug/deps/buffi_macro-1582cacf6fcfcf72)
[INFO] [stdout] test result: ok. 0 passed; 0 failed; 0 ignored; 0 measured; 0 filtered out; finished in 0.00s
[INFO] [stdout] 
[INFO] [stdout] 
[INFO] [stdout] running 0 tests
[INFO] [stdout] 
[INFO] [stdout] test result: ok. 0 passed; 0 failed; 0 ignored; 0 measured; 0 filtered out; finished in 0.00s
[INFO] [stdout] 
[INFO] [stderr]      Running unittests src/main.rs (/opt/rustwide/target/debug/deps/generate_bindings-12aa051e3790a130)
[INFO] [stdout] 
[INFO] [stdout] running 0 tests
[INFO] [stdout] 
[INFO] [stdout] test result: ok. 0 passed; 0 failed; 0 ignored; 0 measured; 0 filtered out; finished in 0.00s
[INFO] [stdout] 
[INFO] [stderr]      Running unittests src/lib.rs (/opt/rustwide/target/debug/deps/tests-700b56935de947a5)
[INFO] [stdout] 
[INFO] [stdout] running 1 test
[INFO] [stderr]    Compiling proc-macro2 v1.0.89
[INFO] [stderr]     Checking pin-project-lite v0.2.15
[INFO] [stderr]     Checking num-traits v0.2.19
[INFO] [stderr]     Checking tokio v1.41.1
[INFO] [stderr]    Compiling quote v1.0.37
[INFO] [stderr]     Checking approx v0.4.0
[INFO] [stderr]    Compiling syn v2.0.85
[INFO] [stderr]    Compiling serde_derive v1.0.214
[INFO] [stderr]    Compiling buffi_macro v0.2.4 (/opt/rustwide/workdir/buffi_macro)
[INFO] [stderr]     Checking serde v1.0.214
[INFO] [stderr]     Checking bincode v1.3.3
[INFO] [stderr]     Checking cgmath v0.18.0
[INFO] [stderr]  Documenting cgmath v0.18.0
[INFO] [stderr]  Documenting buffi_example v0.1.0 (/opt/rustwide/workdir/example/buffi_example)
[INFO] [stderr]     Finished `dev` profile [unoptimized + debuginfo] target(s) in 20.65s
[INFO] [stdout] test tests::test_basic_example ... FAILED
[INFO] [stdout] 
[INFO] [stdout] failures:
[INFO] [stdout] 
[INFO] [stdout] ---- tests::test_basic_example stdout ----
[INFO] [stdout] Gather workspace metadata: OK
[INFO] [stdout] Compile rustdocs:
[INFO] [stdout] thread 'tests::test_basic_example' panicked at buffi/src/lib.rs:1356:29:
[INFO] [stdout] Unexpected end of path: /opt/rustwide/cargo-home/registry/src/index.crates.io-6f17d22bba15001f/cgmath-0.18.0/src/point.rs
[INFO] [stdout] stack backtrace:
[INFO] [stdout]    0:     0x57adc25b83da - std::backtrace_rs::backtrace::libunwind::trace::h5a5b8284f2d0c266
[INFO] [stdout]                                at /rustc/90b35a6239c3d8bdabc530a6a0816f7ff89a0aaf/library/std/src/../../backtrace/src/backtrace/libunwind.rs:116:5
[INFO] [stdout]    1:     0x57adc25b83da - std::backtrace_rs::backtrace::trace_unsynchronized::h76d4f1c9b0b875e3
[INFO] [stdout]                                at /rustc/90b35a6239c3d8bdabc530a6a0816f7ff89a0aaf/library/std/src/../../backtrace/src/backtrace/mod.rs:66:5
[INFO] [stdout]    2:     0x57adc25b83da - std::sys::backtrace::_print_fmt::hc4546b8364a537c6
[INFO] [stdout]                                at /rustc/90b35a6239c3d8bdabc530a6a0816f7ff89a0aaf/library/std/src/sys/backtrace.rs:66:9
[INFO] [stdout]    3:     0x57adc25b83da - <std::sys::backtrace::BacktraceLock::print::DisplayBacktrace as core::fmt::Display>::fmt::h5b6bd5631a6d1f6b
[INFO] [stdout]                                at /rustc/90b35a6239c3d8bdabc530a6a0816f7ff89a0aaf/library/std/src/sys/backtrace.rs:39:26
[INFO] [stdout]    4:     0x57adc25df313 - core::fmt::rt::Argument::fmt::h270f6602a2b96f62
[INFO] [stdout]                                at /rustc/90b35a6239c3d8bdabc530a6a0816f7ff89a0aaf/library/core/src/fmt/rt.rs:177:76
[INFO] [stdout]    5:     0x57adc25df313 - core::fmt::write::h7550c97b06c86515
[INFO] [stdout]                                at /rustc/90b35a6239c3d8bdabc530a6a0816f7ff89a0aaf/library/core/src/fmt/mod.rs:1186:21
[INFO] [stdout]    6:     0x57adc25b5293 - std::io::Write::write_fmt::h509ff860e5956e5e
[INFO] [stdout]                                at /rustc/90b35a6239c3d8bdabc530a6a0816f7ff89a0aaf/library/std/src/io/mod.rs:1839:15
[INFO] [stdout]    7:     0x57adc25b8222 - std::sys::backtrace::BacktraceLock::print::h2395ccd2c84ba3aa
[INFO] [stdout]                                at /rustc/90b35a6239c3d8bdabc530a6a0816f7ff89a0aaf/library/std/src/sys/backtrace.rs:42:9
[INFO] [stdout]    8:     0x57adc25b983a - std::panicking::default_hook::{{closure}}::he19d4c7230e07961
[INFO] [stdout]                                at /rustc/90b35a6239c3d8bdabc530a6a0816f7ff89a0aaf/library/std/src/panicking.rs:268:22
[INFO] [stdout]    9:     0x57adc25b9644 - std::panicking::default_hook::hf614597d3c67bbdb
[INFO] [stdout]                                at /rustc/90b35a6239c3d8bdabc530a6a0816f7ff89a0aaf/library/std/src/panicking.rs:292:9
[INFO] [stdout]   10:     0x57adc2583c99 - <alloc::boxed::Box<F,A> as core::ops::function::Fn<Args>>::call::h39b51ce4599c23d1
[INFO] [stdout]                                at /rustc/90b35a6239c3d8bdabc530a6a0816f7ff89a0aaf/library/alloc/src/boxed.rs:2468:9
[INFO] [stdout]   11:     0x57adc2583c99 - test::test_main::{{closure}}::he977ae839a582784
[INFO] [stdout]                                at /rustc/90b35a6239c3d8bdabc530a6a0816f7ff89a0aaf/library/test/src/lib.rs:133:21
[INFO] [stdout]   12:     0x57adc25b9ed8 - <alloc::boxed::Box<F,A> as core::ops::function::Fn<Args>>::call::h9455091b6b06f9fb
[INFO] [stdout]                                at /rustc/90b35a6239c3d8bdabc530a6a0816f7ff89a0aaf/library/alloc/src/boxed.rs:2468:9
[INFO] [stdout]   13:     0x57adc25b9ed8 - std::panicking::rust_panic_with_hook::h8942133a8b252070
[INFO] [stdout]                                at /rustc/90b35a6239c3d8bdabc530a6a0816f7ff89a0aaf/library/std/src/panicking.rs:809:13
[INFO] [stdout]   14:     0x57adc25b9c9a - std::panicking::begin_panic_handler::{{closure}}::hb5f5963570096b29
[INFO] [stdout]                                at /rustc/90b35a6239c3d8bdabc530a6a0816f7ff89a0aaf/library/std/src/panicking.rs:674:13
[INFO] [stdout]   15:     0x57adc25b88b9 - std::sys::backtrace::__rust_end_short_backtrace::h6208cedc1922feda
[INFO] [stdout]                                at /rustc/90b35a6239c3d8bdabc530a6a0816f7ff89a0aaf/library/std/src/sys/backtrace.rs:170:18
[INFO] [stdout]   16:     0x57adc25b992c - rust_begin_unwind
[INFO] [stdout]                                at /rustc/90b35a6239c3d8bdabc530a6a0816f7ff89a0aaf/library/std/src/panicking.rs:665:5
[INFO] [stdout]   17:     0x57adc21e21b0 - core::panicking::panic_fmt::h0c3082644d1bf418
[INFO] [stdout]                                at /rustc/90b35a6239c3d8bdabc530a6a0816f7ff89a0aaf/library/core/src/panicking.rs:74:14
[INFO] [stdout]   18:     0x57adc230fb94 - buffi::extract_crate_from_span::h9e189045bb03da2b
[INFO] [stdout]                                at /opt/rustwide/workdir/buffi/src/lib.rs:1356:29
[INFO] [stdout]   19:     0x57adc230a986 - buffi::to_serde_reflect_type::h8eea2ab1c483f419
[INFO] [stdout]                                at /opt/rustwide/workdir/buffi/src/lib.rs:1172:32
[INFO] [stdout]   20:     0x57adc2308c81 - buffi::generate_type_definitions::{{closure}}::hbcc3f57d23da9e9a
[INFO] [stdout]                                at /opt/rustwide/workdir/buffi/src/lib.rs:829:13
[INFO] [stdout]   21:     0x57adc22f98c6 - core::ops::function::impls::<impl core::ops::function::FnOnce<A> for &mut F>::call_once::he90be4c6e45e8a1b
[INFO] [stdout]                                at /rustc/90b35a6239c3d8bdabc530a6a0816f7ff89a0aaf/library/core/src/ops/function.rs:305:13
[INFO] [stdout]   22:     0x57adc22e2567 - core::option::Option<T>::map::ha985156e7049a908
[INFO] [stdout]                                at /rustc/90b35a6239c3d8bdabc530a6a0816f7ff89a0aaf/library/core/src/option.rs:1113:29
[INFO] [stdout]   23:     0x57adc22e2567 - <core::iter::adapters::map::Map<I,F> as core::iter::traits::iterator::Iterator>::next::hdc9b883ce2923499
[INFO] [stdout]                                at /rustc/90b35a6239c3d8bdabc530a6a0816f7ff89a0aaf/library/core/src/iter/adapters/map.rs:107:26
[INFO] [stdout]   24:     0x57adc22e2358 - <core::iter::adapters::map::Map<I,F> as core::iter::traits::iterator::Iterator>::next::h763efb6544851bb4
[INFO] [stdout]                                at /rustc/90b35a6239c3d8bdabc530a6a0816f7ff89a0aaf/library/core/src/iter/adapters/map.rs:107:9
[INFO] [stdout]   25:     0x57adc232168d - <core::iter::adapters::fuse::Fuse<I> as core::iter::adapters::fuse::FuseImpl<I>>::next::hf297b8902c08a5fc
[INFO] [stdout]                                at /rustc/90b35a6239c3d8bdabc530a6a0816f7ff89a0aaf/library/core/src/iter/adapters/fuse.rs:359:9
[INFO] [stdout]   26:     0x57adc2322059 - <core::iter::adapters::fuse::Fuse<I> as core::iter::traits::iterator::Iterator>::next::hc9a7b4b710c7a545
[INFO] [stdout]                                at /rustc/90b35a6239c3d8bdabc530a6a0816f7ff89a0aaf/library/core/src/iter/adapters/fuse.rs:50:9
[INFO] [stdout]   27:     0x57adc2322059 - <core::iter::adapters::flatten::FlattenCompat<I,U> as core::iter::traits::iterator::Iterator>::next::he02ae1d2aef6764e
[INFO] [stdout]                                at /rustc/90b35a6239c3d8bdabc530a6a0816f7ff89a0aaf/library/core/src/iter/adapters/flatten.rs:608:29
[INFO] [stdout]   28:     0x57adc2321757 - <core::iter::adapters::flatten::FlatMap<I,U,F> as core::iter::traits::iterator::Iterator>::next::ha86b533e65a28cb2
[INFO] [stdout]                                at /rustc/90b35a6239c3d8bdabc530a6a0816f7ff89a0aaf/library/core/src/iter/adapters/flatten.rs:64:9
[INFO] [stdout]   29:     0x57adc22dab38 - alloc::vec::Vec<T,A>::extend_desugared::hc0ed6ea6bed349b3
[INFO] [stdout]                                at /rustc/90b35a6239c3d8bdabc530a6a0816f7ff89a0aaf/library/alloc/src/vec/mod.rs:3492:35
[INFO] [stdout]   30:     0x57adc22e19db - <alloc::vec::Vec<T,A> as alloc::vec::spec_extend::SpecExtend<T,I>>::spec_extend::h8b35e4f9953b752c
[INFO] [stdout]                                at /rustc/90b35a6239c3d8bdabc530a6a0816f7ff89a0aaf/library/alloc/src/vec/spec_extend.rs:17:9
[INFO] [stdout]   31:     0x57adc22d6142 - <alloc::vec::Vec<T> as alloc::vec::spec_from_iter_nested::SpecFromIterNested<T,I>>::from_iter::h62707946f899efbb
[INFO] [stdout]                                at /rustc/90b35a6239c3d8bdabc530a6a0816f7ff89a0aaf/library/alloc/src/vec/spec_from_iter_nested.rs:41:9
[INFO] [stdout]   32:     0x57adc22e1c5e - <alloc::vec::Vec<T> as alloc::vec::spec_from_iter::SpecFromIter<T,I>>::from_iter::hfd98ba8ce09821df
[INFO] [stdout]                                at /rustc/90b35a6239c3d8bdabc530a6a0816f7ff89a0aaf/library/alloc/src/vec/spec_from_iter.rs:33:9
[INFO] [stdout]   33:     0x57adc22e15fc - <alloc::vec::Vec<T> as core::iter::traits::collect::FromIterator<T>>::from_iter::h532dcf9014c63305
[INFO] [stdout]                                at /rustc/90b35a6239c3d8bdabc530a6a0816f7ff89a0aaf/library/alloc/src/vec/mod.rs:3388:9
[INFO] [stdout]   34:     0x57adc232872e - core::iter::traits::iterator::Iterator::collect::he7a911a999ad3d1e
[INFO] [stdout]                                at /rustc/90b35a6239c3d8bdabc530a6a0816f7ff89a0aaf/library/core/src/iter/traits/iterator.rs:2001:9
[INFO] [stdout]   35:     0x57adc232e36c - <alloc::collections::btree::map::BTreeMap<K,V> as core::iter::traits::collect::FromIterator<(K,V)>>::from_iter::h7b57f4017fb25058
[INFO] [stdout]                                at /rustc/90b35a6239c3d8bdabc530a6a0816f7ff89a0aaf/library/alloc/src/collections/btree/map.rs:2256:34
[INFO] [stdout]   36:     0x57adc232870e - core::iter::traits::iterator::Iterator::collect::ha54c5988a04b255f
[INFO] [stdout]                                at /rustc/90b35a6239c3d8bdabc530a6a0816f7ff89a0aaf/library/core/src/iter/traits/iterator.rs:2001:9
[INFO] [stdout]   37:     0x57adc2307f6a - buffi::generate_type_definitions::h2ff1353e534876df
[INFO] [stdout]                                at /opt/rustwide/workdir/buffi/src/lib.rs:826:20
[INFO] [stdout]   38:     0x57adc22fcdae - buffi::generate_bindings::haab09f1e42a8fce2
[INFO] [stdout]                                at /opt/rustwide/workdir/buffi/src/lib.rs:291:13
[INFO] [stdout]   39:     0x57adc21f1ffa - tests::tests::test_basic_example::h110da6ac002c931a
[INFO] [stdout]                                at /opt/rustwide/workdir/tests/src/lib.rs:31:9
[INFO] [stdout]   40:     0x57adc21f17b7 - tests::tests::test_basic_example::{{closure}}::hecd4d825e81c38a8
[INFO] [stdout]                                at /opt/rustwide/workdir/tests/src/lib.rs:9:28
[INFO] [stdout]   41:     0x57adc21fd7c6 - core::ops::function::FnOnce::call_once::h96d8c578135e17ae
[INFO] [stdout]                                at /rustc/90b35a6239c3d8bdabc530a6a0816f7ff89a0aaf/library/core/src/ops/function.rs:250:5
[INFO] [stdout]   42:     0x57adc258865b - core::ops::function::FnOnce::call_once::h109cf8051a59b34e
[INFO] [stdout]                                at /rustc/90b35a6239c3d8bdabc530a6a0816f7ff89a0aaf/library/core/src/ops/function.rs:250:5
[INFO] [stdout]   43:     0x57adc258865b - test::__rust_begin_short_backtrace::hf4fff89d377446ba
[INFO] [stdout]                                at /rustc/90b35a6239c3d8bdabc530a6a0816f7ff89a0aaf/library/test/src/lib.rs:621:18
[INFO] [stdout]   44:     0x57adc2587e97 - test::run_test_in_process::{{closure}}::h0e39181dd7ee5a43
[INFO] [stdout]                                at /rustc/90b35a6239c3d8bdabc530a6a0816f7ff89a0aaf/library/test/src/lib.rs:644:60
[INFO] [stdout]   45:     0x57adc2587e97 - <core::panic::unwind_safe::AssertUnwindSafe<F> as core::ops::function::FnOnce<()>>::call_once::hc5a66a30f0bdfd1f
[INFO] [stdout]                                at /rustc/90b35a6239c3d8bdabc530a6a0816f7ff89a0aaf/library/core/src/panic/unwind_safe.rs:272:9
[INFO] [stdout]   46:     0x57adc2587e97 - std::panicking::try::do_call::h873b7cf639554a5e
[INFO] [stdout]                                at /rustc/90b35a6239c3d8bdabc530a6a0816f7ff89a0aaf/library/std/src/panicking.rs:557:40
[INFO] [stdout]   47:     0x57adc2587e97 - std::panicking::try::hdb19862fad9c8bd1
[INFO] [stdout]                                at /rustc/90b35a6239c3d8bdabc530a6a0816f7ff89a0aaf/library/std/src/panicking.rs:520:19
[INFO] [stdout]   48:     0x57adc2587e97 - std::panic::catch_unwind::h281fe732d236d260
[INFO] [stdout]                                at /rustc/90b35a6239c3d8bdabc530a6a0816f7ff89a0aaf/library/std/src/panic.rs:358:14
[INFO] [stdout]   49:     0x57adc2587e97 - test::run_test_in_process::h949b6df8457ed338
[INFO] [stdout]                                at /rustc/90b35a6239c3d8bdabc530a6a0816f7ff89a0aaf/library/test/src/lib.rs:644:27
[INFO] [stdout]   50:     0x57adc2587e97 - test::run_test::{{closure}}::h52c556a6d4740e10
[INFO] [stdout]                                at /rustc/90b35a6239c3d8bdabc530a6a0816f7ff89a0aaf/library/test/src/lib.rs:565:43
[INFO] [stdout]   51:     0x57adc254d174 - test::run_test::{{closure}}::h4237f6381c45ccb9
[INFO] [stdout]                                at /rustc/90b35a6239c3d8bdabc530a6a0816f7ff89a0aaf/library/test/src/lib.rs:595:41
[INFO] [stdout]   52:     0x57adc254d174 - std::sys::backtrace::__rust_begin_short_backtrace::h505c97a579eca628
[INFO] [stdout]                                at /rustc/90b35a6239c3d8bdabc530a6a0816f7ff89a0aaf/library/std/src/sys/backtrace.rs:154:18
[INFO] [stdout]   53:     0x57adc255083e - std::thread::Builder::spawn_unchecked_::{{closure}}::{{closure}}::h9e86b2e2bc107ea3
[INFO] [stdout]                                at /rustc/90b35a6239c3d8bdabc530a6a0816f7ff89a0aaf/library/std/src/thread/mod.rs:538:17
[INFO] [stdout]   54:     0x57adc255083e - <core::panic::unwind_safe::AssertUnwindSafe<F> as core::ops::function::FnOnce<()>>::call_once::h8b06ddb275ff4a25
[INFO] [stdout]                                at /rustc/90b35a6239c3d8bdabc530a6a0816f7ff89a0aaf/library/core/src/panic/unwind_safe.rs:272:9
[INFO] [stdout]   55:     0x57adc255083e - std::panicking::try::do_call::hb26ecd7cd9a9355d
[INFO] [stdout]                                at /rustc/90b35a6239c3d8bdabc530a6a0816f7ff89a0aaf/library/std/src/panicking.rs:557:40
[INFO] [stdout]   56:     0x57adc255083e - std::panicking::try::h8ddeca9d705f9069
[INFO] [stdout]                                at /rustc/90b35a6239c3d8bdabc530a6a0816f7ff89a0aaf/library/std/src/panicking.rs:520:19
[INFO] [stdout]   57:     0x57adc255083e - std::panic::catch_unwind::h49e1c33078844c46
[INFO] [stdout]                                at /rustc/90b35a6239c3d8bdabc530a6a0816f7ff89a0aaf/library/std/src/panic.rs:358:14
[INFO] [stdout]   58:     0x57adc255083e - std::thread::Builder::spawn_unchecked_::{{closure}}::h6073db6ff56ad35d
[INFO] [stdout]                                at /rustc/90b35a6239c3d8bdabc530a6a0816f7ff89a0aaf/library/std/src/thread/mod.rs:537:30
[INFO] [stdout]   59:     0x57adc255083e - core::ops::function::FnOnce::call_once{{vtable.shim}}::h2c5a5f3779c774f1
[INFO] [stdout]                                at /rustc/90b35a6239c3d8bdabc530a6a0816f7ff89a0aaf/library/core/src/ops/function.rs:250:5
[INFO] [stdout]   60:     0x57adc25be26b - <alloc::boxed::Box<F,A> as core::ops::function::FnOnce<Args>>::call_once::hf75717d9f28faebf
[INFO] [stdout]                                at /rustc/90b35a6239c3d8bdabc530a6a0816f7ff89a0aaf/library/alloc/src/boxed.rs:2454:9
[INFO] [stdout]   61:     0x57adc25be26b - <alloc::boxed::Box<F,A> as core::ops::function::FnOnce<Args>>::call_once::h7bd883a5f3c5f3c1
[INFO] [stdout]                                at /rustc/90b35a6239c3d8bdabc530a6a0816f7ff89a0aaf/library/alloc/src/boxed.rs:2454:9
[INFO] [stdout]   62:     0x57adc25be26b - std::sys::pal::unix::thread::Thread::new::thread_start::hcc78f3943333fa94
[INFO] [stdout]                                at /rustc/90b35a6239c3d8bdabc530a6a0816f7ff89a0aaf/library/std/src/sys/pal/unix/thread.rs:105:17
[INFO] [stdout]   63:     0x71d90c3b5ac3 - <unknown>
[INFO] [stdout]   64:     0x71d90c446a04 - clone
[INFO] [stdout]   65:                0x0 - <unknown>
[INFO] [stdout] 
[INFO] [stdout] 
[INFO] [stdout] failures:
[INFO] [stdout]     tests::test_basic_example
[INFO] [stdout] 
[INFO] [stdout] test result: FAILED. 0 passed; 1 failed; 0 ignored; 0 measured; 0 filtered out; finished in 21.61s
[INFO] [stdout] 
[INFO] [stderr] error: test failed, to rerun pass `-p tests --lib`
[INFO] running `Command { std: "docker" "inspect" "c7aae19c9f4cb06d9dc380181044eb5ed78e2d469a52b8778a8d62ee62382a4d", kill_on_drop: false }`
[INFO] running `Command { std: "docker" "rm" "-f" "c7aae19c9f4cb06d9dc380181044eb5ed78e2d469a52b8778a8d62ee62382a4d", kill_on_drop: false }`
[INFO] [stdout] c7aae19c9f4cb06d9dc380181044eb5ed78e2d469a52b8778a8d62ee62382a4d
