[INFO] cloning repository https://github.com/GersiD/rustlings_GD
[INFO] running `Command { std: "git" "-c" "credential.helper=" "-c" "credential.helper=/workspace/cargo-home/bin/git-credential-null" "clone" "--bare" "https://github.com/GersiD/rustlings_GD" "/workspace/cache/git-repos/https%3A%2F%2Fgithub.com%2FGersiD%2Frustlings_GD", kill_on_drop: false }`
[INFO] [stderr] Cloning into bare repository '/workspace/cache/git-repos/https%3A%2F%2Fgithub.com%2FGersiD%2Frustlings_GD'...
[INFO] running `Command { std: "git" "rev-parse" "HEAD", kill_on_drop: false }`
[INFO] [stdout] 36326963914494d2ac1dffb30ae3a3ffa7afd3da
[INFO] testing GersiD/rustlings_GD against beta-2024-12-08 for beta-1.84.0-4-retry
[INFO] running `Command { std: "git" "clone" "/workspace/cache/git-repos/https%3A%2F%2Fgithub.com%2FGersiD%2Frustlings_GD" "/workspace/builds/worker-0-tc2/source", kill_on_drop: false }`
[INFO] [stderr] Cloning into '/workspace/builds/worker-0-tc2/source'...
[INFO] [stderr] done.
[INFO] validating manifest of git repo https://github.com/GersiD/rustlings_GD on toolchain beta-2024-12-08
[INFO] running `Command { std: CARGO_HOME="/workspace/cargo-home" RUSTUP_HOME="/workspace/rustup-home" "/workspace/cargo-home/bin/cargo" "+beta-2024-12-08" "metadata" "--manifest-path" "Cargo.toml" "--no-deps", kill_on_drop: false }`
[INFO] started tweaking git repo https://github.com/GersiD/rustlings_GD
[INFO] finished tweaking git repo https://github.com/GersiD/rustlings_GD
[INFO] tweaked toml for git repo https://github.com/GersiD/rustlings_GD written to /workspace/builds/worker-0-tc2/source/Cargo.toml
[INFO] crate git repo https://github.com/GersiD/rustlings_GD already has a lockfile, it will not be regenerated
[INFO] running `Command { std: CARGO_HOME="/workspace/cargo-home" RUSTUP_HOME="/workspace/rustup-home" "/workspace/cargo-home/bin/cargo" "+beta-2024-12-08" "fetch" "--manifest-path" "Cargo.toml", kill_on_drop: false }`
[INFO] running `Command { std: "docker" "create" "-v" "/var/lib/crater-agent-workspace/builds/worker-0-tc2/target:/opt/rustwide/target:rw,Z" "-v" "/var/lib/crater-agent-workspace/builds/worker-0-tc2/source:/opt/rustwide/workdir:ro,Z" "-v" "/var/lib/crater-agent-workspace/cargo-home:/opt/rustwide/cargo-home:ro,Z" "-v" "/var/lib/crater-agent-workspace/rustup-home:/opt/rustwide/rustup-home:ro,Z" "-e" "SOURCE_DIR=/opt/rustwide/workdir" "-e" "CARGO_TARGET_DIR=/opt/rustwide/target" "-e" "CARGO_HOME=/opt/rustwide/cargo-home" "-e" "RUSTUP_HOME=/opt/rustwide/rustup-home" "-w" "/opt/rustwide/workdir" "-m" "1610612736" "--user" "0:0" "--network" "none" "ghcr.io/rust-lang/crates-build-env/linux@sha256:f3a9d4ad9d972b27faf3965f35b62e55ba32bbce8f20bc8fe909558a86702fde" "/opt/rustwide/cargo-home/bin/cargo" "+beta-2024-12-08" "metadata" "--no-deps" "--format-version=1", kill_on_drop: false }`
[INFO] [stdout] 28cc4b43d3c8f2ba4e42d03d61c9eb33e4d8beffeeabe856f376fdd707b4a5f5
[INFO] running `Command { std: "docker" "start" "-a" "28cc4b43d3c8f2ba4e42d03d61c9eb33e4d8beffeeabe856f376fdd707b4a5f5", kill_on_drop: false }`
[INFO] running `Command { std: "docker" "inspect" "28cc4b43d3c8f2ba4e42d03d61c9eb33e4d8beffeeabe856f376fdd707b4a5f5", kill_on_drop: false }`
[INFO] running `Command { std: "docker" "rm" "-f" "28cc4b43d3c8f2ba4e42d03d61c9eb33e4d8beffeeabe856f376fdd707b4a5f5", kill_on_drop: false }`
[INFO] [stdout] 28cc4b43d3c8f2ba4e42d03d61c9eb33e4d8beffeeabe856f376fdd707b4a5f5
[INFO] running `Command { std: "docker" "create" "-v" "/var/lib/crater-agent-workspace/builds/worker-0-tc2/target:/opt/rustwide/target:rw,Z" "-v" "/var/lib/crater-agent-workspace/builds/worker-0-tc2/source:/opt/rustwide/workdir:ro,Z" "-v" "/var/lib/crater-agent-workspace/cargo-home:/opt/rustwide/cargo-home:ro,Z" "-v" "/var/lib/crater-agent-workspace/rustup-home:/opt/rustwide/rustup-home:ro,Z" "-e" "SOURCE_DIR=/opt/rustwide/workdir" "-e" "CARGO_TARGET_DIR=/opt/rustwide/target" "-e" "CARGO_INCREMENTAL=0" "-e" "RUST_BACKTRACE=full" "-e" "RUSTFLAGS=--cap-lints=warn" "-e" "RUSTDOCFLAGS=--cap-lints=warn" "-e" "CARGO_HOME=/opt/rustwide/cargo-home" "-e" "RUSTUP_HOME=/opt/rustwide/rustup-home" "-w" "/opt/rustwide/workdir" "-m" "1610612736" "--user" "0:0" "--network" "none" "ghcr.io/rust-lang/crates-build-env/linux@sha256:f3a9d4ad9d972b27faf3965f35b62e55ba32bbce8f20bc8fe909558a86702fde" "/opt/rustwide/cargo-home/bin/cargo" "+beta-2024-12-08" "build" "--frozen" "--message-format=json", kill_on_drop: false }`
[INFO] [stdout] ebc29007e71355c6932b7a015e4d1bb14c4470958bd054739c7f7eaf8089d092
[INFO] running `Command { std: "docker" "start" "-a" "ebc29007e71355c6932b7a015e4d1bb14c4470958bd054739c7f7eaf8089d092", kill_on_drop: false }`
[INFO] [stderr]    Compiling libc v0.2.140
[INFO] [stderr]    Compiling proc-macro2 v1.0.51
[INFO] [stderr]    Compiling quote v1.0.23
[INFO] [stderr]    Compiling unicode-ident v1.0.8
[INFO] [stderr]    Compiling syn v1.0.109
[INFO] [stderr]    Compiling autocfg v1.1.0
[INFO] [stderr]    Compiling serde_derive v1.0.155
[INFO] [stderr]    Compiling cfg-if v1.0.0
[INFO] [stderr]    Compiling memchr v2.5.0
[INFO] [stderr]    Compiling log v0.4.17
[INFO] [stderr]    Compiling cfg-if v0.1.10
[INFO] [stderr]    Compiling serde v1.0.155
[INFO] [stderr]    Compiling same-file v1.0.6
[INFO] [stderr]    Compiling lazycell v1.3.0
[INFO] [stderr]    Compiling argh_shared v0.1.10
[INFO] [stderr]    Compiling serde_json v1.0.94
[INFO] [stderr]    Compiling unicode-width v0.1.10
[INFO] [stderr]    Compiling lazy_static v1.4.0
[INFO] [stderr]    Compiling regex-syntax v0.6.28
[INFO] [stderr]    Compiling bitflags v1.3.2
[INFO] [stderr]    Compiling walkdir v2.3.2
[INFO] [stderr]    Compiling itoa v1.0.6
[INFO] [stderr]    Compiling number_prefix v0.4.0
[INFO] [stderr]    Compiling ryu v1.0.13
[INFO] [stderr]    Compiling home v0.5.4
[INFO] [stderr]    Compiling glob v0.3.1
[INFO] [stderr]    Compiling slab v0.4.8
[INFO] [stderr]    Compiling aho-corasick v0.7.20
[INFO] [stderr]    Compiling iovec v0.1.4
[INFO] [stderr]    Compiling net2 v0.2.38
[INFO] [stderr]    Compiling inotify-sys v0.1.5
[INFO] [stderr]    Compiling filetime v0.2.20
[INFO] [stderr]    Compiling console v0.15.5
[INFO] [stderr]    Compiling inotify v0.7.1
[INFO] [stderr]    Compiling mio v0.6.23
[INFO] [stderr]    Compiling mio-extras v2.0.6
[INFO] [stderr]    Compiling notify v4.0.17
[INFO] [stderr]    Compiling regex v1.7.1
[INFO] [stderr]    Compiling argh_derive v0.1.10
[INFO] [stderr]    Compiling indicatif v0.16.2
[INFO] [stderr]    Compiling argh v0.1.10
[INFO] [stderr]    Compiling toml v0.5.11
[INFO] [stderr]    Compiling rustlings v5.4.0 (/opt/rustwide/workdir)
[INFO] [stdout] warning: unused import: `std::num::ParseIntError`
[INFO] [stdout]   --> exercises/error_handling/errors5.rs:22:5
[INFO] [stdout]    |
[INFO] [stdout] 22 | use std::num::ParseIntError;
[INFO] [stdout]    |     ^^^^^^^^^^^^^^^^^^^^^^^
[INFO] [stdout]    |
[INFO] [stdout]    = note: `#[warn(unused_imports)]` on by default
[INFO] [stdout] 
[INFO] [stdout] 
[INFO] [stdout] warning: unused variable: `e`
[INFO] [stdout]   --> exercises/iterators/iterators3.rs:44:13
[INFO] [stdout]    |
[INFO] [stdout] 44 |         Err(e) => return (),
[INFO] [stdout]    |             ^ help: if this is intentional, prefix it with an underscore: `_e`
[INFO] [stdout]    |
[INFO] [stdout]    = note: `#[warn(unused_variables)]` on by default
[INFO] [stdout] 
[INFO] [stdout] 
[INFO] [stdout] warning: unused variable: `vec0`
[INFO] [stdout]  --> exercises/move_semantics/move_semantics4.rs:8:9
[INFO] [stdout]   |
[INFO] [stdout] 8 |     let vec0: Vec<i32> = Vec::new();
[INFO] [stdout]   |         ^^^^ help: if this is intentional, prefix it with an underscore: `_vec0`
[INFO] [stdout] 
[INFO] [stdout] 
[INFO] [stdout] warning: variable does not need to be mutable
[INFO] [stdout]  --> exercises/strings/strings3.rs:4:12
[INFO] [stdout]   |
[INFO] [stdout] 4 | fn trim_me(mut input: &str) -> String {
[INFO] [stdout]   |            ----^^^^^
[INFO] [stdout]   |            |
[INFO] [stdout]   |            help: remove this `mut`
[INFO] [stdout]   |
[INFO] [stdout]   = note: `#[warn(unused_mut)]` on by default
[INFO] [stdout] 
[INFO] [stdout] 
[INFO] [stdout] warning: path statement with no effect
[INFO] [stdout]   --> exercises/options/options3.rs:16:5
[INFO] [stdout]    |
[INFO] [stdout] 16 |     y; // Fix without deleting this line.
[INFO] [stdout]    |     ^^
[INFO] [stdout]    |
[INFO] [stdout]    = note: `#[warn(path_statements)]` on by default
[INFO] [stdout] 
[INFO] [stdout] 
[INFO] [stderr]     Finished `dev` profile [unoptimized + debuginfo] target(s) in 23.99s
[INFO] running `Command { std: "docker" "inspect" "ebc29007e71355c6932b7a015e4d1bb14c4470958bd054739c7f7eaf8089d092", kill_on_drop: false }`
[INFO] running `Command { std: "docker" "rm" "-f" "ebc29007e71355c6932b7a015e4d1bb14c4470958bd054739c7f7eaf8089d092", kill_on_drop: false }`
[INFO] [stdout] ebc29007e71355c6932b7a015e4d1bb14c4470958bd054739c7f7eaf8089d092
[INFO] running `Command { std: "docker" "create" "-v" "/var/lib/crater-agent-workspace/builds/worker-0-tc2/target:/opt/rustwide/target:rw,Z" "-v" "/var/lib/crater-agent-workspace/builds/worker-0-tc2/source:/opt/rustwide/workdir:ro,Z" "-v" "/var/lib/crater-agent-workspace/cargo-home:/opt/rustwide/cargo-home:ro,Z" "-v" "/var/lib/crater-agent-workspace/rustup-home:/opt/rustwide/rustup-home:ro,Z" "-e" "SOURCE_DIR=/opt/rustwide/workdir" "-e" "CARGO_TARGET_DIR=/opt/rustwide/target" "-e" "CARGO_INCREMENTAL=0" "-e" "RUST_BACKTRACE=full" "-e" "RUSTFLAGS=--cap-lints=warn" "-e" "RUSTDOCFLAGS=--cap-lints=warn" "-e" "CARGO_HOME=/opt/rustwide/cargo-home" "-e" "RUSTUP_HOME=/opt/rustwide/rustup-home" "-w" "/opt/rustwide/workdir" "-m" "1610612736" "--user" "0:0" "--network" "none" "ghcr.io/rust-lang/crates-build-env/linux@sha256:f3a9d4ad9d972b27faf3965f35b62e55ba32bbce8f20bc8fe909558a86702fde" "/opt/rustwide/cargo-home/bin/cargo" "+beta-2024-12-08" "test" "--frozen" "--no-run" "--message-format=json", kill_on_drop: false }`
[INFO] [stdout] 48562654d7d80c7d52f852a36869c2c87cdec0c648700c2868a50acfc3b56abc
[INFO] running `Command { std: "docker" "start" "-a" "48562654d7d80c7d52f852a36869c2c87cdec0c648700c2868a50acfc3b56abc", kill_on_drop: false }`
[INFO] [stderr]    Compiling num-traits v0.2.15
[INFO] [stderr]    Compiling escargot v0.4.0
[INFO] [stderr]    Compiling predicates-core v1.0.5
[INFO] [stderr]    Compiling termtree v0.4.0
[INFO] [stderr]    Compiling difference v2.0.0
[INFO] [stderr]    Compiling normalize-line-endings v0.3.0
[INFO] [stdout] warning: unused import: `std::num::ParseIntError`
[INFO] [stdout]   --> exercises/error_handling/errors5.rs:22:5
[INFO] [stdout]    |
[INFO] [stdout] 22 | use std::num::ParseIntError;
[INFO] [stdout]    |     ^^^^^^^^^^^^^^^^^^^^^^^
[INFO] [stdout]    |
[INFO] [stdout]    = note: `#[warn(unused_imports)]` on by default
[INFO] [stdout] 
[INFO] [stdout] 
[INFO] [stdout] warning: unused variable: `e`
[INFO] [stdout]   --> exercises/iterators/iterators3.rs:44:13
[INFO] [stdout]    |
[INFO] [stdout] 44 |         Err(e) => return (),
[INFO] [stdout]    |             ^ help: if this is intentional, prefix it with an underscore: `_e`
[INFO] [stdout]    |
[INFO] [stdout]    = note: `#[warn(unused_variables)]` on by default
[INFO] [stdout] 
[INFO] [stdout] 
[INFO] [stdout] warning: unused variable: `vec0`
[INFO] [stdout]  --> exercises/move_semantics/move_semantics4.rs:8:9
[INFO] [stdout]   |
[INFO] [stdout] 8 |     let vec0: Vec<i32> = Vec::new();
[INFO] [stdout]   |         ^^^^ help: if this is intentional, prefix it with an underscore: `_vec0`
[INFO] [stdout] 
[INFO] [stdout] 
[INFO] [stdout] warning: variable does not need to be mutable
[INFO] [stdout]  --> exercises/strings/strings3.rs:4:12
[INFO] [stdout]   |
[INFO] [stdout] 4 | fn trim_me(mut input: &str) -> String {
[INFO] [stdout]   |            ----^^^^^
[INFO] [stdout]   |            |
[INFO] [stdout]   |            help: remove this `mut`
[INFO] [stdout]   |
[INFO] [stdout]   = note: `#[warn(unused_mut)]` on by default
[INFO] [stdout] 
[INFO] [stdout] 
[INFO] [stdout] warning: path statement with no effect
[INFO] [stdout]   --> exercises/options/options3.rs:16:5
[INFO] [stdout]    |
[INFO] [stdout] 16 |     y; // Fix without deleting this line.
[INFO] [stdout]    |     ^^
[INFO] [stdout]    |
[INFO] [stdout]    = note: `#[warn(path_statements)]` on by default
[INFO] [stdout] 
[INFO] [stdout] 
[INFO] [stderr]    Compiling predicates-tree v1.0.7
[INFO] [stderr]    Compiling float-cmp v0.8.0
[INFO] [stderr]    Compiling predicates v1.0.8
[INFO] [stderr]    Compiling assert_cmd v0.11.1
[INFO] [stderr]    Compiling rustlings v5.4.0 (/opt/rustwide/workdir)
[INFO] [stdout] warning: unused import: `std::num::ParseIntError`
[INFO] [stdout]   --> exercises/error_handling/errors5.rs:22:5
[INFO] [stdout]    |
[INFO] [stdout] 22 | use std::num::ParseIntError;
[INFO] [stdout]    |     ^^^^^^^^^^^^^^^^^^^^^^^
[INFO] [stdout]    |
[INFO] [stdout]    = note: `#[warn(unused_imports)]` on by default
[INFO] [stdout] 
[INFO] [stdout] 
[INFO] [stdout] warning: unused variable: `e`
[INFO] [stdout]   --> exercises/iterators/iterators3.rs:44:13
[INFO] [stdout]    |
[INFO] [stdout] 44 |         Err(e) => return (),
[INFO] [stdout]    |             ^ help: if this is intentional, prefix it with an underscore: `_e`
[INFO] [stdout]    |
[INFO] [stdout]    = note: `#[warn(unused_variables)]` on by default
[INFO] [stdout] 
[INFO] [stdout] 
[INFO] [stdout] warning: unused variable: `vec0`
[INFO] [stdout]  --> exercises/move_semantics/move_semantics4.rs:8:9
[INFO] [stdout]   |
[INFO] [stdout] 8 |     let vec0: Vec<i32> = Vec::new();
[INFO] [stdout]   |         ^^^^ help: if this is intentional, prefix it with an underscore: `_vec0`
[INFO] [stdout] 
[INFO] [stdout] 
[INFO] [stdout] warning: variable does not need to be mutable
[INFO] [stdout]  --> exercises/strings/strings3.rs:4:12
[INFO] [stdout]   |
[INFO] [stdout] 4 | fn trim_me(mut input: &str) -> String {
[INFO] [stdout]   |            ----^^^^^
[INFO] [stdout]   |            |
[INFO] [stdout]   |            help: remove this `mut`
[INFO] [stdout]   |
[INFO] [stdout]   = note: `#[warn(unused_mut)]` on by default
[INFO] [stdout] 
[INFO] [stdout] 
[INFO] [stdout] warning: path statement with no effect
[INFO] [stdout]   --> exercises/options/options3.rs:16:5
[INFO] [stdout]    |
[INFO] [stdout] 16 |     y; // Fix without deleting this line.
[INFO] [stdout]    |     ^^
[INFO] [stdout]    |
[INFO] [stdout]    = note: `#[warn(path_statements)]` on by default
[INFO] [stdout] 
[INFO] [stdout] 
[INFO] [stderr]     Finished `test` profile [unoptimized + debuginfo] target(s) in 6.68s
[INFO] running `Command { std: "docker" "inspect" "48562654d7d80c7d52f852a36869c2c87cdec0c648700c2868a50acfc3b56abc", kill_on_drop: false }`
[INFO] running `Command { std: "docker" "rm" "-f" "48562654d7d80c7d52f852a36869c2c87cdec0c648700c2868a50acfc3b56abc", kill_on_drop: false }`
[INFO] [stdout] 48562654d7d80c7d52f852a36869c2c87cdec0c648700c2868a50acfc3b56abc
[INFO] running `Command { std: "docker" "create" "-v" "/var/lib/crater-agent-workspace/builds/worker-0-tc2/target:/opt/rustwide/target:rw,Z" "-v" "/var/lib/crater-agent-workspace/builds/worker-0-tc2/source:/opt/rustwide/workdir:ro,Z" "-v" "/var/lib/crater-agent-workspace/cargo-home:/opt/rustwide/cargo-home:ro,Z" "-v" "/var/lib/crater-agent-workspace/rustup-home:/opt/rustwide/rustup-home:ro,Z" "-e" "SOURCE_DIR=/opt/rustwide/workdir" "-e" "CARGO_TARGET_DIR=/opt/rustwide/target" "-e" "CARGO_INCREMENTAL=0" "-e" "RUST_BACKTRACE=full" "-e" "RUSTFLAGS=--cap-lints=warn" "-e" "RUSTDOCFLAGS=--cap-lints=warn" "-e" "CARGO_HOME=/opt/rustwide/cargo-home" "-e" "RUSTUP_HOME=/opt/rustwide/rustup-home" "-w" "/opt/rustwide/workdir" "-m" "1610612736" "--user" "0:0" "--network" "none" "ghcr.io/rust-lang/crates-build-env/linux@sha256:f3a9d4ad9d972b27faf3965f35b62e55ba32bbce8f20bc8fe909558a86702fde" "/opt/rustwide/cargo-home/bin/cargo" "+beta-2024-12-08" "test" "--frozen", kill_on_drop: false }`
[INFO] [stdout] ed0bc8c39c71b9940af8ec83e0e8e9ceaedd638ab2743e27ab5c2192c10ef4b6
[INFO] running `Command { std: "docker" "start" "-a" "ed0bc8c39c71b9940af8ec83e0e8e9ceaedd638ab2743e27ab5c2192c10ef4b6", kill_on_drop: false }`
[INFO] [stderr] warning: unused import: `std::num::ParseIntError`
[INFO] [stderr]   --> exercises/error_handling/errors5.rs:22:5
[INFO] [stderr]    |
[INFO] [stderr] 22 | use std::num::ParseIntError;
[INFO] [stderr]    |     ^^^^^^^^^^^^^^^^^^^^^^^
[INFO] [stderr]    |
[INFO] [stderr]    = note: `#[warn(unused_imports)]` on by default
[INFO] [stderr] 
[INFO] [stderr] warning: unused variable: `e`
[INFO] [stderr]   --> exercises/iterators/iterators3.rs:44:13
[INFO] [stderr]    |
[INFO] [stderr] 44 |         Err(e) => return (),
[INFO] [stderr]    |             ^ help: if this is intentional, prefix it with an underscore: `_e`
[INFO] [stderr]    |
[INFO] [stderr]    = note: `#[warn(unused_variables)]` on by default
[INFO] [stderr] 
[INFO] [stderr] warning: unused variable: `vec0`
[INFO] [stderr]  --> exercises/move_semantics/move_semantics4.rs:8:9
[INFO] [stderr]   |
[INFO] [stderr] 8 |     let vec0: Vec<i32> = Vec::new();
[INFO] [stderr]   |         ^^^^ help: if this is intentional, prefix it with an underscore: `_vec0`
[INFO] [stderr] 
[INFO] [stderr] warning: variable does not need to be mutable
[INFO] [stderr]  --> exercises/strings/strings3.rs:4:12
[INFO] [stderr]   |
[INFO] [stderr] 4 | fn trim_me(mut input: &str) -> String {
[INFO] [stderr]   |            ----^^^^^
[INFO] [stderr]   |            |
[INFO] [stderr]   |            help: remove this `mut`
[INFO] [stderr]   |
[INFO] [stderr]   = note: `#[warn(unused_mut)]` on by default
[INFO] [stderr] 
[INFO] [stderr] warning: path statement with no effect
[INFO] [stderr]   --> exercises/options/options3.rs:16:5
[INFO] [stderr]    |
[INFO] [stderr] 16 |     y; // Fix without deleting this line.
[INFO] [stderr]    |     ^^
[INFO] [stderr]    |
[INFO] [stderr]    = note: `#[warn(path_statements)]` on by default
[INFO] [stderr] 
[INFO] [stderr] warning: `rustlings` (lib) generated 5 warnings (run `cargo fix --lib -p rustlings` to apply 2 suggestions)
[INFO] [stderr] warning: `rustlings` (lib test) generated 5 warnings (5 duplicates)
[INFO] [stderr]     Finished `test` profile [unoptimized + debuginfo] target(s) in 0.18s
[INFO] [stderr]      Running unittests exercises/mod.rs (/opt/rustwide/target/debug/deps/exercises-2721ce11538f9926)
[INFO] [stdout] 
[INFO] [stdout] running 124 tests
[INFO] [stdout] test conversions::as_ref_mut::tests::mult_box ... ok
[INFO] [stdout] test conversions::from_into::tests::test_trailing_comma ... ok
[INFO] [stdout] test conversions::from_into::tests::test_bad_convert ... ok
[INFO] [stdout] test conversions::from_into::tests::test_missing_name ... ok
[INFO] [stdout] test conversions::from_into::tests::test_missing_name_and_age ... ok
[INFO] [stdout] test conversions::from_into::tests::test_missing_name_and_invalid_age ... ok
[INFO] [stdout] test conversions::from_str::tests::empty_input ... ok
[INFO] [stdout] test conversions::from_str::tests::good_input ... ok
[INFO] [stdout] test conversions::from_str::tests::invalid_age ... ok
[INFO] [stdout] test conversions::from_str::tests::missing_age ... ok
[INFO] [stdout] test conversions::from_str::tests::missing_comma_and_age ... ok
[INFO] [stdout] test conversions::from_str::tests::missing_name ... ok
[INFO] [stdout] test conversions::from_str::tests::missing_name_and_age ... ok
[INFO] [stdout] test conversions::from_str::tests::missing_name_and_invalid_age ... ok
[INFO] [stdout] test conversions::from_str::tests::trailing_comma ... ok
[INFO] [stdout] test conversions::from_into::tests::test_bad_age ... ok
[INFO] [stdout] test conversions::as_ref_mut::tests::different_counts_using_string ... ok
[INFO] [stdout] test conversions::from_str::tests::trailing_comma_and_some_string ... ok
[INFO] [stdout] test conversions::try_from_into::tests::test_array_correct ... ok
[INFO] [stdout] test conversions::try_from_into::tests::test_array_out_of_range_negative ... ok
[INFO] [stdout] test conversions::try_from_into::tests::test_array_out_of_range_positive ... ok
[INFO] [stdout] test conversions::try_from_into::tests::test_array_sum ... ok
[INFO] [stdout] test conversions::as_ref_mut::tests::same_counts_using_string ... ok
[INFO] [stdout] test conversions::try_from_into::tests::test_slice_correct ... ok
[INFO] [stdout] test conversions::try_from_into::tests::test_slice_excess_length ... ok
[INFO] [stdout] test conversions::try_from_into::tests::test_slice_insufficient_length ... ok
[INFO] [stdout] test conversions::try_from_into::tests::test_slice_out_of_range_negative ... ok
[INFO] [stdout] test conversions::from_into::tests::test_default ... ok
[INFO] [stdout] test conversions::try_from_into::tests::test_slice_out_of_range_positive ... ok
[INFO] [stdout] test conversions::from_into::tests::test_missing_age ... ok
[INFO] [stdout] test conversions::try_from_into::tests::test_tuple_correct ... ok
[INFO] [stdout] test conversions::try_from_into::tests::test_tuple_sum ... ok
[INFO] [stdout] test conversions::try_from_into::tests::test_tuple_out_of_range_negative ... ok
[INFO] [stdout] test enums::enums3::tests::test_match_message_call ... ok
[INFO] [stdout] test conversions::try_from_into::tests::test_tuple_out_of_range_positive ... ok
[INFO] [stdout] test error_handling::errors4::test_creation ... ok
[INFO] [stdout] test error_handling::errors6::test::test_negative ... ok
[INFO] [stdout] test error_handling::errors6::test::test_positive ... ok
[INFO] [stdout] test error_handling::errors6::test::test_parse_error ... ok
[INFO] [stdout] test generics::generics2::tests::store_u32_in_wrapper ... ok
[INFO] [stdout] test hashmaps::hashmaps1::tests::at_least_five_fruits ... ok
[INFO] [stdout] test error_handling::errors1::tests::generates_nametag_text_for_a_nonempty_name ... ok
[INFO] [stdout] test error_handling::errors2::tests::item_quantity_is_a_valid_number ... ok
[INFO] [stdout] test conversions::as_ref_mut::tests::same_counts ... ok
[INFO] [stdout] test conversions::as_ref_mut::tests::different_counts ... ok
[INFO] [stdout] test conversions::from_into::tests::test_good_convert ... ok
[INFO] [stdout] test hashmaps::hashmaps1::tests::at_least_three_types_of_fruits ... ok
[INFO] [stdout] test generics::generics2::tests::store_str_in_wrapper ... ok
[INFO] [stdout] test conversions::from_into::tests::test_trailing_comma_and_some_string ... ok
[INFO] [stdout] test error_handling::errors6::test::test_zero ... ok
[INFO] [stdout] test conversions::using_as::tests::returns_proper_type_and_value ... ok
[INFO] [stdout] test error_handling::errors1::tests::explains_why_generating_nametag_text_fails ... ok
[INFO] [stdout] test hashmaps::hashmaps2::tests::at_least_five_types_of_fruits ... ok
[INFO] [stdout] test hashmaps::hashmaps2::tests::greater_than_eleven_fruits ... ok
[INFO] [stdout] test hashmaps::hashmaps2::tests::test_given_fruits_are_not_modified ... ok
[INFO] [stdout] test hashmaps::hashmaps3::tests::build_scores ... ok
[INFO] [stdout] test hashmaps::hashmaps3::tests::validate_team_score_1 ... ok
[INFO] [stdout] test hashmaps::hashmaps3::tests::validate_team_score_2 ... ok
[INFO] [stdout] test iterators::iterators2::tests::test_iterate_into_string ... ok
[INFO] [stdout] test iterators::iterators2::tests::test_empty ... ok
[INFO] [stdout] test iterators::iterators2::tests::test_success ... ok
[INFO] [stdout] test iterators::iterators2::tests::test_iterate_string_vec ... ok
[INFO] [stdout] test iterators::iterators3::tests::test_list_of_results ... ok
[INFO] [stdout] test iterators::iterators3::tests::test_divide_by_0 ... ok
[INFO] [stdout] test iterators::iterators3::tests::test_not_divisible ... ok
[INFO] [stdout] test iterators::iterators3::tests::test_divide_0_by_something ... ok
[INFO] [stdout] test iterators::iterators4::tests::factorial_of_0 ... ok
[INFO] [stdout] test iterators::iterators4::tests::factorial_of_1 ... ok
[INFO] [stdout] test iterators::iterators3::tests::test_result_with_list ... ok
[INFO] [stdout] test iterators::iterators4::tests::factorial_of_2 ... ok
[INFO] [stdout] test iterators::iterators3::tests::test_success ... ok
[INFO] [stdout] test iterators::iterators5::tests::count_collection_complete ... ok
[INFO] [stdout] test iterators::iterators4::tests::factorial_of_4 ... ok
[INFO] [stdout] test iterators::iterators5::tests::count_equals_for ... ok
[INFO] [stdout] test options::options1::tests::raw_value ... ok
[INFO] [stdout] test options::options1::tests::check_icecream ... ok
[INFO] [stdout] test options::options2::tests::layered_option ... ok
[INFO] [stdout] test options::options2::tests::simple_option ... ok
[INFO] [stdout] test primitive_types::primitive_types4::slice_out_of_array ... ok
[INFO] [stdout] test iterators::iterators5::tests::count_collection_equals_for ... ok
[INFO] [stdout] test quiz2::tests::it_works ... ok
[INFO] [stdout] test primitive_types::primitive_types6::indexing_tuple ... ok
[INFO] [stdout] test iterators::iterators5::tests::count_complete ... ok
[INFO] [stdout] test quiz3::tests::generate_numeric_report_card ... ok
[INFO] [stdout] test quiz3::tests::generate_alphabetic_report_card ... ok
[INFO] [stdout] test r#if::if1::tests::ten_is_bigger_than_eight ... ok
[INFO] [stdout] test r#if::if1::tests::fortytwo_is_bigger_than_thirtytwo ... ok
[INFO] [stdout] test r#if::if2::tests::foo_for_fizz ... ok
[INFO] [stdout] test smart_pointers::box1::tests::test_create_empty_list ... ok
[INFO] [stdout] test r#if::if2::tests::bar_for_fuzz ... ok
[INFO] [stdout] test smart_pointers::cow1::tests::owned_mutation ... ok
[INFO] [stdout] test smart_pointers::cow1::tests::reference_mutation ... ok
[INFO] [stdout] test strings::strings3::tests::compose_a_string ... ok
[INFO] [stdout] test strings::strings3::tests::replace_a_string ... ok
[INFO] [stdout] test structs::structs1::tests::classic_c_structs ... ok
[INFO] [stdout] test strings::strings3::tests::trim_a_string ... ok
[INFO] [stdout] test structs::structs1::tests::tuple_structs ... ok
[INFO] [stdout] test structs::structs2::tests::your_order ... ok
[INFO] [stdout] test structs::structs1::tests::unit_structs ... ok
[INFO] [stdout] test structs::structs3::tests::calculate_transport_fees ... ok
[INFO] [stdout] test tests::tests3::tests::is_false_when_odd ... ok
[INFO] [stdout] test tests::tests3::tests::is_true_when_even ... ok
[INFO] [stdout] test traits::traits2::tests::is_vec_pop_eq_bar ... ok
[INFO] [stdout] test traits::traits3::tests::is_licensing_info_the_same ... ok
[INFO] [stdout] test traits::traits4::tests::compare_license_information ... ok
[INFO] [stdout] test smart_pointers::box1::tests::test_create_non_empty_list ... ok
[INFO] [stdout] test traits::traits4::tests::compare_license_information_backwards ... ok
[INFO] [stdout] test quiz1::verify_test ... ok
[INFO] [stdout] test vecs::vecs1::tests::test_array_and_vec_similarity ... ok
[INFO] [stdout] test conversions::try_from_into::tests::test_slice_sum ... ok
[INFO] [stdout] test structs::structs3::tests::create_international_package ... ok
[INFO] [stdout] test vecs::vecs2::tests::test_vec_loop ... ok
[INFO] [stdout] test smart_pointers::cow1::tests::owned_no_mutation ... ok
[INFO] [stdout] test vecs::vecs2::tests::test_vec_map ... ok
[INFO] [stdout] test error_handling::errors2::tests::item_quantity_is_an_invalid_number ... ok
[INFO] [stdout] test r#if::if2::tests::default_to_baz ... ok
[INFO] [stdout] test structs::structs3::tests::create_local_package ... ok
[INFO] [stdout] test conversions::from_into::tests::test_missing_comma_and_age ... ok
[INFO] [stdout] test tests::tests2::tests::you_can_assert_eq ... ok
[INFO] [stdout] test traits::traits1::tests::is_bar_bar ... ok
[INFO] [stdout] test traits::traits1::tests::is_foo_bar ... ok
[INFO] [stdout] test tests::tests1::tests::you_can_assert ... ok
[INFO] [stdout] test smart_pointers::cow1::tests::reference_no_mutation ... ok
[INFO] [stdout] test structs::structs3::tests::fail_creating_weightless_package - should panic ... ok
[INFO] [stdout] 
[INFO] [stdout] test result: ok. 124 passed; 0 failed; 0 ignored; 0 measured; 0 filtered out; finished in 0.07s
[INFO] [stdout] 
[INFO] [stderr]      Running unittests src/main.rs (/opt/rustwide/target/debug/deps/rustlings-33a96ac166e02c0a)
[INFO] [stdout] 
[INFO] [stdout] running 4 tests
[INFO] [stdout] test exercise::test::test_finished_exercise ... ok
[INFO] [stdout] test exercise::test::test_pending_state ... ok
[INFO] [stdout] test exercise::test::test_clean ... FAILED
[INFO] [stdout] test exercise::test::test_exercise_with_output ... FAILED
[INFO] [stdout] 
[INFO] [stdout] failures:
[INFO] [stdout] 
[INFO] [stdout] ---- exercise::test::test_clean stdout ----
[INFO] [stdout] thread 'exercise::test::test_clean' panicked at src/exercise.rs:273:36:
[INFO] [stdout] called `Result::unwrap()` on an `Err` value: Os { code: 30, kind: ReadOnlyFilesystem, message: "Read-only file system" }
[INFO] [stdout] stack backtrace:
[INFO] [stdout]    0:     0x62d5a668ac5a - std::backtrace_rs::backtrace::libunwind::trace::h8810477743020387
[INFO] [stdout]                                at /rustc/202008a1b8de96d2e5b6bc02d379db03a877d34d/library/std/src/../../backtrace/src/backtrace/libunwind.rs:116:5
[INFO] [stdout]    1:     0x62d5a668ac5a - std::backtrace_rs::backtrace::trace_unsynchronized::h3aa55355dd6c54a6
[INFO] [stdout]                                at /rustc/202008a1b8de96d2e5b6bc02d379db03a877d34d/library/std/src/../../backtrace/src/backtrace/mod.rs:66:5
[INFO] [stdout]    2:     0x62d5a668ac5a - std::sys::backtrace::_print_fmt::h8588b0f62410823f
[INFO] [stdout]                                at /rustc/202008a1b8de96d2e5b6bc02d379db03a877d34d/library/std/src/sys/backtrace.rs:66:9
[INFO] [stdout]    3:     0x62d5a668ac5a - <std::sys::backtrace::BacktraceLock::print::DisplayBacktrace as core::fmt::Display>::fmt::h98c26ac25ffe89bb
[INFO] [stdout]                                at /rustc/202008a1b8de96d2e5b6bc02d379db03a877d34d/library/std/src/sys/backtrace.rs:39:26
[INFO] [stdout]    4:     0x62d5a66b0973 - core::fmt::rt::Argument::fmt::hf95377f4aebd453b
[INFO] [stdout]                                at /rustc/202008a1b8de96d2e5b6bc02d379db03a877d34d/library/core/src/fmt/rt.rs:177:76
[INFO] [stdout]    5:     0x62d5a66b0973 - core::fmt::write::h0dd5f6e2238c7982
[INFO] [stdout]                                at /rustc/202008a1b8de96d2e5b6bc02d379db03a877d34d/library/core/src/fmt/mod.rs:1189:21
[INFO] [stdout]    6:     0x62d5a6687de3 - std::io::Write::write_fmt::h03bb0ca26e6faf8c
[INFO] [stdout]                                at /rustc/202008a1b8de96d2e5b6bc02d379db03a877d34d/library/std/src/io/mod.rs:1884:15
[INFO] [stdout]    7:     0x62d5a668aaa2 - std::sys::backtrace::BacktraceLock::print::h5c19c1c038ee186d
[INFO] [stdout]                                at /rustc/202008a1b8de96d2e5b6bc02d379db03a877d34d/library/std/src/sys/backtrace.rs:42:9
[INFO] [stdout]    8:     0x62d5a668c0dd - std::panicking::default_hook::{{closure}}::h77172f079a1fcb13
[INFO] [stdout]                                at /rustc/202008a1b8de96d2e5b6bc02d379db03a877d34d/library/std/src/panicking.rs:268:22
[INFO] [stdout]    9:     0x62d5a668bee7 - std::panicking::default_hook::he5f8e3b203ccddba
[INFO] [stdout]                                at /rustc/202008a1b8de96d2e5b6bc02d379db03a877d34d/library/std/src/panicking.rs:292:9
[INFO] [stdout]   10:     0x62d5a651d1b7 - <alloc::boxed::Box<F,A> as core::ops::function::Fn<Args>>::call::h7a3c7b4a1ae77f2f
[INFO] [stdout]                                at /rustc/202008a1b8de96d2e5b6bc02d379db03a877d34d/library/alloc/src/boxed.rs:1986:9
[INFO] [stdout]   11:     0x62d5a651d1b7 - test::test_main::{{closure}}::hf0d3b69ae9b353d1
[INFO] [stdout]                                at /rustc/202008a1b8de96d2e5b6bc02d379db03a877d34d/library/test/src/lib.rs:134:21
[INFO] [stdout]   12:     0x62d5a668c788 - <alloc::boxed::Box<F,A> as core::ops::function::Fn<Args>>::call::h6332e82e7b189abd
[INFO] [stdout]                                at /rustc/202008a1b8de96d2e5b6bc02d379db03a877d34d/library/alloc/src/boxed.rs:1986:9
[INFO] [stdout]   13:     0x62d5a668c788 - std::panicking::rust_panic_with_hook::h53863d4e9018df39
[INFO] [stdout]                                at /rustc/202008a1b8de96d2e5b6bc02d379db03a877d34d/library/std/src/panicking.rs:809:13
[INFO] [stdout]   14:     0x62d5a668c54a - std::panicking::begin_panic_handler::{{closure}}::h67280e6fa0757873
[INFO] [stdout]                                at /rustc/202008a1b8de96d2e5b6bc02d379db03a877d34d/library/std/src/panicking.rs:674:13
[INFO] [stdout]   15:     0x62d5a668b139 - std::sys::backtrace::__rust_end_short_backtrace::h1dac3f54d6fbbeb2
[INFO] [stdout]                                at /rustc/202008a1b8de96d2e5b6bc02d379db03a877d34d/library/std/src/sys/backtrace.rs:170:18
[INFO] [stdout]   16:     0x62d5a668c1dc - rust_begin_unwind
[INFO] [stdout]                                at /rustc/202008a1b8de96d2e5b6bc02d379db03a877d34d/library/std/src/panicking.rs:665:5
[INFO] [stdout]   17:     0x62d5a64d21d0 - core::panicking::panic_fmt::h6792bd1b2bf01041
[INFO] [stdout]                                at /rustc/202008a1b8de96d2e5b6bc02d379db03a877d34d/library/core/src/panicking.rs:76:14
[INFO] [stdout]   18:     0x62d5a64d2656 - core::result::unwrap_failed::h05e0602ed34287c5
[INFO] [stdout]                                at /rustc/202008a1b8de96d2e5b6bc02d379db03a877d34d/library/core/src/result.rs:1699:5
[INFO] [stdout]   19:     0x62d5a64d8ada - core::result::Result<T,E>::unwrap::hb12840bdbb4eb6af
[INFO] [stdout]                                at /rustc/202008a1b8de96d2e5b6bc02d379db03a877d34d/library/core/src/result.rs:1104:23
[INFO] [stdout]   20:     0x62d5a64d8ada - rustlings::exercise::test::test_clean::h80551b6ff9deebca
[INFO] [stdout]                                at /opt/rustwide/workdir/src/exercise.rs:273:9
[INFO] [stdout]   21:     0x62d5a64d8a17 - rustlings::exercise::test::test_clean::{{closure}}::h65ad39d980382c9c
[INFO] [stdout]                                at /opt/rustwide/workdir/src/exercise.rs:272:20
[INFO] [stdout]   22:     0x62d5a64d3466 - core::ops::function::FnOnce::call_once::h4c7a5b557486c4f6
[INFO] [stdout]                                at /rustc/202008a1b8de96d2e5b6bc02d379db03a877d34d/library/core/src/ops/function.rs:250:5
[INFO] [stdout]   23:     0x62d5a6521cdb - core::ops::function::FnOnce::call_once::h871bf86719ec9aa4
[INFO] [stdout]                                at /rustc/202008a1b8de96d2e5b6bc02d379db03a877d34d/library/core/src/ops/function.rs:250:5
[INFO] [stdout]   24:     0x62d5a6521cdb - test::__rust_begin_short_backtrace::h2167df1e2b7d76fd
[INFO] [stdout]                                at /rustc/202008a1b8de96d2e5b6bc02d379db03a877d34d/library/test/src/lib.rs:632:18
[INFO] [stdout]   25:     0x62d5a65216c8 - test::run_test_in_process::{{closure}}::h15d92f75a3adfb79
[INFO] [stdout]                                at /rustc/202008a1b8de96d2e5b6bc02d379db03a877d34d/library/test/src/lib.rs:655:60
[INFO] [stdout]   26:     0x62d5a65216c8 - <core::panic::unwind_safe::AssertUnwindSafe<F> as core::ops::function::FnOnce<()>>::call_once::hb6c8955835a8dbbb
[INFO] [stdout]                                at /rustc/202008a1b8de96d2e5b6bc02d379db03a877d34d/library/core/src/panic/unwind_safe.rs:272:9
[INFO] [stdout]   27:     0x62d5a65216c8 - std::panicking::try::do_call::hc79d0fc888a0bd30
[INFO] [stdout]                                at /rustc/202008a1b8de96d2e5b6bc02d379db03a877d34d/library/std/src/panicking.rs:557:40
[INFO] [stdout]   28:     0x62d5a65216c8 - std::panicking::try::hb8a7878e3a8589d6
[INFO] [stdout]                                at /rustc/202008a1b8de96d2e5b6bc02d379db03a877d34d/library/std/src/panicking.rs:520:19
[INFO] [stdout]   29:     0x62d5a65216c8 - std::panic::catch_unwind::hb8e4600ff0ff5cfa
[INFO] [stdout]                                at /rustc/202008a1b8de96d2e5b6bc02d379db03a877d34d/library/std/src/panic.rs:358:14
[INFO] [stdout]   30:     0x62d5a65216c8 - test::run_test_in_process::hc2900b0b18688dd6
[INFO] [stdout]                                at /rustc/202008a1b8de96d2e5b6bc02d379db03a877d34d/library/test/src/lib.rs:655:27
[INFO] [stdout]   31:     0x62d5a65216c8 - test::run_test::{{closure}}::hac2a9cb07be3d48d
[INFO] [stdout]                                at /rustc/202008a1b8de96d2e5b6bc02d379db03a877d34d/library/test/src/lib.rs:576:43
[INFO] [stdout]   32:     0x62d5a64e516a - test::run_test::{{closure}}::h4a5b729e66a38cd8
[INFO] [stdout]                                at /rustc/202008a1b8de96d2e5b6bc02d379db03a877d34d/library/test/src/lib.rs:606:41
[INFO] [stdout]   33:     0x62d5a64e516a - std::sys::backtrace::__rust_begin_short_backtrace::h0496fb742492f573
[INFO] [stdout]                                at /rustc/202008a1b8de96d2e5b6bc02d379db03a877d34d/library/std/src/sys/backtrace.rs:154:18
[INFO] [stdout]   34:     0x62d5a64e8ae4 - std::thread::Builder::spawn_unchecked_::{{closure}}::{{closure}}::hbb6d257c550a54bd
[INFO] [stdout]                                at /rustc/202008a1b8de96d2e5b6bc02d379db03a877d34d/library/std/src/thread/mod.rs:561:17
[INFO] [stdout]   35:     0x62d5a64e8ae4 - <core::panic::unwind_safe::AssertUnwindSafe<F> as core::ops::function::FnOnce<()>>::call_once::h46696fe4a6832328
[INFO] [stdout]                                at /rustc/202008a1b8de96d2e5b6bc02d379db03a877d34d/library/core/src/panic/unwind_safe.rs:272:9
[INFO] [stdout]   36:     0x62d5a64e8ae4 - std::panicking::try::do_call::h2625a51b667bfb64
[INFO] [stdout]                                at /rustc/202008a1b8de96d2e5b6bc02d379db03a877d34d/library/std/src/panicking.rs:557:40
[INFO] [stdout]   37:     0x62d5a64e8ae4 - std::panicking::try::hb956a59a1973aa4c
[INFO] [stdout]                                at /rustc/202008a1b8de96d2e5b6bc02d379db03a877d34d/library/std/src/panicking.rs:520:19
[INFO] [stdout]   38:     0x62d5a64e8ae4 - std::panic::catch_unwind::h64f3b9d1067ef6a0
[INFO] [stdout]                                at /rustc/202008a1b8de96d2e5b6bc02d379db03a877d34d/library/std/src/panic.rs:358:14
[INFO] [stdout]   39:     0x62d5a64e8ae4 - std::thread::Builder::spawn_unchecked_::{{closure}}::h42b2841295b6c0b2
[INFO] [stdout]                                at /rustc/202008a1b8de96d2e5b6bc02d379db03a877d34d/library/std/src/thread/mod.rs:559:30
[INFO] [stdout]   40:     0x62d5a64e8ae4 - core::ops::function::FnOnce::call_once{{vtable.shim}}::h6127de71b8124639
[INFO] [stdout]                                at /rustc/202008a1b8de96d2e5b6bc02d379db03a877d34d/library/core/src/ops/function.rs:250:5
[INFO] [stdout]   41:     0x62d5a66908ab - <alloc::boxed::Box<F,A> as core::ops::function::FnOnce<Args>>::call_once::h42f0ba71002a1b2c
[INFO] [stdout]                                at /rustc/202008a1b8de96d2e5b6bc02d379db03a877d34d/library/alloc/src/boxed.rs:1972:9
[INFO] [stdout]   42:     0x62d5a66908ab - <alloc::boxed::Box<F,A> as core::ops::function::FnOnce<Args>>::call_once::had9e47d7a3dcecb8
[INFO] [stdout]                                at /rustc/202008a1b8de96d2e5b6bc02d379db03a877d34d/library/alloc/src/boxed.rs:1972:9
[INFO] [stdout]   43:     0x62d5a66908ab - std::sys::pal::unix::thread::Thread::new::thread_start::h48cf765408f6f5f2
[INFO] [stdout]                                at /rustc/202008a1b8de96d2e5b6bc02d379db03a877d34d/library/std/src/sys/pal/unix/thread.rs:105:17
[INFO] [stdout]   44:     0x7a31f0be6ac3 - <unknown>
[INFO] [stdout]   45:     0x7a31f0c77a04 - clone
[INFO] [stdout]   46:                0x0 - <unknown>
[INFO] [stdout] 
[INFO] [stdout] ---- exercise::test::test_exercise_with_output stdout ----
[INFO] [stdout] thread 'exercise::test::test_exercise_with_output' panicked at src/exercise.rs:346:38:
[INFO] [stdout] called `Result::unwrap()` on an `Err` value: ExerciseOutput { stdout: "", stderr: "\u{1b}[0m\u{1b}[1m\u{1b}[38;5;9merror\u{1b}[0m\u{1b}[0m\u{1b}[1m: couldn't create a temp dir: Read-only file system (os error 30) at path \"/opt/rustwide/workdir/./rmetacMmhBH\"\u{1b}[0m\n\n\u{1b}[0m\u{1b}[1m\u{1b}[38;5;9merror\u{1b}[0m\u{1b}[0m\u{1b}[1m: aborting due to 1 previous error\u{1b}[0m\n\n" }
[INFO] [stdout] stack backtrace:
[INFO] [stdout]    0:     0x62d5a668ac5a - std::backtrace_rs::backtrace::libunwind::trace::h8810477743020387
[INFO] [stdout]                                at /rustc/202008a1b8de96d2e5b6bc02d379db03a877d34d/library/std/src/../../backtrace/src/backtrace/libunwind.rs:116:5
[INFO] [stdout]    1:     0x62d5a668ac5a - std::backtrace_rs::backtrace::trace_unsynchronized::h3aa55355dd6c54a6
[INFO] [stdout]                                at /rustc/202008a1b8de96d2e5b6bc02d379db03a877d34d/library/std/src/../../backtrace/src/backtrace/mod.rs:66:5
[INFO] [stdout]    2:     0x62d5a668ac5a - std::sys::backtrace::_print_fmt::h8588b0f62410823f
[INFO] [stdout]                                at /rustc/202008a1b8de96d2e5b6bc02d379db03a877d34d/library/std/src/sys/backtrace.rs:66:9
[INFO] [stdout]    3:     0x62d5a668ac5a - <std::sys::backtrace::BacktraceLock::print::DisplayBacktrace as core::fmt::Display>::fmt::h98c26ac25ffe89bb
[INFO] [stdout]                                at /rustc/202008a1b8de96d2e5b6bc02d379db03a877d34d/library/std/src/sys/backtrace.rs:39:26
[INFO] [stdout]    4:     0x62d5a66b0973 - core::fmt::rt::Argument::fmt::hf95377f4aebd453b
[INFO] [stdout]                                at /rustc/202008a1b8de96d2e5b6bc02d379db03a877d34d/library/core/src/fmt/rt.rs:177:76
[INFO] [stdout]    5:     0x62d5a66b0973 - core::fmt::write::h0dd5f6e2238c7982
[INFO] [stdout]                                at /rustc/202008a1b8de96d2e5b6bc02d379db03a877d34d/library/core/src/fmt/mod.rs:1189:21
[INFO] [stdout]    6:     0x62d5a6687de3 - std::io::Write::write_fmt::h03bb0ca26e6faf8c
[INFO] [stdout]                                at /rustc/202008a1b8de96d2e5b6bc02d379db03a877d34d/library/std/src/io/mod.rs:1884:15
[INFO] [stdout]    7:     0x62d5a668aaa2 - std::sys::backtrace::BacktraceLock::print::h5c19c1c038ee186d
[INFO] [stdout]                                at /rustc/202008a1b8de96d2e5b6bc02d379db03a877d34d/library/std/src/sys/backtrace.rs:42:9
[INFO] [stdout]    8:     0x62d5a668c0dd - std::panicking::default_hook::{{closure}}::h77172f079a1fcb13
[INFO] [stdout]                                at /rustc/202008a1b8de96d2e5b6bc02d379db03a877d34d/library/std/src/panicking.rs:268:22
[INFO] [stdout]    9:     0x62d5a668bee7 - std::panicking::default_hook::he5f8e3b203ccddba
[INFO] [stdout]                                at /rustc/202008a1b8de96d2e5b6bc02d379db03a877d34d/library/std/src/panicking.rs:292:9
[INFO] [stdout]   10:     0x62d5a651d1b7 - <alloc::boxed::Box<F,A> as core::ops::function::Fn<Args>>::call::h7a3c7b4a1ae77f2f
[INFO] [stdout]                                at /rustc/202008a1b8de96d2e5b6bc02d379db03a877d34d/library/alloc/src/boxed.rs:1986:9
[INFO] [stdout]   11:     0x62d5a651d1b7 - test::test_main::{{closure}}::hf0d3b69ae9b353d1
[INFO] [stdout]                                at /rustc/202008a1b8de96d2e5b6bc02d379db03a877d34d/library/test/src/lib.rs:134:21
[INFO] [stdout]   12:     0x62d5a668c788 - <alloc::boxed::Box<F,A> as core::ops::function::Fn<Args>>::call::h6332e82e7b189abd
[INFO] [stdout]                                at /rustc/202008a1b8de96d2e5b6bc02d379db03a877d34d/library/alloc/src/boxed.rs:1986:9
[INFO] [stdout]   13:     0x62d5a668c788 - std::panicking::rust_panic_with_hook::h53863d4e9018df39
[INFO] [stdout]                                at /rustc/202008a1b8de96d2e5b6bc02d379db03a877d34d/library/std/src/panicking.rs:809:13
[INFO] [stdout]   14:     0x62d5a668c54a - std::panicking::begin_panic_handler::{{closure}}::h67280e6fa0757873
[INFO] [stdout]                                at /rustc/202008a1b8de96d2e5b6bc02d379db03a877d34d/library/std/src/panicking.rs:674:13
[INFO] [stdout]   15:     0x62d5a668b139 - std::sys::backtrace::__rust_end_short_backtrace::h1dac3f54d6fbbeb2
[INFO] [stdout]                                at /rustc/202008a1b8de96d2e5b6bc02d379db03a877d34d/library/std/src/sys/backtrace.rs:170:18
[INFO] [stdout]   16:     0x62d5a668c1dc - rust_begin_unwind
[INFO] [stdout]                                at /rustc/202008a1b8de96d2e5b6bc02d379db03a877d34d/library/std/src/panicking.rs:665:5
[INFO] [stdout]   17:     0x62d5a64d21d0 - core::panicking::panic_fmt::h6792bd1b2bf01041
[INFO] [stdout]                                at /rustc/202008a1b8de96d2e5b6bc02d379db03a877d34d/library/core/src/panicking.rs:76:14
[INFO] [stdout]   18:     0x62d5a64d2656 - core::result::unwrap_failed::h05e0602ed34287c5
[INFO] [stdout]                                at /rustc/202008a1b8de96d2e5b6bc02d379db03a877d34d/library/core/src/result.rs:1699:5
[INFO] [stdout]   19:     0x62d5a64d992a - core::result::Result<T,E>::unwrap::h6bf19d97bf4e417c
[INFO] [stdout]                                at /rustc/202008a1b8de96d2e5b6bc02d379db03a877d34d/library/core/src/result.rs:1104:23
[INFO] [stdout]   20:     0x62d5a64d992a - rustlings::exercise::test::test_exercise_with_output::h063aeac72f722516
[INFO] [stdout]                                at /opt/rustwide/workdir/src/exercise.rs:346:19
[INFO] [stdout]   21:     0x62d5a64d9737 - rustlings::exercise::test::test_exercise_with_output::{{closure}}::hffdec68d76c63f09
[INFO] [stdout]                                at /opt/rustwide/workdir/src/exercise.rs:339:35
[INFO] [stdout]   22:     0x62d5a64d3426 - core::ops::function::FnOnce::call_once::h412e336602976f30
[INFO] [stdout]                                at /rustc/202008a1b8de96d2e5b6bc02d379db03a877d34d/library/core/src/ops/function.rs:250:5
[INFO] [stdout]   23:     0x62d5a6521cdb - core::ops::function::FnOnce::call_once::h871bf86719ec9aa4
[INFO] [stdout]                                at /rustc/202008a1b8de96d2e5b6bc02d379db03a877d34d/library/core/src/ops/function.rs:250:5
[INFO] [stdout]   24:     0x62d5a6521cdb - test::__rust_begin_short_backtrace::h2167df1e2b7d76fd
[INFO] [stdout]                                at /rustc/202008a1b8de96d2e5b6bc02d379db03a877d34d/library/test/src/lib.rs:632:18
[INFO] [stdout]   25:     0x62d5a65216c8 - test::run_test_in_process::{{closure}}::h15d92f75a3adfb79
[INFO] [stdout]                                at /rustc/202008a1b8de96d2e5b6bc02d379db03a877d34d/library/test/src/lib.rs:655:60
[INFO] [stdout]   26:     0x62d5a65216c8 - <core::panic::unwind_safe::AssertUnwindSafe<F> as core::ops::function::FnOnce<()>>::call_once::hb6c8955835a8dbbb
[INFO] [stdout]                                at /rustc/202008a1b8de96d2e5b6bc02d379db03a877d34d/library/core/src/panic/unwind_safe.rs:272:9
[INFO] [stdout]   27:     0x62d5a65216c8 - std::panicking::try::do_call::hc79d0fc888a0bd30
[INFO] [stdout]                                at /rustc/202008a1b8de96d2e5b6bc02d379db03a877d34d/library/std/src/panicking.rs:557:40
[INFO] [stdout]   28:     0x62d5a65216c8 - std::panicking::try::hb8a7878e3a8589d6
[INFO] [stdout]                                at /rustc/202008a1b8de96d2e5b6bc02d379db03a877d34d/library/std/src/panicking.rs:520:19
[INFO] [stdout]   29:     0x62d5a65216c8 - std::panic::catch_unwind::hb8e4600ff0ff5cfa
[INFO] [stdout]                                at /rustc/202008a1b8de96d2e5b6bc02d379db03a877d34d/library/std/src/panic.rs:358:14
[INFO] [stdout]   30:     0x62d5a65216c8 - test::run_test_in_process::hc2900b0b18688dd6
[INFO] [stdout]                                at /rustc/202008a1b8de96d2e5b6bc02d379db03a877d34d/library/test/src/lib.rs:655:27
[INFO] [stdout]   31:     0x62d5a65216c8 - test::run_test::{{closure}}::hac2a9cb07be3d48d
[INFO] [stdout]                                at /rustc/202008a1b8de96d2e5b6bc02d379db03a877d34d/library/test/src/lib.rs:576:43
[INFO] [stdout]   32:     0x62d5a64e516a - test::run_test::{{closure}}::h4a5b729e66a38cd8
[INFO] [stdout]                                at /rustc/202008a1b8de96d2e5b6bc02d379db03a877d34d/library/test/src/lib.rs:606:41
[INFO] [stdout]   33:     0x62d5a64e516a - std::sys::backtrace::__rust_begin_short_backtrace::h0496fb742492f573
[INFO] [stdout]                                at /rustc/202008a1b8de96d2e5b6bc02d379db03a877d34d/library/std/src/sys/backtrace.rs:154:18
[INFO] [stdout]   34:     0x62d5a64e8ae4 - std::thread::Builder::spawn_unchecked_::{{closure}}::{{closure}}::hbb6d257c550a54bd
[INFO] [stdout]                                at /rustc/202008a1b8de96d2e5b6bc02d379db03a877d34d/library/std/src/thread/mod.rs:561:17
[INFO] [stdout]   35:     0x62d5a64e8ae4 - <core::panic::unwind_safe::AssertUnwindSafe<F> as core::ops::function::FnOnce<()>>::call_once::h46696fe4a6832328
[INFO] [stdout]                                at /rustc/202008a1b8de96d2e5b6bc02d379db03a877d34d/library/core/src/panic/unwind_safe.rs:272:9
[INFO] [stdout]   36:     0x62d5a64e8ae4 - std::panicking::try::do_call::h2625a51b667bfb64
[INFO] [stdout]                                at /rustc/202008a1b8de96d2e5b6bc02d379db03a877d34d/library/std/src/panicking.rs:557:40
[INFO] [stdout]   37:     0x62d5a64e8ae4 - std::panicking::try::hb956a59a1973aa4c
[INFO] [stdout]                                at /rustc/202008a1b8de96d2e5b6bc02d379db03a877d34d/library/std/src/panicking.rs:520:19
[INFO] [stdout]   38:     0x62d5a64e8ae4 - std::panic::catch_unwind::h64f3b9d1067ef6a0
[INFO] [stdout]                                at /rustc/202008a1b8de96d2e5b6bc02d379db03a877d34d/library/std/src/panic.rs:358:14
[INFO] [stdout]   39:     0x62d5a64e8ae4 - std::thread::Builder::spawn_unchecked_::{{closure}}::h42b2841295b6c0b2
[INFO] [stdout]                                at /rustc/202008a1b8de96d2e5b6bc02d379db03a877d34d/library/std/src/thread/mod.rs:559:30
[INFO] [stdout]   40:     0x62d5a64e8ae4 - core::ops::function::FnOnce::call_once{{vtable.shim}}::h6127de71b8124639
[INFO] [stdout]                                at /rustc/202008a1b8de96d2e5b6bc02d379db03a877d34d/library/core/src/ops/function.rs:250:5
[INFO] [stdout]   41:     0x62d5a66908ab - <alloc::boxed::Box<F,A> as core::ops::function::FnOnce<Args>>::call_once::h42f0ba71002a1b2c
[INFO] [stdout]                                at /rustc/202008a1b8de96d2e5b6bc02d379db03a877d34d/library/alloc/src/boxed.rs:1972:9
[INFO] [stdout]   42:     0x62d5a66908ab - <alloc::boxed::Box<F,A> as core::ops::function::FnOnce<Args>>::call_once::had9e47d7a3dcecb8
[INFO] [stdout]                                at /rustc/202008a1b8de96d2e5b6bc02d379db03a877d34d/library/alloc/src/boxed.rs:1972:9
[INFO] [stdout]   43:     0x62d5a66908ab - std::sys::pal::unix::thread::Thread::new::thread_start::h48cf765408f6f5f2
[INFO] [stdout]                                at /rustc/202008a1b8de96d2e5b6bc02d379db03a877d34d/library/std/src/sys/pal/unix/thread.rs:105:17
[INFO] [stdout]   44:     0x7a31f0be6ac3 - <unknown>
[INFO] [stdout]   45:     0x7a31f0c77a04 - clone
[INFO] [stdout]   46:                0x0 - <unknown>
[INFO] [stdout] 
[INFO] [stdout] 
[INFO] [stdout] failures:
[INFO] [stdout]     exercise::test::test_clean
[INFO] [stdout]     exercise::test::test_exercise_with_output
[INFO] [stdout] 
[INFO] [stdout] test result: FAILED. 2 passed; 2 failed; 0 ignored; 0 measured; 0 filtered out; finished in 0.20s
[INFO] [stdout] 
[INFO] [stderr] error: test failed, to rerun pass `--bin rustlings`
[INFO] running `Command { std: "docker" "inspect" "ed0bc8c39c71b9940af8ec83e0e8e9ceaedd638ab2743e27ab5c2192c10ef4b6", kill_on_drop: false }`
[INFO] running `Command { std: "docker" "rm" "-f" "ed0bc8c39c71b9940af8ec83e0e8e9ceaedd638ab2743e27ab5c2192c10ef4b6", kill_on_drop: false }`
[INFO] [stdout] ed0bc8c39c71b9940af8ec83e0e8e9ceaedd638ab2743e27ab5c2192c10ef4b6
