[INFO] cloning repository https://github.com/George-Miao/vow
[INFO] running `Command { std: "git" "-c" "credential.helper=" "-c" "credential.helper=/workspace/cargo-home/bin/git-credential-null" "clone" "--bare" "https://github.com/George-Miao/vow" "/workspace/cache/git-repos/https%3A%2F%2Fgithub.com%2FGeorge-Miao%2Fvow", kill_on_drop: false }`
[INFO] [stderr] Cloning into bare repository '/workspace/cache/git-repos/https%3A%2F%2Fgithub.com%2FGeorge-Miao%2Fvow'...
[INFO] running `Command { std: "git" "rev-parse" "HEAD", kill_on_drop: false }`
[INFO] [stdout] 642e4f902f72759307acc789bc1653093efeb8d0
[INFO] testing George-Miao/vow against 1.83.0 for beta-1.84.0-4-retry
[INFO] running `Command { std: "git" "clone" "/workspace/cache/git-repos/https%3A%2F%2Fgithub.com%2FGeorge-Miao%2Fvow" "/workspace/builds/worker-1-tc1/source", kill_on_drop: false }`
[INFO] [stderr] Cloning into '/workspace/builds/worker-1-tc1/source'...
[INFO] [stderr] done.
[INFO] validating manifest of git repo https://github.com/George-Miao/vow on toolchain 1.83.0
[INFO] running `Command { std: CARGO_HOME="/workspace/cargo-home" RUSTUP_HOME="/workspace/rustup-home" "/workspace/cargo-home/bin/cargo" "+1.83.0" "metadata" "--manifest-path" "Cargo.toml" "--no-deps", kill_on_drop: false }`
[INFO] started tweaking git repo https://github.com/George-Miao/vow
[INFO] finished tweaking git repo https://github.com/George-Miao/vow
[INFO] tweaked toml for git repo https://github.com/George-Miao/vow written to /workspace/builds/worker-1-tc1/source/Cargo.toml
[INFO] crate git repo https://github.com/George-Miao/vow already has a lockfile, it will not be regenerated
[INFO] running `Command { std: CARGO_HOME="/workspace/cargo-home" RUSTUP_HOME="/workspace/rustup-home" "/workspace/cargo-home/bin/cargo" "+1.83.0" "fetch" "--manifest-path" "Cargo.toml", kill_on_drop: false }`
[INFO] [stderr] warning: unused manifest key: dependencies.compio-driver.default-feaures
[INFO] [stderr]     Updating crates.io index
[INFO] [stderr]  Downloading crates ...
[INFO] [stderr]   Downloaded os_pipe v1.2.1
[INFO] [stderr]   Downloaded compio-log v0.1.0
[INFO] [stderr]   Downloaded compio-buf v0.5.0
[INFO] [stderr]   Downloaded compio-fs v0.5.1
[INFO] [stderr]   Downloaded compio-io v0.4.1
[INFO] [stderr]   Downloaded mod_use v0.2.1
[INFO] [stderr]   Downloaded basic-toml v0.1.9
[INFO] [stderr]   Downloaded compio-macros v0.1.2
[INFO] [stderr]   Downloaded io-uring v0.6.4
[INFO] [stderr]   Downloaded compio-net v0.5.1
[INFO] [stderr]   Downloaded compio v0.12.0
[INFO] [stderr]   Downloaded compio-signal v0.3.0
[INFO] [stderr]   Downloaded aligned-array v1.0.1
[INFO] [stderr]   Downloaded compio-runtime v0.5.1
[INFO] [stderr]   Downloaded compio-driver v0.5.0
[INFO] running `Command { std: "docker" "create" "-v" "/var/lib/crater-agent-workspace/builds/worker-1-tc1/target:/opt/rustwide/target:rw,Z" "-v" "/var/lib/crater-agent-workspace/builds/worker-1-tc1/source:/opt/rustwide/workdir:ro,Z" "-v" "/var/lib/crater-agent-workspace/cargo-home:/opt/rustwide/cargo-home:ro,Z" "-v" "/var/lib/crater-agent-workspace/rustup-home:/opt/rustwide/rustup-home:ro,Z" "-e" "SOURCE_DIR=/opt/rustwide/workdir" "-e" "CARGO_TARGET_DIR=/opt/rustwide/target" "-e" "CARGO_HOME=/opt/rustwide/cargo-home" "-e" "RUSTUP_HOME=/opt/rustwide/rustup-home" "-w" "/opt/rustwide/workdir" "-m" "1610612736" "--user" "0:0" "--network" "none" "ghcr.io/rust-lang/crates-build-env/linux@sha256:f3a9d4ad9d972b27faf3965f35b62e55ba32bbce8f20bc8fe909558a86702fde" "/opt/rustwide/cargo-home/bin/cargo" "+1.83.0" "metadata" "--no-deps" "--format-version=1", kill_on_drop: false }`
[INFO] [stdout] fce66d1d40bc8c9a4bc0adbac34ead06dc1d46664a9591e944f531cc973aa360
[INFO] running `Command { std: "docker" "start" "-a" "fce66d1d40bc8c9a4bc0adbac34ead06dc1d46664a9591e944f531cc973aa360", kill_on_drop: false }`
[INFO] running `Command { std: "docker" "inspect" "fce66d1d40bc8c9a4bc0adbac34ead06dc1d46664a9591e944f531cc973aa360", kill_on_drop: false }`
[INFO] running `Command { std: "docker" "rm" "-f" "fce66d1d40bc8c9a4bc0adbac34ead06dc1d46664a9591e944f531cc973aa360", kill_on_drop: false }`
[INFO] [stdout] fce66d1d40bc8c9a4bc0adbac34ead06dc1d46664a9591e944f531cc973aa360
[INFO] running `Command { std: "docker" "create" "-v" "/var/lib/crater-agent-workspace/builds/worker-1-tc1/target:/opt/rustwide/target:rw,Z" "-v" "/var/lib/crater-agent-workspace/builds/worker-1-tc1/source:/opt/rustwide/workdir:ro,Z" "-v" "/var/lib/crater-agent-workspace/cargo-home:/opt/rustwide/cargo-home:ro,Z" "-v" "/var/lib/crater-agent-workspace/rustup-home:/opt/rustwide/rustup-home:ro,Z" "-e" "SOURCE_DIR=/opt/rustwide/workdir" "-e" "CARGO_TARGET_DIR=/opt/rustwide/target" "-e" "CARGO_INCREMENTAL=0" "-e" "RUST_BACKTRACE=full" "-e" "RUSTFLAGS=--cap-lints=warn" "-e" "RUSTDOCFLAGS=--cap-lints=warn" "-e" "CARGO_HOME=/opt/rustwide/cargo-home" "-e" "RUSTUP_HOME=/opt/rustwide/rustup-home" "-w" "/opt/rustwide/workdir" "-m" "1610612736" "--user" "0:0" "--network" "none" "ghcr.io/rust-lang/crates-build-env/linux@sha256:f3a9d4ad9d972b27faf3965f35b62e55ba32bbce8f20bc8fe909558a86702fde" "/opt/rustwide/cargo-home/bin/cargo" "+1.83.0" "build" "--frozen" "--message-format=json", kill_on_drop: false }`
[INFO] [stdout] 82d87ab0186c8a86c838d18c4bac90c209d8d3ed371b667677bd95511bc79414
[INFO] running `Command { std: "docker" "start" "-a" "82d87ab0186c8a86c838d18c4bac90c209d8d3ed371b667677bd95511bc79414", kill_on_drop: false }`
[INFO] [stderr] warning: unused manifest key: dependencies.compio-driver.default-feaures
[INFO] [stderr]    Compiling proc-macro2 v1.0.87
[INFO] [stderr]    Compiling serde v1.0.210
[INFO] [stderr]    Compiling serde_json v1.0.128
[INFO] [stderr]    Compiling thiserror v1.0.64
[INFO] [stderr]    Compiling bytes v1.7.2
[INFO] [stderr]    Compiling mod_use v0.2.1
[INFO] [stderr]    Compiling tokio v1.40.0
[INFO] [stderr]    Compiling quote v1.0.37
[INFO] [stderr]    Compiling syn v2.0.79
[INFO] [stderr]    Compiling thiserror-impl v1.0.64
[INFO] [stderr]    Compiling vow v0.1.3 (/opt/rustwide/workdir)
[INFO] [stderr]     Finished `dev` profile [unoptimized + debuginfo] target(s) in 9.80s
[INFO] running `Command { std: "docker" "inspect" "82d87ab0186c8a86c838d18c4bac90c209d8d3ed371b667677bd95511bc79414", kill_on_drop: false }`
[INFO] running `Command { std: "docker" "rm" "-f" "82d87ab0186c8a86c838d18c4bac90c209d8d3ed371b667677bd95511bc79414", kill_on_drop: false }`
[INFO] [stdout] 82d87ab0186c8a86c838d18c4bac90c209d8d3ed371b667677bd95511bc79414
[INFO] running `Command { std: "docker" "create" "-v" "/var/lib/crater-agent-workspace/builds/worker-1-tc1/target:/opt/rustwide/target:rw,Z" "-v" "/var/lib/crater-agent-workspace/builds/worker-1-tc1/source:/opt/rustwide/workdir:ro,Z" "-v" "/var/lib/crater-agent-workspace/cargo-home:/opt/rustwide/cargo-home:ro,Z" "-v" "/var/lib/crater-agent-workspace/rustup-home:/opt/rustwide/rustup-home:ro,Z" "-e" "SOURCE_DIR=/opt/rustwide/workdir" "-e" "CARGO_TARGET_DIR=/opt/rustwide/target" "-e" "CARGO_INCREMENTAL=0" "-e" "RUST_BACKTRACE=full" "-e" "RUSTFLAGS=--cap-lints=warn" "-e" "RUSTDOCFLAGS=--cap-lints=warn" "-e" "CARGO_HOME=/opt/rustwide/cargo-home" "-e" "RUSTUP_HOME=/opt/rustwide/rustup-home" "-w" "/opt/rustwide/workdir" "-m" "1610612736" "--user" "0:0" "--network" "none" "ghcr.io/rust-lang/crates-build-env/linux@sha256:f3a9d4ad9d972b27faf3965f35b62e55ba32bbce8f20bc8fe909558a86702fde" "/opt/rustwide/cargo-home/bin/cargo" "+1.83.0" "test" "--frozen" "--no-run" "--message-format=json", kill_on_drop: false }`
[INFO] [stdout] ec835e6c458a4a6f1b67edce403a61e4f1f441dbb9a23867ffc45dc5f888acc3
[INFO] running `Command { std: "docker" "start" "-a" "ec835e6c458a4a6f1b67edce403a61e4f1f441dbb9a23867ffc45dc5f888acc3", kill_on_drop: false }`
[INFO] [stderr] warning: unused manifest key: dependencies.compio-driver.default-feaures
[INFO] [stderr]    Compiling crossbeam-utils v0.8.20
[INFO] [stderr]    Compiling futures-core v0.3.31
[INFO] [stderr]    Compiling autocfg v1.4.0
[INFO] [stderr]    Compiling libc v0.2.159
[INFO] [stderr]    Compiling tracing-core v0.1.32
[INFO] [stderr]    Compiling parking v2.2.1
[INFO] [stderr]    Compiling arrayvec v0.7.6
[INFO] [stderr]    Compiling futures-task v0.3.31
[INFO] [stderr]    Compiling fastrand v2.1.1
[INFO] [stderr]    Compiling io-uring v0.6.4
[INFO] [stderr]    Compiling futures-io v0.3.31
[INFO] [stderr]    Compiling once_cell v1.20.2
[INFO] [stderr]    Compiling rustix v0.38.37
[INFO] [stderr]    Compiling bitflags v1.3.2
[INFO] [stderr]    Compiling syn v2.0.79
[INFO] [stderr]    Compiling hashbrown v0.15.0
[INFO] [stderr]    Compiling scoped-tls v1.0.1
[INFO] [stderr]    Compiling winnow v0.6.20
[INFO] [stderr]    Compiling serde v1.0.210
[INFO] [stderr]    Compiling syn v1.0.109
[INFO] [stderr]    Compiling toml_datetime v0.6.8
[INFO] [stderr]    Compiling futures-lite v2.3.0
[INFO] [stderr]    Compiling piper v0.2.4
[INFO] [stderr]    Compiling value-bag v1.9.0
[INFO] [stderr]    Compiling event-listener v2.5.3
[INFO] [stderr]    Compiling either v1.13.0
[INFO] [stderr]    Compiling tracing v0.1.40
[INFO] [stderr]    Compiling compio-log v0.1.0
[INFO] [stderr]    Compiling slab v0.4.9
[INFO] [stderr]    Compiling log v0.4.22
[INFO] [stderr]    Compiling indexmap v2.6.0
[INFO] [stderr]    Compiling kv-log-macro v1.0.7
[INFO] [stderr]    Compiling concurrent-queue v2.5.0
[INFO] [stderr]    Compiling crossbeam-queue v0.3.11
[INFO] [stderr]    Compiling crossbeam-channel v0.5.13
[INFO] [stderr]    Compiling compio-buf v0.5.0
[INFO] [stderr]    Compiling socket2 v0.5.7
[INFO] [stderr]    Compiling os_pipe v1.2.1
[INFO] [stderr]    Compiling event-listener v5.3.1
[INFO] [stderr]    Compiling async-channel v1.9.0
[INFO] [stderr]    Compiling async-executor v1.13.1
[INFO] [stderr]    Compiling event-listener-strategy v0.5.2
[INFO] [stderr]    Compiling async-lock v3.4.0
[INFO] [stderr]    Compiling async-channel v2.3.1
[INFO] [stderr]    Compiling blocking v1.6.1
[INFO] [stderr]    Compiling toml_edit v0.22.22
[INFO] [stderr]    Compiling futures-macro v0.3.31
[INFO] [stderr]    Compiling serde_derive v1.0.210
[INFO] [stderr]    Compiling tokio-macros v2.4.0
[INFO] [stderr]    Compiling thiserror-impl v1.0.64
[INFO] [stderr]    Compiling tokio v1.40.0
[INFO] [stderr]    Compiling proc-macro-crate v3.2.0
[INFO] [stderr]    Compiling futures-util v0.3.31
[INFO] [stderr]    Compiling thiserror v1.0.64
[INFO] [stderr]    Compiling compio-macros v0.1.2
[INFO] [stderr]    Compiling async-attributes v1.1.2
[INFO] [stderr]    Compiling polling v3.7.3
[INFO] [stderr]    Compiling async-io v2.3.4
[INFO] [stderr]    Compiling async-global-executor v2.4.1
[INFO] [stderr]    Compiling async-std v1.13.0
[INFO] [stderr]    Compiling compio-driver v0.5.0
[INFO] [stderr]    Compiling compio-io v0.4.1
[INFO] [stderr]    Compiling compio-runtime v0.5.1
[INFO] [stderr]    Compiling compio-net v0.5.1
[INFO] [stderr]    Compiling compio-fs v0.5.1
[INFO] [stderr]    Compiling compio v0.12.0
[INFO] [stderr]    Compiling serde_json v1.0.128
[INFO] [stderr]    Compiling vow v0.1.3 (/opt/rustwide/workdir)
[INFO] [stderr]     Finished `test` profile [unoptimized + debuginfo] target(s) in 34.16s
[INFO] running `Command { std: "docker" "inspect" "ec835e6c458a4a6f1b67edce403a61e4f1f441dbb9a23867ffc45dc5f888acc3", kill_on_drop: false }`
[INFO] running `Command { std: "docker" "rm" "-f" "ec835e6c458a4a6f1b67edce403a61e4f1f441dbb9a23867ffc45dc5f888acc3", kill_on_drop: false }`
[INFO] [stdout] ec835e6c458a4a6f1b67edce403a61e4f1f441dbb9a23867ffc45dc5f888acc3
[INFO] running `Command { std: "docker" "create" "-v" "/var/lib/crater-agent-workspace/builds/worker-1-tc1/target:/opt/rustwide/target:rw,Z" "-v" "/var/lib/crater-agent-workspace/builds/worker-1-tc1/source:/opt/rustwide/workdir:ro,Z" "-v" "/var/lib/crater-agent-workspace/cargo-home:/opt/rustwide/cargo-home:ro,Z" "-v" "/var/lib/crater-agent-workspace/rustup-home:/opt/rustwide/rustup-home:ro,Z" "-e" "SOURCE_DIR=/opt/rustwide/workdir" "-e" "CARGO_TARGET_DIR=/opt/rustwide/target" "-e" "CARGO_INCREMENTAL=0" "-e" "RUST_BACKTRACE=full" "-e" "RUSTFLAGS=--cap-lints=warn" "-e" "RUSTDOCFLAGS=--cap-lints=warn" "-e" "CARGO_HOME=/opt/rustwide/cargo-home" "-e" "RUSTUP_HOME=/opt/rustwide/rustup-home" "-w" "/opt/rustwide/workdir" "-m" "1610612736" "--user" "0:0" "--network" "none" "ghcr.io/rust-lang/crates-build-env/linux@sha256:f3a9d4ad9d972b27faf3965f35b62e55ba32bbce8f20bc8fe909558a86702fde" "/opt/rustwide/cargo-home/bin/cargo" "+1.83.0" "test" "--frozen", kill_on_drop: false }`
[INFO] [stdout] fe440b39c36c91e9c957b76826dd56e28e1d619414c4e06079b52502e9788bed
[INFO] running `Command { std: "docker" "start" "-a" "fe440b39c36c91e9c957b76826dd56e28e1d619414c4e06079b52502e9788bed", kill_on_drop: false }`
[INFO] [stderr] warning: unused manifest key: dependencies.compio-driver.default-feaures
[INFO] [stderr]     Finished `test` profile [unoptimized + debuginfo] target(s) in 0.16s
[INFO] [stderr]      Running unittests src/lib.rs (/opt/rustwide/target/debug/deps/vow-542d5f46a0213d2c)
[INFO] [stdout] 
[INFO] [stdout] running 1 test
[INFO] [stdout] test r#async::tokio::test::test_write ... ok
[INFO] [stdout] 
[INFO] [stdout] test result: ok. 1 passed; 0 failed; 0 ignored; 0 measured; 0 filtered out; finished in 0.01s
[INFO] [stdout] 
[INFO] [stderr]    Doc-tests vow
[INFO] [stdout] 
[INFO] [stdout] running 2 tests
[INFO] [stdout] test src/builder.rs - builder::VowBuilder (line 27) - compile ... FAILED
[INFO] [stdout] test src/../README.md - (line 21) ... FAILED
[INFO] [stdout] 
[INFO] [stdout] failures:
[INFO] [stdout] 
[INFO] [stdout] ---- src/builder.rs - builder::VowBuilder (line 27) stdout ----
[INFO] [stdout] error[E0034]: multiple applicable items in scope
[INFO] [stdout]   --> src/builder.rs:39:23
[INFO] [stdout]    |
[INFO] [stdout] 15 | let vow = VowBuilder::new(file)
[INFO] [stdout]    |                       ^^^ multiple `new` found
[INFO] [stdout]    |
[INFO] [stdout]    = note: candidate #1 is defined in an impl for the type `VowBuilder<vow::marker::Nothing<T>, F, vow::marker::Async, vow::format::Json>`
[INFO] [stdout]    = note: candidate #2 is defined in an impl for the type `VowBuilder<vow::marker::Nothing<T>, F, vow::marker::Blocking, vow::format::Json>`
[INFO] [stdout] 
[INFO] [stdout] error: aborting due to 1 previous error
[INFO] [stdout] 
[INFO] [stdout] For more information about this error, try `rustc --explain E0034`.
[INFO] [stdout] Couldn't compile the test.
[INFO] [stdout] ---- src/../README.md - (line 21) stdout ----
[INFO] [stdout] error[E0599]: no function or associated item named `open_compio` found for struct `vow::VowAsync<_, _>` in the current scope
[INFO] [stdout]   --> src/../README.md:34:30
[INFO] [stdout]    |
[INFO] [stdout] 15 |     let mut data = VowAsync::open_compio("/tmp/data.json")
[INFO] [stdout]    |                              ^^^^^^^^^^^ function or associated item not found in `VowAsync<_, _>`
[INFO] [stdout]    |
[INFO] [stdout] help: there is an associated function `open_tokio` with a similar name
[INFO] [stdout]    |
[INFO] [stdout] 15 |     let mut data = VowAsync::open_tokio("/tmp/data.json")
[INFO] [stdout]    |                              ~~~~~~~~~~
[INFO] [stdout] 
[INFO] [stdout] error: aborting due to 1 previous error
[INFO] [stdout] 
[INFO] [stdout] For more information about this error, try `rustc --explain E0599`.
[INFO] [stdout] Couldn't compile the test.
[INFO] [stdout] 
[INFO] [stdout] failures:
[INFO] [stdout]     src/../README.md - (line 21)
[INFO] [stdout]     src/builder.rs - builder::VowBuilder (line 27)
[INFO] [stdout] 
[INFO] [stdout] test result: FAILED. 0 passed; 2 failed; 0 ignored; 0 measured; 0 filtered out; finished in 0.26s
[INFO] [stdout] 
[INFO] [stderr] error: doctest failed, to rerun pass `--doc`
[INFO] running `Command { std: "docker" "inspect" "fe440b39c36c91e9c957b76826dd56e28e1d619414c4e06079b52502e9788bed", kill_on_drop: false }`
[INFO] running `Command { std: "docker" "rm" "-f" "fe440b39c36c91e9c957b76826dd56e28e1d619414c4e06079b52502e9788bed", kill_on_drop: false }`
[INFO] [stdout] fe440b39c36c91e9c957b76826dd56e28e1d619414c4e06079b52502e9788bed
