[INFO] cloning repository https://github.com/GSmithApps/rustlox2
[INFO] running `Command { std: "git" "-c" "credential.helper=" "-c" "credential.helper=/workspace/cargo-home/bin/git-credential-null" "clone" "--bare" "https://github.com/GSmithApps/rustlox2" "/workspace/cache/git-repos/https%3A%2F%2Fgithub.com%2FGSmithApps%2Frustlox2", kill_on_drop: false }`
[INFO] [stderr] Cloning into bare repository '/workspace/cache/git-repos/https%3A%2F%2Fgithub.com%2FGSmithApps%2Frustlox2'...
[INFO] running `Command { std: "git" "rev-parse" "HEAD", kill_on_drop: false }`
[INFO] [stdout] 39cabb7b164bee029c356b1c01c981a3df212f7c
[INFO] testing GSmithApps/rustlox2 against beta-2024-12-08 for beta-1.84.0-4-retry
[INFO] running `Command { std: "git" "clone" "/workspace/cache/git-repos/https%3A%2F%2Fgithub.com%2FGSmithApps%2Frustlox2" "/workspace/builds/worker-1-tc2/source", kill_on_drop: false }`
[INFO] [stderr] Cloning into '/workspace/builds/worker-1-tc2/source'...
[INFO] [stderr] done.
[INFO] validating manifest of git repo https://github.com/GSmithApps/rustlox2 on toolchain beta-2024-12-08
[INFO] running `Command { std: CARGO_HOME="/workspace/cargo-home" RUSTUP_HOME="/workspace/rustup-home" "/workspace/cargo-home/bin/cargo" "+beta-2024-12-08" "metadata" "--manifest-path" "Cargo.toml" "--no-deps", kill_on_drop: false }`
[INFO] removed /workspace/builds/worker-1-tc2/source/.cargo/config.toml
[INFO] started tweaking git repo https://github.com/GSmithApps/rustlox2
[INFO] finished tweaking git repo https://github.com/GSmithApps/rustlox2
[INFO] tweaked toml for git repo https://github.com/GSmithApps/rustlox2 written to /workspace/builds/worker-1-tc2/source/Cargo.toml
[INFO] crate git repo https://github.com/GSmithApps/rustlox2 already has a lockfile, it will not be regenerated
[INFO] running `Command { std: CARGO_HOME="/workspace/cargo-home" RUSTUP_HOME="/workspace/rustup-home" "/workspace/cargo-home/bin/cargo" "+beta-2024-12-08" "fetch" "--manifest-path" "Cargo.toml", kill_on_drop: false }`
[INFO] [stderr] warning: virtual workspace defaulting to `resolver = "1"` despite one or more workspace members being on edition 2021 which implies `resolver = "2"`
[INFO] [stderr] note: to keep the current resolver, specify `workspace.resolver = "1"` in the workspace root's manifest
[INFO] [stderr] note: to use the edition 2021 resolver, specify `workspace.resolver = "2"` in the workspace root's manifest
[INFO] [stderr] note: for more details see https://doc.rust-lang.org/cargo/reference/resolver.html#resolver-versions
[INFO] running `Command { std: "docker" "create" "-v" "/var/lib/crater-agent-workspace/builds/worker-1-tc2/target:/opt/rustwide/target:rw,Z" "-v" "/var/lib/crater-agent-workspace/builds/worker-1-tc2/source:/opt/rustwide/workdir:ro,Z" "-v" "/var/lib/crater-agent-workspace/cargo-home:/opt/rustwide/cargo-home:ro,Z" "-v" "/var/lib/crater-agent-workspace/rustup-home:/opt/rustwide/rustup-home:ro,Z" "-e" "SOURCE_DIR=/opt/rustwide/workdir" "-e" "CARGO_TARGET_DIR=/opt/rustwide/target" "-e" "CARGO_HOME=/opt/rustwide/cargo-home" "-e" "RUSTUP_HOME=/opt/rustwide/rustup-home" "-w" "/opt/rustwide/workdir" "-m" "1610612736" "--user" "0:0" "--network" "none" "ghcr.io/rust-lang/crates-build-env/linux@sha256:f3a9d4ad9d972b27faf3965f35b62e55ba32bbce8f20bc8fe909558a86702fde" "/opt/rustwide/cargo-home/bin/cargo" "+beta-2024-12-08" "metadata" "--no-deps" "--format-version=1", kill_on_drop: false }`
[INFO] [stdout] ed507ab99a51ef82c317ecdec3af693988bdda30a8c6026a74b49bb39244a82b
[INFO] running `Command { std: "docker" "start" "-a" "ed507ab99a51ef82c317ecdec3af693988bdda30a8c6026a74b49bb39244a82b", kill_on_drop: false }`
[INFO] running `Command { std: "docker" "inspect" "ed507ab99a51ef82c317ecdec3af693988bdda30a8c6026a74b49bb39244a82b", kill_on_drop: false }`
[INFO] running `Command { std: "docker" "rm" "-f" "ed507ab99a51ef82c317ecdec3af693988bdda30a8c6026a74b49bb39244a82b", kill_on_drop: false }`
[INFO] [stdout] ed507ab99a51ef82c317ecdec3af693988bdda30a8c6026a74b49bb39244a82b
[INFO] running `Command { std: "docker" "create" "-v" "/var/lib/crater-agent-workspace/builds/worker-1-tc2/target:/opt/rustwide/target:rw,Z" "-v" "/var/lib/crater-agent-workspace/builds/worker-1-tc2/source:/opt/rustwide/workdir:ro,Z" "-v" "/var/lib/crater-agent-workspace/cargo-home:/opt/rustwide/cargo-home:ro,Z" "-v" "/var/lib/crater-agent-workspace/rustup-home:/opt/rustwide/rustup-home:ro,Z" "-e" "SOURCE_DIR=/opt/rustwide/workdir" "-e" "CARGO_TARGET_DIR=/opt/rustwide/target" "-e" "CARGO_INCREMENTAL=0" "-e" "RUST_BACKTRACE=full" "-e" "RUSTFLAGS=--cap-lints=warn" "-e" "RUSTDOCFLAGS=--cap-lints=warn" "-e" "CARGO_HOME=/opt/rustwide/cargo-home" "-e" "RUSTUP_HOME=/opt/rustwide/rustup-home" "-w" "/opt/rustwide/workdir" "-m" "1610612736" "--user" "0:0" "--network" "none" "ghcr.io/rust-lang/crates-build-env/linux@sha256:f3a9d4ad9d972b27faf3965f35b62e55ba32bbce8f20bc8fe909558a86702fde" "/opt/rustwide/cargo-home/bin/cargo" "+beta-2024-12-08" "build" "--frozen" "--message-format=json", kill_on_drop: false }`
[INFO] [stdout] 6be17a4e13cf1300b4013024aa4810c2e440a20b739996b2b7896d49493e0417
[INFO] running `Command { std: "docker" "start" "-a" "6be17a4e13cf1300b4013024aa4810c2e440a20b739996b2b7896d49493e0417", kill_on_drop: false }`
[INFO] [stderr] warning: virtual workspace defaulting to `resolver = "1"` despite one or more workspace members being on edition 2021 which implies `resolver = "2"`
[INFO] [stderr] note: to keep the current resolver, specify `workspace.resolver = "1"` in the workspace root's manifest
[INFO] [stderr] note: to use the edition 2021 resolver, specify `workspace.resolver = "2"` in the workspace root's manifest
[INFO] [stderr] note: for more details see https://doc.rust-lang.org/cargo/reference/resolver.html#resolver-versions
[INFO] [stderr]    Compiling token v0.1.0 (/opt/rustwide/workdir/token)
[INFO] [stderr]    Compiling utilities v0.1.0 (/opt/rustwide/workdir/utilities)
[INFO] [stderr]    Compiling scanner v0.1.0 (/opt/rustwide/workdir/scanner)
[INFO] [stderr]    Compiling rustlox v0.1.0 (/opt/rustwide/workdir/rustlox)
[INFO] [stderr]     Finished `dev` profile [unoptimized + debuginfo] target(s) in 0.84s
[INFO] running `Command { std: "docker" "inspect" "6be17a4e13cf1300b4013024aa4810c2e440a20b739996b2b7896d49493e0417", kill_on_drop: false }`
[INFO] running `Command { std: "docker" "rm" "-f" "6be17a4e13cf1300b4013024aa4810c2e440a20b739996b2b7896d49493e0417", kill_on_drop: false }`
[INFO] [stdout] 6be17a4e13cf1300b4013024aa4810c2e440a20b739996b2b7896d49493e0417
[INFO] running `Command { std: "docker" "create" "-v" "/var/lib/crater-agent-workspace/builds/worker-1-tc2/target:/opt/rustwide/target:rw,Z" "-v" "/var/lib/crater-agent-workspace/builds/worker-1-tc2/source:/opt/rustwide/workdir:ro,Z" "-v" "/var/lib/crater-agent-workspace/cargo-home:/opt/rustwide/cargo-home:ro,Z" "-v" "/var/lib/crater-agent-workspace/rustup-home:/opt/rustwide/rustup-home:ro,Z" "-e" "SOURCE_DIR=/opt/rustwide/workdir" "-e" "CARGO_TARGET_DIR=/opt/rustwide/target" "-e" "CARGO_INCREMENTAL=0" "-e" "RUST_BACKTRACE=full" "-e" "RUSTFLAGS=--cap-lints=warn" "-e" "RUSTDOCFLAGS=--cap-lints=warn" "-e" "CARGO_HOME=/opt/rustwide/cargo-home" "-e" "RUSTUP_HOME=/opt/rustwide/rustup-home" "-w" "/opt/rustwide/workdir" "-m" "1610612736" "--user" "0:0" "--network" "none" "ghcr.io/rust-lang/crates-build-env/linux@sha256:f3a9d4ad9d972b27faf3965f35b62e55ba32bbce8f20bc8fe909558a86702fde" "/opt/rustwide/cargo-home/bin/cargo" "+beta-2024-12-08" "test" "--frozen" "--no-run" "--message-format=json", kill_on_drop: false }`
[INFO] [stdout] 643a4c8ba3ffef2073f35841a4dccb201fd893b64e2d9641a849f3e27a12af4a
[INFO] running `Command { std: "docker" "start" "-a" "643a4c8ba3ffef2073f35841a4dccb201fd893b64e2d9641a849f3e27a12af4a", kill_on_drop: false }`
[INFO] [stderr] warning: virtual workspace defaulting to `resolver = "1"` despite one or more workspace members being on edition 2021 which implies `resolver = "2"`
[INFO] [stderr] note: to keep the current resolver, specify `workspace.resolver = "1"` in the workspace root's manifest
[INFO] [stderr] note: to use the edition 2021 resolver, specify `workspace.resolver = "2"` in the workspace root's manifest
[INFO] [stderr] note: for more details see https://doc.rust-lang.org/cargo/reference/resolver.html#resolver-versions
[INFO] [stderr]    Compiling rustlox v0.1.0 (/opt/rustwide/workdir/rustlox)
[INFO] [stderr]    Compiling scanner v0.1.0 (/opt/rustwide/workdir/scanner)
[INFO] [stderr]    Compiling token v0.1.0 (/opt/rustwide/workdir/token)
[INFO] [stderr]    Compiling utilities v0.1.0 (/opt/rustwide/workdir/utilities)
[INFO] [stderr]     Finished `test` profile [unoptimized + debuginfo] target(s) in 0.64s
[INFO] running `Command { std: "docker" "inspect" "643a4c8ba3ffef2073f35841a4dccb201fd893b64e2d9641a849f3e27a12af4a", kill_on_drop: false }`
[INFO] running `Command { std: "docker" "rm" "-f" "643a4c8ba3ffef2073f35841a4dccb201fd893b64e2d9641a849f3e27a12af4a", kill_on_drop: false }`
[INFO] [stdout] 643a4c8ba3ffef2073f35841a4dccb201fd893b64e2d9641a849f3e27a12af4a
[INFO] running `Command { std: "docker" "create" "-v" "/var/lib/crater-agent-workspace/builds/worker-1-tc2/target:/opt/rustwide/target:rw,Z" "-v" "/var/lib/crater-agent-workspace/builds/worker-1-tc2/source:/opt/rustwide/workdir:ro,Z" "-v" "/var/lib/crater-agent-workspace/cargo-home:/opt/rustwide/cargo-home:ro,Z" "-v" "/var/lib/crater-agent-workspace/rustup-home:/opt/rustwide/rustup-home:ro,Z" "-e" "SOURCE_DIR=/opt/rustwide/workdir" "-e" "CARGO_TARGET_DIR=/opt/rustwide/target" "-e" "CARGO_INCREMENTAL=0" "-e" "RUST_BACKTRACE=full" "-e" "RUSTFLAGS=--cap-lints=warn" "-e" "RUSTDOCFLAGS=--cap-lints=warn" "-e" "CARGO_HOME=/opt/rustwide/cargo-home" "-e" "RUSTUP_HOME=/opt/rustwide/rustup-home" "-w" "/opt/rustwide/workdir" "-m" "1610612736" "--user" "0:0" "--network" "none" "ghcr.io/rust-lang/crates-build-env/linux@sha256:f3a9d4ad9d972b27faf3965f35b62e55ba32bbce8f20bc8fe909558a86702fde" "/opt/rustwide/cargo-home/bin/cargo" "+beta-2024-12-08" "test" "--frozen", kill_on_drop: false }`
[INFO] [stdout] 862bc2d2dffe9f769453899af40a0feffcb8d2a43135afdc2bb6c1b6130d410e
[INFO] running `Command { std: "docker" "start" "-a" "862bc2d2dffe9f769453899af40a0feffcb8d2a43135afdc2bb6c1b6130d410e", kill_on_drop: false }`
[INFO] [stderr] warning: virtual workspace defaulting to `resolver = "1"` despite one or more workspace members being on edition 2021 which implies `resolver = "2"`
[INFO] [stderr] note: to keep the current resolver, specify `workspace.resolver = "1"` in the workspace root's manifest
[INFO] [stderr] note: to use the edition 2021 resolver, specify `workspace.resolver = "2"` in the workspace root's manifest
[INFO] [stderr] note: for more details see https://doc.rust-lang.org/cargo/reference/resolver.html#resolver-versions
[INFO] [stderr]     Finished `test` profile [unoptimized + debuginfo] target(s) in 0.02s
[INFO] [stderr]      Running unittests src/main.rs (/opt/rustwide/target/debug/deps/rustlox-86d1c9e647912eef)
[INFO] [stdout] 
[INFO] [stdout] running 0 tests
[INFO] [stdout] 
[INFO] [stdout] test result: ok. 0 passed; 0 failed; 0 ignored; 0 measured; 0 filtered out; finished in 0.00s
[INFO] [stdout] 
[INFO] [stderr]      Running unittests src/lib.rs (/opt/rustwide/target/debug/deps/scanner-0947f6e59569afc4)
[INFO] [stdout] 
[INFO] [stdout] running 0 tests
[INFO] [stderr]      Running unittests src/lib.rs (/opt/rustwide/target/debug/deps/token-7fce6e5844f2fa8f)
[INFO] [stdout] 
[INFO] [stdout] test result: ok. 0 passed; 0 failed; 0 ignored; 0 measured; 0 filtered out; finished in 0.00s
[INFO] [stdout] 
[INFO] [stdout] 
[INFO] [stdout] running 0 tests
[INFO] [stdout] 
[INFO] [stdout] test result: ok. 0 passed; 0 failed; 0 ignored; 0 measured; 0 filtered out; finished in 0.00s
[INFO] [stdout] 
[INFO] [stderr]      Running unittests src/lib.rs (/opt/rustwide/target/debug/deps/utilities-09688f9ff8050e25)
[INFO] [stderr]    Doc-tests scanner
[INFO] [stdout] 
[INFO] [stdout] running 1 test
[INFO] [stdout] test print_with_surrounding_box::tests::test_your_function ... ok
[INFO] [stdout] 
[INFO] [stdout] test result: ok. 1 passed; 0 failed; 0 ignored; 0 measured; 0 filtered out; finished in 0.00s
[INFO] [stdout] 
[INFO] [stdout] 
[INFO] [stdout] running 0 tests
[INFO] [stdout] 
[INFO] [stdout] test result: ok. 0 passed; 0 failed; 0 ignored; 0 measured; 0 filtered out; finished in 0.00s
[INFO] [stdout] 
[INFO] [stderr]    Doc-tests token
[INFO] [stdout] 
[INFO] [stdout] running 0 tests
[INFO] [stdout] 
[INFO] [stdout] test result: ok. 0 passed; 0 failed; 0 ignored; 0 measured; 0 filtered out; finished in 0.00s
[INFO] [stdout] 
[INFO] [stderr]    Doc-tests utilities
[INFO] [stdout] 
[INFO] [stdout] running 2 tests
[INFO] [stdout] test utilities/src/print_with_surrounding_box.rs - print_with_surrounding_box::get_surrounding_box (line 43) ... FAILED
[INFO] [stdout] test utilities/src/print_with_surrounding_box.rs - print_with_surrounding_box::print_with_surrounding_box (line 9) ... FAILED
[INFO] [stdout] 
[INFO] [stdout] failures:
[INFO] [stdout] 
[INFO] [stdout] ---- utilities/src/print_with_surrounding_box.rs - print_with_surrounding_box::get_surrounding_box (line 43) stdout ----
[INFO] [stdout] error: unexpected closing delimiter: `)`
[INFO] [stdout]   --> utilities/src/print_with_surrounding_box.rs:53:2
[INFO] [stdout]    |
[INFO] [stdout] 10 | ]);
[INFO] [stdout]    |  ^ unexpected closing delimiter
[INFO] [stdout] 
[INFO] [stdout] error: aborting due to 1 previous error
[INFO] [stdout] 
[INFO] [stdout] Couldn't compile the test.
[INFO] [stdout] ---- utilities/src/print_with_surrounding_box.rs - print_with_surrounding_box::print_with_surrounding_box (line 9) stdout ----
[INFO] [stdout] error[E0425]: cannot find function `print_with_surrounding_box` in this scope
[INFO] [stdout]  --> utilities/src/print_with_surrounding_box.rs:10:1
[INFO] [stdout]   |
[INFO] [stdout] 3 | print_with_surrounding_box(vec![
[INFO] [stdout]   | ^^^^^^^^^^^^^^^^^^^^^^^^^^ not found in this scope
[INFO] [stdout]   |
[INFO] [stdout] help: consider importing this function
[INFO] [stdout]   |
[INFO] [stdout] 2 + use utilities::print_with_surrounding_box::print_with_surrounding_box;
[INFO] [stdout]   |
[INFO] [stdout] 
[INFO] [stdout] error: aborting due to 1 previous error
[INFO] [stdout] 
[INFO] [stdout] For more information about this error, try `rustc --explain E0425`.
[INFO] [stdout] Couldn't compile the test.
[INFO] [stdout] 
[INFO] [stdout] failures:
[INFO] [stdout]     utilities/src/print_with_surrounding_box.rs - print_with_surrounding_box::get_surrounding_box (line 43)
[INFO] [stdout]     utilities/src/print_with_surrounding_box.rs - print_with_surrounding_box::print_with_surrounding_box (line 9)
[INFO] [stdout] 
[INFO] [stdout] test result: FAILED. 0 passed; 2 failed; 0 ignored; 0 measured; 0 filtered out; finished in 0.10s
[INFO] [stdout] 
[INFO] [stderr] error: doctest failed, to rerun pass `-p utilities --doc`
[INFO] running `Command { std: "docker" "inspect" "862bc2d2dffe9f769453899af40a0feffcb8d2a43135afdc2bb6c1b6130d410e", kill_on_drop: false }`
[INFO] running `Command { std: "docker" "rm" "-f" "862bc2d2dffe9f769453899af40a0feffcb8d2a43135afdc2bb6c1b6130d410e", kill_on_drop: false }`
[INFO] [stdout] 862bc2d2dffe9f769453899af40a0feffcb8d2a43135afdc2bb6c1b6130d410e
