[INFO] cloning repository https://github.com/FrauH0lle/dotdeploy-rs
[INFO] running `Command { std: "git" "-c" "credential.helper=" "-c" "credential.helper=/workspace/cargo-home/bin/git-credential-null" "clone" "--bare" "https://github.com/FrauH0lle/dotdeploy-rs" "/workspace/cache/git-repos/https%3A%2F%2Fgithub.com%2FFrauH0lle%2Fdotdeploy-rs", kill_on_drop: false }`
[INFO] [stderr] Cloning into bare repository '/workspace/cache/git-repos/https%3A%2F%2Fgithub.com%2FFrauH0lle%2Fdotdeploy-rs'...
[INFO] running `Command { std: "git" "rev-parse" "HEAD", kill_on_drop: false }`
[INFO] [stdout] ec235a14c780f48970fe296668ff2f2f61252486
[INFO] testing FrauH0lle/dotdeploy-rs against beta-2024-12-08 for beta-1.84.0-4-retry
[INFO] running `Command { std: "git" "clone" "/workspace/cache/git-repos/https%3A%2F%2Fgithub.com%2FFrauH0lle%2Fdotdeploy-rs" "/workspace/builds/worker-1-tc2/source", kill_on_drop: false }`
[INFO] [stderr] Cloning into '/workspace/builds/worker-1-tc2/source'...
[INFO] [stderr] done.
[INFO] validating manifest of git repo https://github.com/FrauH0lle/dotdeploy-rs on toolchain beta-2024-12-08
[INFO] running `Command { std: CARGO_HOME="/workspace/cargo-home" RUSTUP_HOME="/workspace/rustup-home" "/workspace/cargo-home/bin/cargo" "+beta-2024-12-08" "metadata" "--manifest-path" "Cargo.toml" "--no-deps", kill_on_drop: false }`
[INFO] started tweaking git repo https://github.com/FrauH0lle/dotdeploy-rs
[INFO] finished tweaking git repo https://github.com/FrauH0lle/dotdeploy-rs
[INFO] tweaked toml for git repo https://github.com/FrauH0lle/dotdeploy-rs written to /workspace/builds/worker-1-tc2/source/Cargo.toml
[INFO] crate git repo https://github.com/FrauH0lle/dotdeploy-rs already has a lockfile, it will not be regenerated
[INFO] running `Command { std: CARGO_HOME="/workspace/cargo-home" RUSTUP_HOME="/workspace/rustup-home" "/workspace/cargo-home/bin/cargo" "+beta-2024-12-08" "fetch" "--manifest-path" "Cargo.toml", kill_on_drop: false }`
[INFO] running `Command { std: "docker" "create" "-v" "/var/lib/crater-agent-workspace/builds/worker-1-tc2/target:/opt/rustwide/target:rw,Z" "-v" "/var/lib/crater-agent-workspace/builds/worker-1-tc2/source:/opt/rustwide/workdir:ro,Z" "-v" "/var/lib/crater-agent-workspace/cargo-home:/opt/rustwide/cargo-home:ro,Z" "-v" "/var/lib/crater-agent-workspace/rustup-home:/opt/rustwide/rustup-home:ro,Z" "-e" "SOURCE_DIR=/opt/rustwide/workdir" "-e" "CARGO_TARGET_DIR=/opt/rustwide/target" "-e" "CARGO_HOME=/opt/rustwide/cargo-home" "-e" "RUSTUP_HOME=/opt/rustwide/rustup-home" "-w" "/opt/rustwide/workdir" "-m" "1610612736" "--user" "0:0" "--network" "none" "ghcr.io/rust-lang/crates-build-env/linux@sha256:f3a9d4ad9d972b27faf3965f35b62e55ba32bbce8f20bc8fe909558a86702fde" "/opt/rustwide/cargo-home/bin/cargo" "+beta-2024-12-08" "metadata" "--no-deps" "--format-version=1", kill_on_drop: false }`
[INFO] [stdout] 5c2669fde9216d694128bd7fc45dddb59568d521b5cda82189b3e48e8562d998
[INFO] running `Command { std: "docker" "start" "-a" "5c2669fde9216d694128bd7fc45dddb59568d521b5cda82189b3e48e8562d998", kill_on_drop: false }`
[INFO] running `Command { std: "docker" "inspect" "5c2669fde9216d694128bd7fc45dddb59568d521b5cda82189b3e48e8562d998", kill_on_drop: false }`
[INFO] running `Command { std: "docker" "rm" "-f" "5c2669fde9216d694128bd7fc45dddb59568d521b5cda82189b3e48e8562d998", kill_on_drop: false }`
[INFO] [stdout] 5c2669fde9216d694128bd7fc45dddb59568d521b5cda82189b3e48e8562d998
[INFO] running `Command { std: "docker" "create" "-v" "/var/lib/crater-agent-workspace/builds/worker-1-tc2/target:/opt/rustwide/target:rw,Z" "-v" "/var/lib/crater-agent-workspace/builds/worker-1-tc2/source:/opt/rustwide/workdir:ro,Z" "-v" "/var/lib/crater-agent-workspace/cargo-home:/opt/rustwide/cargo-home:ro,Z" "-v" "/var/lib/crater-agent-workspace/rustup-home:/opt/rustwide/rustup-home:ro,Z" "-e" "SOURCE_DIR=/opt/rustwide/workdir" "-e" "CARGO_TARGET_DIR=/opt/rustwide/target" "-e" "CARGO_INCREMENTAL=0" "-e" "RUST_BACKTRACE=full" "-e" "RUSTFLAGS=--cap-lints=warn" "-e" "RUSTDOCFLAGS=--cap-lints=warn" "-e" "CARGO_HOME=/opt/rustwide/cargo-home" "-e" "RUSTUP_HOME=/opt/rustwide/rustup-home" "-w" "/opt/rustwide/workdir" "-m" "1610612736" "--user" "0:0" "--network" "none" "ghcr.io/rust-lang/crates-build-env/linux@sha256:f3a9d4ad9d972b27faf3965f35b62e55ba32bbce8f20bc8fe909558a86702fde" "/opt/rustwide/cargo-home/bin/cargo" "+beta-2024-12-08" "build" "--frozen" "--message-format=json", kill_on_drop: false }`
[INFO] [stdout] c2c3aaf3acfcd9d67db4e4b1181cae495bcdda559db67eea9b9197376478999b
[INFO] running `Command { std: "docker" "start" "-a" "c2c3aaf3acfcd9d67db4e4b1181cae495bcdda559db67eea9b9197376478999b", kill_on_drop: false }`
[INFO] [stderr]    Compiling proc-macro2 v1.0.86
[INFO] [stderr]    Compiling unicode-ident v1.0.13
[INFO] [stderr]    Compiling libc v0.2.159
[INFO] [stderr]    Compiling cfg-if v1.0.0
[INFO] [stderr]    Compiling version_check v0.9.5
[INFO] [stderr]    Compiling autocfg v1.3.0
[INFO] [stderr]    Compiling once_cell v1.19.0
[INFO] [stderr]    Compiling memchr v2.7.4
[INFO] [stderr]    Compiling parking_lot_core v0.9.10
[INFO] [stderr]    Compiling serde v1.0.210
[INFO] [stderr]    Compiling zerocopy v0.7.35
[INFO] [stderr]    Compiling ahash v0.8.11
[INFO] [stderr]    Compiling lock_api v0.4.12
[INFO] [stderr]    Compiling smallvec v1.13.2
[INFO] [stderr]    Compiling thiserror v1.0.64
[INFO] [stderr]    Compiling scopeguard v1.2.0
[INFO] [stderr]    Compiling typenum v1.17.0
[INFO] [stderr]    Compiling generic-array v0.14.7
[INFO] [stderr]    Compiling bitflags v2.6.0
[INFO] [stderr]    Compiling shlex v1.3.0
[INFO] [stderr]    Compiling hashbrown v0.14.5
[INFO] [stderr]    Compiling quote v1.0.37
[INFO] [stderr]    Compiling cc v1.1.21
[INFO] [stderr]    Compiling num-traits v0.2.19
[INFO] [stderr]    Compiling vcpkg v0.2.15
[INFO] [stderr]    Compiling bytes v1.7.2
[INFO] [stderr]    Compiling syn v2.0.77
[INFO] [stderr]    Compiling pkg-config v0.3.31
[INFO] [stderr]    Compiling ucd-trie v0.1.6
[INFO] [stderr]    Compiling pin-project-lite v0.2.14
[INFO] [stderr]    Compiling utf8parse v0.2.2
[INFO] [stderr]    Compiling itoa v1.0.11
[INFO] [stderr]    Compiling rustix v0.38.37
[INFO] [stderr]    Compiling anstyle-parse v0.2.5
[INFO] [stderr]    Compiling time-core v0.1.2
[INFO] [stderr]    Compiling option-ext v0.2.0
[INFO] [stderr]    Compiling equivalent v1.0.1
[INFO] [stderr]    Compiling cfg_aliases v0.2.1
[INFO] [stderr]    Compiling colorchoice v1.0.2
[INFO] [stderr]    Compiling linux-raw-sys v0.4.14
[INFO] [stderr]    Compiling num-conv v0.1.0
[INFO] [stderr]    Compiling serde_json v1.0.128
[INFO] [stderr]    Compiling powerfmt v0.2.0
[INFO] [stderr]    Compiling anstyle v1.0.8
[INFO] [stderr]    Compiling signal-hook-registry v1.4.2
[INFO] [stderr]    Compiling socket2 v0.5.7
[INFO] [stderr]    Compiling mio v1.0.2
[INFO] [stderr]    Compiling parking_lot v0.12.3
[INFO] [stderr]    Compiling libsqlite3-sys v0.28.0
[INFO] [stderr]    Compiling iana-time-zone v0.1.61
[INFO] [stderr]    Compiling anstyle-query v1.1.1
[INFO] [stderr]    Compiling is_terminal_polyfill v1.70.1
[INFO] [stderr]    Compiling anstream v0.6.15
[INFO] [stderr]    Compiling chrono v0.4.38
[INFO] [stderr]    Compiling deranged v0.3.11
[INFO] [stderr]    Compiling num_cpus v1.16.0
[INFO] [stderr]    Compiling dirs-sys v0.4.1
[INFO] [stderr]    Compiling time-macros v0.2.18
[INFO] [stderr]    Compiling block-buffer v0.10.4
[INFO] [stderr]    Compiling crypto-common v0.1.6
[INFO] [stderr]    Compiling nix v0.29.0
[INFO] [stderr]    Compiling indexmap v2.5.0
[INFO] [stderr]    Compiling hashlink v0.9.1
[INFO] [stderr]    Compiling fallible-streaming-iterator v0.1.9
[INFO] [stderr]    Compiling log v0.4.22
[INFO] [stderr]    Compiling regex-automata v0.4.7
[INFO] [stderr]    Compiling ryu v1.0.18
[INFO] [stderr]    Compiling winnow v0.6.20
[INFO] [stderr]    Compiling heck v0.5.0
[INFO] [stderr]    Compiling clap_lex v0.7.2
[INFO] [stderr]    Compiling strsim v0.11.1
[INFO] [stderr]    Compiling anyhow v1.0.89
[INFO] [stderr]    Compiling fallible-iterator v0.3.0
[INFO] [stderr]    Compiling num_threads v0.1.7
[INFO] [stderr]    Compiling time v0.3.36
[INFO] [stderr]    Compiling clap_builder v4.5.18
[INFO] [stderr]    Compiling bstr v1.9.1
[INFO] [stderr]    Compiling digest v0.10.7
[INFO] [stderr]    Compiling dirs v5.0.1
[INFO] [stderr]    Compiling os_str_bytes v6.6.1
[INFO] [stderr]    Compiling termcolor v1.4.1
[INFO] [stderr]    Compiling home v0.5.9
[INFO] [stderr]    Compiling either v1.13.0
[INFO] [stderr]    Compiling serde_derive v1.0.210
[INFO] [stderr]    Compiling thiserror-impl v1.0.64
[INFO] [stderr]    Compiling tokio-macros v2.4.0
[INFO] [stderr]    Compiling clap_derive v4.5.18
[INFO] [stderr]    Compiling fastrand v2.1.1
[INFO] [stderr]    Compiling cpufeatures v0.2.14
[INFO] [stderr]    Compiling sha2 v0.10.8
[INFO] [stderr]    Compiling tokio v1.40.0
[INFO] [stderr]    Compiling tempfile v3.12.0
[INFO] [stderr]    Compiling simplelog v0.12.2
[INFO] [stderr]    Compiling pest v2.7.13
[INFO] [stderr]    Compiling which v6.0.3
[INFO] [stderr]    Compiling shellexpand v3.1.0
[INFO] [stderr]    Compiling lazy_static v1.5.0
[INFO] [stderr]    Compiling clap v4.5.18
[INFO] [stderr]    Compiling pest_meta v2.7.13
[INFO] [stderr]    Compiling pest_generator v2.7.13
[INFO] [stderr]    Compiling pest_derive v2.7.13
[INFO] [stderr]    Compiling toml_datetime v0.6.8
[INFO] [stderr]    Compiling serde_spanned v0.6.8
[INFO] [stderr]    Compiling toml_edit v0.22.22
[INFO] [stderr]    Compiling deadpool-runtime v0.1.4
[INFO] [stderr]    Compiling deadpool v0.12.1
[INFO] [stderr]    Compiling deadpool-sync v0.1.4
[INFO] [stderr]    Compiling handlebars v6.1.0
[INFO] [stderr]    Compiling rusqlite v0.31.0
[INFO] [stderr]    Compiling deadpool-sqlite v0.8.1
[INFO] [stderr]    Compiling toml v0.8.19
[INFO] [stderr]    Compiling dotdeploy v0.1.4 (/opt/rustwide/workdir)
[INFO] [stdout] warning: unnecessary parentheses around type
[INFO] [stdout]   --> src/deploy.rs:28:17
[INFO] [stdout]    |
[INFO] [stdout] 28 |     stores: Arc<(Stores)>,
[INFO] [stdout]    |                 ^      ^
[INFO] [stdout]    |
[INFO] [stdout]    = note: `#[warn(unused_parens)]` on by default
[INFO] [stdout] help: remove these parentheses
[INFO] [stdout]    |
[INFO] [stdout] 28 -     stores: Arc<(Stores)>,
[INFO] [stdout] 28 +     stores: Arc<Stores>,
[INFO] [stdout]    |
[INFO] [stdout] 
[INFO] [stdout] 
[INFO] [stdout] warning: unused import: `crate::store::db::Store`
[INFO] [stdout]   --> src/modules/generate.rs:19:5
[INFO] [stdout]    |
[INFO] [stdout] 19 | use crate::store::db::Store;
[INFO] [stdout]    |     ^^^^^^^^^^^^^^^^^^^^^^^
[INFO] [stdout]    |
[INFO] [stdout]    = note: `#[warn(unused_imports)]` on by default
[INFO] [stdout] 
[INFO] [stdout] 
[INFO] [stdout] warning: unused imports: `Context`, `Result`, `anyhow`, and `bail`
[INFO] [stdout]  --> src/phases2.rs:1:14
[INFO] [stdout]   |
[INFO] [stdout] 1 | use anyhow::{anyhow, bail, Context, Result};
[INFO] [stdout]   |              ^^^^^^  ^^^^  ^^^^^^^  ^^^^^^
[INFO] [stdout] 
[INFO] [stdout] 
[INFO] [stdout] warning: unused imports: `BTreeMap`, `HashMap`, and `VecDeque`
[INFO] [stdout]  --> src/phases2.rs:3:24
[INFO] [stdout]   |
[INFO] [stdout] 3 | use std::collections::{BTreeMap, HashMap, VecDeque};
[INFO] [stdout]   |                        ^^^^^^^^  ^^^^^^^  ^^^^^^^^
[INFO] [stdout] 
[INFO] [stdout] 
[INFO] [stdout] warning: unused import: `std::path::PathBuf`
[INFO] [stdout]  --> src/phases2.rs:4:5
[INFO] [stdout]   |
[INFO] [stdout] 4 | use std::path::PathBuf;
[INFO] [stdout]   |     ^^^^^^^^^^^^^^^^^^
[INFO] [stdout] 
[INFO] [stdout] 
[INFO] [stdout] warning: unused import: `std::sync::atomic::Ordering`
[INFO] [stdout]  --> src/phases2.rs:5:5
[INFO] [stdout]   |
[INFO] [stdout] 5 | use std::sync::atomic::Ordering;
[INFO] [stdout]   |     ^^^^^^^^^^^^^^^^^^^^^^^^^^^
[INFO] [stdout] 
[INFO] [stdout] 
[INFO] [stdout] warning: unused import: `crate::store::Stores`
[INFO] [stdout]  --> src/phases2.rs:7:5
[INFO] [stdout]   |
[INFO] [stdout] 7 | use crate::store::Stores;
[INFO] [stdout]   |     ^^^^^^^^^^^^^^^^^^^^
[INFO] [stdout] 
[INFO] [stdout] 
[INFO] [stdout] warning: unused import: `crate::phases::destination::Destination`
[INFO] [stdout]  --> src/phases2.rs:8:5
[INFO] [stdout]   |
[INFO] [stdout] 8 | use crate::phases::destination::Destination;
[INFO] [stdout]   |     ^^^^^^^^^^^^^^^^^^^^^^^^^^^^^^^^^^^^^^^
[INFO] [stdout] 
[INFO] [stdout] 
[INFO] [stdout] warning: unused imports: `FileOperation` and `ManagedFile`
[INFO] [stdout]  --> src/phases2.rs:9:38
[INFO] [stdout]   |
[INFO] [stdout] 9 | use crate::phases::file_operations::{FileOperation, ManagedFile};
[INFO] [stdout]   |                                      ^^^^^^^^^^^^^  ^^^^^^^^^^^
[INFO] [stdout] 
[INFO] [stdout] 
[INFO] [stdout] warning: unused import: `crate::utils::file_fs`
[INFO] [stdout]   --> src/phases2.rs:10:5
[INFO] [stdout]    |
[INFO] [stdout] 10 | use crate::utils::file_fs;
[INFO] [stdout]    |     ^^^^^^^^^^^^^^^^^^^^^
[INFO] [stdout] 
[INFO] [stdout] 
[INFO] [stdout] warning: unused import: `crate::phases::destination`
[INFO] [stdout]   --> src/phases2.rs:15:5
[INFO] [stdout]    |
[INFO] [stdout] 15 | use crate::phases::destination;
[INFO] [stdout]    |     ^^^^^^^^^^^^^^^^^^^^^^^^^^
[INFO] [stdout] 
[INFO] [stdout] 
[INFO] [stdout] warning: unused import: `crate::phases::file_operations`
[INFO] [stdout]   --> src/phases2.rs:16:5
[INFO] [stdout]    |
[INFO] [stdout] 16 | use crate::phases::file_operations;
[INFO] [stdout]    |     ^^^^^^^^^^^^^^^^^^^^^^^^^^^^^^
[INFO] [stdout] 
[INFO] [stdout] 
[INFO] [stdout] warning: unused import: `AtomicBool`
[INFO] [stdout]  --> src/store.rs:6:25
[INFO] [stdout]   |
[INFO] [stdout] 6 | use std::sync::atomic::{AtomicBool, Ordering};
[INFO] [stdout]   |                         ^^^^^^^^^^
[INFO] [stdout] 
[INFO] [stdout] 
[INFO] [stdout] warning: unused import: `MetadataExt`
[INFO] [stdout]  --> src/store/init.rs:5:25
[INFO] [stdout]   |
[INFO] [stdout] 5 | use std::os::unix::fs::{MetadataExt, PermissionsExt};
[INFO] [stdout]   |                         ^^^^^^^^^^^
[INFO] [stdout] 
[INFO] [stdout] 
[INFO] [stdout] warning: unused import: `OptionalExtension`
[INFO] [stdout]  --> src/store/modules.rs:4:41
[INFO] [stdout]   |
[INFO] [stdout] 4 | use deadpool_sqlite::rusqlite::{params, OptionalExtension};
[INFO] [stdout]   |                                         ^^^^^^^^^^^^^^^^^
[INFO] [stdout] 
[INFO] [stdout] 
[INFO] [stdout] warning: value assigned to `install_cmd` is never read
[INFO] [stdout]   --> src/deploy.rs:85:29
[INFO] [stdout]    |
[INFO] [stdout] 85 |                     let mut install_cmd: VecDeque<String> = VecDeque::new();
[INFO] [stdout]    |                             ^^^^^^^^^^^
[INFO] [stdout]    |
[INFO] [stdout]    = help: maybe it is overwritten before being read?
[INFO] [stdout]    = note: `#[warn(unused_assignments)]` on by default
[INFO] [stdout] 
[INFO] [stdout] 
[INFO] [stdout] warning: value assigned to `remove_cmd` is never read
[INFO] [stdout]    --> src/remove.rs:125:21
[INFO] [stdout]     |
[INFO] [stdout] 125 |             let mut remove_cmd: VecDeque<String> = VecDeque::new();
[INFO] [stdout]     |                     ^^^^^^^^^^
[INFO] [stdout]     |
[INFO] [stdout]     = help: maybe it is overwritten before being read?
[INFO] [stdout] 
[INFO] [stdout] 
[INFO] [stdout] warning: methods `run` and `set_permissions` are never used
[INFO] [stdout]    --> src/phases/file_operations.rs:63:14
[INFO] [stdout]     |
[INFO] [stdout] 49  | impl FileOperation {
[INFO] [stdout]     | ------------------ methods in this implementation
[INFO] [stdout] ...
[INFO] [stdout] 63  |     async fn run(&self, context: &Value, hb: &Handlebars<'static>) -> Result<()> {
[INFO] [stdout]     |              ^^^
[INFO] [stdout] ...
[INFO] [stdout] 123 |     async fn set_permissions(
[INFO] [stdout]     |              ^^^^^^^^^^^^^^^
[INFO] [stdout]     |
[INFO] [stdout]     = note: `#[warn(dead_code)]` on by default
[INFO] [stdout] 
[INFO] [stdout] 
[INFO] [stdout] warning: methods `get_destination_checksum`, `get_all_checksums`, `get_all_src_checksums`, and `get_all_dest_checksums` are never used
[INFO] [stdout]    --> src/store/checksums.rs:110:25
[INFO] [stdout]     |
[INFO] [stdout] 18  | impl db::Store {
[INFO] [stdout]     | -------------- methods in this implementation
[INFO] [stdout] ...
[INFO] [stdout] 110 |     pub(crate) async fn get_destination_checksum<P: AsRef<Path>>(
[INFO] [stdout]     |                         ^^^^^^^^^^^^^^^^^^^^^^^^
[INFO] [stdout] ...
[INFO] [stdout] 132 |     async fn get_all_checksums(
[INFO] [stdout]     |              ^^^^^^^^^^^^^^^^^
[INFO] [stdout] ...
[INFO] [stdout] 195 |     pub(crate) async fn get_all_src_checksums(
[INFO] [stdout]     |                         ^^^^^^^^^^^^^^^^^^^^^
[INFO] [stdout] ...
[INFO] [stdout] 209 |     pub(crate) async fn get_all_dest_checksums(
[INFO] [stdout]     |                         ^^^^^^^^^^^^^^^^^^^^^^
[INFO] [stdout] 
[INFO] [stdout] 
[INFO] [stdout] warning: variant `InvalidQueryResult` is never constructed
[INFO] [stdout]   --> src/store/errors.rs:28:5
[INFO] [stdout]    |
[INFO] [stdout] 9  | pub(crate) enum SQLiteError {
[INFO] [stdout]    |                 ----------- variant in this enum
[INFO] [stdout] ...
[INFO] [stdout] 28 |     InvalidQueryResult,
[INFO] [stdout]    |     ^^^^^^^^^^^^^^^^^^
[INFO] [stdout]    |
[INFO] [stdout]    = note: `SQLiteError` has a derived impl for the trait `Debug`, but this is intentionally ignored during dead code analysis
[INFO] [stdout] 
[INFO] [stdout] 
[INFO] [stdout] warning: method `get_file` is never used
[INFO] [stdout]   --> src/store/files.rs:45:25
[INFO] [stdout]    |
[INFO] [stdout] 35 | impl db::Store {
[INFO] [stdout]    | -------------- method in this implementation
[INFO] [stdout] ...
[INFO] [stdout] 45 |     pub(crate) async fn get_file<P: AsRef<Path>>(
[INFO] [stdout]    |                         ^^^^^^^^
[INFO] [stdout] 
[INFO] [stdout] 
[INFO] [stdout] warning: method `get_module` is never used
[INFO] [stdout]   --> src/store/modules.rs:90:25
[INFO] [stdout]    |
[INFO] [stdout] 26 | impl db::Store {
[INFO] [stdout]    | -------------- method in this implementation
[INFO] [stdout] ...
[INFO] [stdout] 90 |     pub(crate) async fn get_module<S: AsRef<str>>(
[INFO] [stdout]    |                         ^^^^^^^^^^
[INFO] [stdout] 
[INFO] [stdout] 
[INFO] [stderr]     Finished `dev` profile [unoptimized + debuginfo] target(s) in 1m 56s
[INFO] running `Command { std: "docker" "inspect" "c2c3aaf3acfcd9d67db4e4b1181cae495bcdda559db67eea9b9197376478999b", kill_on_drop: false }`
[INFO] running `Command { std: "docker" "rm" "-f" "c2c3aaf3acfcd9d67db4e4b1181cae495bcdda559db67eea9b9197376478999b", kill_on_drop: false }`
[INFO] [stdout] c2c3aaf3acfcd9d67db4e4b1181cae495bcdda559db67eea9b9197376478999b
[INFO] running `Command { std: "docker" "create" "-v" "/var/lib/crater-agent-workspace/builds/worker-1-tc2/target:/opt/rustwide/target:rw,Z" "-v" "/var/lib/crater-agent-workspace/builds/worker-1-tc2/source:/opt/rustwide/workdir:ro,Z" "-v" "/var/lib/crater-agent-workspace/cargo-home:/opt/rustwide/cargo-home:ro,Z" "-v" "/var/lib/crater-agent-workspace/rustup-home:/opt/rustwide/rustup-home:ro,Z" "-e" "SOURCE_DIR=/opt/rustwide/workdir" "-e" "CARGO_TARGET_DIR=/opt/rustwide/target" "-e" "CARGO_INCREMENTAL=0" "-e" "RUST_BACKTRACE=full" "-e" "RUSTFLAGS=--cap-lints=warn" "-e" "RUSTDOCFLAGS=--cap-lints=warn" "-e" "CARGO_HOME=/opt/rustwide/cargo-home" "-e" "RUSTUP_HOME=/opt/rustwide/rustup-home" "-w" "/opt/rustwide/workdir" "-m" "1610612736" "--user" "0:0" "--network" "none" "ghcr.io/rust-lang/crates-build-env/linux@sha256:f3a9d4ad9d972b27faf3965f35b62e55ba32bbce8f20bc8fe909558a86702fde" "/opt/rustwide/cargo-home/bin/cargo" "+beta-2024-12-08" "test" "--frozen" "--no-run" "--message-format=json", kill_on_drop: false }`
[INFO] [stdout] 38f3b663ef1234df95d8e4a009bf4651ff346fc8d5be1887151b72f463d928e1
[INFO] running `Command { std: "docker" "start" "-a" "38f3b663ef1234df95d8e4a009bf4651ff346fc8d5be1887151b72f463d928e1", kill_on_drop: false }`
[INFO] [stderr]    Compiling dotdeploy v0.1.4 (/opt/rustwide/workdir)
[INFO] [stdout] warning: unnecessary parentheses around type
[INFO] [stdout]   --> src/deploy.rs:28:17
[INFO] [stdout]    |
[INFO] [stdout] 28 |     stores: Arc<(Stores)>,
[INFO] [stdout]    |                 ^      ^
[INFO] [stdout]    |
[INFO] [stdout]    = note: `#[warn(unused_parens)]` on by default
[INFO] [stdout] help: remove these parentheses
[INFO] [stdout]    |
[INFO] [stdout] 28 -     stores: Arc<(Stores)>,
[INFO] [stdout] 28 +     stores: Arc<Stores>,
[INFO] [stdout]    |
[INFO] [stdout] 
[INFO] [stdout] 
[INFO] [stdout] warning: unused import: `crate::store::db::Store`
[INFO] [stdout]   --> src/modules/generate.rs:19:5
[INFO] [stdout]    |
[INFO] [stdout] 19 | use crate::store::db::Store;
[INFO] [stdout]    |     ^^^^^^^^^^^^^^^^^^^^^^^
[INFO] [stdout]    |
[INFO] [stdout]    = note: `#[warn(unused_imports)]` on by default
[INFO] [stdout] 
[INFO] [stdout] 
[INFO] [stdout] warning: unused imports: `Context`, `Result`, `anyhow`, and `bail`
[INFO] [stdout]  --> src/phases2.rs:1:14
[INFO] [stdout]   |
[INFO] [stdout] 1 | use anyhow::{anyhow, bail, Context, Result};
[INFO] [stdout]   |              ^^^^^^  ^^^^  ^^^^^^^  ^^^^^^
[INFO] [stdout] 
[INFO] [stdout] 
[INFO] [stdout] warning: unused imports: `BTreeMap`, `HashMap`, and `VecDeque`
[INFO] [stdout]  --> src/phases2.rs:3:24
[INFO] [stdout]   |
[INFO] [stdout] 3 | use std::collections::{BTreeMap, HashMap, VecDeque};
[INFO] [stdout]   |                        ^^^^^^^^  ^^^^^^^  ^^^^^^^^
[INFO] [stdout] 
[INFO] [stdout] 
[INFO] [stdout] warning: unused import: `std::path::PathBuf`
[INFO] [stdout]  --> src/phases2.rs:4:5
[INFO] [stdout]   |
[INFO] [stdout] 4 | use std::path::PathBuf;
[INFO] [stdout]   |     ^^^^^^^^^^^^^^^^^^
[INFO] [stdout] 
[INFO] [stdout] 
[INFO] [stdout] warning: unused import: `std::sync::atomic::Ordering`
[INFO] [stdout]  --> src/phases2.rs:5:5
[INFO] [stdout]   |
[INFO] [stdout] 5 | use std::sync::atomic::Ordering;
[INFO] [stdout]   |     ^^^^^^^^^^^^^^^^^^^^^^^^^^^
[INFO] [stdout] 
[INFO] [stdout] 
[INFO] [stdout] warning: unused import: `crate::store::Stores`
[INFO] [stdout]  --> src/phases2.rs:7:5
[INFO] [stdout]   |
[INFO] [stdout] 7 | use crate::store::Stores;
[INFO] [stdout]   |     ^^^^^^^^^^^^^^^^^^^^
[INFO] [stdout] 
[INFO] [stdout] 
[INFO] [stdout] warning: unused import: `crate::phases::destination::Destination`
[INFO] [stdout]  --> src/phases2.rs:8:5
[INFO] [stdout]   |
[INFO] [stdout] 8 | use crate::phases::destination::Destination;
[INFO] [stdout]   |     ^^^^^^^^^^^^^^^^^^^^^^^^^^^^^^^^^^^^^^^
[INFO] [stdout] 
[INFO] [stdout] 
[INFO] [stdout] warning: unused imports: `FileOperation` and `ManagedFile`
[INFO] [stdout]  --> src/phases2.rs:9:38
[INFO] [stdout]   |
[INFO] [stdout] 9 | use crate::phases::file_operations::{FileOperation, ManagedFile};
[INFO] [stdout]   |                                      ^^^^^^^^^^^^^  ^^^^^^^^^^^
[INFO] [stdout] 
[INFO] [stdout] 
[INFO] [stdout] warning: unused import: `crate::utils::file_fs`
[INFO] [stdout]   --> src/phases2.rs:10:5
[INFO] [stdout]    |
[INFO] [stdout] 10 | use crate::utils::file_fs;
[INFO] [stdout]    |     ^^^^^^^^^^^^^^^^^^^^^
[INFO] [stdout] 
[INFO] [stdout] 
[INFO] [stdout] warning: unused import: `crate::phases::destination`
[INFO] [stdout]   --> src/phases2.rs:15:5
[INFO] [stdout]    |
[INFO] [stdout] 15 | use crate::phases::destination;
[INFO] [stdout]    |     ^^^^^^^^^^^^^^^^^^^^^^^^^^
[INFO] [stdout] 
[INFO] [stdout] 
[INFO] [stdout] warning: unused import: `crate::phases::file_operations`
[INFO] [stdout]   --> src/phases2.rs:16:5
[INFO] [stdout]    |
[INFO] [stdout] 16 | use crate::phases::file_operations;
[INFO] [stdout]    |     ^^^^^^^^^^^^^^^^^^^^^^^^^^^^^^
[INFO] [stdout] 
[INFO] [stdout] 
[INFO] [stdout] warning: unused import: `AtomicBool`
[INFO] [stdout]  --> src/store.rs:6:25
[INFO] [stdout]   |
[INFO] [stdout] 6 | use std::sync::atomic::{AtomicBool, Ordering};
[INFO] [stdout]   |                         ^^^^^^^^^^
[INFO] [stdout] 
[INFO] [stdout] 
[INFO] [stdout] warning: unused import: `MetadataExt`
[INFO] [stdout]  --> src/store/init.rs:5:25
[INFO] [stdout]   |
[INFO] [stdout] 5 | use std::os::unix::fs::{MetadataExt, PermissionsExt};
[INFO] [stdout]   |                         ^^^^^^^^^^^
[INFO] [stdout] 
[INFO] [stdout] 
[INFO] [stdout] warning: unused import: `OptionalExtension`
[INFO] [stdout]  --> src/store/modules.rs:4:41
[INFO] [stdout]   |
[INFO] [stdout] 4 | use deadpool_sqlite::rusqlite::{params, OptionalExtension};
[INFO] [stdout]   |                                         ^^^^^^^^^^^^^^^^^
[INFO] [stdout] 
[INFO] [stdout] 
[INFO] [stdout] warning: value assigned to `install_cmd` is never read
[INFO] [stdout]   --> src/deploy.rs:85:29
[INFO] [stdout]    |
[INFO] [stdout] 85 |                     let mut install_cmd: VecDeque<String> = VecDeque::new();
[INFO] [stdout]    |                             ^^^^^^^^^^^
[INFO] [stdout]    |
[INFO] [stdout]    = help: maybe it is overwritten before being read?
[INFO] [stdout]    = note: `#[warn(unused_assignments)]` on by default
[INFO] [stdout] 
[INFO] [stdout] 
[INFO] [stdout] warning: value assigned to `remove_cmd` is never read
[INFO] [stdout]    --> src/remove.rs:125:21
[INFO] [stdout]     |
[INFO] [stdout] 125 |             let mut remove_cmd: VecDeque<String> = VecDeque::new();
[INFO] [stdout]     |                     ^^^^^^^^^^
[INFO] [stdout]     |
[INFO] [stdout]     = help: maybe it is overwritten before being read?
[INFO] [stdout] 
[INFO] [stdout] 
[INFO] [stdout] warning: methods `run` and `set_permissions` are never used
[INFO] [stdout]    --> src/phases/file_operations.rs:63:14
[INFO] [stdout]     |
[INFO] [stdout] 49  | impl FileOperation {
[INFO] [stdout]     | ------------------ methods in this implementation
[INFO] [stdout] ...
[INFO] [stdout] 63  |     async fn run(&self, context: &Value, hb: &Handlebars<'static>) -> Result<()> {
[INFO] [stdout]     |              ^^^
[INFO] [stdout] ...
[INFO] [stdout] 123 |     async fn set_permissions(
[INFO] [stdout]     |              ^^^^^^^^^^^^^^^
[INFO] [stdout]     |
[INFO] [stdout]     = note: `#[warn(dead_code)]` on by default
[INFO] [stdout] 
[INFO] [stdout] 
[INFO] [stdout] warning: variant `InvalidQueryResult` is never constructed
[INFO] [stdout]   --> src/store/errors.rs:28:5
[INFO] [stdout]    |
[INFO] [stdout] 9  | pub(crate) enum SQLiteError {
[INFO] [stdout]    |                 ----------- variant in this enum
[INFO] [stdout] ...
[INFO] [stdout] 28 |     InvalidQueryResult,
[INFO] [stdout]    |     ^^^^^^^^^^^^^^^^^^
[INFO] [stdout]    |
[INFO] [stdout]    = note: `SQLiteError` has a derived impl for the trait `Debug`, but this is intentionally ignored during dead code analysis
[INFO] [stdout] 
[INFO] [stdout] 
[INFO] [stdout] warning: method `get_module` is never used
[INFO] [stdout]   --> src/store/modules.rs:90:25
[INFO] [stdout]    |
[INFO] [stdout] 26 | impl db::Store {
[INFO] [stdout]    | -------------- method in this implementation
[INFO] [stdout] ...
[INFO] [stdout] 90 |     pub(crate) async fn get_module<S: AsRef<str>>(
[INFO] [stdout]    |                         ^^^^^^^^^^
[INFO] [stdout] 
[INFO] [stdout] 
[INFO] [stderr]     Finished `test` profile [unoptimized + debuginfo] target(s) in 20.71s
[INFO] running `Command { std: "docker" "inspect" "38f3b663ef1234df95d8e4a009bf4651ff346fc8d5be1887151b72f463d928e1", kill_on_drop: false }`
[INFO] running `Command { std: "docker" "rm" "-f" "38f3b663ef1234df95d8e4a009bf4651ff346fc8d5be1887151b72f463d928e1", kill_on_drop: false }`
[INFO] [stdout] 38f3b663ef1234df95d8e4a009bf4651ff346fc8d5be1887151b72f463d928e1
[INFO] running `Command { std: "docker" "create" "-v" "/var/lib/crater-agent-workspace/builds/worker-1-tc2/target:/opt/rustwide/target:rw,Z" "-v" "/var/lib/crater-agent-workspace/builds/worker-1-tc2/source:/opt/rustwide/workdir:ro,Z" "-v" "/var/lib/crater-agent-workspace/cargo-home:/opt/rustwide/cargo-home:ro,Z" "-v" "/var/lib/crater-agent-workspace/rustup-home:/opt/rustwide/rustup-home:ro,Z" "-e" "SOURCE_DIR=/opt/rustwide/workdir" "-e" "CARGO_TARGET_DIR=/opt/rustwide/target" "-e" "CARGO_INCREMENTAL=0" "-e" "RUST_BACKTRACE=full" "-e" "RUSTFLAGS=--cap-lints=warn" "-e" "RUSTDOCFLAGS=--cap-lints=warn" "-e" "CARGO_HOME=/opt/rustwide/cargo-home" "-e" "RUSTUP_HOME=/opt/rustwide/rustup-home" "-w" "/opt/rustwide/workdir" "-m" "1610612736" "--user" "0:0" "--network" "none" "ghcr.io/rust-lang/crates-build-env/linux@sha256:f3a9d4ad9d972b27faf3965f35b62e55ba32bbce8f20bc8fe909558a86702fde" "/opt/rustwide/cargo-home/bin/cargo" "+beta-2024-12-08" "test" "--frozen", kill_on_drop: false }`
[INFO] [stdout] 950820fa17956377e67cc0742fc6bcb8d8c713145ee30dccc5a9501b4ca0ca9b
[INFO] running `Command { std: "docker" "start" "-a" "950820fa17956377e67cc0742fc6bcb8d8c713145ee30dccc5a9501b4ca0ca9b", kill_on_drop: false }`
[INFO] [stderr] warning: unnecessary parentheses around type
[INFO] [stderr]   --> src/deploy.rs:28:17
[INFO] [stderr]    |
[INFO] [stderr] 28 |     stores: Arc<(Stores)>,
[INFO] [stderr]    |                 ^      ^
[INFO] [stderr]    |
[INFO] [stderr]    = note: `#[warn(unused_parens)]` on by default
[INFO] [stderr] help: remove these parentheses
[INFO] [stderr]    |
[INFO] [stderr] 28 -     stores: Arc<(Stores)>,
[INFO] [stderr] 28 +     stores: Arc<Stores>,
[INFO] [stderr]    |
[INFO] [stderr] 
[INFO] [stderr] warning: unused import: `crate::store::db::Store`
[INFO] [stderr]   --> src/modules/generate.rs:19:5
[INFO] [stderr]    |
[INFO] [stderr] 19 | use crate::store::db::Store;
[INFO] [stderr]    |     ^^^^^^^^^^^^^^^^^^^^^^^
[INFO] [stderr]    |
[INFO] [stderr]    = note: `#[warn(unused_imports)]` on by default
[INFO] [stderr] 
[INFO] [stderr] warning: unused imports: `Context`, `Result`, `anyhow`, and `bail`
[INFO] [stderr]  --> src/phases2.rs:1:14
[INFO] [stderr]   |
[INFO] [stderr] 1 | use anyhow::{anyhow, bail, Context, Result};
[INFO] [stderr]   |              ^^^^^^  ^^^^  ^^^^^^^  ^^^^^^
[INFO] [stderr] 
[INFO] [stderr] warning: unused imports: `BTreeMap`, `HashMap`, and `VecDeque`
[INFO] [stderr]  --> src/phases2.rs:3:24
[INFO] [stderr]   |
[INFO] [stderr] 3 | use std::collections::{BTreeMap, HashMap, VecDeque};
[INFO] [stderr]   |                        ^^^^^^^^  ^^^^^^^  ^^^^^^^^
[INFO] [stderr] 
[INFO] [stderr] warning: unused import: `std::path::PathBuf`
[INFO] [stderr]  --> src/phases2.rs:4:5
[INFO] [stderr]   |
[INFO] [stderr] 4 | use std::path::PathBuf;
[INFO] [stderr]   |     ^^^^^^^^^^^^^^^^^^
[INFO] [stderr] 
[INFO] [stderr] warning: unused import: `std::sync::atomic::Ordering`
[INFO] [stderr]  --> src/phases2.rs:5:5
[INFO] [stderr]   |
[INFO] [stderr] 5 | use std::sync::atomic::Ordering;
[INFO] [stderr]   |     ^^^^^^^^^^^^^^^^^^^^^^^^^^^
[INFO] [stderr] 
[INFO] [stderr] warning: unused import: `crate::store::Stores`
[INFO] [stderr]  --> src/phases2.rs:7:5
[INFO] [stderr]   |
[INFO] [stderr] 7 | use crate::store::Stores;
[INFO] [stderr]   |     ^^^^^^^^^^^^^^^^^^^^
[INFO] [stderr] 
[INFO] [stderr] warning: unused import: `crate::phases::destination::Destination`
[INFO] [stderr]  --> src/phases2.rs:8:5
[INFO] [stderr]   |
[INFO] [stderr] 8 | use crate::phases::destination::Destination;
[INFO] [stderr]   |     ^^^^^^^^^^^^^^^^^^^^^^^^^^^^^^^^^^^^^^^
[INFO] [stderr] 
[INFO] [stderr] warning: unused imports: `FileOperation` and `ManagedFile`
[INFO] [stderr]  --> src/phases2.rs:9:38
[INFO] [stderr]   |
[INFO] [stderr] 9 | use crate::phases::file_operations::{FileOperation, ManagedFile};
[INFO] [stderr]   |                                      ^^^^^^^^^^^^^  ^^^^^^^^^^^
[INFO] [stderr] 
[INFO] [stderr] warning: unused import: `crate::utils::file_fs`
[INFO] [stderr]   --> src/phases2.rs:10:5
[INFO] [stderr]    |
[INFO] [stderr] 10 | use crate::utils::file_fs;
[INFO] [stderr]    |     ^^^^^^^^^^^^^^^^^^^^^
[INFO] [stderr] 
[INFO] [stderr] warning: unused import: `crate::phases::destination`
[INFO] [stderr]   --> src/phases2.rs:15:5
[INFO] [stderr]    |
[INFO] [stderr] 15 | use crate::phases::destination;
[INFO] [stderr]    |     ^^^^^^^^^^^^^^^^^^^^^^^^^^
[INFO] [stderr] 
[INFO] [stderr] warning: unused import: `crate::phases::file_operations`
[INFO] [stderr]   --> src/phases2.rs:16:5
[INFO] [stderr]    |
[INFO] [stderr] 16 | use crate::phases::file_operations;
[INFO] [stderr]    |     ^^^^^^^^^^^^^^^^^^^^^^^^^^^^^^
[INFO] [stderr] 
[INFO] [stderr] warning: unused import: `AtomicBool`
[INFO] [stderr]  --> src/store.rs:6:25
[INFO] [stderr]   |
[INFO] [stderr] 6 | use std::sync::atomic::{AtomicBool, Ordering};
[INFO] [stderr]   |                         ^^^^^^^^^^
[INFO] [stderr] 
[INFO] [stderr] warning: unused import: `MetadataExt`
[INFO] [stderr]  --> src/store/init.rs:5:25
[INFO] [stderr]   |
[INFO] [stderr] 5 | use std::os::unix::fs::{MetadataExt, PermissionsExt};
[INFO] [stderr]   |                         ^^^^^^^^^^^
[INFO] [stderr] 
[INFO] [stderr] warning: unused import: `OptionalExtension`
[INFO] [stderr]  --> src/store/modules.rs:4:41
[INFO] [stderr]   |
[INFO] [stderr] 4 | use deadpool_sqlite::rusqlite::{params, OptionalExtension};
[INFO] [stderr]   |                                         ^^^^^^^^^^^^^^^^^
[INFO] [stderr] 
[INFO] [stderr] warning: value assigned to `install_cmd` is never read
[INFO] [stderr]   --> src/deploy.rs:85:29
[INFO] [stderr]    |
[INFO] [stderr] 85 |                     let mut install_cmd: VecDeque<String> = VecDeque::new();
[INFO] [stderr]    |                             ^^^^^^^^^^^
[INFO] [stderr]    |
[INFO] [stderr]    = help: maybe it is overwritten before being read?
[INFO] [stderr]    = note: `#[warn(unused_assignments)]` on by default
[INFO] [stderr] 
[INFO] [stderr] warning: value assigned to `remove_cmd` is never read
[INFO] [stderr]    --> src/remove.rs:125:21
[INFO] [stderr]     |
[INFO] [stderr] 125 |             let mut remove_cmd: VecDeque<String> = VecDeque::new();
[INFO] [stderr]     |                     ^^^^^^^^^^
[INFO] [stderr]     |
[INFO] [stderr]     = help: maybe it is overwritten before being read?
[INFO] [stderr] 
[INFO] [stderr] warning: methods `run` and `set_permissions` are never used
[INFO] [stderr]    --> src/phases/file_operations.rs:63:14
[INFO] [stderr]     |
[INFO] [stderr] 49  | impl FileOperation {
[INFO] [stderr]     | ------------------ methods in this implementation
[INFO] [stderr] ...
[INFO] [stderr] 63  |     async fn run(&self, context: &Value, hb: &Handlebars<'static>) -> Result<()> {
[INFO] [stderr]     |              ^^^
[INFO] [stderr] ...
[INFO] [stderr] 123 |     async fn set_permissions(
[INFO] [stderr]     |              ^^^^^^^^^^^^^^^
[INFO] [stderr]     |
[INFO] [stderr]     = note: `#[warn(dead_code)]` on by default
[INFO] [stderr] 
[INFO] [stderr] warning: variant `InvalidQueryResult` is never constructed
[INFO] [stderr]   --> src/store/errors.rs:28:5
[INFO] [stderr]    |
[INFO] [stderr] 9  | pub(crate) enum SQLiteError {
[INFO] [stderr]    |                 ----------- variant in this enum
[INFO] [stderr] ...
[INFO] [stderr] 28 |     InvalidQueryResult,
[INFO] [stderr]    |     ^^^^^^^^^^^^^^^^^^
[INFO] [stderr]    |
[INFO] [stderr]    = note: `SQLiteError` has a derived impl for the trait `Debug`, but this is intentionally ignored during dead code analysis
[INFO] [stderr] 
[INFO] [stderr] warning: method `get_module` is never used
[INFO] [stderr]   --> src/store/modules.rs:90:25
[INFO] [stderr]    |
[INFO] [stderr] 26 | impl db::Store {
[INFO] [stderr]    | -------------- method in this implementation
[INFO] [stderr] ...
[INFO] [stderr] 90 |     pub(crate) async fn get_module<S: AsRef<str>>(
[INFO] [stderr]    |                         ^^^^^^^^^^
[INFO] [stderr] 
[INFO] [stderr] warning: `dotdeploy` (bin "dotdeploy" test) generated 20 warnings (run `cargo fix --bin "dotdeploy" --tests` to apply 15 suggestions)
[INFO] [stderr]     Finished `test` profile [unoptimized + debuginfo] target(s) in 0.27s
[INFO] [stderr]      Running unittests src/main.rs (/opt/rustwide/target/debug/deps/dotdeploy-c375aff98a4f2fa1)
[INFO] [stdout] 
[INFO] [stdout] running 43 tests
[INFO] [stdout] test modules::conditional::tests::test_eval_condition_wrapper ... ok
[INFO] [stdout] test config::tests::test_create_config_with_file ... ok
[INFO] [stdout] test config::tests::test_create_config_with_custom_paths ... ok
[INFO] [stdout] test modules::conditional::tests::test_eval_conditional_vec ... ok
[INFO] [stdout] test config::tests::test_create_config_no_file ... ok
[INFO] [stdout] test modules::conditional::tests::test_eval_condition ... ok
[INFO] [stdout] test modules::conditional::tests::test_eval_conditional_map ... ok
[INFO] [stdout] test modules::conditional::tests::test_eval_conditional_nested_map ... ok
[INFO] [stdout] test modules::config::tests::test_expand_directory_wildcards ... ok
[INFO] [stdout] test modules::queue::tests::test_locate_module ... ok
[INFO] [stdout] test modules::queue::tests::test_add_modules_with_dependencies ... ok
[INFO] [stdout] test modules::config::tests::test_read_config ... ok
[INFO] [stdout] test modules::config::tests::test_deserialize_files ... ok
[INFO] [stdout] test modules::config::tests::test_eval_conditionals ... ok
[INFO] [stdout] test phases::destination::tests::test_destination_path ... ok
[INFO] [stdout] test modules::queue::tests::test_circular_dependencies ... ok
[INFO] [stdout] test store::backups::tests::test_file_backup ... ok
[INFO] [stdout] test store::files::tests::test_get_all_files ... ok
[INFO] [stdout] test store::init::tests::test_init_user_store ... ok
[INFO] [stdout] test store::checksums::tests::test_get_checksums ... ok
[INFO] [stdout] test store::files::tests::test_add_and_get_file ... FAILED
[INFO] [stderr] sudosudosudo: unable to resolve host 950820fa1795: Temporary failure in name resolution
[INFO] [stderr] : unable to resolve host 950820fa1795: Temporary failure in name resolution
[INFO] [stderr] sudo: unable to resolve host 950820fa1795: Temporary failure in name resolution
[INFO] [stderr] : unable to resolve host 950820fa1795: Temporary failure in name resolution
[INFO] [stderr] sudo: unable to resolve host 950820fa1795: Temporary failure in name resolution
[INFO] [stderr] sudo: unable to resolve host 950820fa1795: Temporary failure in name resolution
[INFO] [stderr] sudo: unable to resolve host 950820fa1795: Temporary failure in name resolution
[INFO] [stderr] sudo: unable to resolve host 950820fa1795: Temporary failure in name resolution
[INFO] [stderr] sudo: unable to resolve host 950820fa1795: Temporary failure in name resolution
[INFO] [stderr] sudo: unable to resolve host 950820fa1795: Temporary failure in name resolution
[INFO] [stderr] sudo: unable to resolve host 950820fa1795: Temporary failure in name resolution
[INFO] [stderr] sudo: unable to resolve host 950820fa1795: Temporary failure in name resolution
[INFO] [stderr] sudo: unable to resolve host 950820fa1795: Temporary failure in name resolution
[INFO] [stderr] sudo: unable to resolve host 950820fa1795: Temporary failure in name resolution
[INFO] [stdout] test utils::file_checksum::tests::test_calculate_sha256_checksum ... ok
[INFO] [stderr] sudosudo: unable to resolve host 950820fa1795: Temporary failure in name resolution
[INFO] [stderr] sudo: unable to resolve host 950820fa1795: Temporary failure in name resolution
[INFO] [stderr] : unable to resolve host 950820fa1795: Temporary failure in name resolution
[INFO] [stderr] sudo: unable to resolve host 950820fa1795: Temporary failure in name resolution
[INFO] [stderr] sudo: unable to resolve host 950820fa1795: Temporary failure in name resolution
[INFO] [stdout] test phases::destination::tests::test_create_with_template ... ok
[INFO] [stderr] sudo: unable to resolve host 950820fa1795: Temporary failure in name resolution
[INFO] [stderr] sudo: unable to resolve host 950820fa1795: Temporary failure in name resolution
[INFO] [stderr] sudo: unable to resolve host 950820fa1795: Temporary failure in name resolution
[INFO] [stdout] test utils::file_fs::tests::test_check_link_exists ... ok
[INFO] [stderr] sudo: unable to resolve host 950820fa1795: Temporary failure in name resolution
[INFO] [stderr] sudo: unable to resolve host 950820fa1795: Temporary failure in name resolution
[INFO] [stderr] sudo: unable to resolve host 950820fa1795: Temporary failure in name resolution
[INFO] [stdout] test phases::destination::tests::test_create ... ok
[INFO] [stdout] test utils::file_fs::tests::test_path_to_string ... ok
[INFO] [stdout] test utils::file_fs::tests::test_check_file_exists ... ok
[INFO] [stderr] sudo: unable to resolve host 950820fa1795: Temporary failure in name resolution
[INFO] [stdout] test utils::file_fs::tests::test_read_directory ... ok
[INFO] [stdout] test phases::destination::tests::test_copy_with_template ... FAILED
[INFO] [stdout] test utils::file_permissions::tests::test_group_to_gid ... ok
[INFO] [stderr] sudo: unable to resolve host 950820fa1795: Temporary failure in name resolution
[INFO] [stdout] test utils::file_metadata::tests::test_set_file_metadata ... ok
[INFO] [stderr] sudo: unable to resolve host 950820fa1795: Temporary failure in name resolution
[INFO] [stdout] test utils::file_permissions::tests::test_perms_int_to_str ... ok
[INFO] [stdout] test utils::file_permissions::tests::test_perms_str_to_int ... ok
[INFO] [stdout] test utils::file_permissions::tests::test_user_to_uid ... ok
[INFO] [stderr] sudo: unable to resolve host 950820fa1795: Temporary failure in name resolution
[INFO] [stderr] sudo: unable to resolve host 950820fa1795: Temporary failure in name resolution
[INFO] [stdout] test utils::file_fs::tests::test_delete_file ... ok
[INFO] [stderr] sudosudo: unable to resolve host 950820fa1795: Temporary failure in name resolution
[INFO] [stdout] test phases::destination::tests::test_copy ... ok
[INFO] [stderr] : unable to resolve host 950820fa1795: Temporary failure in name resolution
[INFO] [stdout] test phases::destination::tests::test_link ... ok
[INFO] [stderr] sudo: unable to resolve host 950820fa1795: Temporary failure in name resolution
[INFO] [stderr] sudo: unable to resolve host 950820fa1795: Temporary failure in name resolution
[INFO] [stderr] sudo: unable to resolve host 950820fa1795: Temporary failure in name resolution
[INFO] [stdout] test utils::sudo::tests::test_sudo_exec ... ok
[INFO] [stderr] sudosudo: unable to resolve host 950820fa1795: Temporary failure in name resolution
[INFO] [stderr] : unable to resolve host 950820fa1795: Temporary failure in name resolution
[INFO] [stdout] test utils::sudo::tests::test_sudo_exec_success ... ok
[INFO] [stdout] test utils::file_fs::tests::test_delete_parents ... ok
[INFO] [stdout] test utils::sudo::tests::test_sudo_exec_output ... ok
[INFO] [stderr] sudosudo: unable to resolve host 950820fa1795: Temporary failure in name resolution
[INFO] [stderr] : unable to resolve host 950820fa1795: Temporary failure in name resolution
[INFO] [stdout] test utils::file_metadata::tests::test_get_file_metadata ... ok
[INFO] [stdout] test utils::file_fs::tests::test_ensure_dir ... ok
[INFO] [stdout] 
[INFO] [stdout] failures:
[INFO] [stdout] 
[INFO] [stdout] ---- store::files::tests::test_add_and_get_file stdout ----
[INFO] [stdout] Error: environment variable not found
[INFO] [stdout] 
[INFO] [stdout] Stack backtrace:
[INFO] [stdout]    0: anyhow::error::<impl core::convert::From<E> for anyhow::Error>::from
[INFO] [stdout]              at /opt/rustwide/cargo-home/registry/src/index.crates.io-6f17d22bba15001f/anyhow-1.0.89/src/backtrace.rs:27:14
[INFO] [stdout]    1: <core::result::Result<T,F> as core::ops::try_trait::FromResidual<core::result::Result<core::convert::Infallible,E>>>::from_residual
[INFO] [stdout]              at /rustc/202008a1b8de96d2e5b6bc02d379db03a877d34d/library/core/src/result.rs:2009:27
[INFO] [stdout]    2: dotdeploy::store::files::tests::test_add_and_get_file::{{closure}}
[INFO] [stdout]              at ./src/store/files.rs:292:24
[INFO] [stdout]    3: <core::pin::Pin<P> as core::future::future::Future>::poll
[INFO] [stdout]              at /rustc/202008a1b8de96d2e5b6bc02d379db03a877d34d/library/core/src/future/future.rs:124:9
[INFO] [stdout]    4: <core::pin::Pin<P> as core::future::future::Future>::poll
[INFO] [stdout]              at /rustc/202008a1b8de96d2e5b6bc02d379db03a877d34d/library/core/src/future/future.rs:124:9
[INFO] [stdout]    5: tokio::runtime::scheduler::current_thread::CoreGuard::block_on::{{closure}}::{{closure}}::{{closure}}
[INFO] [stdout]              at /opt/rustwide/cargo-home/registry/src/index.crates.io-6f17d22bba15001f/tokio-1.40.0/src/runtime/scheduler/current_thread/mod.rs:696:57
[INFO] [stdout]    6: tokio::runtime::coop::with_budget
[INFO] [stdout]              at /opt/rustwide/cargo-home/registry/src/index.crates.io-6f17d22bba15001f/tokio-1.40.0/src/runtime/coop.rs:107:5
[INFO] [stdout]    7: tokio::runtime::coop::budget
[INFO] [stdout]              at /opt/rustwide/cargo-home/registry/src/index.crates.io-6f17d22bba15001f/tokio-1.40.0/src/runtime/coop.rs:73:5
[INFO] [stdout]    8: tokio::runtime::scheduler::current_thread::CoreGuard::block_on::{{closure}}::{{closure}}
[INFO] [stdout]              at /opt/rustwide/cargo-home/registry/src/index.crates.io-6f17d22bba15001f/tokio-1.40.0/src/runtime/scheduler/current_thread/mod.rs:696:25
[INFO] [stdout]    9: tokio::runtime::scheduler::current_thread::Context::enter
[INFO] [stdout]              at /opt/rustwide/cargo-home/registry/src/index.crates.io-6f17d22bba15001f/tokio-1.40.0/src/runtime/scheduler/current_thread/mod.rs:423:19
[INFO] [stdout]   10: tokio::runtime::scheduler::current_thread::CoreGuard::block_on::{{closure}}
[INFO] [stdout]              at /opt/rustwide/cargo-home/registry/src/index.crates.io-6f17d22bba15001f/tokio-1.40.0/src/runtime/scheduler/current_thread/mod.rs:695:36
[INFO] [stdout]   11: tokio::runtime::scheduler::current_thread::CoreGuard::enter::{{closure}}
[INFO] [stdout]              at /opt/rustwide/cargo-home/registry/src/index.crates.io-6f17d22bba15001f/tokio-1.40.0/src/runtime/scheduler/current_thread/mod.rs:774:68
[INFO] [stdout]   12: tokio::runtime::context::scoped::Scoped<T>::set
[INFO] [stdout]              at /opt/rustwide/cargo-home/registry/src/index.crates.io-6f17d22bba15001f/tokio-1.40.0/src/runtime/context/scoped.rs:40:9
[INFO] [stdout]   13: tokio::runtime::context::set_scheduler::{{closure}}
[INFO] [stdout]              at /opt/rustwide/cargo-home/registry/src/index.crates.io-6f17d22bba15001f/tokio-1.40.0/src/runtime/context.rs:180:26
[INFO] [stdout]   14: std::thread::local::LocalKey<T>::try_with
[INFO] [stdout]              at /rustc/202008a1b8de96d2e5b6bc02d379db03a877d34d/library/std/src/thread/local.rs:283:12
[INFO] [stdout]   15: std::thread::local::LocalKey<T>::with
[INFO] [stdout]              at /rustc/202008a1b8de96d2e5b6bc02d379db03a877d34d/library/std/src/thread/local.rs:260:9
[INFO] [stdout]   16: tokio::runtime::context::set_scheduler
[INFO] [stdout]              at /opt/rustwide/cargo-home/registry/src/index.crates.io-6f17d22bba15001f/tokio-1.40.0/src/runtime/context.rs:180:9
[INFO] [stdout]   17: tokio::runtime::scheduler::current_thread::CoreGuard::enter
[INFO] [stdout]              at /opt/rustwide/cargo-home/registry/src/index.crates.io-6f17d22bba15001f/tokio-1.40.0/src/runtime/scheduler/current_thread/mod.rs:774:27
[INFO] [stdout]   18: tokio::runtime::scheduler::current_thread::CoreGuard::block_on
[INFO] [stdout]              at /opt/rustwide/cargo-home/registry/src/index.crates.io-6f17d22bba15001f/tokio-1.40.0/src/runtime/scheduler/current_thread/mod.rs:683:19
[INFO] [stdout]   19: tokio::runtime::scheduler::current_thread::CurrentThread::block_on::{{closure}}
[INFO] [stdout]              at /opt/rustwide/cargo-home/registry/src/index.crates.io-6f17d22bba15001f/tokio-1.40.0/src/runtime/scheduler/current_thread/mod.rs:191:28
[INFO] [stdout]   20: tokio::runtime::context::runtime::enter_runtime
[INFO] [stdout]              at /opt/rustwide/cargo-home/registry/src/index.crates.io-6f17d22bba15001f/tokio-1.40.0/src/runtime/context/runtime.rs:65:16
[INFO] [stdout]   21: tokio::runtime::scheduler::current_thread::CurrentThread::block_on
[INFO] [stdout]              at /opt/rustwide/cargo-home/registry/src/index.crates.io-6f17d22bba15001f/tokio-1.40.0/src/runtime/scheduler/current_thread/mod.rs:179:9
[INFO] [stdout]   22: tokio::runtime::runtime::Runtime::block_on_inner
[INFO] [stdout]              at /opt/rustwide/cargo-home/registry/src/index.crates.io-6f17d22bba15001f/tokio-1.40.0/src/runtime/runtime.rs:361:47
[INFO] [stdout]   23: tokio::runtime::runtime::Runtime::block_on
[INFO] [stdout]              at /opt/rustwide/cargo-home/registry/src/index.crates.io-6f17d22bba15001f/tokio-1.40.0/src/runtime/runtime.rs:335:13
[INFO] [stdout]   24: dotdeploy::store::files::tests::test_add_and_get_file
[INFO] [stdout]              at ./src/store/files.rs:312:9
[INFO] [stdout]   25: dotdeploy::store::files::tests::test_add_and_get_file::{{closure}}
[INFO] [stdout]              at ./src/store/files.rs:261:41
[INFO] [stdout]   26: core::ops::function::FnOnce::call_once
[INFO] [stdout]              at /rustc/202008a1b8de96d2e5b6bc02d379db03a877d34d/library/core/src/ops/function.rs:250:5
[INFO] [stdout]   27: core::ops::function::FnOnce::call_once
[INFO] [stdout]              at /rustc/202008a1b8de96d2e5b6bc02d379db03a877d34d/library/core/src/ops/function.rs:250:5
[INFO] [stdout]   28: test::__rust_begin_short_backtrace
[INFO] [stdout]              at /rustc/202008a1b8de96d2e5b6bc02d379db03a877d34d/library/test/src/lib.rs:632:18
[INFO] [stdout]   29: test::run_test_in_process::{{closure}}
[INFO] [stdout]              at /rustc/202008a1b8de96d2e5b6bc02d379db03a877d34d/library/test/src/lib.rs:655:60
[INFO] [stdout]   30: <core::panic::unwind_safe::AssertUnwindSafe<F> as core::ops::function::FnOnce<()>>::call_once
[INFO] [stdout]              at /rustc/202008a1b8de96d2e5b6bc02d379db03a877d34d/library/core/src/panic/unwind_safe.rs:272:9
[INFO] [stdout]   31: std::panicking::try::do_call
[INFO] [stdout]              at /rustc/202008a1b8de96d2e5b6bc02d379db03a877d34d/library/std/src/panicking.rs:557:40
[INFO] [stdout]   32: std::panicking::try
[INFO] [stdout]              at /rustc/202008a1b8de96d2e5b6bc02d379db03a877d34d/library/std/src/panicking.rs:520:19
[INFO] [stdout]   33: std::panic::catch_unwind
[INFO] [stdout]              at /rustc/202008a1b8de96d2e5b6bc02d379db03a877d34d/library/std/src/panic.rs:358:14
[INFO] [stdout]   34: test::run_test_in_process
[INFO] [stdout]              at /rustc/202008a1b8de96d2e5b6bc02d379db03a877d34d/library/test/src/lib.rs:655:27
[INFO] [stdout]   35: test::run_test::{{closure}}
[INFO] [stdout]              at /rustc/202008a1b8de96d2e5b6bc02d379db03a877d34d/library/test/src/lib.rs:576:43
[INFO] [stdout]   36: test::run_test::{{closure}}
[INFO] [stdout]              at /rustc/202008a1b8de96d2e5b6bc02d379db03a877d34d/library/test/src/lib.rs:606:41
[INFO] [stdout]   37: std::sys::backtrace::__rust_begin_short_backtrace
[INFO] [stdout]              at /rustc/202008a1b8de96d2e5b6bc02d379db03a877d34d/library/std/src/sys/backtrace.rs:154:18
[INFO] [stdout]   38: std::thread::Builder::spawn_unchecked_::{{closure}}::{{closure}}
[INFO] [stdout]              at /rustc/202008a1b8de96d2e5b6bc02d379db03a877d34d/library/std/src/thread/mod.rs:561:17
[INFO] [stdout]   39: <core::panic::unwind_safe::AssertUnwindSafe<F> as core::ops::function::FnOnce<()>>::call_once
[INFO] [stdout]              at /rustc/202008a1b8de96d2e5b6bc02d379db03a877d34d/library/core/src/panic/unwind_safe.rs:272:9
[INFO] [stdout]   40: std::panicking::try::do_call
[INFO] [stdout]              at /rustc/202008a1b8de96d2e5b6bc02d379db03a877d34d/library/std/src/panicking.rs:557:40
[INFO] [stdout]   41: std::panicking::try
[INFO] [stdout]              at /rustc/202008a1b8de96d2e5b6bc02d379db03a877d34d/library/std/src/panicking.rs:520:19
[INFO] [stdout]   42: std::panic::catch_unwind
[INFO] [stdout]              at /rustc/202008a1b8de96d2e5b6bc02d379db03a877d34d/library/std/src/panic.rs:358:14
[INFO] [stdout]   43: std::thread::Builder::spawn_unchecked_::{{closure}}
[INFO] [stdout]              at /rustc/202008a1b8de96d2e5b6bc02d379db03a877d34d/library/std/src/thread/mod.rs:559:30
[INFO] [stdout]   44: core::ops::function::FnOnce::call_once{{vtable.shim}}
[INFO] [stdout]              at /rustc/202008a1b8de96d2e5b6bc02d379db03a877d34d/library/core/src/ops/function.rs:250:5
[INFO] [stdout]   45: <alloc::boxed::Box<F,A> as core::ops::function::FnOnce<Args>>::call_once
[INFO] [stdout]              at /rustc/202008a1b8de96d2e5b6bc02d379db03a877d34d/library/alloc/src/boxed.rs:1972:9
[INFO] [stdout]   46: <alloc::boxed::Box<F,A> as core::ops::function::FnOnce<Args>>::call_once
[INFO] [stdout]              at /rustc/202008a1b8de96d2e5b6bc02d379db03a877d34d/library/alloc/src/boxed.rs:1972:9
[INFO] [stdout]   47: std::sys::pal::unix::thread::Thread::new::thread_start
[INFO] [stdout]              at /rustc/202008a1b8de96d2e5b6bc02d379db03a877d34d/library/std/src/sys/pal/unix/thread.rs:105:17
[INFO] [stdout]   48: <unknown>
[INFO] [stdout]   49: clone
[INFO] [stdout] 
[INFO] [stdout] ---- phases::destination::tests::test_copy_with_template stdout ----
[INFO] [stdout] thread 'phases::destination::tests::test_copy_with_template' panicked at src/phases/destination.rs:400:9:
[INFO] [stdout] assertion `left == right` failed
[INFO] [stdout]   left: "Hello, {{name}}!"
[INFO] [stdout]  right: "Hello, Rust!"
[INFO] [stdout] stack backtrace:
[INFO] [stdout]    0:     0x610113f2b0aa - std::backtrace_rs::backtrace::libunwind::trace::h8810477743020387
[INFO] [stdout]                                at /rustc/202008a1b8de96d2e5b6bc02d379db03a877d34d/library/std/src/../../backtrace/src/backtrace/libunwind.rs:116:5
[INFO] [stdout]    1:     0x610113f2b0aa - std::backtrace_rs::backtrace::trace_unsynchronized::h3aa55355dd6c54a6
[INFO] [stdout]                                at /rustc/202008a1b8de96d2e5b6bc02d379db03a877d34d/library/std/src/../../backtrace/src/backtrace/mod.rs:66:5
[INFO] [stdout]    2:     0x610113f2b0aa - std::sys::backtrace::_print_fmt::h8588b0f62410823f
[INFO] [stdout]                                at /rustc/202008a1b8de96d2e5b6bc02d379db03a877d34d/library/std/src/sys/backtrace.rs:66:9
[INFO] [stdout]    3:     0x610113f2b0aa - <std::sys::backtrace::BacktraceLock::print::DisplayBacktrace as core::fmt::Display>::fmt::h98c26ac25ffe89bb
[INFO] [stdout]                                at /rustc/202008a1b8de96d2e5b6bc02d379db03a877d34d/library/std/src/sys/backtrace.rs:39:26
[INFO] [stdout]    4:     0x610113f557c3 - core::fmt::rt::Argument::fmt::hf95377f4aebd453b
[INFO] [stdout]                                at /rustc/202008a1b8de96d2e5b6bc02d379db03a877d34d/library/core/src/fmt/rt.rs:177:76
[INFO] [stdout]    5:     0x610113f557c3 - core::fmt::write::h0dd5f6e2238c7982
[INFO] [stdout]                                at /rustc/202008a1b8de96d2e5b6bc02d379db03a877d34d/library/core/src/fmt/mod.rs:1189:21
[INFO] [stdout]    6:     0x610113f26ed3 - std::io::Write::write_fmt::h03bb0ca26e6faf8c
[INFO] [stdout]                                at /rustc/202008a1b8de96d2e5b6bc02d379db03a877d34d/library/std/src/io/mod.rs:1884:15
[INFO] [stdout]    7:     0x610113f2aef2 - std::sys::backtrace::BacktraceLock::print::h5c19c1c038ee186d
[INFO] [stdout]                                at /rustc/202008a1b8de96d2e5b6bc02d379db03a877d34d/library/std/src/sys/backtrace.rs:42:9
[INFO] [stdout]    8:     0x610113f2c52d - std::panicking::default_hook::{{closure}}::h77172f079a1fcb13
[INFO] [stdout]                                at /rustc/202008a1b8de96d2e5b6bc02d379db03a877d34d/library/std/src/panicking.rs:268:22
[INFO] [stdout]    9:     0x610113f2c337 - std::panicking::default_hook::he5f8e3b203ccddba
[INFO] [stdout]                                at /rustc/202008a1b8de96d2e5b6bc02d379db03a877d34d/library/std/src/panicking.rs:292:9
[INFO] [stdout]   10:     0x610113b086d7 - <alloc::boxed::Box<F,A> as core::ops::function::Fn<Args>>::call::h7a3c7b4a1ae77f2f
[INFO] [stdout]                                at /rustc/202008a1b8de96d2e5b6bc02d379db03a877d34d/library/alloc/src/boxed.rs:1986:9
[INFO] [stdout]   11:     0x610113b086d7 - test::test_main::{{closure}}::hf0d3b69ae9b353d1
[INFO] [stdout]                                at /rustc/202008a1b8de96d2e5b6bc02d379db03a877d34d/library/test/src/lib.rs:134:21
[INFO] [stdout]   12:     0x610113f2cbd8 - <alloc::boxed::Box<F,A> as core::ops::function::Fn<Args>>::call::h6332e82e7b189abd
[INFO] [stdout]                                at /rustc/202008a1b8de96d2e5b6bc02d379db03a877d34d/library/alloc/src/boxed.rs:1986:9
[INFO] [stdout]   13:     0x610113f2cbd8 - std::panicking::rust_panic_with_hook::h53863d4e9018df39
[INFO] [stdout]                                at /rustc/202008a1b8de96d2e5b6bc02d379db03a877d34d/library/std/src/panicking.rs:809:13
[INFO] [stdout]   14:     0x610113f2c99a - std::panicking::begin_panic_handler::{{closure}}::h67280e6fa0757873
[INFO] [stdout]                                at /rustc/202008a1b8de96d2e5b6bc02d379db03a877d34d/library/std/src/panicking.rs:674:13
[INFO] [stdout]   15:     0x610113f2b589 - std::sys::backtrace::__rust_end_short_backtrace::h1dac3f54d6fbbeb2
[INFO] [stdout]                                at /rustc/202008a1b8de96d2e5b6bc02d379db03a877d34d/library/std/src/sys/backtrace.rs:170:18
[INFO] [stdout]   16:     0x610113f2c62c - rust_begin_unwind
[INFO] [stdout]                                at /rustc/202008a1b8de96d2e5b6bc02d379db03a877d34d/library/std/src/panicking.rs:665:5
[INFO] [stdout]   17:     0x6101135c35e0 - core::panicking::panic_fmt::h6792bd1b2bf01041
[INFO] [stdout]                                at /rustc/202008a1b8de96d2e5b6bc02d379db03a877d34d/library/core/src/panicking.rs:76:14
[INFO] [stdout]   18:     0x6101135c3a45 - core::panicking::assert_failed_inner::hf2c17e6d30928787
[INFO] [stdout]   19:     0x6101137a90c0 - core::panicking::assert_failed::h8e1ff36be1b3f05d
[INFO] [stdout]                                at /rustc/202008a1b8de96d2e5b6bc02d379db03a877d34d/library/core/src/panicking.rs:373:5
[INFO] [stdout]   20:     0x61011382f00a - dotdeploy::phases::destination::tests::test_copy_with_template::{{closure}}::h03b131dc5e424e64
[INFO] [stdout]                                at /opt/rustwide/workdir/src/phases/destination.rs:400:9
[INFO] [stdout]   21:     0x61011395dc95 - <core::pin::Pin<P> as core::future::future::Future>::poll::h465f0c1e3ca67a9d
[INFO] [stdout]                                at /rustc/202008a1b8de96d2e5b6bc02d379db03a877d34d/library/core/src/future/future.rs:124:9
[INFO] [stdout]   22:     0x61011395ddcd - <core::pin::Pin<P> as core::future::future::Future>::poll::h7835d61673d5c237
[INFO] [stdout]                                at /rustc/202008a1b8de96d2e5b6bc02d379db03a877d34d/library/core/src/future/future.rs:124:9
[INFO] [stdout]   23:     0x6101138c42ff - tokio::runtime::scheduler::current_thread::CoreGuard::block_on::{{closure}}::{{closure}}::{{closure}}::h8d20847c6aef7b62
[INFO] [stdout]                                at /opt/rustwide/cargo-home/registry/src/index.crates.io-6f17d22bba15001f/tokio-1.40.0/src/runtime/scheduler/current_thread/mod.rs:696:57
[INFO] [stdout]   24:     0x6101138c4196 - tokio::runtime::coop::with_budget::h37ca0241e7092638
[INFO] [stdout]                                at /opt/rustwide/cargo-home/registry/src/index.crates.io-6f17d22bba15001f/tokio-1.40.0/src/runtime/coop.rs:107:5
[INFO] [stdout]   25:     0x6101138c4196 - tokio::runtime::coop::budget::h73095d6d6a7b6595
[INFO] [stdout]                                at /opt/rustwide/cargo-home/registry/src/index.crates.io-6f17d22bba15001f/tokio-1.40.0/src/runtime/coop.rs:73:5
[INFO] [stdout]   26:     0x6101138c4196 - tokio::runtime::scheduler::current_thread::CoreGuard::block_on::{{closure}}::{{closure}}::hd4e93a6795bb4232
[INFO] [stdout]                                at /opt/rustwide/cargo-home/registry/src/index.crates.io-6f17d22bba15001f/tokio-1.40.0/src/runtime/scheduler/current_thread/mod.rs:696:25
[INFO] [stdout]   27:     0x6101138bb09a - tokio::runtime::scheduler::current_thread::Context::enter::h43867c46a57631a0
[INFO] [stdout]                                at /opt/rustwide/cargo-home/registry/src/index.crates.io-6f17d22bba15001f/tokio-1.40.0/src/runtime/scheduler/current_thread/mod.rs:423:19
[INFO] [stdout]   28:     0x6101138c306e - tokio::runtime::scheduler::current_thread::CoreGuard::block_on::{{closure}}::he82cb1940f94e92e
[INFO] [stdout]                                at /opt/rustwide/cargo-home/registry/src/index.crates.io-6f17d22bba15001f/tokio-1.40.0/src/runtime/scheduler/current_thread/mod.rs:695:36
[INFO] [stdout]   29:     0x6101138bfe4b - tokio::runtime::scheduler::current_thread::CoreGuard::enter::{{closure}}::h49181c9304f5984a
[INFO] [stdout]                                at /opt/rustwide/cargo-home/registry/src/index.crates.io-6f17d22bba15001f/tokio-1.40.0/src/runtime/scheduler/current_thread/mod.rs:774:68
[INFO] [stdout]   30:     0x6101137bbdfa - tokio::runtime::context::scoped::Scoped<T>::set::h9db4b7c26aaa1869
[INFO] [stdout]                                at /opt/rustwide/cargo-home/registry/src/index.crates.io-6f17d22bba15001f/tokio-1.40.0/src/runtime/context/scoped.rs:40:9
[INFO] [stdout]   31:     0x61011391e3ca - tokio::runtime::context::set_scheduler::{{closure}}::h9c5d87d076f113ab
[INFO] [stdout]                                at /opt/rustwide/cargo-home/registry/src/index.crates.io-6f17d22bba15001f/tokio-1.40.0/src/runtime/context.rs:180:26
[INFO] [stdout]   32:     0x610113879dc1 - std::thread::local::LocalKey<T>::try_with::h440d2ebe51dad343
[INFO] [stdout]                                at /rustc/202008a1b8de96d2e5b6bc02d379db03a877d34d/library/std/src/thread/local.rs:283:12
[INFO] [stdout]   33:     0x610113878efd - std::thread::local::LocalKey<T>::with::h5cfdf9d1e95dd4b5
[INFO] [stdout]                                at /rustc/202008a1b8de96d2e5b6bc02d379db03a877d34d/library/std/src/thread/local.rs:260:9
[INFO] [stdout]   34:     0x61011391e101 - tokio::runtime::context::set_scheduler::h4d3bfd0025c9b1e1
[INFO] [stdout]                                at /opt/rustwide/cargo-home/registry/src/index.crates.io-6f17d22bba15001f/tokio-1.40.0/src/runtime/context.rs:180:9
[INFO] [stdout]   35:     0x6101138bf719 - tokio::runtime::scheduler::current_thread::CoreGuard::enter::h6c6edba87d5e4599
[INFO] [stdout]                                at /opt/rustwide/cargo-home/registry/src/index.crates.io-6f17d22bba15001f/tokio-1.40.0/src/runtime/scheduler/current_thread/mod.rs:774:27
[INFO] [stdout]   36:     0x6101138bfec3 - tokio::runtime::scheduler::current_thread::CoreGuard::block_on::h2f703ebf1ca55746
[INFO] [stdout]                                at /opt/rustwide/cargo-home/registry/src/index.crates.io-6f17d22bba15001f/tokio-1.40.0/src/runtime/scheduler/current_thread/mod.rs:683:19
[INFO] [stdout]   37:     0x6101138ba5fe - tokio::runtime::scheduler::current_thread::CurrentThread::block_on::{{closure}}::hcac5258fec9dafb0
[INFO] [stdout]                                at /opt/rustwide/cargo-home/registry/src/index.crates.io-6f17d22bba15001f/tokio-1.40.0/src/runtime/scheduler/current_thread/mod.rs:191:28
[INFO] [stdout]   38:     0x61011374b286 - tokio::runtime::context::runtime::enter_runtime::hf1f2ac9261457e6a
[INFO] [stdout]                                at /opt/rustwide/cargo-home/registry/src/index.crates.io-6f17d22bba15001f/tokio-1.40.0/src/runtime/context/runtime.rs:65:16
[INFO] [stdout]   39:     0x6101138b8941 - tokio::runtime::scheduler::current_thread::CurrentThread::block_on::hfa519ab2335b4f8a
[INFO] [stdout]                                at /opt/rustwide/cargo-home/registry/src/index.crates.io-6f17d22bba15001f/tokio-1.40.0/src/runtime/scheduler/current_thread/mod.rs:179:9
[INFO] [stdout]   40:     0x6101139a4229 - tokio::runtime::runtime::Runtime::block_on_inner::he90a69bd497da552
[INFO] [stdout]                                at /opt/rustwide/cargo-home/registry/src/index.crates.io-6f17d22bba15001f/tokio-1.40.0/src/runtime/runtime.rs:361:47
[INFO] [stdout]   41:     0x6101139a4655 - tokio::runtime::runtime::Runtime::block_on::hf1ce3e3476e3f464
[INFO] [stdout]                                at /opt/rustwide/cargo-home/registry/src/index.crates.io-6f17d22bba15001f/tokio-1.40.0/src/runtime/runtime.rs:335:13
[INFO] [stdout]   42:     0x61011382d2d3 - dotdeploy::phases::destination::tests::test_copy_with_template::h2a38680d95bf5289
[INFO] [stdout]                                at /opt/rustwide/workdir/src/phases/destination.rs:402:9
[INFO] [stdout]   43:     0x61011382d177 - dotdeploy::phases::destination::tests::test_copy_with_template::{{closure}}::h397ea8cd75b8895e
[INFO] [stdout]                                at /opt/rustwide/workdir/src/phases/destination.rs:369:43
[INFO] [stdout]   44:     0x6101136bb196 - core::ops::function::FnOnce::call_once::hbd9a35f67b632762
[INFO] [stdout]                                at /rustc/202008a1b8de96d2e5b6bc02d379db03a877d34d/library/core/src/ops/function.rs:250:5
[INFO] [stdout]   45:     0x610113b0d1fb - core::ops::function::FnOnce::call_once::h871bf86719ec9aa4
[INFO] [stdout]                                at /rustc/202008a1b8de96d2e5b6bc02d379db03a877d34d/library/core/src/ops/function.rs:250:5
[INFO] [stdout]   46:     0x610113b0d1fb - test::__rust_begin_short_backtrace::h2167df1e2b7d76fd
[INFO] [stdout]                                at /rustc/202008a1b8de96d2e5b6bc02d379db03a877d34d/library/test/src/lib.rs:632:18
[INFO] [stdout]   47:     0x610113b0cbe8 - test::run_test_in_process::{{closure}}::h15d92f75a3adfb79
[INFO] [stdout]                                at /rustc/202008a1b8de96d2e5b6bc02d379db03a877d34d/library/test/src/lib.rs:655:60
[INFO] [stdout]   48:     0x610113b0cbe8 - <core::panic::unwind_safe::AssertUnwindSafe<F> as core::ops::function::FnOnce<()>>::call_once::hb6c8955835a8dbbb
[INFO] [stdout]                                at /rustc/202008a1b8de96d2e5b6bc02d379db03a877d34d/library/core/src/panic/unwind_safe.rs:272:9
[INFO] [stdout]   49:     0x610113b0cbe8 - std::panicking::try::do_call::hc79d0fc888a0bd30
[INFO] [stdout]                                at /rustc/202008a1b8de96d2e5b6bc02d379db03a877d34d/library/std/src/panicking.rs:557:40
[INFO] [stdout]   50:     0x610113b0cbe8 - std::panicking::try::hb8a7878e3a8589d6
[INFO] [stdout]                                at /rustc/202008a1b8de96d2e5b6bc02d379db03a877d34d/library/std/src/panicking.rs:520:19
[INFO] [stdout]   51:     0x610113b0cbe8 - std::panic::catch_unwind::hb8e4600ff0ff5cfa
[INFO] [stdout]                                at /rustc/202008a1b8de96d2e5b6bc02d379db03a877d34d/library/std/src/panic.rs:358:14
[INFO] [stdout]   52:     0x610113b0cbe8 - test::run_test_in_process::hc2900b0b18688dd6
[INFO] [stdout]                                at /rustc/202008a1b8de96d2e5b6bc02d379db03a877d34d/library/test/src/lib.rs:655:27
[INFO] [stdout]   53:     0x610113b0cbe8 - test::run_test::{{closure}}::hac2a9cb07be3d48d
[INFO] [stdout]                                at /rustc/202008a1b8de96d2e5b6bc02d379db03a877d34d/library/test/src/lib.rs:576:43
[INFO] [stdout]   54:     0x610113ad068a - test::run_test::{{closure}}::h4a5b729e66a38cd8
[INFO] [stdout]                                at /rustc/202008a1b8de96d2e5b6bc02d379db03a877d34d/library/test/src/lib.rs:606:41
[INFO] [stdout]   55:     0x610113ad068a - std::sys::backtrace::__rust_begin_short_backtrace::h0496fb742492f573
[INFO] [stdout]                                at /rustc/202008a1b8de96d2e5b6bc02d379db03a877d34d/library/std/src/sys/backtrace.rs:154:18
[INFO] [stdout]   56:     0x610113ad4004 - std::thread::Builder::spawn_unchecked_::{{closure}}::{{closure}}::hbb6d257c550a54bd
[INFO] [stdout]                                at /rustc/202008a1b8de96d2e5b6bc02d379db03a877d34d/library/std/src/thread/mod.rs:561:17
[INFO] [stdout]   57:     0x610113ad4004 - <core::panic::unwind_safe::AssertUnwindSafe<F> as core::ops::function::FnOnce<()>>::call_once::h46696fe4a6832328
[INFO] [stdout]                                at /rustc/202008a1b8de96d2e5b6bc02d379db03a877d34d/library/core/src/panic/unwind_safe.rs:272:9
[INFO] [stdout]   58:     0x610113ad4004 - std::panicking::try::do_call::h2625a51b667bfb64
[INFO] [stdout]                                at /rustc/202008a1b8de96d2e5b6bc02d379db03a877d34d/library/std/src/panicking.rs:557:40
[INFO] [stdout]   59:     0x610113ad4004 - std::panicking::try::hb956a59a1973aa4c
[INFO] [stdout]                                at /rustc/202008a1b8de96d2e5b6bc02d379db03a877d34d/library/std/src/panicking.rs:520:19
[INFO] [stdout]   60:     0x610113ad4004 - std::panic::catch_unwind::h64f3b9d1067ef6a0
[INFO] [stdout]                                at /rustc/202008a1b8de96d2e5b6bc02d379db03a877d34d/library/std/src/panic.rs:358:14
[INFO] [stdout]   61:     0x610113ad4004 - std::thread::Builder::spawn_unchecked_::{{closure}}::h42b2841295b6c0b2
[INFO] [stdout]                                at /rustc/202008a1b8de96d2e5b6bc02d379db03a877d34d/library/std/src/thread/mod.rs:559:30
[INFO] [stdout]   62:     0x610113ad4004 - core::ops::function::FnOnce::call_once{{vtable.shim}}::h6127de71b8124639
[INFO] [stdout]                                at /rustc/202008a1b8de96d2e5b6bc02d379db03a877d34d/library/core/src/ops/function.rs:250:5
[INFO] [stdout]   63:     0x610113f32dcb - <alloc::boxed::Box<F,A> as core::ops::function::FnOnce<Args>>::call_once::h42f0ba71002a1b2c
[INFO] [stdout]                                at /rustc/202008a1b8de96d2e5b6bc02d379db03a877d34d/library/alloc/src/boxed.rs:1972:9
[INFO] [stdout]   64:     0x610113f32dcb - <alloc::boxed::Box<F,A> as core::ops::function::FnOnce<Args>>::call_once::had9e47d7a3dcecb8
[INFO] [stdout]                                at /rustc/202008a1b8de96d2e5b6bc02d379db03a877d34d/library/alloc/src/boxed.rs:1972:9
[INFO] [stdout]   65:     0x610113f32dcb - std::sys::pal::unix::thread::Thread::new::thread_start::h48cf765408f6f5f2
[INFO] [stdout]                                at /rustc/202008a1b8de96d2e5b6bc02d379db03a877d34d/library/std/src/sys/pal/unix/thread.rs:105:17
[INFO] [stdout]   66:     0x74349338fac3 - <unknown>
[INFO] [stdout]   67:     0x743493420a04 - clone
[INFO] [stdout]   68:                0x0 - <unknown>
[INFO] [stdout] 
[INFO] [stdout] 
[INFO] [stdout] failures:
[INFO] [stdout]     phases::destination::tests::test_copy_with_template
[INFO] [stdout]     store::files::tests::test_add_and_get_file
[INFO] [stdout] 
[INFO] [stdout] test result: FAILED. 41 passed; 2 failed; 0 ignored; 0 measured; 0 filtered out; finished in 1.01s
[INFO] [stdout] 
[INFO] [stderr] error: test failed, to rerun pass `--bin dotdeploy`
[INFO] running `Command { std: "docker" "inspect" "950820fa17956377e67cc0742fc6bcb8d8c713145ee30dccc5a9501b4ca0ca9b", kill_on_drop: false }`
[INFO] running `Command { std: "docker" "rm" "-f" "950820fa17956377e67cc0742fc6bcb8d8c713145ee30dccc5a9501b4ca0ca9b", kill_on_drop: false }`
[INFO] [stdout] 950820fa17956377e67cc0742fc6bcb8d8c713145ee30dccc5a9501b4ca0ca9b
