[INFO] cloning repository https://github.com/Floozutter/buzznoise
[INFO] running `Command { std: "git" "-c" "credential.helper=" "-c" "credential.helper=/workspace/cargo-home/bin/git-credential-null" "clone" "--bare" "https://github.com/Floozutter/buzznoise" "/workspace/cache/git-repos/https%3A%2F%2Fgithub.com%2FFloozutter%2Fbuzznoise", kill_on_drop: false }`
[INFO] [stderr] Cloning into bare repository '/workspace/cache/git-repos/https%3A%2F%2Fgithub.com%2FFloozutter%2Fbuzznoise'...
[INFO] running `Command { std: "git" "rev-parse" "HEAD", kill_on_drop: false }`
[INFO] [stdout] 8c1f5c46e4a04aae37a5e33b0b74fcb4a1e7b421
[INFO] testing Floozutter/buzznoise against 1.83.0 for beta-1.84.0-4-retry
[INFO] running `Command { std: "git" "clone" "/workspace/cache/git-repos/https%3A%2F%2Fgithub.com%2FFloozutter%2Fbuzznoise" "/workspace/builds/worker-0-tc1/source", kill_on_drop: false }`
[INFO] [stderr] Cloning into '/workspace/builds/worker-0-tc1/source'...
[INFO] [stderr] done.
[INFO] validating manifest of git repo https://github.com/Floozutter/buzznoise on toolchain 1.83.0
[INFO] running `Command { std: CARGO_HOME="/workspace/cargo-home" RUSTUP_HOME="/workspace/rustup-home" "/workspace/cargo-home/bin/cargo" "+1.83.0" "metadata" "--manifest-path" "Cargo.toml" "--no-deps", kill_on_drop: false }`
[INFO] started tweaking git repo https://github.com/Floozutter/buzznoise
[INFO] finished tweaking git repo https://github.com/Floozutter/buzznoise
[INFO] tweaked toml for git repo https://github.com/Floozutter/buzznoise written to /workspace/builds/worker-0-tc1/source/Cargo.toml
[INFO] crate git repo https://github.com/Floozutter/buzznoise already has a lockfile, it will not be regenerated
[INFO] running `Command { std: CARGO_HOME="/workspace/cargo-home" RUSTUP_HOME="/workspace/rustup-home" "/workspace/cargo-home/bin/cargo" "+1.83.0" "fetch" "--manifest-path" "Cargo.toml", kill_on_drop: false }`
[INFO] [stderr]     Updating crates.io index
[INFO] [stderr]  Downloading crates ...
[INFO] [stderr]   Downloaded ndk-glue v0.4.0
[INFO] [stderr]   Downloaded cpal v0.13.4
[INFO] [stderr]   Downloaded cc v1.0.71
[INFO] [stderr]   Downloaded async-stream-impl v0.3.2
[INFO] [stderr]   Downloaded blocking v1.0.2
[INFO] [stderr]   Downloaded async-tungstenite v0.13.1
[INFO] [stderr]   Downloaded tungstenite v0.13.0
[INFO] [stderr]   Downloaded dbus v0.9.5
[INFO] [stderr]   Downloaded hidapi v1.2.6
[INFO] [stderr]   Downloaded mach v0.1.2
[INFO] [stderr]   Downloaded valico v3.6.0
[INFO] [stderr]   Downloaded hyper v0.14.14
[INFO] [stderr]   Downloaded openssl v0.10.36
[INFO] [stderr]   Downloaded buttplug v4.0.4
[INFO] [stderr]   Downloaded nix v0.16.1
[INFO] [stderr]   Downloaded combine v4.6.1
[INFO] [stderr]   Downloaded tokio-util v0.6.8
[INFO] [stderr]   Downloaded btleplug v0.7.3
[INFO] [stderr]   Downloaded openssl-sys v0.9.67
[INFO] [stderr]   Downloaded alsa v0.5.0
[INFO] [stderr]   Downloaded windows_gen v0.3.1
[INFO] [stderr]   Downloaded prost v0.7.0
[INFO] [stderr]   Downloaded serialport v4.0.1
[INFO] [stderr]   Downloaded tinyvec v1.5.0
[INFO] [stderr]   Downloaded libloading v0.7.1
[INFO] [stderr]   Downloaded ndk v0.4.0
[INFO] [stderr]   Downloaded polling v2.1.0
[INFO] [stderr]   Downloaded libdbus-sys v0.2.2
[INFO] [stderr]   Downloaded dbus-codegen v0.9.1
[INFO] [stderr]   Downloaded const-sha1 v0.2.0
[INFO] [stderr]   Downloaded squote v0.1.2
[INFO] [stderr]   Downloaded anyhow v1.0.44
[INFO] [stderr]   Downloaded prost-derive v0.7.0
[INFO] [stderr]   Downloaded httpdate v1.0.1
[INFO] [stderr]   Downloaded serde-aux v2.3.0
[INFO] [stderr]   Downloaded CoreFoundation-sys v0.1.4
[INFO] [stderr]   Downloaded libudev v0.2.0
[INFO] [stderr]   Downloaded json-pointer v0.3.4
[INFO] [stderr]   Downloaded ppv-lite86 v0.2.14
[INFO] [stderr]   Downloaded siphasher v0.3.7
[INFO] [stderr]   Downloaded uritemplate-next v0.2.0
[INFO] [stderr]   Downloaded pkg-config v0.3.21
[INFO] [stderr]   Downloaded ndk v0.3.0
[INFO] [stderr]   Downloaded ndk-glue v0.3.0
[INFO] [stderr]   Downloaded num_enum_derive v0.5.4
[INFO] [stderr]   Downloaded num_enum v0.5.4
[INFO] [stderr]   Downloaded async-stream v0.3.2
[INFO] [stderr]   Downloaded input_buffer v0.4.0
[INFO] [stderr]   Downloaded fastrand v1.5.0
[INFO] [stderr]   Downloaded windows_gen_macros v0.3.1
[INFO] [stderr]   Downloaded windows_winmd_macros v0.3.1
[INFO] [stderr]   Downloaded prost-types v0.7.0
[INFO] [stderr]   Downloaded IOKit-sys v0.1.5
[INFO] [stderr]   Downloaded jsonway v2.0.0
[INFO] [stderr]   Downloaded publicsuffix v1.5.6
[INFO] [stderr]   Downloaded clang-sys v1.2.2
[INFO] [stderr]   Downloaded tokio v1.12.0
[INFO] [stderr]   Downloaded oboe-sys v0.4.4
[INFO] [stderr]   Downloaded oboe v0.4.4
[INFO] [stderr]   Downloaded value-bag v1.0.0-alpha.7
[INFO] [stderr]   Downloaded tokio-macros v1.5.0
[INFO] [stderr]   Downloaded windows_winmd v0.3.1
[INFO] [stderr]   Downloaded buttplug_derive v0.6.2
[INFO] [stderr]   Downloaded windows_macros v0.3.1
[INFO] [stderr]   Downloaded windows v0.3.1
[INFO] [stderr]   Downloaded prost-build v0.7.0
[INFO] running `Command { std: "docker" "create" "-v" "/var/lib/crater-agent-workspace/builds/worker-0-tc1/target:/opt/rustwide/target:rw,Z" "-v" "/var/lib/crater-agent-workspace/builds/worker-0-tc1/source:/opt/rustwide/workdir:ro,Z" "-v" "/var/lib/crater-agent-workspace/cargo-home:/opt/rustwide/cargo-home:ro,Z" "-v" "/var/lib/crater-agent-workspace/rustup-home:/opt/rustwide/rustup-home:ro,Z" "-e" "SOURCE_DIR=/opt/rustwide/workdir" "-e" "CARGO_TARGET_DIR=/opt/rustwide/target" "-e" "CARGO_HOME=/opt/rustwide/cargo-home" "-e" "RUSTUP_HOME=/opt/rustwide/rustup-home" "-w" "/opt/rustwide/workdir" "-m" "1610612736" "--user" "0:0" "--network" "none" "ghcr.io/rust-lang/crates-build-env/linux@sha256:f3a9d4ad9d972b27faf3965f35b62e55ba32bbce8f20bc8fe909558a86702fde" "/opt/rustwide/cargo-home/bin/cargo" "+1.83.0" "metadata" "--no-deps" "--format-version=1", kill_on_drop: false }`
[INFO] [stdout] 7985dd4dc513c11de154dc29b7716141eced51f29ab0807cae42d3dd4595f8eb
[INFO] running `Command { std: "docker" "start" "-a" "7985dd4dc513c11de154dc29b7716141eced51f29ab0807cae42d3dd4595f8eb", kill_on_drop: false }`
[INFO] running `Command { std: "docker" "inspect" "7985dd4dc513c11de154dc29b7716141eced51f29ab0807cae42d3dd4595f8eb", kill_on_drop: false }`
[INFO] running `Command { std: "docker" "rm" "-f" "7985dd4dc513c11de154dc29b7716141eced51f29ab0807cae42d3dd4595f8eb", kill_on_drop: false }`
[INFO] [stdout] 7985dd4dc513c11de154dc29b7716141eced51f29ab0807cae42d3dd4595f8eb
[INFO] running `Command { std: "docker" "create" "-v" "/var/lib/crater-agent-workspace/builds/worker-0-tc1/target:/opt/rustwide/target:rw,Z" "-v" "/var/lib/crater-agent-workspace/builds/worker-0-tc1/source:/opt/rustwide/workdir:ro,Z" "-v" "/var/lib/crater-agent-workspace/cargo-home:/opt/rustwide/cargo-home:ro,Z" "-v" "/var/lib/crater-agent-workspace/rustup-home:/opt/rustwide/rustup-home:ro,Z" "-e" "SOURCE_DIR=/opt/rustwide/workdir" "-e" "CARGO_TARGET_DIR=/opt/rustwide/target" "-e" "CARGO_INCREMENTAL=0" "-e" "RUST_BACKTRACE=full" "-e" "RUSTFLAGS=--cap-lints=warn" "-e" "RUSTDOCFLAGS=--cap-lints=warn" "-e" "CARGO_HOME=/opt/rustwide/cargo-home" "-e" "RUSTUP_HOME=/opt/rustwide/rustup-home" "-w" "/opt/rustwide/workdir" "-m" "1610612736" "--user" "0:0" "--network" "none" "ghcr.io/rust-lang/crates-build-env/linux@sha256:f3a9d4ad9d972b27faf3965f35b62e55ba32bbce8f20bc8fe909558a86702fde" "/opt/rustwide/cargo-home/bin/cargo" "+1.83.0" "build" "--frozen" "--message-format=json", kill_on_drop: false }`
[INFO] [stdout] a3475c89f274d1cfd72195826200a0aef13060894a7bd2f54c585f6456dab9cd
[INFO] running `Command { std: "docker" "start" "-a" "a3475c89f274d1cfd72195826200a0aef13060894a7bd2f54c585f6456dab9cd", kill_on_drop: false }`
[INFO] [stderr]    Compiling libc v0.2.104
[INFO] [stderr]    Compiling proc-macro2 v1.0.30
[INFO] [stderr]    Compiling unicode-xid v0.2.2
[INFO] [stderr]    Compiling syn v1.0.80
[INFO] [stderr]    Compiling autocfg v1.0.1
[INFO] [stderr]    Compiling pkg-config v0.3.21
[INFO] [stderr]    Compiling version_check v0.9.3
[INFO] [stderr]    Compiling log v0.4.14
[INFO] [stderr]    Compiling memchr v2.4.1
[INFO] [stderr]    Compiling bytes v1.1.0
[INFO] [stderr]    Compiling pin-project-lite v0.2.7
[INFO] [stderr]    Compiling value-bag v1.0.0-alpha.7
[INFO] [stderr]    Compiling ppv-lite86 v0.2.14
[INFO] [stderr]    Compiling itoa v0.4.8
[INFO] [stderr]    Compiling futures-core v0.3.17
[INFO] [stderr]    Compiling serde_derive v1.0.130
[INFO] [stderr]    Compiling parking_lot_core v0.8.5
[INFO] [stderr]    Compiling serde v1.0.130
[INFO] [stderr]    Compiling smallvec v1.7.0
[INFO] [stderr]    Compiling once_cell v1.8.0
[INFO] [stderr]    Compiling instant v0.1.12
[INFO] [stderr]    Compiling scopeguard v1.1.0
[INFO] [stderr]    Compiling proc-macro-hack v0.5.19
[INFO] [stderr]    Compiling quote v1.0.10
[INFO] [stderr]    Compiling lock_api v0.4.5
[INFO] [stderr]    Compiling futures-macro v0.3.17
[INFO] [stderr]    Compiling futures-channel v0.3.17
[INFO] [stderr]    Compiling futures-sink v0.3.17
[INFO] [stderr]    Compiling proc-macro-nested v0.1.7
[INFO] [stderr]    Compiling futures-task v0.3.17
[INFO] [stderr]    Compiling getrandom v0.1.16
[INFO] [stderr]    Compiling futures-util v0.3.17
[INFO] [stderr]    Compiling indexmap v1.7.0
[INFO] [stderr]    Compiling ryu v1.0.5
[INFO] [stderr]    Compiling jobserver v0.1.24
[INFO] [stderr]    Compiling getrandom v0.2.3
[INFO] [stderr]    Compiling num_cpus v1.13.0
[INFO] [stderr]    Compiling either v1.6.1
[INFO] [stderr]    Compiling cc v1.0.71
[INFO] [stderr]    Compiling parking_lot v0.11.2
[INFO] [stderr]    Compiling tracing-core v0.1.21
[INFO] [stderr]    Compiling tokio v1.12.0
[INFO] [stderr]    Compiling futures-io v0.3.17
[INFO] [stderr]    Compiling tinyvec_macros v0.1.0
[INFO] [stderr]    Compiling hashbrown v0.11.2
[INFO] [stderr]    Compiling matches v0.1.9
[INFO] [stderr]    Compiling slab v0.4.5
[INFO] [stderr]    Compiling tinyvec v1.5.0
[INFO] [stderr]    Compiling rand_core v0.5.1
[INFO] [stderr]    Compiling rand_core v0.6.3
[INFO] [stderr]    Compiling signal-hook-registry v1.4.0
[INFO] [stderr]    Compiling percent-encoding v2.1.0
[INFO] [stderr]    Compiling typenum v1.14.0
[INFO] [stderr]    Compiling anyhow v1.0.44
[INFO] [stderr]    Compiling openssl v0.10.36
[INFO] [stderr]    Compiling openssl-sys v0.9.67
[INFO] [stderr]    Compiling unicode-normalization v0.1.19
[INFO] [stderr]    Compiling foreign-types v0.3.2
[INFO] [stderr]    Compiling form_urlencoded v1.0.1
[INFO] [stderr]    Compiling http v0.2.5
[INFO] [stderr]    Compiling rand_chacha v0.3.1
[INFO] [stderr]    Compiling generic-array v0.14.4
[INFO] [stderr]    Compiling num-traits v0.2.14
[INFO] [stderr]    Compiling serde_json v1.0.68
[INFO] [stderr]    Compiling native-tls v0.2.8
[INFO] [stderr]    Compiling unicode-bidi v0.3.7
[INFO] [stderr]    Compiling httparse v1.5.1
[INFO] [stderr]    Compiling siphasher v0.3.7
[INFO] [stderr]    Compiling phf_shared v0.8.0
[INFO] [stderr]    Compiling idna v0.2.3
[INFO] [stderr]    Compiling rand v0.8.4
[INFO] [stderr]    Compiling rand_pcg v0.2.1
[INFO] [stderr]    Compiling rand_chacha v0.2.2
[INFO] [stderr]    Compiling itertools v0.9.0
[INFO] [stderr]    Compiling num-integer v0.1.44
[INFO] [stderr]    Compiling regex-syntax v0.6.25
[INFO] [stderr]    Compiling openssl-probe v0.1.4
[INFO] [stderr]    Compiling unicode-width v0.1.9
[INFO] [stderr]    Compiling textwrap v0.11.0
[INFO] [stderr]    Compiling url v2.2.2
[INFO] [stderr]    Compiling rand v0.7.3
[INFO] [stderr]    Compiling which v4.2.2
[INFO] [stderr]    Compiling atty v0.2.14
[INFO] [stderr]    Compiling vec_map v0.8.2
[INFO] [stderr]    Compiling unicode-segmentation v1.8.0
[INFO] [stderr]    Compiling ansi_term v0.11.0
[INFO] [stderr]    Compiling strsim v0.8.0
[INFO] [stderr]    Compiling prost-build v0.7.0
[INFO] [stderr]    Compiling clap v2.33.3
[INFO] [stderr]    Compiling heck v0.3.3
[INFO] [stderr]    Compiling phf_generator v0.8.0
[INFO] [stderr]    Compiling time v0.1.43
[INFO] [stderr]    Compiling aho-corasick v0.7.18
[INFO] [stderr]    Compiling libdbus-sys v0.2.2
[INFO] [stderr]    Compiling libudev-sys v0.1.4
[INFO] [stderr]    Compiling remove_dir_all v0.5.3
[INFO] [stderr]    Compiling try-lock v0.2.3
[INFO] [stderr]    Compiling xml-rs v0.8.4
[INFO] [stderr]    Compiling fixedbitset v0.2.0
[INFO] [stderr]    Compiling base64 v0.13.0
[INFO] [stderr]    Compiling petgraph v0.5.1
[INFO] [stderr]    Compiling tempfile v3.2.0
[INFO] [stderr]    Compiling regex v1.5.4
[INFO] [stderr]    Compiling ctor v0.1.21
[INFO] [stderr]    Compiling tokio-macros v1.5.0
[INFO] [stderr]    Compiling tracing-attributes v0.1.18
[INFO] [stderr]    Compiling thiserror-impl v1.0.30
[INFO] [stderr]    Compiling mio v0.7.14
[INFO] [stderr]    Compiling prost-derive v0.7.0
[INFO] [stderr]    Compiling tracing v0.1.29
[INFO] [stderr]    Compiling want v0.3.0
[INFO] [stderr]    Compiling dbus-codegen v0.9.1
[INFO] [stderr]    Compiling thiserror v1.0.30
[INFO] [stderr]    Compiling chrono v0.4.19
[INFO] [stderr]    Compiling phf_codegen v0.8.0
[INFO] [stderr]    Compiling digest v0.9.0
[INFO] [stderr]    Compiling block-buffer v0.9.0
[INFO] [stderr]    Compiling http-body v0.4.4
[INFO] [stderr]    Compiling hidapi v1.2.6
[INFO] [stderr]    Compiling socket2 v0.4.2
[INFO] [stderr]    Compiling alsa-sys v0.3.1
[INFO] [stderr]    Compiling prost v0.7.0
[INFO] [stderr]    Compiling httpdate v1.0.1
[INFO] [stderr]    Compiling encoding_rs v0.8.29
[INFO] [stderr]    Compiling multimap v0.8.3
[INFO] [stderr]    Compiling opaque-debug v0.3.0
[INFO] [stderr]    Compiling nix v0.16.1
[INFO] [stderr]    Compiling tower-service v0.3.1
[INFO] [stderr]    Compiling cpufeatures v0.2.1
[INFO] [stderr]    Compiling sha-1 v0.9.8
[INFO] [stderr]    Compiling prost-types v0.7.0
[INFO] [stderr]    Compiling btleplug v0.7.3
[INFO] [stderr]    Compiling valico v3.6.0
[INFO] [stderr]    Compiling pin-project-internal v1.0.8
[INFO] [stderr]    Compiling futures-executor v0.3.17
[INFO] [stderr]    Compiling regex-automata v0.1.10
[INFO] [stderr]    Compiling input_buffer v0.4.0
[INFO] [stderr]    Compiling async-trait v0.1.51
[INFO] [stderr]    Compiling void v1.0.2
[INFO] [stderr]    Compiling cfg-if v0.1.10
[INFO] [stderr]    Compiling utf-8 v0.7.6
[INFO] [stderr]    Compiling tungstenite v0.13.0
[INFO] [stderr]    Compiling futures v0.3.17
[INFO] [stderr]    Compiling libudev v0.2.0
[INFO] [stderr]    Compiling matchers v0.0.1
[INFO] [stderr]    Compiling tokio-util v0.6.8
[INFO] [stderr]    Compiling h2 v0.3.7
[INFO] [stderr]    Compiling tokio-native-tls v0.3.0
[INFO] [stderr]    Compiling dbus v0.9.5
[INFO] [stderr]    Compiling pin-project v1.0.8
[INFO] [stderr]    Compiling buttplug v4.0.4
[INFO] [stderr]    Compiling tracing-log v0.1.2
[INFO] [stderr]    Compiling uritemplate-next v0.2.0
[INFO] [stderr]    Compiling async-stream-impl v0.3.2
[INFO] [stderr]    Compiling displaydoc v0.2.3
[INFO] [stderr]    Compiling uuid v0.8.2
[INFO] [stderr]    Compiling tracing-serde v0.1.2
[INFO] [stderr]    Compiling serde_urlencoded v0.7.0
[INFO] [stderr]    Compiling publicsuffix v1.5.6
[INFO] [stderr]    Compiling phf v0.8.0
[INFO] [stderr]    Compiling dashmap v4.0.2
[INFO] [stderr]    Compiling nix v0.20.0
[INFO] [stderr]    Compiling thread_local v1.1.3
[INFO] [stderr]    Compiling json-pointer v0.3.4
[INFO] [stderr]    Compiling jsonway v2.0.0
[INFO] [stderr]    Compiling ipnet v2.3.1
[INFO] [stderr]    Compiling ansi_term v0.12.1
[INFO] [stderr]    Compiling cpal v0.13.4
[INFO] [stderr]    Compiling mime v0.3.16
[INFO] [stderr]    Compiling tracing-subscriber v0.2.25
[INFO] [stderr]    Compiling serde-aux v2.3.0
[INFO] [stderr]    Compiling async-stream v0.3.2
[INFO] [stderr]    Compiling serialport v4.0.1
[INFO] [stderr]    Compiling tracing-futures v0.2.5
[INFO] [stderr]    Compiling async-tungstenite v0.13.1
[INFO] [stderr]    Compiling hyper v0.14.14
[INFO] [stderr]    Compiling buttplug_derive v0.6.2
[INFO] [stderr]    Compiling strum_macros v0.21.1
[INFO] [stderr]    Compiling serde_repr v0.1.7
[INFO] [stderr]    Compiling strum v0.21.0
[INFO] [stderr]    Compiling paste v1.0.5
[INFO] [stderr]    Compiling alsa v0.5.0
[INFO] [stderr]    Compiling futures-timer v3.0.2
[INFO] [stderr]    Compiling hyper-tls v0.5.0
[INFO] [stderr]    Compiling reqwest v0.11.6
[INFO] [stderr]    Compiling buzznoise v0.1.0 (/opt/rustwide/workdir)
[INFO] [stdout] warning: methods `push`, `rms`, and `extend` are never used
[INFO] [stdout]  --> src/movingrms.rs:2:8
[INFO] [stdout]   |
[INFO] [stdout] 1 | pub trait MovingRMS<T> {
[INFO] [stdout]   |           --------- methods in this trait
[INFO] [stdout] 2 |     fn push(&mut self, value: T);
[INFO] [stdout]   |        ^^^^
[INFO] [stdout] 3 |     fn rms(&self) -> Option<T>;
[INFO] [stdout]   |        ^^^
[INFO] [stdout] 4 |
[INFO] [stdout] 5 |     fn extend<U: IntoIterator<Item=T>>(&mut self, iter: U) {
[INFO] [stdout]   |        ^^^^^^
[INFO] [stdout]   |
[INFO] [stdout]   = note: `#[warn(dead_code)]` on by default
[INFO] [stdout] 
[INFO] [stdout] 
[INFO] [stdout] warning: associated function `new` is never used
[INFO] [stdout]  --> src/movingrmsexact.rs:9:12
[INFO] [stdout]   |
[INFO] [stdout] 8 | impl<T> MovingRMSExact<T> {
[INFO] [stdout]   | ------------------------- associated function in this implementation
[INFO] [stdout] 9 |     pub fn new(capacity: usize) -> Self {
[INFO] [stdout]   |            ^^^
[INFO] [stdout] 
[INFO] [stdout] 
[INFO] [stderr]     Finished `dev` profile [unoptimized + debuginfo] target(s) in 2m 52s
[INFO] running `Command { std: "docker" "inspect" "a3475c89f274d1cfd72195826200a0aef13060894a7bd2f54c585f6456dab9cd", kill_on_drop: false }`
[INFO] running `Command { std: "docker" "rm" "-f" "a3475c89f274d1cfd72195826200a0aef13060894a7bd2f54c585f6456dab9cd", kill_on_drop: false }`
[INFO] [stdout] a3475c89f274d1cfd72195826200a0aef13060894a7bd2f54c585f6456dab9cd
[INFO] running `Command { std: "docker" "create" "-v" "/var/lib/crater-agent-workspace/builds/worker-0-tc1/target:/opt/rustwide/target:rw,Z" "-v" "/var/lib/crater-agent-workspace/builds/worker-0-tc1/source:/opt/rustwide/workdir:ro,Z" "-v" "/var/lib/crater-agent-workspace/cargo-home:/opt/rustwide/cargo-home:ro,Z" "-v" "/var/lib/crater-agent-workspace/rustup-home:/opt/rustwide/rustup-home:ro,Z" "-e" "SOURCE_DIR=/opt/rustwide/workdir" "-e" "CARGO_TARGET_DIR=/opt/rustwide/target" "-e" "CARGO_INCREMENTAL=0" "-e" "RUST_BACKTRACE=full" "-e" "RUSTFLAGS=--cap-lints=warn" "-e" "RUSTDOCFLAGS=--cap-lints=warn" "-e" "CARGO_HOME=/opt/rustwide/cargo-home" "-e" "RUSTUP_HOME=/opt/rustwide/rustup-home" "-w" "/opt/rustwide/workdir" "-m" "1610612736" "--user" "0:0" "--network" "none" "ghcr.io/rust-lang/crates-build-env/linux@sha256:f3a9d4ad9d972b27faf3965f35b62e55ba32bbce8f20bc8fe909558a86702fde" "/opt/rustwide/cargo-home/bin/cargo" "+1.83.0" "test" "--frozen" "--no-run" "--message-format=json", kill_on_drop: false }`
[INFO] [stdout] 46fc929b50bf2ceba507f58d00d48cd3229f319501cbd17eac7158c31844365c
[INFO] running `Command { std: "docker" "start" "-a" "46fc929b50bf2ceba507f58d00d48cd3229f319501cbd17eac7158c31844365c", kill_on_drop: false }`
[INFO] [stderr]    Compiling buzznoise v0.1.0 (/opt/rustwide/workdir)
[INFO] [stdout] warning: method `extend` is never used
[INFO] [stdout]  --> src/movingrms.rs:5:8
[INFO] [stdout]   |
[INFO] [stdout] 1 | pub trait MovingRMS<T> {
[INFO] [stdout]   |           --------- method in this trait
[INFO] [stdout] ...
[INFO] [stdout] 5 |     fn extend<U: IntoIterator<Item=T>>(&mut self, iter: U) {
[INFO] [stdout]   |        ^^^^^^
[INFO] [stdout]   |
[INFO] [stdout]   = note: `#[warn(dead_code)]` on by default
[INFO] [stdout] 
[INFO] [stdout] 
[INFO] [stderr]     Finished `test` profile [unoptimized + debuginfo] target(s) in 6.04s
[INFO] running `Command { std: "docker" "inspect" "46fc929b50bf2ceba507f58d00d48cd3229f319501cbd17eac7158c31844365c", kill_on_drop: false }`
[INFO] running `Command { std: "docker" "rm" "-f" "46fc929b50bf2ceba507f58d00d48cd3229f319501cbd17eac7158c31844365c", kill_on_drop: false }`
[INFO] [stdout] 46fc929b50bf2ceba507f58d00d48cd3229f319501cbd17eac7158c31844365c
[INFO] running `Command { std: "docker" "create" "-v" "/var/lib/crater-agent-workspace/builds/worker-0-tc1/target:/opt/rustwide/target:rw,Z" "-v" "/var/lib/crater-agent-workspace/builds/worker-0-tc1/source:/opt/rustwide/workdir:ro,Z" "-v" "/var/lib/crater-agent-workspace/cargo-home:/opt/rustwide/cargo-home:ro,Z" "-v" "/var/lib/crater-agent-workspace/rustup-home:/opt/rustwide/rustup-home:ro,Z" "-e" "SOURCE_DIR=/opt/rustwide/workdir" "-e" "CARGO_TARGET_DIR=/opt/rustwide/target" "-e" "CARGO_INCREMENTAL=0" "-e" "RUST_BACKTRACE=full" "-e" "RUSTFLAGS=--cap-lints=warn" "-e" "RUSTDOCFLAGS=--cap-lints=warn" "-e" "CARGO_HOME=/opt/rustwide/cargo-home" "-e" "RUSTUP_HOME=/opt/rustwide/rustup-home" "-w" "/opt/rustwide/workdir" "-m" "1610612736" "--user" "0:0" "--network" "none" "ghcr.io/rust-lang/crates-build-env/linux@sha256:f3a9d4ad9d972b27faf3965f35b62e55ba32bbce8f20bc8fe909558a86702fde" "/opt/rustwide/cargo-home/bin/cargo" "+1.83.0" "test" "--frozen", kill_on_drop: false }`
[INFO] [stdout] 58382f4cdd55abe00d5fd51dc7ab289fc52cb91e9edac01950bd615e8888960e
[INFO] running `Command { std: "docker" "start" "-a" "58382f4cdd55abe00d5fd51dc7ab289fc52cb91e9edac01950bd615e8888960e", kill_on_drop: false }`
[INFO] [stderr] warning: method `extend` is never used
[INFO] [stderr]  --> src/movingrms.rs:5:8
[INFO] [stderr]   |
[INFO] [stderr] 1 | pub trait MovingRMS<T> {
[INFO] [stderr]   |           --------- method in this trait
[INFO] [stderr] ...
[INFO] [stderr] 5 |     fn extend<U: IntoIterator<Item=T>>(&mut self, iter: U) {
[INFO] [stderr]   |        ^^^^^^
[INFO] [stderr]   |
[INFO] [stderr]   = note: `#[warn(dead_code)]` on by default
[INFO] [stderr] 
[INFO] [stderr] warning: `buzznoise` (bin "buzznoise" test) generated 1 warning
[INFO] [stderr]     Finished `test` profile [unoptimized + debuginfo] target(s) in 0.28s
[INFO] [stderr]      Running unittests src/main.rs (/opt/rustwide/target/debug/deps/buzznoise-8daeaf504201862e)
[INFO] [stdout] 
[INFO] [stdout] running 4 tests
[INFO] [stdout] test loudnessbuffer::tests::zeros ... ok
[INFO] [stdout] test movingrmsexact::tests::zeros ... ok
[INFO] [stdout] test movingrmsexact::tests::empty_rms_is_none ... ok
[INFO] [stdout] test loudnessbuffer::tests::silence_after_noise ... FAILED
[INFO] [stdout] 
[INFO] [stdout] failures:
[INFO] [stdout] 
[INFO] [stdout] ---- loudnessbuffer::tests::silence_after_noise stdout ----
[INFO] [stdout] thread 'loudnessbuffer::tests::silence_after_noise' panicked at src/loudnessbuffer.rs:62:9:
[INFO] [stdout] assertion `left == right` failed
[INFO] [stdout]   left: 0.0010707278
[INFO] [stdout]  right: 0.0
[INFO] [stdout] stack backtrace:
[INFO] [stdout]    0:     0x635c0dcdf31a - std::backtrace_rs::backtrace::libunwind::trace::h5a5b8284f2d0c266
[INFO] [stdout]                                at /rustc/90b35a6239c3d8bdabc530a6a0816f7ff89a0aaf/library/std/src/../../backtrace/src/backtrace/libunwind.rs:116:5
[INFO] [stdout]    1:     0x635c0dcdf31a - std::backtrace_rs::backtrace::trace_unsynchronized::h76d4f1c9b0b875e3
[INFO] [stdout]                                at /rustc/90b35a6239c3d8bdabc530a6a0816f7ff89a0aaf/library/std/src/../../backtrace/src/backtrace/mod.rs:66:5
[INFO] [stdout]    2:     0x635c0dcdf31a - std::sys::backtrace::_print_fmt::hc4546b8364a537c6
[INFO] [stdout]                                at /rustc/90b35a6239c3d8bdabc530a6a0816f7ff89a0aaf/library/std/src/sys/backtrace.rs:66:9
[INFO] [stdout]    3:     0x635c0dcdf31a - <std::sys::backtrace::BacktraceLock::print::DisplayBacktrace as core::fmt::Display>::fmt::h5b6bd5631a6d1f6b
[INFO] [stdout]                                at /rustc/90b35a6239c3d8bdabc530a6a0816f7ff89a0aaf/library/std/src/sys/backtrace.rs:39:26
[INFO] [stdout]    4:     0x635c0dd05373 - core::fmt::rt::Argument::fmt::h270f6602a2b96f62
[INFO] [stdout]                                at /rustc/90b35a6239c3d8bdabc530a6a0816f7ff89a0aaf/library/core/src/fmt/rt.rs:177:76
[INFO] [stdout]    5:     0x635c0dd05373 - core::fmt::write::h7550c97b06c86515
[INFO] [stdout]                                at /rustc/90b35a6239c3d8bdabc530a6a0816f7ff89a0aaf/library/core/src/fmt/mod.rs:1186:21
[INFO] [stdout]    6:     0x635c0dcdc4e3 - std::io::Write::write_fmt::h509ff860e5956e5e
[INFO] [stdout]                                at /rustc/90b35a6239c3d8bdabc530a6a0816f7ff89a0aaf/library/std/src/io/mod.rs:1839:15
[INFO] [stdout]    7:     0x635c0dcdf162 - std::sys::backtrace::BacktraceLock::print::h2395ccd2c84ba3aa
[INFO] [stdout]                                at /rustc/90b35a6239c3d8bdabc530a6a0816f7ff89a0aaf/library/std/src/sys/backtrace.rs:42:9
[INFO] [stdout]    8:     0x635c0dce077a - std::panicking::default_hook::{{closure}}::he19d4c7230e07961
[INFO] [stdout]                                at /rustc/90b35a6239c3d8bdabc530a6a0816f7ff89a0aaf/library/std/src/panicking.rs:268:22
[INFO] [stdout]    9:     0x635c0dce0584 - std::panicking::default_hook::hf614597d3c67bbdb
[INFO] [stdout]                                at /rustc/90b35a6239c3d8bdabc530a6a0816f7ff89a0aaf/library/std/src/panicking.rs:292:9
[INFO] [stdout]   10:     0x635c0dca6009 - <alloc::boxed::Box<F,A> as core::ops::function::Fn<Args>>::call::h39b51ce4599c23d1
[INFO] [stdout]                                at /rustc/90b35a6239c3d8bdabc530a6a0816f7ff89a0aaf/library/alloc/src/boxed.rs:2468:9
[INFO] [stdout]   11:     0x635c0dca6009 - test::test_main::{{closure}}::he977ae839a582784
[INFO] [stdout]                                at /rustc/90b35a6239c3d8bdabc530a6a0816f7ff89a0aaf/library/test/src/lib.rs:133:21
[INFO] [stdout]   12:     0x635c0dce0e18 - <alloc::boxed::Box<F,A> as core::ops::function::Fn<Args>>::call::h9455091b6b06f9fb
[INFO] [stdout]                                at /rustc/90b35a6239c3d8bdabc530a6a0816f7ff89a0aaf/library/alloc/src/boxed.rs:2468:9
[INFO] [stdout]   13:     0x635c0dce0e18 - std::panicking::rust_panic_with_hook::h8942133a8b252070
[INFO] [stdout]                                at /rustc/90b35a6239c3d8bdabc530a6a0816f7ff89a0aaf/library/std/src/panicking.rs:809:13
[INFO] [stdout]   14:     0x635c0dce0bda - std::panicking::begin_panic_handler::{{closure}}::hb5f5963570096b29
[INFO] [stdout]                                at /rustc/90b35a6239c3d8bdabc530a6a0816f7ff89a0aaf/library/std/src/panicking.rs:674:13
[INFO] [stdout]   15:     0x635c0dcdf7f9 - std::sys::backtrace::__rust_end_short_backtrace::h6208cedc1922feda
[INFO] [stdout]                                at /rustc/90b35a6239c3d8bdabc530a6a0816f7ff89a0aaf/library/std/src/sys/backtrace.rs:170:18
[INFO] [stdout]   16:     0x635c0dce086c - rust_begin_unwind
[INFO] [stdout]                                at /rustc/90b35a6239c3d8bdabc530a6a0816f7ff89a0aaf/library/std/src/panicking.rs:665:5
[INFO] [stdout]   17:     0x635c0dc68a50 - core::panicking::panic_fmt::h0c3082644d1bf418
[INFO] [stdout]                                at /rustc/90b35a6239c3d8bdabc530a6a0816f7ff89a0aaf/library/core/src/panicking.rs:74:14
[INFO] [stdout]   18:     0x635c0dc68d7b - core::panicking::assert_failed_inner::h2ddf1fcc067fa858
[INFO] [stdout]   19:     0x635c0dc6b074 - core::panicking::assert_failed::hce8fa04b6d659db7
[INFO] [stdout]                                at /rustc/90b35a6239c3d8bdabc530a6a0816f7ff89a0aaf/library/core/src/panicking.rs:367:5
[INFO] [stdout]   20:     0x635c0dc6dc99 - buzznoise::loudnessbuffer::tests::silence_after_noise::h3d1d8d62b18b5b80
[INFO] [stdout]                                at /opt/rustwide/workdir/src/loudnessbuffer.rs:62:9
[INFO] [stdout]   21:     0x635c0dc6da57 - buzznoise::loudnessbuffer::tests::silence_after_noise::{{closure}}::hfcd401647937bacd
[INFO] [stdout]                                at /opt/rustwide/workdir/src/loudnessbuffer.rs:57:29
[INFO] [stdout]   22:     0x635c0dc6ad76 - core::ops::function::FnOnce::call_once::heaa4ee7be7ff281a
[INFO] [stdout]                                at /rustc/90b35a6239c3d8bdabc530a6a0816f7ff89a0aaf/library/core/src/ops/function.rs:250:5
[INFO] [stdout]   23:     0x635c0dcaa9cb - core::ops::function::FnOnce::call_once::h109cf8051a59b34e
[INFO] [stdout]                                at /rustc/90b35a6239c3d8bdabc530a6a0816f7ff89a0aaf/library/core/src/ops/function.rs:250:5
[INFO] [stdout]   24:     0x635c0dcaa9cb - test::__rust_begin_short_backtrace::hf4fff89d377446ba
[INFO] [stdout]                                at /rustc/90b35a6239c3d8bdabc530a6a0816f7ff89a0aaf/library/test/src/lib.rs:621:18
[INFO] [stdout]   25:     0x635c0dcaa207 - test::run_test_in_process::{{closure}}::h0e39181dd7ee5a43
[INFO] [stdout]                                at /rustc/90b35a6239c3d8bdabc530a6a0816f7ff89a0aaf/library/test/src/lib.rs:644:60
[INFO] [stdout]   26:     0x635c0dcaa207 - <core::panic::unwind_safe::AssertUnwindSafe<F> as core::ops::function::FnOnce<()>>::call_once::hc5a66a30f0bdfd1f
[INFO] [stdout]                                at /rustc/90b35a6239c3d8bdabc530a6a0816f7ff89a0aaf/library/core/src/panic/unwind_safe.rs:272:9
[INFO] [stdout]   27:     0x635c0dcaa207 - std::panicking::try::do_call::h873b7cf639554a5e
[INFO] [stdout]                                at /rustc/90b35a6239c3d8bdabc530a6a0816f7ff89a0aaf/library/std/src/panicking.rs:557:40
[INFO] [stdout]   28:     0x635c0dcaa207 - std::panicking::try::hdb19862fad9c8bd1
[INFO] [stdout]                                at /rustc/90b35a6239c3d8bdabc530a6a0816f7ff89a0aaf/library/std/src/panicking.rs:520:19
[INFO] [stdout]   29:     0x635c0dcaa207 - std::panic::catch_unwind::h281fe732d236d260
[INFO] [stdout]                                at /rustc/90b35a6239c3d8bdabc530a6a0816f7ff89a0aaf/library/std/src/panic.rs:358:14
[INFO] [stdout]   30:     0x635c0dcaa207 - test::run_test_in_process::h949b6df8457ed338
[INFO] [stdout]                                at /rustc/90b35a6239c3d8bdabc530a6a0816f7ff89a0aaf/library/test/src/lib.rs:644:27
[INFO] [stdout]   31:     0x635c0dcaa207 - test::run_test::{{closure}}::h52c556a6d4740e10
[INFO] [stdout]                                at /rustc/90b35a6239c3d8bdabc530a6a0816f7ff89a0aaf/library/test/src/lib.rs:565:43
[INFO] [stdout]   32:     0x635c0dc6f4e4 - test::run_test::{{closure}}::h4237f6381c45ccb9
[INFO] [stdout]                                at /rustc/90b35a6239c3d8bdabc530a6a0816f7ff89a0aaf/library/test/src/lib.rs:595:41
[INFO] [stdout]   33:     0x635c0dc6f4e4 - std::sys::backtrace::__rust_begin_short_backtrace::h505c97a579eca628
[INFO] [stdout]                                at /rustc/90b35a6239c3d8bdabc530a6a0816f7ff89a0aaf/library/std/src/sys/backtrace.rs:154:18
[INFO] [stdout]   34:     0x635c0dc72bae - std::thread::Builder::spawn_unchecked_::{{closure}}::{{closure}}::h9e86b2e2bc107ea3
[INFO] [stdout]                                at /rustc/90b35a6239c3d8bdabc530a6a0816f7ff89a0aaf/library/std/src/thread/mod.rs:538:17
[INFO] [stdout]   35:     0x635c0dc72bae - <core::panic::unwind_safe::AssertUnwindSafe<F> as core::ops::function::FnOnce<()>>::call_once::h8b06ddb275ff4a25
[INFO] [stdout]                                at /rustc/90b35a6239c3d8bdabc530a6a0816f7ff89a0aaf/library/core/src/panic/unwind_safe.rs:272:9
[INFO] [stdout]   36:     0x635c0dc72bae - std::panicking::try::do_call::hb26ecd7cd9a9355d
[INFO] [stdout]                                at /rustc/90b35a6239c3d8bdabc530a6a0816f7ff89a0aaf/library/std/src/panicking.rs:557:40
[INFO] [stdout]   37:     0x635c0dc72bae - std::panicking::try::h8ddeca9d705f9069
[INFO] [stdout]                                at /rustc/90b35a6239c3d8bdabc530a6a0816f7ff89a0aaf/library/std/src/panicking.rs:520:19
[INFO] [stdout]   38:     0x635c0dc72bae - std::panic::catch_unwind::h49e1c33078844c46
[INFO] [stdout]                                at /rustc/90b35a6239c3d8bdabc530a6a0816f7ff89a0aaf/library/std/src/panic.rs:358:14
[INFO] [stdout]   39:     0x635c0dc72bae - std::thread::Builder::spawn_unchecked_::{{closure}}::h6073db6ff56ad35d
[INFO] [stdout]                                at /rustc/90b35a6239c3d8bdabc530a6a0816f7ff89a0aaf/library/std/src/thread/mod.rs:537:30
[INFO] [stdout]   40:     0x635c0dc72bae - core::ops::function::FnOnce::call_once{{vtable.shim}}::h2c5a5f3779c774f1
[INFO] [stdout]                                at /rustc/90b35a6239c3d8bdabc530a6a0816f7ff89a0aaf/library/core/src/ops/function.rs:250:5
[INFO] [stdout]   41:     0x635c0dce4b6b - <alloc::boxed::Box<F,A> as core::ops::function::FnOnce<Args>>::call_once::hf75717d9f28faebf
[INFO] [stdout]                                at /rustc/90b35a6239c3d8bdabc530a6a0816f7ff89a0aaf/library/alloc/src/boxed.rs:2454:9
[INFO] [stdout]   42:     0x635c0dce4b6b - <alloc::boxed::Box<F,A> as core::ops::function::FnOnce<Args>>::call_once::h7bd883a5f3c5f3c1
[INFO] [stdout]                                at /rustc/90b35a6239c3d8bdabc530a6a0816f7ff89a0aaf/library/alloc/src/boxed.rs:2454:9
[INFO] [stdout]   43:     0x635c0dce4b6b - std::sys::pal::unix::thread::Thread::new::thread_start::hcc78f3943333fa94
[INFO] [stdout]                                at /rustc/90b35a6239c3d8bdabc530a6a0816f7ff89a0aaf/library/std/src/sys/pal/unix/thread.rs:105:17
[INFO] [stdout]   44:     0x708091b95ac3 - <unknown>
[INFO] [stdout]   45:     0x708091c26a04 - clone
[INFO] [stdout]   46:                0x0 - <unknown>
[INFO] [stdout] 
[INFO] [stdout] 
[INFO] [stdout] failures:
[INFO] [stdout]     loudnessbuffer::tests::silence_after_noise
[INFO] [stdout] 
[INFO] [stdout] test result: FAILED. 3 passed; 1 failed; 0 ignored; 0 measured; 0 filtered out; finished in 0.28s
[INFO] [stdout] 
[INFO] [stderr] error: test failed, to rerun pass `--bin buzznoise`
[INFO] running `Command { std: "docker" "inspect" "58382f4cdd55abe00d5fd51dc7ab289fc52cb91e9edac01950bd615e8888960e", kill_on_drop: false }`
[INFO] running `Command { std: "docker" "rm" "-f" "58382f4cdd55abe00d5fd51dc7ab289fc52cb91e9edac01950bd615e8888960e", kill_on_drop: false }`
[INFO] [stdout] 58382f4cdd55abe00d5fd51dc7ab289fc52cb91e9edac01950bd615e8888960e
