[INFO] cloning repository https://github.com/FanJiang2024/learn-rust
[INFO] running `Command { std: "git" "-c" "credential.helper=" "-c" "credential.helper=/workspace/cargo-home/bin/git-credential-null" "clone" "--bare" "https://github.com/FanJiang2024/learn-rust" "/workspace/cache/git-repos/https%3A%2F%2Fgithub.com%2FFanJiang2024%2Flearn-rust", kill_on_drop: false }`
[INFO] [stderr] Cloning into bare repository '/workspace/cache/git-repos/https%3A%2F%2Fgithub.com%2FFanJiang2024%2Flearn-rust'...
[INFO] running `Command { std: "git" "rev-parse" "HEAD", kill_on_drop: false }`
[INFO] [stdout] 9b98a2da69599e680931024ed5b06b576cec88a1
[INFO] testing FanJiang2024/learn-rust against 1.83.0 for beta-1.84.0-4-retry
[INFO] running `Command { std: "git" "clone" "/workspace/cache/git-repos/https%3A%2F%2Fgithub.com%2FFanJiang2024%2Flearn-rust" "/workspace/builds/worker-2-tc1/source", kill_on_drop: false }`
[INFO] [stderr] Cloning into '/workspace/builds/worker-2-tc1/source'...
[INFO] [stderr] done.
[INFO] validating manifest of git repo https://github.com/FanJiang2024/learn-rust on toolchain 1.83.0
[INFO] running `Command { std: CARGO_HOME="/workspace/cargo-home" RUSTUP_HOME="/workspace/rustup-home" "/workspace/cargo-home/bin/cargo" "+1.83.0" "metadata" "--manifest-path" "Cargo.toml" "--no-deps", kill_on_drop: false }`
[INFO] started tweaking git repo https://github.com/FanJiang2024/learn-rust
[INFO] finished tweaking git repo https://github.com/FanJiang2024/learn-rust
[INFO] tweaked toml for git repo https://github.com/FanJiang2024/learn-rust written to /workspace/builds/worker-2-tc1/source/Cargo.toml
[INFO] crate git repo https://github.com/FanJiang2024/learn-rust already has a lockfile, it will not be regenerated
[INFO] running `Command { std: CARGO_HOME="/workspace/cargo-home" RUSTUP_HOME="/workspace/rustup-home" "/workspace/cargo-home/bin/cargo" "+1.83.0" "fetch" "--manifest-path" "Cargo.toml", kill_on_drop: false }`
[INFO] running `Command { std: "docker" "create" "-v" "/var/lib/crater-agent-workspace/builds/worker-2-tc1/target:/opt/rustwide/target:rw,Z" "-v" "/var/lib/crater-agent-workspace/builds/worker-2-tc1/source:/opt/rustwide/workdir:ro,Z" "-v" "/var/lib/crater-agent-workspace/cargo-home:/opt/rustwide/cargo-home:ro,Z" "-v" "/var/lib/crater-agent-workspace/rustup-home:/opt/rustwide/rustup-home:ro,Z" "-e" "SOURCE_DIR=/opt/rustwide/workdir" "-e" "CARGO_TARGET_DIR=/opt/rustwide/target" "-e" "CARGO_HOME=/opt/rustwide/cargo-home" "-e" "RUSTUP_HOME=/opt/rustwide/rustup-home" "-w" "/opt/rustwide/workdir" "-m" "1610612736" "--user" "0:0" "--network" "none" "ghcr.io/rust-lang/crates-build-env/linux@sha256:f3a9d4ad9d972b27faf3965f35b62e55ba32bbce8f20bc8fe909558a86702fde" "/opt/rustwide/cargo-home/bin/cargo" "+1.83.0" "metadata" "--no-deps" "--format-version=1", kill_on_drop: false }`
[INFO] [stdout] fd44cf401b4caaab60d57a2f0bd77ff6193cb789657f4bd787a383f654409685
[INFO] running `Command { std: "docker" "start" "-a" "fd44cf401b4caaab60d57a2f0bd77ff6193cb789657f4bd787a383f654409685", kill_on_drop: false }`
[INFO] running `Command { std: "docker" "inspect" "fd44cf401b4caaab60d57a2f0bd77ff6193cb789657f4bd787a383f654409685", kill_on_drop: false }`
[INFO] running `Command { std: "docker" "rm" "-f" "fd44cf401b4caaab60d57a2f0bd77ff6193cb789657f4bd787a383f654409685", kill_on_drop: false }`
[INFO] [stdout] fd44cf401b4caaab60d57a2f0bd77ff6193cb789657f4bd787a383f654409685
[INFO] running `Command { std: "docker" "create" "-v" "/var/lib/crater-agent-workspace/builds/worker-2-tc1/target:/opt/rustwide/target:rw,Z" "-v" "/var/lib/crater-agent-workspace/builds/worker-2-tc1/source:/opt/rustwide/workdir:ro,Z" "-v" "/var/lib/crater-agent-workspace/cargo-home:/opt/rustwide/cargo-home:ro,Z" "-v" "/var/lib/crater-agent-workspace/rustup-home:/opt/rustwide/rustup-home:ro,Z" "-e" "SOURCE_DIR=/opt/rustwide/workdir" "-e" "CARGO_TARGET_DIR=/opt/rustwide/target" "-e" "CARGO_INCREMENTAL=0" "-e" "RUST_BACKTRACE=full" "-e" "RUSTFLAGS=--cap-lints=warn" "-e" "RUSTDOCFLAGS=--cap-lints=warn" "-e" "CARGO_HOME=/opt/rustwide/cargo-home" "-e" "RUSTUP_HOME=/opt/rustwide/rustup-home" "-w" "/opt/rustwide/workdir" "-m" "1610612736" "--user" "0:0" "--network" "none" "ghcr.io/rust-lang/crates-build-env/linux@sha256:f3a9d4ad9d972b27faf3965f35b62e55ba32bbce8f20bc8fe909558a86702fde" "/opt/rustwide/cargo-home/bin/cargo" "+1.83.0" "build" "--frozen" "--message-format=json", kill_on_drop: false }`
[INFO] [stdout] caa2d9536b2ba01246179c6c816b6ad46d5eaa82ea0c3e3fad0e6428758ba4ae
[INFO] running `Command { std: "docker" "start" "-a" "caa2d9536b2ba01246179c6c816b6ad46d5eaa82ea0c3e3fad0e6428758ba4ae", kill_on_drop: false }`
[INFO] [stderr]    Compiling const_static v0.1.0 (/opt/rustwide/workdir)
[INFO] [stdout] warning: unused import: `std::any::Any`
[INFO] [stdout]  --> src/basic_type/mod.rs:1:5
[INFO] [stdout]   |
[INFO] [stdout] 1 | use std::any::Any;
[INFO] [stdout]   |     ^^^^^^^^^^^^^
[INFO] [stdout]   |
[INFO] [stdout]   = note: `#[warn(unused_imports)]` on by default
[INFO] [stdout] 
[INFO] [stdout] 
[INFO] [stdout] warning: unused imports: `addr_of_mut` and `addr_of`
[INFO] [stdout]  --> src/tuple_array/mod.rs:7:16
[INFO] [stdout]   |
[INFO] [stdout] 7 | use std::ptr::{addr_of, addr_of_mut};
[INFO] [stdout]   |                ^^^^^^^  ^^^^^^^^^^^
[INFO] [stdout] 
[INFO] [stdout] 
[INFO] [stdout] warning: static `MY_STATIC` is never used
[INFO] [stdout]  --> src/const_static/mod.rs:2:9
[INFO] [stdout]   |
[INFO] [stdout] 2 | static  MY_STATIC: i32 = 32;
[INFO] [stdout]   |         ^^^^^^^^^
[INFO] [stdout]   |
[INFO] [stdout]   = note: `#[warn(dead_code)]` on by default
[INFO] [stdout] 
[INFO] [stdout] 
[INFO] [stdout] warning: static `MY_MUT_STATIC` is never used
[INFO] [stdout]  --> src/const_static/mod.rs:3:12
[INFO] [stdout]   |
[INFO] [stdout] 3 | static mut MY_MUT_STATIC: i32 = 64;
[INFO] [stdout]   |            ^^^^^^^^^^^^^
[INFO] [stdout] 
[INFO] [stdout] 
[INFO] [stdout] warning: unused variable: `tup2`
[INFO] [stdout]  --> src/main.rs:7:13
[INFO] [stdout]   |
[INFO] [stdout] 7 |     let mut tup2 = tup1;
[INFO] [stdout]   |             ^^^^ help: if this is intentional, prefix it with an underscore: `_tup2`
[INFO] [stdout]   |
[INFO] [stdout]   = note: `#[warn(unused_variables)]` on by default
[INFO] [stdout] 
[INFO] [stdout] 
[INFO] [stdout] warning: variable does not need to be mutable
[INFO] [stdout]  --> src/main.rs:7:9
[INFO] [stdout]   |
[INFO] [stdout] 7 |     let mut tup2 = tup1;
[INFO] [stdout]   |         ----^^^^
[INFO] [stdout]   |         |
[INFO] [stdout]   |         help: remove this `mut`
[INFO] [stdout]   |
[INFO] [stdout]   = note: `#[warn(unused_mut)]` on by default
[INFO] [stdout] 
[INFO] [stdout] 
[INFO] [stderr]     Finished `dev` profile [unoptimized + debuginfo] target(s) in 0.18s
[INFO] running `Command { std: "docker" "inspect" "caa2d9536b2ba01246179c6c816b6ad46d5eaa82ea0c3e3fad0e6428758ba4ae", kill_on_drop: false }`
[INFO] running `Command { std: "docker" "rm" "-f" "caa2d9536b2ba01246179c6c816b6ad46d5eaa82ea0c3e3fad0e6428758ba4ae", kill_on_drop: false }`
[INFO] [stdout] caa2d9536b2ba01246179c6c816b6ad46d5eaa82ea0c3e3fad0e6428758ba4ae
[INFO] running `Command { std: "docker" "create" "-v" "/var/lib/crater-agent-workspace/builds/worker-2-tc1/target:/opt/rustwide/target:rw,Z" "-v" "/var/lib/crater-agent-workspace/builds/worker-2-tc1/source:/opt/rustwide/workdir:ro,Z" "-v" "/var/lib/crater-agent-workspace/cargo-home:/opt/rustwide/cargo-home:ro,Z" "-v" "/var/lib/crater-agent-workspace/rustup-home:/opt/rustwide/rustup-home:ro,Z" "-e" "SOURCE_DIR=/opt/rustwide/workdir" "-e" "CARGO_TARGET_DIR=/opt/rustwide/target" "-e" "CARGO_INCREMENTAL=0" "-e" "RUST_BACKTRACE=full" "-e" "RUSTFLAGS=--cap-lints=warn" "-e" "RUSTDOCFLAGS=--cap-lints=warn" "-e" "CARGO_HOME=/opt/rustwide/cargo-home" "-e" "RUSTUP_HOME=/opt/rustwide/rustup-home" "-w" "/opt/rustwide/workdir" "-m" "1610612736" "--user" "0:0" "--network" "none" "ghcr.io/rust-lang/crates-build-env/linux@sha256:f3a9d4ad9d972b27faf3965f35b62e55ba32bbce8f20bc8fe909558a86702fde" "/opt/rustwide/cargo-home/bin/cargo" "+1.83.0" "test" "--frozen" "--no-run" "--message-format=json", kill_on_drop: false }`
[INFO] [stdout] ae9f680e00e7c4ae72d14474e05e29c6154f137ae8702b3c3e8e037528a0c2c2
[INFO] running `Command { std: "docker" "start" "-a" "ae9f680e00e7c4ae72d14474e05e29c6154f137ae8702b3c3e8e037528a0c2c2", kill_on_drop: false }`
[INFO] [stdout] warning: unused import: `std::any::Any`
[INFO] [stdout]  --> src/basic_type/mod.rs:1:5
[INFO] [stdout]   |
[INFO] [stdout] 1 | use std::any::Any;
[INFO] [stdout]   |     ^^^^^^^^^^^^^
[INFO] [stdout]   |
[INFO] [stdout]   = note: `#[warn(unused_imports)]` on by default
[INFO] [stdout] 
[INFO] [stdout] 
[INFO] [stdout] warning: unused imports: `addr_of_mut` and `addr_of`
[INFO] [stdout]  --> src/tuple_array/mod.rs:7:16
[INFO] [stdout]   |
[INFO] [stdout] 7 | use std::ptr::{addr_of, addr_of_mut};
[INFO] [stdout]   |                ^^^^^^^  ^^^^^^^^^^^
[INFO] [stdout] 
[INFO] [stdout] 
[INFO] [stderr]    Compiling const_static v0.1.0 (/opt/rustwide/workdir)
[INFO] [stdout] warning: static `MY_STATIC` is never used
[INFO] [stdout]  --> src/const_static/mod.rs:2:9
[INFO] [stdout]   |
[INFO] [stdout] 2 | static  MY_STATIC: i32 = 32;
[INFO] [stdout]   |         ^^^^^^^^^
[INFO] [stdout]   |
[INFO] [stdout]   = note: `#[warn(dead_code)]` on by default
[INFO] [stdout] 
[INFO] [stdout] 
[INFO] [stdout] warning: static `MY_MUT_STATIC` is never used
[INFO] [stdout]  --> src/const_static/mod.rs:3:12
[INFO] [stdout]   |
[INFO] [stdout] 3 | static mut MY_MUT_STATIC: i32 = 64;
[INFO] [stdout]   |            ^^^^^^^^^^^^^
[INFO] [stdout] 
[INFO] [stdout] 
[INFO] [stdout] warning: unused variable: `tup2`
[INFO] [stdout]  --> src/main.rs:7:13
[INFO] [stdout]   |
[INFO] [stdout] 7 |     let mut tup2 = tup1;
[INFO] [stdout]   |             ^^^^ help: if this is intentional, prefix it with an underscore: `_tup2`
[INFO] [stdout]   |
[INFO] [stdout]   = note: `#[warn(unused_variables)]` on by default
[INFO] [stdout] 
[INFO] [stdout] 
[INFO] [stdout] warning: variable does not need to be mutable
[INFO] [stdout]  --> src/main.rs:7:9
[INFO] [stdout]   |
[INFO] [stdout] 7 |     let mut tup2 = tup1;
[INFO] [stdout]   |         ----^^^^
[INFO] [stdout]   |         |
[INFO] [stdout]   |         help: remove this `mut`
[INFO] [stdout]   |
[INFO] [stdout]   = note: `#[warn(unused_mut)]` on by default
[INFO] [stdout] 
[INFO] [stdout] 
[INFO] [stdout] warning: unused import: `std::any::Any`
[INFO] [stdout]  --> src/basic_type/mod.rs:1:5
[INFO] [stdout]   |
[INFO] [stdout] 1 | use std::any::Any;
[INFO] [stdout]   |     ^^^^^^^^^^^^^
[INFO] [stdout]   |
[INFO] [stdout]   = note: `#[warn(unused_imports)]` on by default
[INFO] [stdout] 
[INFO] [stdout] 
[INFO] [stdout] warning: value assigned to `n` is never read
[INFO] [stdout]  --> src/function/mod.rs:9:9
[INFO] [stdout]   |
[INFO] [stdout] 9 |         n += 10; // failed!!!
[INFO] [stdout]   |         ^
[INFO] [stdout]   |
[INFO] [stdout]   = help: maybe it is overwritten before being read?
[INFO] [stdout]   = note: `#[warn(unused_assignments)]` on by default
[INFO] [stdout] 
[INFO] [stdout] 
[INFO] [stdout] warning: unused variable: `n`
[INFO] [stdout]  --> src/function/mod.rs:8:30
[INFO] [stdout]   |
[INFO] [stdout] 8 |     fn try_to_change_num(mut n: i32) {
[INFO] [stdout]   |                              ^ help: if this is intentional, prefix it with an underscore: `_n`
[INFO] [stdout]   |
[INFO] [stdout]   = note: `#[warn(unused_variables)]` on by default
[INFO] [stdout] 
[INFO] [stdout] 
[INFO] [stdout] warning: field `size` is never read
[INFO] [stdout]   --> src/function/mod.rs:24:9
[INFO] [stdout]    |
[INFO] [stdout] 23 |     struct Person {
[INFO] [stdout]    |            ------ field in this struct
[INFO] [stdout] 24 |         size: u8,
[INFO] [stdout]    |         ^^^^
[INFO] [stdout]    |
[INFO] [stdout]    = note: `Person` has derived impls for the traits `Clone` and `Debug`, but these are intentionally ignored during dead code analysis
[INFO] [stdout]    = note: `#[warn(dead_code)]` on by default
[INFO] [stdout] 
[INFO] [stdout] 
[INFO] [stdout] warning: variants `Spicy` and `Fruity` are never constructed
[INFO] [stdout]  --> src/struct_module/mod.rs:5:9
[INFO] [stdout]   |
[INFO] [stdout] 4 |     enum Flavor {
[INFO] [stdout]   |          ------ variants in this enum
[INFO] [stdout] 5 |         Spicy,
[INFO] [stdout]   |         ^^^^^
[INFO] [stdout] 6 |         Fruity,
[INFO] [stdout]   |         ^^^^^^
[INFO] [stdout] 
[INFO] [stdout] 
[INFO] [stdout] warning: method `get_length` is never used
[INFO] [stdout]   --> src/lifetimes/mod.rs:44:12
[INFO] [stdout]    |
[INFO] [stdout] 43 |     trait MyStringTrait<'a> {
[INFO] [stdout]    |           ------------- method in this trait
[INFO] [stdout] 44 |         fn get_length(&self) -> usize;
[INFO] [stdout]    |            ^^^^^^^^^^
[INFO] [stdout] 
[INFO] [stdout] 
[INFO] [stdout] warning: enum `Lang` is never used
[INFO] [stdout]   --> src/trait_generic_learn/mod.rs:78:10
[INFO] [stdout]    |
[INFO] [stdout] 78 |     enum Lang {
[INFO] [stdout]    |          ^^^^
[INFO] [stdout] 
[INFO] [stdout] 
[INFO] [stdout] warning: trait `Language` is never used
[INFO] [stdout]   --> src/trait_generic_learn/mod.rs:85:11
[INFO] [stdout]    |
[INFO] [stdout] 85 |     trait Language {
[INFO] [stdout]    |           ^^^^^^^^
[INFO] [stdout] 
[INFO] [stdout] 
[INFO] [stdout] warning: struct `Material` is never constructed
[INFO] [stdout]   --> src/trait_generic_learn/mod.rs:91:12
[INFO] [stdout]    |
[INFO] [stdout] 91 |     struct Material<T: Language> {
[INFO] [stdout]    |            ^^^^^^^^
[INFO] [stdout] 
[INFO] [stdout] 
[INFO] [stdout] warning: method `get_content` is never used
[INFO] [stdout]   --> src/trait_generic_learn/mod.rs:98:12
[INFO] [stdout]    |
[INFO] [stdout] 97 |     impl<T: Language> Material<T> {
[INFO] [stdout]    |     ----------------------------- method in this implementation
[INFO] [stdout] 98 |         fn get_content(&self) -> String {
[INFO] [stdout]    |            ^^^^^^^^^^^
[INFO] [stdout] 
[INFO] [stdout] 
[INFO] [stdout] warning: variants `Yellow` and `Blue` are never constructed
[INFO] [stdout]  --> src/common_trait/mod.rs:6:9
[INFO] [stdout]   |
[INFO] [stdout] 5 |     enum Color {
[INFO] [stdout]   |          ----- variants in this enum
[INFO] [stdout] 6 |         Yellow,
[INFO] [stdout]   |         ^^^^^^
[INFO] [stdout] 7 |         Black,
[INFO] [stdout] 8 |         Blue
[INFO] [stdout]   |         ^^^^
[INFO] [stdout]   |
[INFO] [stdout]   = note: `Color` has derived impls for the traits `Clone` and `Debug`, but these are intentionally ignored during dead code analysis
[INFO] [stdout] 
[INFO] [stdout] 
[INFO] [stdout] warning: creating a shared reference to mutable static is discouraged
[INFO] [stdout]   --> src/const_static/mod.rs:18:35
[INFO] [stdout]    |
[INFO] [stdout] 18 |         println!("MY MUT STATIC: {MY_MUT_STATIC}");
[INFO] [stdout]    |                                   ^^^^^^^^^^^^^ shared reference to mutable static
[INFO] [stdout]    |
[INFO] [stdout]    = note: for more information, see <https://doc.rust-lang.org/nightly/edition-guide/rust-2024/static-mut-references.html>
[INFO] [stdout]    = note: shared references to mutable statics are dangerous; it's undefined behavior if the static is mutated or if a mutable reference is created for it while the shared reference lives
[INFO] [stdout]    = note: `#[warn(static_mut_refs)]` on by default
[INFO] [stdout] 
[INFO] [stdout] 
[INFO] [stdout] warning: variable `Tom` should have a snake case name
[INFO] [stdout]   --> src/function/mod.rs:28:9
[INFO] [stdout]    |
[INFO] [stdout] 28 |     let Tom = Person {
[INFO] [stdout]    |         ^^^ help: convert the identifier to snake case: `tom`
[INFO] [stdout]    |
[INFO] [stdout]    = note: `#[warn(non_snake_case)]` on by default
[INFO] [stdout] 
[INFO] [stdout] 
[INFO] [stderr]     Finished `test` profile [unoptimized + debuginfo] target(s) in 0.44s
[INFO] running `Command { std: "docker" "inspect" "ae9f680e00e7c4ae72d14474e05e29c6154f137ae8702b3c3e8e037528a0c2c2", kill_on_drop: false }`
[INFO] running `Command { std: "docker" "rm" "-f" "ae9f680e00e7c4ae72d14474e05e29c6154f137ae8702b3c3e8e037528a0c2c2", kill_on_drop: false }`
[INFO] [stdout] ae9f680e00e7c4ae72d14474e05e29c6154f137ae8702b3c3e8e037528a0c2c2
[INFO] running `Command { std: "docker" "create" "-v" "/var/lib/crater-agent-workspace/builds/worker-2-tc1/target:/opt/rustwide/target:rw,Z" "-v" "/var/lib/crater-agent-workspace/builds/worker-2-tc1/source:/opt/rustwide/workdir:ro,Z" "-v" "/var/lib/crater-agent-workspace/cargo-home:/opt/rustwide/cargo-home:ro,Z" "-v" "/var/lib/crater-agent-workspace/rustup-home:/opt/rustwide/rustup-home:ro,Z" "-e" "SOURCE_DIR=/opt/rustwide/workdir" "-e" "CARGO_TARGET_DIR=/opt/rustwide/target" "-e" "CARGO_INCREMENTAL=0" "-e" "RUST_BACKTRACE=full" "-e" "RUSTFLAGS=--cap-lints=warn" "-e" "RUSTDOCFLAGS=--cap-lints=warn" "-e" "CARGO_HOME=/opt/rustwide/cargo-home" "-e" "RUSTUP_HOME=/opt/rustwide/rustup-home" "-w" "/opt/rustwide/workdir" "-m" "1610612736" "--user" "0:0" "--network" "none" "ghcr.io/rust-lang/crates-build-env/linux@sha256:f3a9d4ad9d972b27faf3965f35b62e55ba32bbce8f20bc8fe909558a86702fde" "/opt/rustwide/cargo-home/bin/cargo" "+1.83.0" "test" "--frozen", kill_on_drop: false }`
[INFO] [stdout] dc3c3c8d3f9a02599246ead9cf3bc97e151c8fa3f50c3b6078c9c73dd5f532c2
[INFO] running `Command { std: "docker" "start" "-a" "dc3c3c8d3f9a02599246ead9cf3bc97e151c8fa3f50c3b6078c9c73dd5f532c2", kill_on_drop: false }`
[INFO] [stderr] warning: unused import: `std::any::Any`
[INFO] [stderr]  --> src/basic_type/mod.rs:1:5
[INFO] [stderr]   |
[INFO] [stderr] 1 | use std::any::Any;
[INFO] [stderr]   |     ^^^^^^^^^^^^^
[INFO] [stderr]   |
[INFO] [stderr]   = note: `#[warn(unused_imports)]` on by default
[INFO] [stderr] 
[INFO] [stderr] warning: unused imports: `addr_of_mut` and `addr_of`
[INFO] [stderr]  --> src/tuple_array/mod.rs:7:16
[INFO] [stderr]   |
[INFO] [stderr] 7 | use std::ptr::{addr_of, addr_of_mut};
[INFO] [stderr]   |                ^^^^^^^  ^^^^^^^^^^^
[INFO] [stderr] 
[INFO] [stderr] warning: static `MY_STATIC` is never used
[INFO] [stderr]  --> src/const_static/mod.rs:2:9
[INFO] [stderr]   |
[INFO] [stderr] 2 | static  MY_STATIC: i32 = 32;
[INFO] [stderr]   |         ^^^^^^^^^
[INFO] [stderr]   |
[INFO] [stderr]   = note: `#[warn(dead_code)]` on by default
[INFO] [stderr] 
[INFO] [stderr] warning: static `MY_MUT_STATIC` is never used
[INFO] [stderr]  --> src/const_static/mod.rs:3:12
[INFO] [stderr]   |
[INFO] [stderr] 3 | static mut MY_MUT_STATIC: i32 = 64;
[INFO] [stderr]   |            ^^^^^^^^^^^^^
[INFO] [stderr] 
[INFO] [stderr] warning: `const_static` (lib) generated 4 warnings (run `cargo fix --lib -p const_static` to apply 2 suggestions)
[INFO] [stderr] warning: unused variable: `tup2`
[INFO] [stderr]  --> src/main.rs:7:13
[INFO] [stderr]   |
[INFO] [stderr] 7 |     let mut tup2 = tup1;
[INFO] [stderr]   |             ^^^^ help: if this is intentional, prefix it with an underscore: `_tup2`
[INFO] [stderr]   |
[INFO] [stderr]   = note: `#[warn(unused_variables)]` on by default
[INFO] [stderr] 
[INFO] [stderr] warning: variable does not need to be mutable
[INFO] [stderr]  --> src/main.rs:7:9
[INFO] [stderr]   |
[INFO] [stderr] 7 |     let mut tup2 = tup1;
[INFO] [stderr]   |         ----^^^^
[INFO] [stderr]   |         |
[INFO] [stderr]   |         help: remove this `mut`
[INFO] [stderr]   |
[INFO] [stderr]   = note: `#[warn(unused_mut)]` on by default
[INFO] [stderr] 
[INFO] [stderr] warning: `const_static` (bin "const_static" test) generated 2 warnings (run `cargo fix --bin "const_static" --tests` to apply 1 suggestion)
[INFO] [stderr] warning: value assigned to `n` is never read
[INFO] [stderr]  --> src/function/mod.rs:9:9
[INFO] [stderr]   |
[INFO] [stderr] 9 |         n += 10; // failed!!!
[INFO] [stderr]   |         ^
[INFO] [stderr]   |
[INFO] [stderr]   = help: maybe it is overwritten before being read?
[INFO] [stderr]   = note: `#[warn(unused_assignments)]` on by default
[INFO] [stderr] 
[INFO] [stderr] warning: unused variable: `n`
[INFO] [stderr]  --> src/function/mod.rs:8:30
[INFO] [stderr]   |
[INFO] [stderr] 8 |     fn try_to_change_num(mut n: i32) {
[INFO] [stderr]   |                              ^ help: if this is intentional, prefix it with an underscore: `_n`
[INFO] [stderr]   |
[INFO] [stderr]   = note: `#[warn(unused_variables)]` on by default
[INFO] [stderr] 
[INFO] [stderr] warning: field `size` is never read
[INFO] [stderr]   --> src/function/mod.rs:24:9
[INFO] [stderr]    |
[INFO] [stderr] 23 |     struct Person {
[INFO] [stderr]    |            ------ field in this struct
[INFO] [stderr] 24 |         size: u8,
[INFO] [stderr]    |         ^^^^
[INFO] [stderr]    |
[INFO] [stderr]    = note: `Person` has derived impls for the traits `Clone` and `Debug`, but these are intentionally ignored during dead code analysis
[INFO] [stderr]    = note: `#[warn(dead_code)]` on by default
[INFO] [stderr] 
[INFO] [stderr] warning: variants `Spicy` and `Fruity` are never constructed
[INFO] [stderr]  --> src/struct_module/mod.rs:5:9
[INFO] [stderr]   |
[INFO] [stderr] 4 |     enum Flavor {
[INFO] [stderr]   |          ------ variants in this enum
[INFO] [stderr] 5 |         Spicy,
[INFO] [stderr]   |         ^^^^^
[INFO] [stderr] 6 |         Fruity,
[INFO] [stderr]   |         ^^^^^^
[INFO] [stderr] 
[INFO] [stderr] warning: method `get_length` is never used
[INFO] [stderr]   --> src/lifetimes/mod.rs:44:12
[INFO] [stderr]    |
[INFO] [stderr] 43 |     trait MyStringTrait<'a> {
[INFO] [stderr]    |           ------------- method in this trait
[INFO] [stderr] 44 |         fn get_length(&self) -> usize;
[INFO] [stderr]    |            ^^^^^^^^^^
[INFO] [stderr] 
[INFO] [stderr] warning: enum `Lang` is never used
[INFO] [stderr]   --> src/trait_generic_learn/mod.rs:78:10
[INFO] [stderr]    |
[INFO] [stderr] 78 |     enum Lang {
[INFO] [stderr]    |          ^^^^
[INFO] [stderr] 
[INFO] [stderr] warning: trait `Language` is never used
[INFO] [stderr]   --> src/trait_generic_learn/mod.rs:85:11
[INFO] [stderr]    |
[INFO] [stderr] 85 |     trait Language {
[INFO] [stderr]    |           ^^^^^^^^
[INFO] [stderr] 
[INFO] [stderr] warning: struct `Material` is never constructed
[INFO] [stderr]   --> src/trait_generic_learn/mod.rs:91:12
[INFO] [stderr]    |
[INFO] [stderr] 91 |     struct Material<T: Language> {
[INFO] [stderr]    |            ^^^^^^^^
[INFO] [stderr] 
[INFO] [stderr] warning: method `get_content` is never used
[INFO] [stderr]   --> src/trait_generic_learn/mod.rs:98:12
[INFO] [stderr]    |
[INFO] [stderr] 97 |     impl<T: Language> Material<T> {
[INFO] [stderr]    |     ----------------------------- method in this implementation
[INFO] [stderr] 98 |         fn get_content(&self) -> String {
[INFO] [stderr]    |            ^^^^^^^^^^^
[INFO] [stderr] 
[INFO] [stderr] warning: variants `Yellow` and `Blue` are never constructed
[INFO] [stderr]  --> src/common_trait/mod.rs:6:9
[INFO] [stderr]   |
[INFO] [stderr] 5 |     enum Color {
[INFO] [stderr]   |          ----- variants in this enum
[INFO] [stderr] 6 |         Yellow,
[INFO] [stderr]   |         ^^^^^^
[INFO] [stderr] 7 |         Black,
[INFO] [stderr] 8 |         Blue
[INFO] [stderr]   |         ^^^^
[INFO] [stderr]   |
[INFO] [stderr]   = note: `Color` has derived impls for the traits `Clone` and `Debug`, but these are intentionally ignored during dead code analysis
[INFO] [stderr] 
[INFO] [stderr] warning: creating a shared reference to mutable static is discouraged
[INFO] [stderr]   --> src/const_static/mod.rs:18:35
[INFO] [stderr]    |
[INFO] [stderr] 18 |         println!("MY MUT STATIC: {MY_MUT_STATIC}");
[INFO] [stderr]    |                                   ^^^^^^^^^^^^^ shared reference to mutable static
[INFO] [stderr]    |
[INFO] [stderr]    = note: for more information, see <https://doc.rust-lang.org/nightly/edition-guide/rust-2024/static-mut-references.html>
[INFO] [stderr]    = note: shared references to mutable statics are dangerous; it's undefined behavior if the static is mutated or if a mutable reference is created for it while the shared reference lives
[INFO] [stderr]    = note: `#[warn(static_mut_refs)]` on by default
[INFO] [stderr] 
[INFO] [stderr] warning: variable `Tom` should have a snake case name
[INFO] [stderr]   --> src/function/mod.rs:28:9
[INFO] [stderr]    |
[INFO] [stderr] 28 |     let Tom = Person {
[INFO] [stderr]    |         ^^^ help: convert the identifier to snake case: `tom`
[INFO] [stderr]    |
[INFO] [stderr]    = note: `#[warn(non_snake_case)]` on by default
[INFO] [stderr] 
[INFO] [stderr] warning: `const_static` (lib test) generated 13 warnings (1 duplicate)
[INFO] [stderr]     Finished `test` profile [unoptimized + debuginfo] target(s) in 0.00s
[INFO] [stderr]      Running unittests src/lib.rs (/opt/rustwide/target/debug/deps/const_static-7e222b8347d99a67)
[INFO] [stdout] 
[INFO] [stdout] running 36 tests
[INFO] [stdout] test basic_type::u8_test ... ok
[INFO] [stdout] test basic_type::basic_type_test ... ok
[INFO] [stdout] test box_module::box_test ... ok
[INFO] [stdout] test common_trait::common_trait_test ... ok
[INFO] [stdout] test const_static::const_static_test ... ok
[INFO] [stdout] test custom_error::custom_error ... ok
[INFO] [stdout] test enum_pattern_match::enum_match_test ... ok
[INFO] [stdout] test enum_pattern_match::enum_test ... ok
[INFO] [stdout] test fn_return_value_ref::fn_return_value_ref_test ... ok
[INFO] [stdout] test fn_move_borrow_mut::fn_move_borrow_mut_test ... ok
[INFO] [stdout] test function::function_test ... ok
[INFO] [stdout] test generic::generic_func_test ... ok
[INFO] [stdout] test generic::generic_struct ... ok
[INFO] [stdout] test higher_func::higher_func_test ... ok
[INFO] [stdout] test if_match::if_match_test ... ok
[INFO] [stdout] test iter_loop::connection_test ... ok
[INFO] [stdout] test iter_loop::test ... ok
[INFO] [stdout] test lifetimes::lifetimes_func_test ... ok
[INFO] [stdout] test lifetimes::lifetimes_struct_test ... ok
[INFO] [stdout] test loops::loops_test ... ok
[INFO] [stdout] test overload_operators::overload_operators ... ok
[INFO] [stdout] test mem_manage::copy_move_test ... ok
[INFO] [stdout] test iter_loop::iter_loop ... ok
[INFO] [stdout] test owner_ship::owner_ship_test ... ok
[INFO] [stdout] test str_string::str_string_test ... ok
[INFO] [stdout] test struct_module::struct_test ... ok
[INFO] [stdout] test trait_generic_learn::test ... ok
[INFO] [stdout] test trait_generic_learn::trait_generic_test ... ok
[INFO] [stdout] test trait_learn::trait_starter ... ok
[INFO] [stdout] test trait_object_box::trait_object_box_test_2 ... ok
[INFO] [stdout] test trait_object_box::trait_object_box_test ... ok
[INFO] [stdout] test tuple_array::tuple_array_test ... ok
[INFO] [stdout] test tuple_array::tuple_test ... ok
[INFO] [stdout] test unwrap::unwrap_test ... ok
[INFO] [stdout] test borrow_checker::borrow_checker_test ... FAILED
[INFO] [stdout] test result_option_panic::result_option_panic_test ... ok
[INFO] [stdout] 
[INFO] [stdout] failures:
[INFO] [stdout] 
[INFO] [stdout] ---- borrow_checker::borrow_checker_test stdout ----
[INFO] [stdout] thread 'borrow_checker::borrow_checker_test' panicked at src/borrow_checker/mod.rs:16:3:
[INFO] [stdout] assertion `left == right` failed
[INFO] [stdout]   left: 10
[INFO] [stdout]  right: 20
[INFO] [stdout] stack backtrace:
[INFO] [stdout]    0:     0x571e572cfc7a - std::backtrace_rs::backtrace::libunwind::trace::h5a5b8284f2d0c266
[INFO] [stdout]                                at /rustc/90b35a6239c3d8bdabc530a6a0816f7ff89a0aaf/library/std/src/../../backtrace/src/backtrace/libunwind.rs:116:5
[INFO] [stdout]    1:     0x571e572cfc7a - std::backtrace_rs::backtrace::trace_unsynchronized::h76d4f1c9b0b875e3
[INFO] [stdout]                                at /rustc/90b35a6239c3d8bdabc530a6a0816f7ff89a0aaf/library/std/src/../../backtrace/src/backtrace/mod.rs:66:5
[INFO] [stdout]    2:     0x571e572cfc7a - std::sys::backtrace::_print_fmt::hc4546b8364a537c6
[INFO] [stdout]                                at /rustc/90b35a6239c3d8bdabc530a6a0816f7ff89a0aaf/library/std/src/sys/backtrace.rs:66:9
[INFO] [stdout]    3:     0x571e572cfc7a - <std::sys::backtrace::BacktraceLock::print::DisplayBacktrace as core::fmt::Display>::fmt::h5b6bd5631a6d1f6b
[INFO] [stdout]                                at /rustc/90b35a6239c3d8bdabc530a6a0816f7ff89a0aaf/library/std/src/sys/backtrace.rs:39:26
[INFO] [stdout]    4:     0x571e572f63d3 - core::fmt::rt::Argument::fmt::h270f6602a2b96f62
[INFO] [stdout]                                at /rustc/90b35a6239c3d8bdabc530a6a0816f7ff89a0aaf/library/core/src/fmt/rt.rs:177:76
[INFO] [stdout]    5:     0x571e572f63d3 - core::fmt::write::h7550c97b06c86515
[INFO] [stdout]                                at /rustc/90b35a6239c3d8bdabc530a6a0816f7ff89a0aaf/library/core/src/fmt/mod.rs:1186:21
[INFO] [stdout]    6:     0x571e572cce43 - std::io::Write::write_fmt::h509ff860e5956e5e
[INFO] [stdout]                                at /rustc/90b35a6239c3d8bdabc530a6a0816f7ff89a0aaf/library/std/src/io/mod.rs:1839:15
[INFO] [stdout]    7:     0x571e572cfac2 - std::sys::backtrace::BacktraceLock::print::h2395ccd2c84ba3aa
[INFO] [stdout]                                at /rustc/90b35a6239c3d8bdabc530a6a0816f7ff89a0aaf/library/std/src/sys/backtrace.rs:42:9
[INFO] [stdout]    8:     0x571e572d10da - std::panicking::default_hook::{{closure}}::he19d4c7230e07961
[INFO] [stdout]                                at /rustc/90b35a6239c3d8bdabc530a6a0816f7ff89a0aaf/library/std/src/panicking.rs:268:22
[INFO] [stdout]    9:     0x571e572d0ee4 - std::panicking::default_hook::hf614597d3c67bbdb
[INFO] [stdout]                                at /rustc/90b35a6239c3d8bdabc530a6a0816f7ff89a0aaf/library/std/src/panicking.rs:292:9
[INFO] [stdout]   10:     0x571e5729c7c9 - <alloc::boxed::Box<F,A> as core::ops::function::Fn<Args>>::call::h39b51ce4599c23d1
[INFO] [stdout]                                at /rustc/90b35a6239c3d8bdabc530a6a0816f7ff89a0aaf/library/alloc/src/boxed.rs:2468:9
[INFO] [stdout]   11:     0x571e5729c7c9 - test::test_main::{{closure}}::he977ae839a582784
[INFO] [stdout]                                at /rustc/90b35a6239c3d8bdabc530a6a0816f7ff89a0aaf/library/test/src/lib.rs:133:21
[INFO] [stdout]   12:     0x571e572d1778 - <alloc::boxed::Box<F,A> as core::ops::function::Fn<Args>>::call::h9455091b6b06f9fb
[INFO] [stdout]                                at /rustc/90b35a6239c3d8bdabc530a6a0816f7ff89a0aaf/library/alloc/src/boxed.rs:2468:9
[INFO] [stdout]   13:     0x571e572d1778 - std::panicking::rust_panic_with_hook::h8942133a8b252070
[INFO] [stdout]                                at /rustc/90b35a6239c3d8bdabc530a6a0816f7ff89a0aaf/library/std/src/panicking.rs:809:13
[INFO] [stdout]   14:     0x571e572d153a - std::panicking::begin_panic_handler::{{closure}}::hb5f5963570096b29
[INFO] [stdout]                                at /rustc/90b35a6239c3d8bdabc530a6a0816f7ff89a0aaf/library/std/src/panicking.rs:674:13
[INFO] [stdout]   15:     0x571e572d0159 - std::sys::backtrace::__rust_end_short_backtrace::h6208cedc1922feda
[INFO] [stdout]                                at /rustc/90b35a6239c3d8bdabc530a6a0816f7ff89a0aaf/library/std/src/sys/backtrace.rs:170:18
[INFO] [stdout]   16:     0x571e572d11cc - rust_begin_unwind
[INFO] [stdout]                                at /rustc/90b35a6239c3d8bdabc530a6a0816f7ff89a0aaf/library/std/src/panicking.rs:665:5
[INFO] [stdout]   17:     0x571e5724ba50 - core::panicking::panic_fmt::h0c3082644d1bf418
[INFO] [stdout]                                at /rustc/90b35a6239c3d8bdabc530a6a0816f7ff89a0aaf/library/core/src/panicking.rs:74:14
[INFO] [stdout]   18:     0x571e5724be1b - core::panicking::assert_failed_inner::h2ddf1fcc067fa858
[INFO] [stdout]   19:     0x571e5725381c - core::panicking::assert_failed::h9bd834db9dd5825c
[INFO] [stdout]                                at /rustc/90b35a6239c3d8bdabc530a6a0816f7ff89a0aaf/library/core/src/panicking.rs:367:5
[INFO] [stdout]   20:     0x571e5725dab8 - const_static::borrow_checker::borrow_checker_test::h3dfa28f5b8207807
[INFO] [stdout]                                at /opt/rustwide/workdir/src/borrow_checker/mod.rs:16:3
[INFO] [stdout]   21:     0x571e5725d8e7 - const_static::borrow_checker::borrow_checker_test::{{closure}}::h5f05e186b1037140
[INFO] [stdout]                                at /opt/rustwide/workdir/src/borrow_checker/mod.rs:2:25
[INFO] [stdout]   22:     0x571e57252c36 - core::ops::function::FnOnce::call_once::hfe242f43fcc8d639
[INFO] [stdout]                                at /rustc/90b35a6239c3d8bdabc530a6a0816f7ff89a0aaf/library/core/src/ops/function.rs:250:5
[INFO] [stdout]   23:     0x571e572a118b - core::ops::function::FnOnce::call_once::h109cf8051a59b34e
[INFO] [stdout]                                at /rustc/90b35a6239c3d8bdabc530a6a0816f7ff89a0aaf/library/core/src/ops/function.rs:250:5
[INFO] [stdout]   24:     0x571e572a118b - test::__rust_begin_short_backtrace::hf4fff89d377446ba
[INFO] [stdout]                                at /rustc/90b35a6239c3d8bdabc530a6a0816f7ff89a0aaf/library/test/src/lib.rs:621:18
[INFO] [stdout]   25:     0x571e572a09c7 - test::run_test_in_process::{{closure}}::h0e39181dd7ee5a43
[INFO] [stdout]                                at /rustc/90b35a6239c3d8bdabc530a6a0816f7ff89a0aaf/library/test/src/lib.rs:644:60
[INFO] [stdout]   26:     0x571e572a09c7 - <core::panic::unwind_safe::AssertUnwindSafe<F> as core::ops::function::FnOnce<()>>::call_once::hc5a66a30f0bdfd1f
[INFO] [stdout]                                at /rustc/90b35a6239c3d8bdabc530a6a0816f7ff89a0aaf/library/core/src/panic/unwind_safe.rs:272:9
[INFO] [stdout]   27:     0x571e572a09c7 - std::panicking::try::do_call::h873b7cf639554a5e
[INFO] [stdout]                                at /rustc/90b35a6239c3d8bdabc530a6a0816f7ff89a0aaf/library/std/src/panicking.rs:557:40
[INFO] [stdout]   28:     0x571e572a09c7 - std::panicking::try::hdb19862fad9c8bd1
[INFO] [stdout]                                at /rustc/90b35a6239c3d8bdabc530a6a0816f7ff89a0aaf/library/std/src/panicking.rs:520:19
[INFO] [stdout]   29:     0x571e572a09c7 - std::panic::catch_unwind::h281fe732d236d260
[INFO] [stdout]                                at /rustc/90b35a6239c3d8bdabc530a6a0816f7ff89a0aaf/library/std/src/panic.rs:358:14
[INFO] [stdout]   30:     0x571e572a09c7 - test::run_test_in_process::h949b6df8457ed338
[INFO] [stdout]                                at /rustc/90b35a6239c3d8bdabc530a6a0816f7ff89a0aaf/library/test/src/lib.rs:644:27
[INFO] [stdout]   31:     0x571e572a09c7 - test::run_test::{{closure}}::h52c556a6d4740e10
[INFO] [stdout]                                at /rustc/90b35a6239c3d8bdabc530a6a0816f7ff89a0aaf/library/test/src/lib.rs:565:43
[INFO] [stdout]   32:     0x571e57265ca4 - test::run_test::{{closure}}::h4237f6381c45ccb9
[INFO] [stdout]                                at /rustc/90b35a6239c3d8bdabc530a6a0816f7ff89a0aaf/library/test/src/lib.rs:595:41
[INFO] [stdout]   33:     0x571e57265ca4 - std::sys::backtrace::__rust_begin_short_backtrace::h505c97a579eca628
[INFO] [stdout]                                at /rustc/90b35a6239c3d8bdabc530a6a0816f7ff89a0aaf/library/std/src/sys/backtrace.rs:154:18
[INFO] [stdout]   34:     0x571e5726936e - std::thread::Builder::spawn_unchecked_::{{closure}}::{{closure}}::h9e86b2e2bc107ea3
[INFO] [stdout]                                at /rustc/90b35a6239c3d8bdabc530a6a0816f7ff89a0aaf/library/std/src/thread/mod.rs:538:17
[INFO] [stdout]   35:     0x571e5726936e - <core::panic::unwind_safe::AssertUnwindSafe<F> as core::ops::function::FnOnce<()>>::call_once::h8b06ddb275ff4a25
[INFO] [stdout]                                at /rustc/90b35a6239c3d8bdabc530a6a0816f7ff89a0aaf/library/core/src/panic/unwind_safe.rs:272:9
[INFO] [stdout]   36:     0x571e5726936e - std::panicking::try::do_call::hb26ecd7cd9a9355d
[INFO] [stdout]                                at /rustc/90b35a6239c3d8bdabc530a6a0816f7ff89a0aaf/library/std/src/panicking.rs:557:40
[INFO] [stdout]   37:     0x571e5726936e - std::panicking::try::h8ddeca9d705f9069
[INFO] [stdout]                                at /rustc/90b35a6239c3d8bdabc530a6a0816f7ff89a0aaf/library/std/src/panicking.rs:520:19
[INFO] [stdout]   38:     0x571e5726936e - std::panic::catch_unwind::h49e1c33078844c46
[INFO] [stdout]                                at /rustc/90b35a6239c3d8bdabc530a6a0816f7ff89a0aaf/library/std/src/panic.rs:358:14
[INFO] [stdout]   39:     0x571e5726936e - std::thread::Builder::spawn_unchecked_::{{closure}}::h6073db6ff56ad35d
[INFO] [stdout]                                at /rustc/90b35a6239c3d8bdabc530a6a0816f7ff89a0aaf/library/std/src/thread/mod.rs:537:30
[INFO] [stdout]   40:     0x571e5726936e - core::ops::function::FnOnce::call_once{{vtable.shim}}::h2c5a5f3779c774f1
[INFO] [stdout]                                at /rustc/90b35a6239c3d8bdabc530a6a0816f7ff89a0aaf/library/core/src/ops/function.rs:250:5
[INFO] [stdout]   41:     0x571e572d54cb - <alloc::boxed::Box<F,A> as core::ops::function::FnOnce<Args>>::call_once::hf75717d9f28faebf
[INFO] [stdout]                                at /rustc/90b35a6239c3d8bdabc530a6a0816f7ff89a0aaf/library/alloc/src/boxed.rs:2454:9
[INFO] [stdout]   42:     0x571e572d54cb - <alloc::boxed::Box<F,A> as core::ops::function::FnOnce<Args>>::call_once::h7bd883a5f3c5f3c1
[INFO] [stdout]                                at /rustc/90b35a6239c3d8bdabc530a6a0816f7ff89a0aaf/library/alloc/src/boxed.rs:2454:9
[INFO] [stdout]   43:     0x571e572d54cb - std::sys::pal::unix::thread::Thread::new::thread_start::hcc78f3943333fa94
[INFO] [stdout]                                at /rustc/90b35a6239c3d8bdabc530a6a0816f7ff89a0aaf/library/std/src/sys/pal/unix/thread.rs:105:17
[INFO] [stdout]   44:     0x7866652a6ac3 - <unknown>
[INFO] [stdout]   45:     0x786665337a04 - clone
[INFO] [stdout]   46:                0x0 - <unknown>
[INFO] [stdout] 
[INFO] [stdout] 
[INFO] [stdout] failures:
[INFO] [stdout]     borrow_checker::borrow_checker_test
[INFO] [stdout] 
[INFO] [stdout] test result: FAILED. 35 passed; 1 failed; 0 ignored; 0 measured; 0 filtered out; finished in 0.01s
[INFO] [stdout] 
[INFO] [stderr] error: test failed, to rerun pass `--lib`
[INFO] running `Command { std: "docker" "inspect" "dc3c3c8d3f9a02599246ead9cf3bc97e151c8fa3f50c3b6078c9c73dd5f532c2", kill_on_drop: false }`
[INFO] running `Command { std: "docker" "rm" "-f" "dc3c3c8d3f9a02599246ead9cf3bc97e151c8fa3f50c3b6078c9c73dd5f532c2", kill_on_drop: false }`
[INFO] [stdout] dc3c3c8d3f9a02599246ead9cf3bc97e151c8fa3f50c3b6078c9c73dd5f532c2
