[INFO] cloning repository https://github.com/EvanErcolano/rust-monkey
[INFO] running `Command { std: "git" "-c" "credential.helper=" "-c" "credential.helper=/workspace/cargo-home/bin/git-credential-null" "clone" "--bare" "https://github.com/EvanErcolano/rust-monkey" "/workspace/cache/git-repos/https%3A%2F%2Fgithub.com%2FEvanErcolano%2Frust-monkey", kill_on_drop: false }`
[INFO] [stderr] Cloning into bare repository '/workspace/cache/git-repos/https%3A%2F%2Fgithub.com%2FEvanErcolano%2Frust-monkey'...
[INFO] running `Command { std: "git" "rev-parse" "HEAD", kill_on_drop: false }`
[INFO] [stdout] fce4b09796d96cdd84f11efebee98a1600363da5
[INFO] testing EvanErcolano/rust-monkey against 1.83.0 for beta-1.84.0-4-retry
[INFO] running `Command { std: "git" "clone" "/workspace/cache/git-repos/https%3A%2F%2Fgithub.com%2FEvanErcolano%2Frust-monkey" "/workspace/builds/worker-2-tc1/source", kill_on_drop: false }`
[INFO] [stderr] Cloning into '/workspace/builds/worker-2-tc1/source'...
[INFO] [stderr] done.
[INFO] validating manifest of git repo https://github.com/EvanErcolano/rust-monkey on toolchain 1.83.0
[INFO] running `Command { std: CARGO_HOME="/workspace/cargo-home" RUSTUP_HOME="/workspace/rustup-home" "/workspace/cargo-home/bin/cargo" "+1.83.0" "metadata" "--manifest-path" "Cargo.toml" "--no-deps", kill_on_drop: false }`
[INFO] started tweaking git repo https://github.com/EvanErcolano/rust-monkey
[INFO] finished tweaking git repo https://github.com/EvanErcolano/rust-monkey
[INFO] tweaked toml for git repo https://github.com/EvanErcolano/rust-monkey written to /workspace/builds/worker-2-tc1/source/Cargo.toml
[INFO] crate git repo https://github.com/EvanErcolano/rust-monkey already has a lockfile, it will not be regenerated
[INFO] running `Command { std: CARGO_HOME="/workspace/cargo-home" RUSTUP_HOME="/workspace/rustup-home" "/workspace/cargo-home/bin/cargo" "+1.83.0" "fetch" "--manifest-path" "Cargo.toml", kill_on_drop: false }`
[INFO] running `Command { std: "docker" "create" "-v" "/var/lib/crater-agent-workspace/builds/worker-2-tc1/target:/opt/rustwide/target:rw,Z" "-v" "/var/lib/crater-agent-workspace/builds/worker-2-tc1/source:/opt/rustwide/workdir:ro,Z" "-v" "/var/lib/crater-agent-workspace/cargo-home:/opt/rustwide/cargo-home:ro,Z" "-v" "/var/lib/crater-agent-workspace/rustup-home:/opt/rustwide/rustup-home:ro,Z" "-e" "SOURCE_DIR=/opt/rustwide/workdir" "-e" "CARGO_TARGET_DIR=/opt/rustwide/target" "-e" "CARGO_HOME=/opt/rustwide/cargo-home" "-e" "RUSTUP_HOME=/opt/rustwide/rustup-home" "-w" "/opt/rustwide/workdir" "-m" "1610612736" "--user" "0:0" "--network" "none" "ghcr.io/rust-lang/crates-build-env/linux@sha256:f3a9d4ad9d972b27faf3965f35b62e55ba32bbce8f20bc8fe909558a86702fde" "/opt/rustwide/cargo-home/bin/cargo" "+1.83.0" "metadata" "--no-deps" "--format-version=1", kill_on_drop: false }`
[INFO] [stdout] 1bb862ec3415da7ca46967d0a5d4982556c78aa3dba6b901ed9272781a5bb1b1
[INFO] running `Command { std: "docker" "start" "-a" "1bb862ec3415da7ca46967d0a5d4982556c78aa3dba6b901ed9272781a5bb1b1", kill_on_drop: false }`
[INFO] running `Command { std: "docker" "inspect" "1bb862ec3415da7ca46967d0a5d4982556c78aa3dba6b901ed9272781a5bb1b1", kill_on_drop: false }`
[INFO] running `Command { std: "docker" "rm" "-f" "1bb862ec3415da7ca46967d0a5d4982556c78aa3dba6b901ed9272781a5bb1b1", kill_on_drop: false }`
[INFO] [stdout] 1bb862ec3415da7ca46967d0a5d4982556c78aa3dba6b901ed9272781a5bb1b1
[INFO] running `Command { std: "docker" "create" "-v" "/var/lib/crater-agent-workspace/builds/worker-2-tc1/target:/opt/rustwide/target:rw,Z" "-v" "/var/lib/crater-agent-workspace/builds/worker-2-tc1/source:/opt/rustwide/workdir:ro,Z" "-v" "/var/lib/crater-agent-workspace/cargo-home:/opt/rustwide/cargo-home:ro,Z" "-v" "/var/lib/crater-agent-workspace/rustup-home:/opt/rustwide/rustup-home:ro,Z" "-e" "SOURCE_DIR=/opt/rustwide/workdir" "-e" "CARGO_TARGET_DIR=/opt/rustwide/target" "-e" "CARGO_INCREMENTAL=0" "-e" "RUST_BACKTRACE=full" "-e" "RUSTFLAGS=--cap-lints=warn" "-e" "RUSTDOCFLAGS=--cap-lints=warn" "-e" "CARGO_HOME=/opt/rustwide/cargo-home" "-e" "RUSTUP_HOME=/opt/rustwide/rustup-home" "-w" "/opt/rustwide/workdir" "-m" "1610612736" "--user" "0:0" "--network" "none" "ghcr.io/rust-lang/crates-build-env/linux@sha256:f3a9d4ad9d972b27faf3965f35b62e55ba32bbce8f20bc8fe909558a86702fde" "/opt/rustwide/cargo-home/bin/cargo" "+1.83.0" "build" "--frozen" "--message-format=json", kill_on_drop: false }`
[INFO] [stdout] 92f15d62c18a88108fc3ed5c3bb7463b7ee9adab94e38f0d6fd1579cd2c9dd07
[INFO] running `Command { std: "docker" "start" "-a" "92f15d62c18a88108fc3ed5c3bb7463b7ee9adab94e38f0d6fd1579cd2c9dd07", kill_on_drop: false }`
[INFO] [stderr]    Compiling monkey v0.1.0 (/opt/rustwide/workdir)
[INFO] [stdout] warning: methods `is_identifier`, `is_assign`, and `is_semicolon` are never used
[INFO] [stdout]   --> src/token.rs:16:12
[INFO] [stdout]    |
[INFO] [stdout] 15 | impl Token {
[INFO] [stdout]    | ---------- methods in this implementation
[INFO] [stdout] 16 |     pub fn is_identifier(&self) -> bool {
[INFO] [stdout]    |            ^^^^^^^^^^^^^
[INFO] [stdout] ...
[INFO] [stdout] 23 |     pub fn is_assign(&self) -> bool {
[INFO] [stdout]    |            ^^^^^^^^^
[INFO] [stdout] ...
[INFO] [stdout] 31 |     pub fn is_semicolon(&self) -> bool {
[INFO] [stdout]    |            ^^^^^^^^^^^^
[INFO] [stdout]    |
[INFO] [stdout]    = note: `#[warn(dead_code)]` on by default
[INFO] [stdout] 
[INFO] [stdout] 
[INFO] [stdout] warning: methods `parse_program`, `parse_statement`, and `parse_let_statement` are never used
[INFO] [stdout]   --> src/parser.rs:29:12
[INFO] [stdout]    |
[INFO] [stdout] 12 | impl Parser {
[INFO] [stdout]    | ----------- methods in this implementation
[INFO] [stdout] ...
[INFO] [stdout] 29 |     pub fn parse_program(&mut self) -> Program {
[INFO] [stdout]    |            ^^^^^^^^^^^^^
[INFO] [stdout] ...
[INFO] [stdout] 38 |     pub fn parse_statement(&mut self) -> Option<Statement> {
[INFO] [stdout]    |            ^^^^^^^^^^^^^^^
[INFO] [stdout] ...
[INFO] [stdout] 54 |     fn parse_let_statement(&mut self) -> Option<Statement> {
[INFO] [stdout]    |        ^^^^^^^^^^^^^^^^^^^
[INFO] [stdout] 
[INFO] [stdout] 
[INFO] [stdout] warning: struct `Program` is never constructed
[INFO] [stdout]  --> src/ast.rs:4:12
[INFO] [stdout]   |
[INFO] [stdout] 4 | pub struct Program {
[INFO] [stdout]   |            ^^^^^^^
[INFO] [stdout] 
[INFO] [stdout] 
[INFO] [stdout] warning: enum `Statement` is never used
[INFO] [stdout]  --> src/ast.rs:9:10
[INFO] [stdout]   |
[INFO] [stdout] 9 | pub enum Statement {
[INFO] [stdout]   |          ^^^^^^^^^
[INFO] [stdout]   |
[INFO] [stdout]   = note: `Statement` has a derived impl for the trait `Debug`, but this is intentionally ignored during dead code analysis
[INFO] [stdout] 
[INFO] [stdout] 
[INFO] [stdout] warning: enum `Expression` is never used
[INFO] [stdout]   --> src/ast.rs:16:10
[INFO] [stdout]    |
[INFO] [stdout] 16 | pub enum Expression {
[INFO] [stdout]    |          ^^^^^^^^^^
[INFO] [stdout]    |
[INFO] [stdout]    = note: `Expression` has a derived impl for the trait `Debug`, but this is intentionally ignored during dead code analysis
[INFO] [stdout] 
[INFO] [stdout] 
[INFO] [stdout] warning: structure field `curToken` should have a snake case name
[INFO] [stdout]  --> src/parser.rs:8:5
[INFO] [stdout]   |
[INFO] [stdout] 8 |     curToken: token::Token,
[INFO] [stdout]   |     ^^^^^^^^ help: convert the identifier to snake case: `cur_token`
[INFO] [stdout]   |
[INFO] [stdout]   = note: `#[warn(non_snake_case)]` on by default
[INFO] [stdout] 
[INFO] [stdout] 
[INFO] [stdout] warning: structure field `peekToken` should have a snake case name
[INFO] [stdout]  --> src/parser.rs:9:5
[INFO] [stdout]   |
[INFO] [stdout] 9 |     peekToken: token::Token,
[INFO] [stdout]   |     ^^^^^^^^^ help: convert the identifier to snake case: `peek_token`
[INFO] [stdout] 
[INFO] [stdout] 
[INFO] [stderr]     Finished `dev` profile [unoptimized + debuginfo] target(s) in 0.22s
[INFO] running `Command { std: "docker" "inspect" "92f15d62c18a88108fc3ed5c3bb7463b7ee9adab94e38f0d6fd1579cd2c9dd07", kill_on_drop: false }`
[INFO] running `Command { std: "docker" "rm" "-f" "92f15d62c18a88108fc3ed5c3bb7463b7ee9adab94e38f0d6fd1579cd2c9dd07", kill_on_drop: false }`
[INFO] [stdout] 92f15d62c18a88108fc3ed5c3bb7463b7ee9adab94e38f0d6fd1579cd2c9dd07
[INFO] running `Command { std: "docker" "create" "-v" "/var/lib/crater-agent-workspace/builds/worker-2-tc1/target:/opt/rustwide/target:rw,Z" "-v" "/var/lib/crater-agent-workspace/builds/worker-2-tc1/source:/opt/rustwide/workdir:ro,Z" "-v" "/var/lib/crater-agent-workspace/cargo-home:/opt/rustwide/cargo-home:ro,Z" "-v" "/var/lib/crater-agent-workspace/rustup-home:/opt/rustwide/rustup-home:ro,Z" "-e" "SOURCE_DIR=/opt/rustwide/workdir" "-e" "CARGO_TARGET_DIR=/opt/rustwide/target" "-e" "CARGO_INCREMENTAL=0" "-e" "RUST_BACKTRACE=full" "-e" "RUSTFLAGS=--cap-lints=warn" "-e" "RUSTDOCFLAGS=--cap-lints=warn" "-e" "CARGO_HOME=/opt/rustwide/cargo-home" "-e" "RUSTUP_HOME=/opt/rustwide/rustup-home" "-w" "/opt/rustwide/workdir" "-m" "1610612736" "--user" "0:0" "--network" "none" "ghcr.io/rust-lang/crates-build-env/linux@sha256:f3a9d4ad9d972b27faf3965f35b62e55ba32bbce8f20bc8fe909558a86702fde" "/opt/rustwide/cargo-home/bin/cargo" "+1.83.0" "test" "--frozen" "--no-run" "--message-format=json", kill_on_drop: false }`
[INFO] [stdout] 091297b5e2eaa4bf32b2143c7ab198731775d7e620a907493d4c980a9e2de374
[INFO] running `Command { std: "docker" "start" "-a" "091297b5e2eaa4bf32b2143c7ab198731775d7e620a907493d4c980a9e2de374", kill_on_drop: false }`
[INFO] [stderr]    Compiling monkey v0.1.0 (/opt/rustwide/workdir)
[INFO] [stdout] warning: method `parse_statement` is never used
[INFO] [stdout]   --> src/parser.rs:38:12
[INFO] [stdout]    |
[INFO] [stdout] 12 | impl Parser {
[INFO] [stdout]    | ----------- method in this implementation
[INFO] [stdout] ...
[INFO] [stdout] 38 |     pub fn parse_statement(&mut self) -> Option<Statement> {
[INFO] [stdout]    |            ^^^^^^^^^^^^^^^
[INFO] [stdout]    |
[INFO] [stdout]    = note: `#[warn(dead_code)]` on by default
[INFO] [stdout] 
[INFO] [stdout] 
[INFO] [stdout] warning: fields `name` and `value` are never read
[INFO] [stdout]   --> src/ast.rs:12:10
[INFO] [stdout]    |
[INFO] [stdout] 12 |     Let {name: token::Token, value: Box<Expression>},
[INFO] [stdout]    |     ---  ^^^^                ^^^^^
[INFO] [stdout]    |     |
[INFO] [stdout]    |     fields in this variant
[INFO] [stdout]    |
[INFO] [stdout]    = note: `Statement` has a derived impl for the trait `Debug`, but this is intentionally ignored during dead code analysis
[INFO] [stdout] 
[INFO] [stdout] 
[INFO] [stdout] warning: variants `Expression` and `Return` are never constructed
[INFO] [stdout]   --> src/ast.rs:10:5
[INFO] [stdout]    |
[INFO] [stdout] 9  | pub enum Statement {
[INFO] [stdout]    |          --------- variants in this enum
[INFO] [stdout] 10 |     Expression,
[INFO] [stdout]    |     ^^^^^^^^^^
[INFO] [stdout] 11 |     Return,
[INFO] [stdout]    |     ^^^^^^
[INFO] [stdout]    |
[INFO] [stdout]    = note: `Statement` has a derived impl for the trait `Debug`, but this is intentionally ignored during dead code analysis
[INFO] [stdout] 
[INFO] [stdout] 
[INFO] [stdout] warning: field `0` is never read
[INFO] [stdout]   --> src/ast.rs:17:20
[INFO] [stdout]    |
[INFO] [stdout] 17 |     IntegerLiteral(usize),
[INFO] [stdout]    |     -------------- ^^^^^
[INFO] [stdout]    |     |
[INFO] [stdout]    |     field in this variant
[INFO] [stdout]    |
[INFO] [stdout]    = note: `Expression` has a derived impl for the trait `Debug`, but this is intentionally ignored during dead code analysis
[INFO] [stdout] help: consider changing the field to be of unit type to suppress this warning while preserving the field numbering, or remove the field
[INFO] [stdout]    |
[INFO] [stdout] 17 |     IntegerLiteral(()),
[INFO] [stdout]    |                    ~~
[INFO] [stdout] 
[INFO] [stdout] 
[INFO] [stdout] warning: variant `InfixExpression` is never constructed
[INFO] [stdout]   --> src/ast.rs:18:5
[INFO] [stdout]    |
[INFO] [stdout] 16 | pub enum Expression {
[INFO] [stdout]    |          ---------- variant in this enum
[INFO] [stdout] 17 |     IntegerLiteral(usize),
[INFO] [stdout] 18 |     InfixExpression { left: Box<Expression>, operator: token::Token, right: Box<Expression> },
[INFO] [stdout]    |     ^^^^^^^^^^^^^^^
[INFO] [stdout]    |
[INFO] [stdout]    = note: `Expression` has a derived impl for the trait `Debug`, but this is intentionally ignored during dead code analysis
[INFO] [stdout] 
[INFO] [stdout] 
[INFO] [stdout] warning: structure field `curToken` should have a snake case name
[INFO] [stdout]  --> src/parser.rs:8:5
[INFO] [stdout]   |
[INFO] [stdout] 8 |     curToken: token::Token,
[INFO] [stdout]   |     ^^^^^^^^ help: convert the identifier to snake case: `cur_token`
[INFO] [stdout]   |
[INFO] [stdout]   = note: `#[warn(non_snake_case)]` on by default
[INFO] [stdout] 
[INFO] [stdout] 
[INFO] [stdout] warning: structure field `peekToken` should have a snake case name
[INFO] [stdout]  --> src/parser.rs:9:5
[INFO] [stdout]   |
[INFO] [stdout] 9 |     peekToken: token::Token,
[INFO] [stdout]   |     ^^^^^^^^^ help: convert the identifier to snake case: `peek_token`
[INFO] [stdout] 
[INFO] [stdout] 
[INFO] [stderr]     Finished `test` profile [unoptimized + debuginfo] target(s) in 0.27s
[INFO] running `Command { std: "docker" "inspect" "091297b5e2eaa4bf32b2143c7ab198731775d7e620a907493d4c980a9e2de374", kill_on_drop: false }`
[INFO] running `Command { std: "docker" "rm" "-f" "091297b5e2eaa4bf32b2143c7ab198731775d7e620a907493d4c980a9e2de374", kill_on_drop: false }`
[INFO] [stdout] 091297b5e2eaa4bf32b2143c7ab198731775d7e620a907493d4c980a9e2de374
[INFO] running `Command { std: "docker" "create" "-v" "/var/lib/crater-agent-workspace/builds/worker-2-tc1/target:/opt/rustwide/target:rw,Z" "-v" "/var/lib/crater-agent-workspace/builds/worker-2-tc1/source:/opt/rustwide/workdir:ro,Z" "-v" "/var/lib/crater-agent-workspace/cargo-home:/opt/rustwide/cargo-home:ro,Z" "-v" "/var/lib/crater-agent-workspace/rustup-home:/opt/rustwide/rustup-home:ro,Z" "-e" "SOURCE_DIR=/opt/rustwide/workdir" "-e" "CARGO_TARGET_DIR=/opt/rustwide/target" "-e" "CARGO_INCREMENTAL=0" "-e" "RUST_BACKTRACE=full" "-e" "RUSTFLAGS=--cap-lints=warn" "-e" "RUSTDOCFLAGS=--cap-lints=warn" "-e" "CARGO_HOME=/opt/rustwide/cargo-home" "-e" "RUSTUP_HOME=/opt/rustwide/rustup-home" "-w" "/opt/rustwide/workdir" "-m" "1610612736" "--user" "0:0" "--network" "none" "ghcr.io/rust-lang/crates-build-env/linux@sha256:f3a9d4ad9d972b27faf3965f35b62e55ba32bbce8f20bc8fe909558a86702fde" "/opt/rustwide/cargo-home/bin/cargo" "+1.83.0" "test" "--frozen", kill_on_drop: false }`
[INFO] [stdout] 8dd2566ae2499cbf7d6d06857fedab7518adb0594922b9558e647d8c1caff6f8
[INFO] running `Command { std: "docker" "start" "-a" "8dd2566ae2499cbf7d6d06857fedab7518adb0594922b9558e647d8c1caff6f8", kill_on_drop: false }`
[INFO] [stderr] warning: method `parse_statement` is never used
[INFO] [stderr]   --> src/parser.rs:38:12
[INFO] [stderr]    |
[INFO] [stderr] 12 | impl Parser {
[INFO] [stderr]    | ----------- method in this implementation
[INFO] [stderr] ...
[INFO] [stderr] 38 |     pub fn parse_statement(&mut self) -> Option<Statement> {
[INFO] [stderr]    |            ^^^^^^^^^^^^^^^
[INFO] [stderr]    |
[INFO] [stderr]    = note: `#[warn(dead_code)]` on by default
[INFO] [stderr] 
[INFO] [stderr] warning: fields `name` and `value` are never read
[INFO] [stderr]   --> src/ast.rs:12:10
[INFO] [stderr]    |
[INFO] [stderr] 12 |     Let {name: token::Token, value: Box<Expression>},
[INFO] [stderr]    |     ---  ^^^^                ^^^^^
[INFO] [stderr]    |     |
[INFO] [stderr]    |     fields in this variant
[INFO] [stderr]    |
[INFO] [stderr]    = note: `Statement` has a derived impl for the trait `Debug`, but this is intentionally ignored during dead code analysis
[INFO] [stderr] 
[INFO] [stderr] warning: variants `Expression` and `Return` are never constructed
[INFO] [stderr]   --> src/ast.rs:10:5
[INFO] [stderr]    |
[INFO] [stderr] 9  | pub enum Statement {
[INFO] [stderr]    |          --------- variants in this enum
[INFO] [stderr] 10 |     Expression,
[INFO] [stderr]    |     ^^^^^^^^^^
[INFO] [stderr] 11 |     Return,
[INFO] [stderr]    |     ^^^^^^
[INFO] [stderr]    |
[INFO] [stderr]    = note: `Statement` has a derived impl for the trait `Debug`, but this is intentionally ignored during dead code analysis
[INFO] [stderr] 
[INFO] [stderr] warning: field `0` is never read
[INFO] [stderr]   --> src/ast.rs:17:20
[INFO] [stderr]    |
[INFO] [stderr] 17 |     IntegerLiteral(usize),
[INFO] [stderr]    |     -------------- ^^^^^
[INFO] [stderr]    |     |
[INFO] [stderr]    |     field in this variant
[INFO] [stderr]    |
[INFO] [stderr]    = note: `Expression` has a derived impl for the trait `Debug`, but this is intentionally ignored during dead code analysis
[INFO] [stderr] help: consider changing the field to be of unit type to suppress this warning while preserving the field numbering, or remove the field
[INFO] [stderr]    |
[INFO] [stderr] 17 |     IntegerLiteral(()),
[INFO] [stderr]    |                    ~~
[INFO] [stderr] 
[INFO] [stderr] warning: variant `InfixExpression` is never constructed
[INFO] [stderr]   --> src/ast.rs:18:5
[INFO] [stderr]    |
[INFO] [stderr] 16 | pub enum Expression {
[INFO] [stderr]    |          ---------- variant in this enum
[INFO] [stderr] 17 |     IntegerLiteral(usize),
[INFO] [stderr] 18 |     InfixExpression { left: Box<Expression>, operator: token::Token, right: Box<Expression> },
[INFO] [stderr]    |     ^^^^^^^^^^^^^^^
[INFO] [stderr]    |
[INFO] [stderr]    = note: `Expression` has a derived impl for the trait `Debug`, but this is intentionally ignored during dead code analysis
[INFO] [stderr] 
[INFO] [stderr] warning: structure field `curToken` should have a snake case name
[INFO] [stderr]  --> src/parser.rs:8:5
[INFO] [stderr]   |
[INFO] [stderr] 8 |     curToken: token::Token,
[INFO] [stderr]   |     ^^^^^^^^ help: convert the identifier to snake case: `cur_token`
[INFO] [stderr]   |
[INFO] [stderr]   = note: `#[warn(non_snake_case)]` on by default
[INFO] [stderr] 
[INFO] [stderr] warning: structure field `peekToken` should have a snake case name
[INFO] [stderr]  --> src/parser.rs:9:5
[INFO] [stderr]   |
[INFO] [stderr] 9 |     peekToken: token::Token,
[INFO] [stderr]   |     ^^^^^^^^^ help: convert the identifier to snake case: `peek_token`
[INFO] [stderr] 
[INFO] [stderr] warning: `monkey` (bin "monkey" test) generated 7 warnings
[INFO] [stderr]     Finished `test` profile [unoptimized + debuginfo] target(s) in 0.00s
[INFO] [stderr]      Running unittests src/main.rs (/opt/rustwide/target/debug/deps/monkey-be08cca5167ab694)
[INFO] [stdout] 
[INFO] [stdout] running 3 tests
[INFO] [stdout] test lexer::test::test_integer_addition ... ok
[INFO] [stdout] test lexer::test::test_let_statement ... ok
[INFO] [stdout] test parser::test::test_let_statement ... FAILED
[INFO] [stdout] 
[INFO] [stdout] failures:
[INFO] [stdout] 
[INFO] [stdout] ---- parser::test::test_let_statement stdout ----
[INFO] [stdout] thread 'parser::test::test_let_statement' panicked at src/parser.rs:26:44:
[INFO] [stdout] called `Option::unwrap()` on a `None` value
[INFO] [stdout] stack backtrace:
[INFO] [stdout]    0:     0x57833f897cba - std::backtrace_rs::backtrace::libunwind::trace::h5a5b8284f2d0c266
[INFO] [stdout]                                at /rustc/90b35a6239c3d8bdabc530a6a0816f7ff89a0aaf/library/std/src/../../backtrace/src/backtrace/libunwind.rs:116:5
[INFO] [stdout]    1:     0x57833f897cba - std::backtrace_rs::backtrace::trace_unsynchronized::h76d4f1c9b0b875e3
[INFO] [stdout]                                at /rustc/90b35a6239c3d8bdabc530a6a0816f7ff89a0aaf/library/std/src/../../backtrace/src/backtrace/mod.rs:66:5
[INFO] [stdout]    2:     0x57833f897cba - std::sys::backtrace::_print_fmt::hc4546b8364a537c6
[INFO] [stdout]                                at /rustc/90b35a6239c3d8bdabc530a6a0816f7ff89a0aaf/library/std/src/sys/backtrace.rs:66:9
[INFO] [stdout]    3:     0x57833f897cba - <std::sys::backtrace::BacktraceLock::print::DisplayBacktrace as core::fmt::Display>::fmt::h5b6bd5631a6d1f6b
[INFO] [stdout]                                at /rustc/90b35a6239c3d8bdabc530a6a0816f7ff89a0aaf/library/std/src/sys/backtrace.rs:39:26
[INFO] [stdout]    4:     0x57833f8bcf73 - core::fmt::rt::Argument::fmt::h270f6602a2b96f62
[INFO] [stdout]                                at /rustc/90b35a6239c3d8bdabc530a6a0816f7ff89a0aaf/library/core/src/fmt/rt.rs:177:76
[INFO] [stdout]    5:     0x57833f8bcf73 - core::fmt::write::h7550c97b06c86515
[INFO] [stdout]                                at /rustc/90b35a6239c3d8bdabc530a6a0816f7ff89a0aaf/library/core/src/fmt/mod.rs:1186:21
[INFO] [stdout]    6:     0x57833f894e83 - std::io::Write::write_fmt::h509ff860e5956e5e
[INFO] [stdout]                                at /rustc/90b35a6239c3d8bdabc530a6a0816f7ff89a0aaf/library/std/src/io/mod.rs:1839:15
[INFO] [stdout]    7:     0x57833f897b02 - std::sys::backtrace::BacktraceLock::print::h2395ccd2c84ba3aa
[INFO] [stdout]                                at /rustc/90b35a6239c3d8bdabc530a6a0816f7ff89a0aaf/library/std/src/sys/backtrace.rs:42:9
[INFO] [stdout]    8:     0x57833f89911a - std::panicking::default_hook::{{closure}}::he19d4c7230e07961
[INFO] [stdout]                                at /rustc/90b35a6239c3d8bdabc530a6a0816f7ff89a0aaf/library/std/src/panicking.rs:268:22
[INFO] [stdout]    9:     0x57833f898f24 - std::panicking::default_hook::hf614597d3c67bbdb
[INFO] [stdout]                                at /rustc/90b35a6239c3d8bdabc530a6a0816f7ff89a0aaf/library/std/src/panicking.rs:292:9
[INFO] [stdout]   10:     0x57833f864809 - <alloc::boxed::Box<F,A> as core::ops::function::Fn<Args>>::call::h39b51ce4599c23d1
[INFO] [stdout]                                at /rustc/90b35a6239c3d8bdabc530a6a0816f7ff89a0aaf/library/alloc/src/boxed.rs:2468:9
[INFO] [stdout]   11:     0x57833f864809 - test::test_main::{{closure}}::he977ae839a582784
[INFO] [stdout]                                at /rustc/90b35a6239c3d8bdabc530a6a0816f7ff89a0aaf/library/test/src/lib.rs:133:21
[INFO] [stdout]   12:     0x57833f8997b8 - <alloc::boxed::Box<F,A> as core::ops::function::Fn<Args>>::call::h9455091b6b06f9fb
[INFO] [stdout]                                at /rustc/90b35a6239c3d8bdabc530a6a0816f7ff89a0aaf/library/alloc/src/boxed.rs:2468:9
[INFO] [stdout]   13:     0x57833f8997b8 - std::panicking::rust_panic_with_hook::h8942133a8b252070
[INFO] [stdout]                                at /rustc/90b35a6239c3d8bdabc530a6a0816f7ff89a0aaf/library/std/src/panicking.rs:809:13
[INFO] [stdout]   14:     0x57833f899546 - std::panicking::begin_panic_handler::{{closure}}::hb5f5963570096b29
[INFO] [stdout]                                at /rustc/90b35a6239c3d8bdabc530a6a0816f7ff89a0aaf/library/std/src/panicking.rs:667:13
[INFO] [stdout]   15:     0x57833f898199 - std::sys::backtrace::__rust_end_short_backtrace::h6208cedc1922feda
[INFO] [stdout]                                at /rustc/90b35a6239c3d8bdabc530a6a0816f7ff89a0aaf/library/std/src/sys/backtrace.rs:170:18
[INFO] [stdout]   16:     0x57833f89920c - rust_begin_unwind
[INFO] [stdout]                                at /rustc/90b35a6239c3d8bdabc530a6a0816f7ff89a0aaf/library/std/src/panicking.rs:665:5
[INFO] [stdout]   17:     0x57833f823a60 - core::panicking::panic_fmt::h0c3082644d1bf418
[INFO] [stdout]                                at /rustc/90b35a6239c3d8bdabc530a6a0816f7ff89a0aaf/library/core/src/panicking.rs:74:14
[INFO] [stdout]   18:     0x57833f823aec - core::panicking::panic::h957f98c65a3b3074
[INFO] [stdout]                                at /rustc/90b35a6239c3d8bdabc530a6a0816f7ff89a0aaf/library/core/src/panicking.rs:148:5
[INFO] [stdout]   19:     0x57833f8239d9 - core::option::unwrap_failed::h098b0d47c83374d6
[INFO] [stdout]                                at /rustc/90b35a6239c3d8bdabc530a6a0816f7ff89a0aaf/library/core/src/option.rs:2012:5
[INFO] [stdout]   20:     0x57833f82b6d3 - core::option::Option<T>::unwrap::ha25fe9004f77ddda
[INFO] [stdout]                                at /rustc/90b35a6239c3d8bdabc530a6a0816f7ff89a0aaf/library/core/src/option.rs:972:21
[INFO] [stdout]   21:     0x57833f82b6d3 - monkey::parser::Parser::next_token::hca2cc6c4476daf91
[INFO] [stdout]                                at /opt/rustwide/workdir/src/parser.rs:26:26
[INFO] [stdout]   22:     0x57833f82b986 - monkey::parser::Parser::parse_let_statement::hc71d9181534b957d
[INFO] [stdout]                                at /opt/rustwide/workdir/src/parser.rs:70:13
[INFO] [stdout]   23:     0x57833f82b7bb - monkey::parser::Parser::parse_program::hfabfa8afe81258ff
[INFO] [stdout]                                at /opt/rustwide/workdir/src/parser.rs:34:27
[INFO] [stdout]   24:     0x57833f82c148 - monkey::parser::test::test_let_statement::haba1727eb8e23c2f
[INFO] [stdout]                                at /opt/rustwide/workdir/src/parser.rs:87:23
[INFO] [stdout]   25:     0x57833f82bf37 - monkey::parser::test::test_let_statement::{{closure}}::h8a5ebc26f2ae2eb2
[INFO] [stdout]                                at /opt/rustwide/workdir/src/parser.rs:84:28
[INFO] [stdout]   26:     0x57833f828f96 - core::ops::function::FnOnce::call_once::h44b12542f824433f
[INFO] [stdout]                                at /rustc/90b35a6239c3d8bdabc530a6a0816f7ff89a0aaf/library/core/src/ops/function.rs:250:5
[INFO] [stdout]   27:     0x57833f8691cb - core::ops::function::FnOnce::call_once::h109cf8051a59b34e
[INFO] [stdout]                                at /rustc/90b35a6239c3d8bdabc530a6a0816f7ff89a0aaf/library/core/src/ops/function.rs:250:5
[INFO] [stdout]   28:     0x57833f8691cb - test::__rust_begin_short_backtrace::hf4fff89d377446ba
[INFO] [stdout]                                at /rustc/90b35a6239c3d8bdabc530a6a0816f7ff89a0aaf/library/test/src/lib.rs:621:18
[INFO] [stdout]   29:     0x57833f868a07 - test::run_test_in_process::{{closure}}::h0e39181dd7ee5a43
[INFO] [stdout]                                at /rustc/90b35a6239c3d8bdabc530a6a0816f7ff89a0aaf/library/test/src/lib.rs:644:60
[INFO] [stdout]   30:     0x57833f868a07 - <core::panic::unwind_safe::AssertUnwindSafe<F> as core::ops::function::FnOnce<()>>::call_once::hc5a66a30f0bdfd1f
[INFO] [stdout]                                at /rustc/90b35a6239c3d8bdabc530a6a0816f7ff89a0aaf/library/core/src/panic/unwind_safe.rs:272:9
[INFO] [stdout]   31:     0x57833f868a07 - std::panicking::try::do_call::h873b7cf639554a5e
[INFO] [stdout]                                at /rustc/90b35a6239c3d8bdabc530a6a0816f7ff89a0aaf/library/std/src/panicking.rs:557:40
[INFO] [stdout]   32:     0x57833f868a07 - std::panicking::try::hdb19862fad9c8bd1
[INFO] [stdout]                                at /rustc/90b35a6239c3d8bdabc530a6a0816f7ff89a0aaf/library/std/src/panicking.rs:520:19
[INFO] [stdout]   33:     0x57833f868a07 - std::panic::catch_unwind::h281fe732d236d260
[INFO] [stdout]                                at /rustc/90b35a6239c3d8bdabc530a6a0816f7ff89a0aaf/library/std/src/panic.rs:358:14
[INFO] [stdout]   34:     0x57833f868a07 - test::run_test_in_process::h949b6df8457ed338
[INFO] [stdout]                                at /rustc/90b35a6239c3d8bdabc530a6a0816f7ff89a0aaf/library/test/src/lib.rs:644:27
[INFO] [stdout]   35:     0x57833f868a07 - test::run_test::{{closure}}::h52c556a6d4740e10
[INFO] [stdout]                                at /rustc/90b35a6239c3d8bdabc530a6a0816f7ff89a0aaf/library/test/src/lib.rs:565:43
[INFO] [stdout]   36:     0x57833f82dce4 - test::run_test::{{closure}}::h4237f6381c45ccb9
[INFO] [stdout]                                at /rustc/90b35a6239c3d8bdabc530a6a0816f7ff89a0aaf/library/test/src/lib.rs:595:41
[INFO] [stdout]   37:     0x57833f82dce4 - std::sys::backtrace::__rust_begin_short_backtrace::h505c97a579eca628
[INFO] [stdout]                                at /rustc/90b35a6239c3d8bdabc530a6a0816f7ff89a0aaf/library/std/src/sys/backtrace.rs:154:18
[INFO] [stdout]   38:     0x57833f8313ae - std::thread::Builder::spawn_unchecked_::{{closure}}::{{closure}}::h9e86b2e2bc107ea3
[INFO] [stdout]                                at /rustc/90b35a6239c3d8bdabc530a6a0816f7ff89a0aaf/library/std/src/thread/mod.rs:538:17
[INFO] [stdout]   39:     0x57833f8313ae - <core::panic::unwind_safe::AssertUnwindSafe<F> as core::ops::function::FnOnce<()>>::call_once::h8b06ddb275ff4a25
[INFO] [stdout]                                at /rustc/90b35a6239c3d8bdabc530a6a0816f7ff89a0aaf/library/core/src/panic/unwind_safe.rs:272:9
[INFO] [stdout]   40:     0x57833f8313ae - std::panicking::try::do_call::hb26ecd7cd9a9355d
[INFO] [stdout]                                at /rustc/90b35a6239c3d8bdabc530a6a0816f7ff89a0aaf/library/std/src/panicking.rs:557:40
[INFO] [stdout]   41:     0x57833f8313ae - std::panicking::try::h8ddeca9d705f9069
[INFO] [stdout]                                at /rustc/90b35a6239c3d8bdabc530a6a0816f7ff89a0aaf/library/std/src/panicking.rs:520:19
[INFO] [stdout]   42:     0x57833f8313ae - std::panic::catch_unwind::h49e1c33078844c46
[INFO] [stdout]                                at /rustc/90b35a6239c3d8bdabc530a6a0816f7ff89a0aaf/library/std/src/panic.rs:358:14
[INFO] [stdout]   43:     0x57833f8313ae - std::thread::Builder::spawn_unchecked_::{{closure}}::h6073db6ff56ad35d
[INFO] [stdout]                                at /rustc/90b35a6239c3d8bdabc530a6a0816f7ff89a0aaf/library/std/src/thread/mod.rs:537:30
[INFO] [stdout]   44:     0x57833f8313ae - core::ops::function::FnOnce::call_once{{vtable.shim}}::h2c5a5f3779c774f1
[INFO] [stdout]                                at /rustc/90b35a6239c3d8bdabc530a6a0816f7ff89a0aaf/library/core/src/ops/function.rs:250:5
[INFO] [stdout]   45:     0x57833f89d50b - <alloc::boxed::Box<F,A> as core::ops::function::FnOnce<Args>>::call_once::hf75717d9f28faebf
[INFO] [stdout]                                at /rustc/90b35a6239c3d8bdabc530a6a0816f7ff89a0aaf/library/alloc/src/boxed.rs:2454:9
[INFO] [stdout]   46:     0x57833f89d50b - <alloc::boxed::Box<F,A> as core::ops::function::FnOnce<Args>>::call_once::h7bd883a5f3c5f3c1
[INFO] [stdout]                                at /rustc/90b35a6239c3d8bdabc530a6a0816f7ff89a0aaf/library/alloc/src/boxed.rs:2454:9
[INFO] [stdout]   47:     0x57833f89d50b - std::sys::pal::unix::thread::Thread::new::thread_start::hcc78f3943333fa94
[INFO] [stdout]                                at /rustc/90b35a6239c3d8bdabc530a6a0816f7ff89a0aaf/library/std/src/sys/pal/unix/thread.rs:105:17
[INFO] [stdout]   48:     0x7be977d77ac3 - <unknown>
[INFO] [stdout]   49:     0x7be977e08a04 - clone
[INFO] [stdout]   50:                0x0 - <unknown>
[INFO] [stdout] 
[INFO] [stdout] 
[INFO] [stdout] failures:
[INFO] [stdout]     parser::test::test_let_statement
[INFO] [stdout] 
[INFO] [stdout] test result: FAILED. 2 passed; 1 failed; 0 ignored; 0 measured; 0 filtered out; finished in 0.01s
[INFO] [stdout] 
[INFO] [stderr] error: test failed, to rerun pass `--bin monkey`
[INFO] running `Command { std: "docker" "inspect" "8dd2566ae2499cbf7d6d06857fedab7518adb0594922b9558e647d8c1caff6f8", kill_on_drop: false }`
[INFO] running `Command { std: "docker" "rm" "-f" "8dd2566ae2499cbf7d6d06857fedab7518adb0594922b9558e647d8c1caff6f8", kill_on_drop: false }`
[INFO] [stdout] 8dd2566ae2499cbf7d6d06857fedab7518adb0594922b9558e647d8c1caff6f8
