[INFO] cloning repository https://github.com/EthanYidong/patchable
[INFO] running `Command { std: "git" "-c" "credential.helper=" "-c" "credential.helper=/workspace/cargo-home/bin/git-credential-null" "clone" "--bare" "https://github.com/EthanYidong/patchable" "/workspace/cache/git-repos/https%3A%2F%2Fgithub.com%2FEthanYidong%2Fpatchable", kill_on_drop: false }`
[INFO] [stderr] Cloning into bare repository '/workspace/cache/git-repos/https%3A%2F%2Fgithub.com%2FEthanYidong%2Fpatchable'...
[INFO] running `Command { std: "git" "rev-parse" "HEAD", kill_on_drop: false }`
[INFO] [stdout] 6852525bd98c26f7a528f063ab644f01b7cf390f
[INFO] testing EthanYidong/patchable against beta-2024-12-08 for beta-1.84.0-4-retry
[INFO] running `Command { std: "git" "clone" "/workspace/cache/git-repos/https%3A%2F%2Fgithub.com%2FEthanYidong%2Fpatchable" "/workspace/builds/worker-3-tc2/source", kill_on_drop: false }`
[INFO] [stderr] Cloning into '/workspace/builds/worker-3-tc2/source'...
[INFO] [stderr] done.
[INFO] validating manifest of git repo https://github.com/EthanYidong/patchable on toolchain beta-2024-12-08
[INFO] running `Command { std: CARGO_HOME="/workspace/cargo-home" RUSTUP_HOME="/workspace/rustup-home" "/workspace/cargo-home/bin/cargo" "+beta-2024-12-08" "metadata" "--manifest-path" "Cargo.toml" "--no-deps", kill_on_drop: false }`
[INFO] started tweaking git repo https://github.com/EthanYidong/patchable
[INFO] finished tweaking git repo https://github.com/EthanYidong/patchable
[INFO] tweaked toml for git repo https://github.com/EthanYidong/patchable written to /workspace/builds/worker-3-tc2/source/Cargo.toml
[INFO] crate git repo https://github.com/EthanYidong/patchable already has a lockfile, it will not be regenerated
[INFO] running `Command { std: CARGO_HOME="/workspace/cargo-home" RUSTUP_HOME="/workspace/rustup-home" "/workspace/cargo-home/bin/cargo" "+beta-2024-12-08" "fetch" "--manifest-path" "Cargo.toml", kill_on_drop: false }`
[INFO] running `Command { std: "docker" "create" "-v" "/var/lib/crater-agent-workspace/builds/worker-3-tc2/target:/opt/rustwide/target:rw,Z" "-v" "/var/lib/crater-agent-workspace/builds/worker-3-tc2/source:/opt/rustwide/workdir:ro,Z" "-v" "/var/lib/crater-agent-workspace/cargo-home:/opt/rustwide/cargo-home:ro,Z" "-v" "/var/lib/crater-agent-workspace/rustup-home:/opt/rustwide/rustup-home:ro,Z" "-e" "SOURCE_DIR=/opt/rustwide/workdir" "-e" "CARGO_TARGET_DIR=/opt/rustwide/target" "-e" "CARGO_HOME=/opt/rustwide/cargo-home" "-e" "RUSTUP_HOME=/opt/rustwide/rustup-home" "-w" "/opt/rustwide/workdir" "-m" "1610612736" "--user" "0:0" "--network" "none" "ghcr.io/rust-lang/crates-build-env/linux@sha256:f3a9d4ad9d972b27faf3965f35b62e55ba32bbce8f20bc8fe909558a86702fde" "/opt/rustwide/cargo-home/bin/cargo" "+beta-2024-12-08" "metadata" "--no-deps" "--format-version=1", kill_on_drop: false }`
[INFO] [stdout] 8c9b2eff6472f9ff3e7c9bb75d60d61dc413d3746638a12cc124cfc9584c0842
[INFO] running `Command { std: "docker" "start" "-a" "8c9b2eff6472f9ff3e7c9bb75d60d61dc413d3746638a12cc124cfc9584c0842", kill_on_drop: false }`
[INFO] running `Command { std: "docker" "inspect" "8c9b2eff6472f9ff3e7c9bb75d60d61dc413d3746638a12cc124cfc9584c0842", kill_on_drop: false }`
[INFO] running `Command { std: "docker" "rm" "-f" "8c9b2eff6472f9ff3e7c9bb75d60d61dc413d3746638a12cc124cfc9584c0842", kill_on_drop: false }`
[INFO] [stdout] 8c9b2eff6472f9ff3e7c9bb75d60d61dc413d3746638a12cc124cfc9584c0842
[INFO] running `Command { std: "docker" "create" "-v" "/var/lib/crater-agent-workspace/builds/worker-3-tc2/target:/opt/rustwide/target:rw,Z" "-v" "/var/lib/crater-agent-workspace/builds/worker-3-tc2/source:/opt/rustwide/workdir:ro,Z" "-v" "/var/lib/crater-agent-workspace/cargo-home:/opt/rustwide/cargo-home:ro,Z" "-v" "/var/lib/crater-agent-workspace/rustup-home:/opt/rustwide/rustup-home:ro,Z" "-e" "SOURCE_DIR=/opt/rustwide/workdir" "-e" "CARGO_TARGET_DIR=/opt/rustwide/target" "-e" "CARGO_INCREMENTAL=0" "-e" "RUST_BACKTRACE=full" "-e" "RUSTFLAGS=--cap-lints=warn" "-e" "RUSTDOCFLAGS=--cap-lints=warn" "-e" "CARGO_HOME=/opt/rustwide/cargo-home" "-e" "RUSTUP_HOME=/opt/rustwide/rustup-home" "-w" "/opt/rustwide/workdir" "-m" "1610612736" "--user" "0:0" "--network" "none" "ghcr.io/rust-lang/crates-build-env/linux@sha256:f3a9d4ad9d972b27faf3965f35b62e55ba32bbce8f20bc8fe909558a86702fde" "/opt/rustwide/cargo-home/bin/cargo" "+beta-2024-12-08" "build" "--frozen" "--message-format=json", kill_on_drop: false }`
[INFO] [stdout] 3a3f197e83b4c724f386c08690c3abb9cefcb577cfdc8e118ad3357d779f6b9e
[INFO] running `Command { std: "docker" "start" "-a" "3a3f197e83b4c724f386c08690c3abb9cefcb577cfdc8e118ad3357d779f6b9e", kill_on_drop: false }`
[INFO] [stderr]    Compiling proc-macro2 v1.0.24
[INFO] [stderr]    Compiling unicode-xid v0.2.1
[INFO] [stderr]    Compiling syn v1.0.60
[INFO] [stderr]    Compiling patchable-core v0.1.0 (/opt/rustwide/workdir/patchable-core)
[INFO] [stderr]    Compiling quote v1.0.8
[INFO] [stderr]    Compiling patchable-macros v0.1.0 (/opt/rustwide/workdir/patchable-macros)
[INFO] [stderr]    Compiling patchable v0.1.0 (/opt/rustwide/workdir/patchable)
[INFO] [stderr]     Finished `dev` profile [unoptimized + debuginfo] target(s) in 4.44s
[INFO] running `Command { std: "docker" "inspect" "3a3f197e83b4c724f386c08690c3abb9cefcb577cfdc8e118ad3357d779f6b9e", kill_on_drop: false }`
[INFO] running `Command { std: "docker" "rm" "-f" "3a3f197e83b4c724f386c08690c3abb9cefcb577cfdc8e118ad3357d779f6b9e", kill_on_drop: false }`
[INFO] [stdout] 3a3f197e83b4c724f386c08690c3abb9cefcb577cfdc8e118ad3357d779f6b9e
[INFO] running `Command { std: "docker" "create" "-v" "/var/lib/crater-agent-workspace/builds/worker-3-tc2/target:/opt/rustwide/target:rw,Z" "-v" "/var/lib/crater-agent-workspace/builds/worker-3-tc2/source:/opt/rustwide/workdir:ro,Z" "-v" "/var/lib/crater-agent-workspace/cargo-home:/opt/rustwide/cargo-home:ro,Z" "-v" "/var/lib/crater-agent-workspace/rustup-home:/opt/rustwide/rustup-home:ro,Z" "-e" "SOURCE_DIR=/opt/rustwide/workdir" "-e" "CARGO_TARGET_DIR=/opt/rustwide/target" "-e" "CARGO_INCREMENTAL=0" "-e" "RUST_BACKTRACE=full" "-e" "RUSTFLAGS=--cap-lints=warn" "-e" "RUSTDOCFLAGS=--cap-lints=warn" "-e" "CARGO_HOME=/opt/rustwide/cargo-home" "-e" "RUSTUP_HOME=/opt/rustwide/rustup-home" "-w" "/opt/rustwide/workdir" "-m" "1610612736" "--user" "0:0" "--network" "none" "ghcr.io/rust-lang/crates-build-env/linux@sha256:f3a9d4ad9d972b27faf3965f35b62e55ba32bbce8f20bc8fe909558a86702fde" "/opt/rustwide/cargo-home/bin/cargo" "+beta-2024-12-08" "test" "--frozen" "--no-run" "--message-format=json", kill_on_drop: false }`
[INFO] [stdout] 20a5236365ba14ce6231e024b67cbc4c157fd2f0f102a67d6193454dd7c45078
[INFO] running `Command { std: "docker" "start" "-a" "20a5236365ba14ce6231e024b67cbc4c157fd2f0f102a67d6193454dd7c45078", kill_on_drop: false }`
[INFO] [stderr]    Compiling patchable-core v0.1.0 (/opt/rustwide/workdir/patchable-core)
[INFO] [stderr]    Compiling patchable-macros v0.1.0 (/opt/rustwide/workdir/patchable-macros)
[INFO] [stderr]    Compiling patchable v0.1.0 (/opt/rustwide/workdir/patchable)
[INFO] [stderr]     Finished `test` profile [unoptimized + debuginfo] target(s) in 0.64s
[INFO] running `Command { std: "docker" "inspect" "20a5236365ba14ce6231e024b67cbc4c157fd2f0f102a67d6193454dd7c45078", kill_on_drop: false }`
[INFO] running `Command { std: "docker" "rm" "-f" "20a5236365ba14ce6231e024b67cbc4c157fd2f0f102a67d6193454dd7c45078", kill_on_drop: false }`
[INFO] [stdout] 20a5236365ba14ce6231e024b67cbc4c157fd2f0f102a67d6193454dd7c45078
[INFO] running `Command { std: "docker" "create" "-v" "/var/lib/crater-agent-workspace/builds/worker-3-tc2/target:/opt/rustwide/target:rw,Z" "-v" "/var/lib/crater-agent-workspace/builds/worker-3-tc2/source:/opt/rustwide/workdir:ro,Z" "-v" "/var/lib/crater-agent-workspace/cargo-home:/opt/rustwide/cargo-home:ro,Z" "-v" "/var/lib/crater-agent-workspace/rustup-home:/opt/rustwide/rustup-home:ro,Z" "-e" "SOURCE_DIR=/opt/rustwide/workdir" "-e" "CARGO_TARGET_DIR=/opt/rustwide/target" "-e" "CARGO_INCREMENTAL=0" "-e" "RUST_BACKTRACE=full" "-e" "RUSTFLAGS=--cap-lints=warn" "-e" "RUSTDOCFLAGS=--cap-lints=warn" "-e" "CARGO_HOME=/opt/rustwide/cargo-home" "-e" "RUSTUP_HOME=/opt/rustwide/rustup-home" "-w" "/opt/rustwide/workdir" "-m" "1610612736" "--user" "0:0" "--network" "none" "ghcr.io/rust-lang/crates-build-env/linux@sha256:f3a9d4ad9d972b27faf3965f35b62e55ba32bbce8f20bc8fe909558a86702fde" "/opt/rustwide/cargo-home/bin/cargo" "+beta-2024-12-08" "test" "--frozen", kill_on_drop: false }`
[INFO] [stdout] a340549f310ca1145a36671fbdbb2320dc919e966ffb2e86122136f86b93a0c9
[INFO] running `Command { std: "docker" "start" "-a" "a340549f310ca1145a36671fbdbb2320dc919e966ffb2e86122136f86b93a0c9", kill_on_drop: false }`
[INFO] [stderr]     Finished `test` profile [unoptimized + debuginfo] target(s) in 0.02s
[INFO] [stderr]      Running unittests src/lib.rs (/opt/rustwide/target/debug/deps/patchable-426b0fc608f95780)
[INFO] [stdout] 
[INFO] [stdout] running 0 tests
[INFO] [stdout] 
[INFO] [stdout] test result: ok. 0 passed; 0 failed; 0 ignored; 0 measured; 0 filtered out; finished in 0.00s
[INFO] [stdout] 
[INFO] [stderr]      Running unittests src/lib.rs (/opt/rustwide/target/debug/deps/patchable_core-72d6fed0e4897adf)
[INFO] [stdout] 
[INFO] [stdout] running 0 tests
[INFO] [stdout] 
[INFO] [stdout] test result: ok. 0 passed; 0 failed; 0 ignored; 0 measured; 0 filtered out; finished in 0.00s
[INFO] [stdout] 
[INFO] [stderr]      Running unittests src/lib.rs (/opt/rustwide/target/debug/deps/patchable_macros-f3a6de9d12ca0ce2)
[INFO] [stdout] 
[INFO] [stdout] running 0 tests
[INFO] [stdout] 
[INFO] [stdout] test result: ok. 0 passed; 0 failed; 0 ignored; 0 measured; 0 filtered out; finished in 0.00s
[INFO] [stdout] 
[INFO] [stderr]    Doc-tests patchable
[INFO] [stdout] 
[INFO] [stdout] running 0 tests
[INFO] [stdout] 
[INFO] [stdout] test result: ok. 0 passed; 0 failed; 0 ignored; 0 measured; 0 filtered out; finished in 0.00s
[INFO] [stdout] 
[INFO] [stderr]    Doc-tests patchable_core
[INFO] [stdout] 
[INFO] [stdout] running 0 tests
[INFO] [stdout] 
[INFO] [stdout] test result: ok. 0 passed; 0 failed; 0 ignored; 0 measured; 0 filtered out; finished in 0.00s
[INFO] [stdout] 
[INFO] [stderr]    Doc-tests patchable_macros
[INFO] [stdout] 
[INFO] [stdout] running 4 tests
[INFO] [stdout] test patchable-macros/src/lib.rs - derive (line 34) ... FAILED
[INFO] [stdout] test patchable-macros/src/lib.rs - derive (line 18) ... FAILED
[INFO] [stdout] test patchable-macros/src/lib.rs - derive (line 10) ... FAILED
[INFO] [stdout] test patchable-macros/src/lib.rs - derive (line 49) ... ok
[INFO] [stdout] 
[INFO] [stdout] failures:
[INFO] [stdout] 
[INFO] [stdout] ---- patchable-macros/src/lib.rs - derive (line 34) stdout ----
[INFO] [stdout] error: cannot find derive macro `Patchable` in this scope
[INFO] [stdout]   --> patchable-macros/src/lib.rs:43:10
[INFO] [stdout]    |
[INFO] [stdout] 11 | #[derive(Patchable)]
[INFO] [stdout]    |          ^^^^^^^^^
[INFO] [stdout]    |
[INFO] [stdout] help: consider importing this derive macro
[INFO] [stdout]    |
[INFO] [stdout] 2  + use patchable_macros::Patchable;
[INFO] [stdout]    |
[INFO] [stdout] 
[INFO] [stdout] error: cannot find derive macro `Patchable` in this scope
[INFO] [stdout]  --> patchable-macros/src/lib.rs:35:10
[INFO] [stdout]   |
[INFO] [stdout] 3 | #[derive(Patchable)]
[INFO] [stdout]   |          ^^^^^^^^^
[INFO] [stdout]   |
[INFO] [stdout] help: consider importing this derive macro
[INFO] [stdout]   |
[INFO] [stdout] 2 + use patchable_macros::Patchable;
[INFO] [stdout]   |
[INFO] [stdout] 
[INFO] [stdout] error: cannot find attribute `patch` in this scope
[INFO] [stdout]  --> patchable-macros/src/lib.rs:36:3
[INFO] [stdout]   |
[INFO] [stdout] 4 | #[patch(MyPatch)]
[INFO] [stdout]   |   ^^^^^ help: a built-in attribute with a similar name exists: `path`
[INFO] [stdout] 
[INFO] [stdout] error: cannot find attribute `patch` in this scope
[INFO] [stdout]  --> patchable-macros/src/lib.rs:39:7
[INFO] [stdout]   |
[INFO] [stdout] 7 |     #[patch(BarPatch)]
[INFO] [stdout]   |       ^^^^^ help: a built-in attribute with a similar name exists: `path`
[INFO] [stdout] 
[INFO] [stdout] error: aborting due to 4 previous errors
[INFO] [stdout] 
[INFO] [stdout] Couldn't compile the test.
[INFO] [stdout] ---- patchable-macros/src/lib.rs - derive (line 18) stdout ----
[INFO] [stdout] error[E0405]: cannot find trait `Patchable` in this scope
[INFO] [stdout]  --> patchable-macros/src/lib.rs:24:6
[INFO] [stdout]   |
[INFO] [stdout] 8 | impl Patchable<MyStructPatch> for MyStruct {
[INFO] [stdout]   |      ^^^^^^^^^ not found in this scope
[INFO] [stdout]   |
[INFO] [stdout] help: consider importing this trait
[INFO] [stdout]   |
[INFO] [stdout] 2 + use patchable_core::Patchable;
[INFO] [stdout]   |
[INFO] [stdout] 
[INFO] [stdout] error[E0412]: cannot find type `MyStruct` in this scope
[INFO] [stdout]  --> patchable-macros/src/lib.rs:24:35
[INFO] [stdout]   |
[INFO] [stdout] 8 | impl Patchable<MyStructPatch> for MyStruct {
[INFO] [stdout]   |                                   ^^^^^^^^ not found in this scope
[INFO] [stdout] 
[INFO] [stdout] error: aborting due to 2 previous errors
[INFO] [stdout] 
[INFO] [stdout] Some errors have detailed explanations: E0405, E0412.
[INFO] [stdout] For more information about an error, try `rustc --explain E0405`.
[INFO] [stdout] Couldn't compile the test.
[INFO] [stdout] ---- patchable-macros/src/lib.rs - derive (line 10) stdout ----
[INFO] [stdout] error: cannot find derive macro `Patchable` in this scope
[INFO] [stdout]  --> patchable-macros/src/lib.rs:11:10
[INFO] [stdout]   |
[INFO] [stdout] 3 | #[derive(Patchable)]
[INFO] [stdout]   |          ^^^^^^^^^
[INFO] [stdout]   |
[INFO] [stdout] help: consider importing this derive macro
[INFO] [stdout]   |
[INFO] [stdout] 2 + use patchable_macros::Patchable;
[INFO] [stdout]   |
[INFO] [stdout] 
[INFO] [stdout] error: aborting due to 1 previous error
[INFO] [stdout] 
[INFO] [stdout] Couldn't compile the test.
[INFO] [stdout] 
[INFO] [stdout] failures:
[INFO] [stdout]     patchable-macros/src/lib.rs - derive (line 10)
[INFO] [stdout]     patchable-macros/src/lib.rs - derive (line 18)
[INFO] [stdout]     patchable-macros/src/lib.rs - derive (line 34)
[INFO] [stdout] 
[INFO] [stdout] test result: FAILED. 1 passed; 3 failed; 0 ignored; 0 measured; 0 filtered out; finished in 0.26s
[INFO] [stdout] 
[INFO] [stderr] error: doctest failed, to rerun pass `-p patchable-macros --doc`
[INFO] running `Command { std: "docker" "inspect" "a340549f310ca1145a36671fbdbb2320dc919e966ffb2e86122136f86b93a0c9", kill_on_drop: false }`
[INFO] running `Command { std: "docker" "rm" "-f" "a340549f310ca1145a36671fbdbb2320dc919e966ffb2e86122136f86b93a0c9", kill_on_drop: false }`
[INFO] [stdout] a340549f310ca1145a36671fbdbb2320dc919e966ffb2e86122136f86b93a0c9
