[INFO] cloning repository https://github.com/ErisianArchitect/rollgrid
[INFO] running `Command { std: "git" "-c" "credential.helper=" "-c" "credential.helper=/workspace/cargo-home/bin/git-credential-null" "clone" "--bare" "https://github.com/ErisianArchitect/rollgrid" "/workspace/cache/git-repos/https%3A%2F%2Fgithub.com%2FErisianArchitect%2Frollgrid", kill_on_drop: false }`
[INFO] [stderr] Cloning into bare repository '/workspace/cache/git-repos/https%3A%2F%2Fgithub.com%2FErisianArchitect%2Frollgrid'...
[INFO] running `Command { std: "git" "rev-parse" "HEAD", kill_on_drop: false }`
[INFO] [stdout] da1d2287f5010c9afd517227bddee688dd06584a
[INFO] testing ErisianArchitect/rollgrid against 1.83.0 for beta-1.84.0-4-retry
[INFO] running `Command { std: "git" "clone" "/workspace/cache/git-repos/https%3A%2F%2Fgithub.com%2FErisianArchitect%2Frollgrid" "/workspace/builds/worker-4-tc1/source", kill_on_drop: false }`
[INFO] [stderr] Cloning into '/workspace/builds/worker-4-tc1/source'...
[INFO] [stderr] done.
[INFO] validating manifest of git repo https://github.com/ErisianArchitect/rollgrid on toolchain 1.83.0
[INFO] running `Command { std: CARGO_HOME="/workspace/cargo-home" RUSTUP_HOME="/workspace/rustup-home" "/workspace/cargo-home/bin/cargo" "+1.83.0" "metadata" "--manifest-path" "Cargo.toml" "--no-deps", kill_on_drop: false }`
[INFO] started tweaking git repo https://github.com/ErisianArchitect/rollgrid
[INFO] finished tweaking git repo https://github.com/ErisianArchitect/rollgrid
[INFO] tweaked toml for git repo https://github.com/ErisianArchitect/rollgrid written to /workspace/builds/worker-4-tc1/source/Cargo.toml
[INFO] crate git repo https://github.com/ErisianArchitect/rollgrid already has a lockfile, it will not be regenerated
[INFO] running `Command { std: CARGO_HOME="/workspace/cargo-home" RUSTUP_HOME="/workspace/rustup-home" "/workspace/cargo-home/bin/cargo" "+1.83.0" "fetch" "--manifest-path" "Cargo.toml", kill_on_drop: false }`
[INFO] running `Command { std: "docker" "create" "-v" "/var/lib/crater-agent-workspace/builds/worker-4-tc1/target:/opt/rustwide/target:rw,Z" "-v" "/var/lib/crater-agent-workspace/builds/worker-4-tc1/source:/opt/rustwide/workdir:ro,Z" "-v" "/var/lib/crater-agent-workspace/cargo-home:/opt/rustwide/cargo-home:ro,Z" "-v" "/var/lib/crater-agent-workspace/rustup-home:/opt/rustwide/rustup-home:ro,Z" "-e" "SOURCE_DIR=/opt/rustwide/workdir" "-e" "CARGO_TARGET_DIR=/opt/rustwide/target" "-e" "CARGO_HOME=/opt/rustwide/cargo-home" "-e" "RUSTUP_HOME=/opt/rustwide/rustup-home" "-w" "/opt/rustwide/workdir" "-m" "1610612736" "--user" "0:0" "--network" "none" "ghcr.io/rust-lang/crates-build-env/linux@sha256:f3a9d4ad9d972b27faf3965f35b62e55ba32bbce8f20bc8fe909558a86702fde" "/opt/rustwide/cargo-home/bin/cargo" "+1.83.0" "metadata" "--no-deps" "--format-version=1", kill_on_drop: false }`
[INFO] [stdout] 62a59510519d5813035d60e9520db64db24d399c4190da276489e8f1f496b9f5
[INFO] running `Command { std: "docker" "start" "-a" "62a59510519d5813035d60e9520db64db24d399c4190da276489e8f1f496b9f5", kill_on_drop: false }`
[INFO] running `Command { std: "docker" "inspect" "62a59510519d5813035d60e9520db64db24d399c4190da276489e8f1f496b9f5", kill_on_drop: false }`
[INFO] running `Command { std: "docker" "rm" "-f" "62a59510519d5813035d60e9520db64db24d399c4190da276489e8f1f496b9f5", kill_on_drop: false }`
[INFO] [stdout] 62a59510519d5813035d60e9520db64db24d399c4190da276489e8f1f496b9f5
[INFO] running `Command { std: "docker" "create" "-v" "/var/lib/crater-agent-workspace/builds/worker-4-tc1/target:/opt/rustwide/target:rw,Z" "-v" "/var/lib/crater-agent-workspace/builds/worker-4-tc1/source:/opt/rustwide/workdir:ro,Z" "-v" "/var/lib/crater-agent-workspace/cargo-home:/opt/rustwide/cargo-home:ro,Z" "-v" "/var/lib/crater-agent-workspace/rustup-home:/opt/rustwide/rustup-home:ro,Z" "-e" "SOURCE_DIR=/opt/rustwide/workdir" "-e" "CARGO_TARGET_DIR=/opt/rustwide/target" "-e" "CARGO_INCREMENTAL=0" "-e" "RUST_BACKTRACE=full" "-e" "RUSTFLAGS=--cap-lints=warn" "-e" "RUSTDOCFLAGS=--cap-lints=warn" "-e" "CARGO_HOME=/opt/rustwide/cargo-home" "-e" "RUSTUP_HOME=/opt/rustwide/rustup-home" "-w" "/opt/rustwide/workdir" "-m" "1610612736" "--user" "0:0" "--network" "none" "ghcr.io/rust-lang/crates-build-env/linux@sha256:f3a9d4ad9d972b27faf3965f35b62e55ba32bbce8f20bc8fe909558a86702fde" "/opt/rustwide/cargo-home/bin/cargo" "+1.83.0" "build" "--frozen" "--message-format=json", kill_on_drop: false }`
[INFO] [stdout] 8bc605cac36873497f55a561cf3a711053624e4378075a68a1004ead6d3c1804
[INFO] running `Command { std: "docker" "start" "-a" "8bc605cac36873497f55a561cf3a711053624e4378075a68a1004ead6d3c1804", kill_on_drop: false }`
[INFO] [stderr]    Compiling rollgrid v0.3.1 (/opt/rustwide/workdir)
[INFO] [stderr]     Finished `dev` profile [unoptimized + debuginfo] target(s) in 0.43s
[INFO] running `Command { std: "docker" "inspect" "8bc605cac36873497f55a561cf3a711053624e4378075a68a1004ead6d3c1804", kill_on_drop: false }`
[INFO] running `Command { std: "docker" "rm" "-f" "8bc605cac36873497f55a561cf3a711053624e4378075a68a1004ead6d3c1804", kill_on_drop: false }`
[INFO] [stdout] 8bc605cac36873497f55a561cf3a711053624e4378075a68a1004ead6d3c1804
[INFO] running `Command { std: "docker" "create" "-v" "/var/lib/crater-agent-workspace/builds/worker-4-tc1/target:/opt/rustwide/target:rw,Z" "-v" "/var/lib/crater-agent-workspace/builds/worker-4-tc1/source:/opt/rustwide/workdir:ro,Z" "-v" "/var/lib/crater-agent-workspace/cargo-home:/opt/rustwide/cargo-home:ro,Z" "-v" "/var/lib/crater-agent-workspace/rustup-home:/opt/rustwide/rustup-home:ro,Z" "-e" "SOURCE_DIR=/opt/rustwide/workdir" "-e" "CARGO_TARGET_DIR=/opt/rustwide/target" "-e" "CARGO_INCREMENTAL=0" "-e" "RUST_BACKTRACE=full" "-e" "RUSTFLAGS=--cap-lints=warn" "-e" "RUSTDOCFLAGS=--cap-lints=warn" "-e" "CARGO_HOME=/opt/rustwide/cargo-home" "-e" "RUSTUP_HOME=/opt/rustwide/rustup-home" "-w" "/opt/rustwide/workdir" "-m" "1610612736" "--user" "0:0" "--network" "none" "ghcr.io/rust-lang/crates-build-env/linux@sha256:f3a9d4ad9d972b27faf3965f35b62e55ba32bbce8f20bc8fe909558a86702fde" "/opt/rustwide/cargo-home/bin/cargo" "+1.83.0" "test" "--frozen" "--no-run" "--message-format=json", kill_on_drop: false }`
[INFO] [stdout] eead7a5d5b484b483a5c44b5ed771ab559895e441d6a01973397e20f771b60b7
[INFO] running `Command { std: "docker" "start" "-a" "eead7a5d5b484b483a5c44b5ed771ab559895e441d6a01973397e20f771b60b7", kill_on_drop: false }`
[INFO] [stderr]    Compiling rollgrid v0.3.1 (/opt/rustwide/workdir)
[INFO] [stderr]     Finished `test` profile [unoptimized + debuginfo] target(s) in 0.91s
[INFO] running `Command { std: "docker" "inspect" "eead7a5d5b484b483a5c44b5ed771ab559895e441d6a01973397e20f771b60b7", kill_on_drop: false }`
[INFO] running `Command { std: "docker" "rm" "-f" "eead7a5d5b484b483a5c44b5ed771ab559895e441d6a01973397e20f771b60b7", kill_on_drop: false }`
[INFO] [stdout] eead7a5d5b484b483a5c44b5ed771ab559895e441d6a01973397e20f771b60b7
[INFO] running `Command { std: "docker" "create" "-v" "/var/lib/crater-agent-workspace/builds/worker-4-tc1/target:/opt/rustwide/target:rw,Z" "-v" "/var/lib/crater-agent-workspace/builds/worker-4-tc1/source:/opt/rustwide/workdir:ro,Z" "-v" "/var/lib/crater-agent-workspace/cargo-home:/opt/rustwide/cargo-home:ro,Z" "-v" "/var/lib/crater-agent-workspace/rustup-home:/opt/rustwide/rustup-home:ro,Z" "-e" "SOURCE_DIR=/opt/rustwide/workdir" "-e" "CARGO_TARGET_DIR=/opt/rustwide/target" "-e" "CARGO_INCREMENTAL=0" "-e" "RUST_BACKTRACE=full" "-e" "RUSTFLAGS=--cap-lints=warn" "-e" "RUSTDOCFLAGS=--cap-lints=warn" "-e" "CARGO_HOME=/opt/rustwide/cargo-home" "-e" "RUSTUP_HOME=/opt/rustwide/rustup-home" "-w" "/opt/rustwide/workdir" "-m" "1610612736" "--user" "0:0" "--network" "none" "ghcr.io/rust-lang/crates-build-env/linux@sha256:f3a9d4ad9d972b27faf3965f35b62e55ba32bbce8f20bc8fe909558a86702fde" "/opt/rustwide/cargo-home/bin/cargo" "+1.83.0" "test" "--frozen", kill_on_drop: false }`
[INFO] [stdout] 1daa98c213ddbf7b06cab1e828916afb49668f7327f58fd2a42aa4a35db5bc85
[INFO] running `Command { std: "docker" "start" "-a" "1daa98c213ddbf7b06cab1e828916afb49668f7327f58fd2a42aa4a35db5bc85", kill_on_drop: false }`
[INFO] [stderr]     Finished `test` profile [unoptimized + debuginfo] target(s) in 0.01s
[INFO] [stdout] 
[INFO] [stderr]      Running unittests src/lib.rs (/opt/rustwide/target/debug/deps/rollgrid-00df03a14a8220c2)
[INFO] [stdout] running 11 tests
[INFO] [stdout] test rollgrid3d::tests::bounds_test ... ok
[INFO] [stdout] test rollgrid3d::tests::offsetfix_test ... ok
[INFO] [stdout] test rollgrid3d::tests::offset_index_test ... ok
[INFO] [stdout] test tests::bounds_test ... ok
[INFO] [stdout] test rollgrid3d::tests::iter_test ... ok
[INFO] [stdout] test rollgrid2d::tests::visual_example ... ok
[INFO] [stdout] test tests::roll_test ... ok
[INFO] [stdout] test tests::rollgrid2d_test ... ok
[INFO] [stdout] test rollgrid2d::tests::resize_and_reposition_test ... ok
[INFO] [stdout] test rollgrid3d::tests::reposition_test ... ok
[INFO] [stdout] test rollgrid3d::tests::resize_and_reposition_test ... ok
[INFO] [stdout] 
[INFO] [stdout] test result: ok. 11 passed; 0 failed; 0 ignored; 0 measured; 0 filtered out; finished in 1.81s
[INFO] [stdout] 
[INFO] [stderr]    Doc-tests rollgrid
[INFO] [stdout] 
[INFO] [stdout] running 9 tests
[INFO] [stdout] test src/rollgrid2d.rs - rollgrid2d::RollGrid2D<T>::try_resize_and_reposition (line 336) - compile ... FAILED
[INFO] [stdout] test src/rollgrid2d.rs - rollgrid2d::RollGrid2D<T>::try_translate (line 473) - compile ... FAILED
[INFO] [stdout] test src/rollgrid3d.rs - rollgrid3d::RollGrid3D<T>::try_reposition (line 602) - compile ... FAILED
[INFO] [stdout] test src/rollgrid2d.rs - rollgrid2d::RollGrid2D<T>::translate (line 458) - compile ... FAILED
[INFO] [stdout] test src/rollgrid3d.rs - rollgrid3d::RollGrid3D<T>::try_resize_and_reposition (line 263) - compile ... FAILED
[INFO] [stdout] test src/rollgrid2d.rs - rollgrid2d::RollGrid2D<T>::resize_and_reposition (line 219) - compile ... FAILED
[INFO] [stdout] test src/rollgrid3d.rs - rollgrid3d::RollGrid3D<T>::resize_and_reposition (line 419) - compile ... FAILED
[INFO] [stdout] test src/rollgrid2d.rs - rollgrid2d::RollGrid2D<T>::reposition (line 488) - compile ... FAILED
[INFO] [stderr] error: doctest failed, to rerun pass `--doc`
[INFO] [stdout] test src/rollgrid2d.rs - rollgrid2d::RollGrid2D<T>::try_reposition (line 621) - compile ... FAILED
[INFO] [stdout] 
[INFO] [stdout] failures:
[INFO] [stdout] 
[INFO] [stdout] ---- src/rollgrid2d.rs - rollgrid2d::RollGrid2D<T>::try_resize_and_reposition (line 336) stdout ----
[INFO] [stdout] error[E0425]: cannot find value `grid` in this scope
[INFO] [stdout]  --> src/rollgrid2d.rs:337:1
[INFO] [stdout]   |
[INFO] [stdout] 3 | grid.resize_and_reposition(3, 3, (4, 4), |action| {
[INFO] [stdout]   | ^^^^ not found in this scope
[INFO] [stdout] 
[INFO] [stdout] error[E0433]: failed to resolve: use of undeclared type `CellManage`
[INFO] [stdout]  --> src/rollgrid2d.rs:339:9
[INFO] [stdout]   |
[INFO] [stdout] 5 |         CellManage::Load(pos) => {
[INFO] [stdout]   |         ^^^^^^^^^^ use of undeclared type `CellManage`
[INFO] [stdout]   |
[INFO] [stdout] help: consider importing this enum
[INFO] [stdout]   |
[INFO] [stdout] 2 + use rollgrid::CellManage;
[INFO] [stdout]   |
[INFO] [stdout] 
[INFO] [stdout] error[E0433]: failed to resolve: use of undeclared type `CellManage`
[INFO] [stdout]   --> src/rollgrid2d.rs:344:9
[INFO] [stdout]    |
[INFO] [stdout] 10 |         CellManage::Unload(pos, old) => {
[INFO] [stdout]    |         ^^^^^^^^^^ use of undeclared type `CellManage`
[INFO] [stdout]    |
[INFO] [stdout] help: consider importing this enum
[INFO] [stdout]    |
[INFO] [stdout] 2  + use rollgrid::CellManage;
[INFO] [stdout]    |
[INFO] [stdout] 
[INFO] [stdout] error: aborting due to 3 previous errors
[INFO] [stdout] 
[INFO] [stdout] Some errors have detailed explanations: E0425, E0433.
[INFO] [stdout] For more information about an error, try `rustc --explain E0425`.
[INFO] [stdout] Couldn't compile the test.
[INFO] [stdout] ---- src/rollgrid2d.rs - rollgrid2d::RollGrid2D<T>::try_translate (line 473) stdout ----
[INFO] [stdout] error: expected one of `!`, `+`, `::`, `where`, or `{`, found `}`
[INFO] [stdout]  --> src/rollgrid2d.rs:475:1
[INFO] [stdout]   |
[INFO] [stdout] 3 | fn reload(old_position: C, new_position: C, old_value: T) -> Option<T>
[INFO] [stdout]   |    ------ while parsing this `fn`                                     - expected one of `!`, `+`, `::`, `where`, or `{`
[INFO] [stdout] 4 | } _doctest_main_src_rollgrid2d_rs_473_0() }
[INFO] [stdout]   | ^ unexpected token
[INFO] [stdout] 
[INFO] [stdout] error: free function without a body
[INFO] [stdout]  --> src/rollgrid2d.rs:474:1
[INFO] [stdout]   |
[INFO] [stdout] 3 | fn reload(old_position: C, new_position: C, old_value: T) -> Option<T>
[INFO] [stdout]   | ^^^^^^^^^^^^^^^^^^^^^^^^^^^^^^^^^^^^^^^^^^^^^^^^^^^^^^^^^^^^^^^^^^^^^^- help: provide a definition for the function: `{ <body> }`
[INFO] [stdout] 
[INFO] [stdout] error[E0412]: cannot find type `C` in this scope
[INFO] [stdout]  --> src/rollgrid2d.rs:474:25
[INFO] [stdout]   |
[INFO] [stdout] 3 | fn reload(old_position: C, new_position: C, old_value: T) -> Option<T>
[INFO] [stdout]   |                         ^ not found in this scope
[INFO] [stdout]   |
[INFO] [stdout] help: you might be missing a type parameter
[INFO] [stdout]   |
[INFO] [stdout] 3 | fn reload<C>(old_position: C, new_position: C, old_value: T) -> Option<T>
[INFO] [stdout]   |          +++
[INFO] [stdout] 
[INFO] [stdout] error[E0412]: cannot find type `C` in this scope
[INFO] [stdout]  --> src/rollgrid2d.rs:474:42
[INFO] [stdout]   |
[INFO] [stdout] 3 | fn reload(old_position: C, new_position: C, old_value: T) -> Option<T>
[INFO] [stdout]   |                                          ^ not found in this scope
[INFO] [stdout]   |
[INFO] [stdout] help: you might be missing a type parameter
[INFO] [stdout]   |
[INFO] [stdout] 3 | fn reload<C>(old_position: C, new_position: C, old_value: T) -> Option<T>
[INFO] [stdout]   |          +++
[INFO] [stdout] 
[INFO] [stdout] error[E0412]: cannot find type `T` in this scope
[INFO] [stdout]  --> src/rollgrid2d.rs:474:56
[INFO] [stdout]   |
[INFO] [stdout] 3 | fn reload(old_position: C, new_position: C, old_value: T) -> Option<T>
[INFO] [stdout]   |                                                        ^ not found in this scope
[INFO] [stdout]   |
[INFO] [stdout] help: you might be missing a type parameter
[INFO] [stdout]   |
[INFO] [stdout] 3 | fn reload<T>(old_position: C, new_position: C, old_value: T) -> Option<T>
[INFO] [stdout]   |          +++
[INFO] [stdout] 
[INFO] [stdout] error[E0412]: cannot find type `T` in this scope
[INFO] [stdout]  --> src/rollgrid2d.rs:474:69
[INFO] [stdout]   |
[INFO] [stdout] 3 | fn reload(old_position: C, new_position: C, old_value: T) -> Option<T>
[INFO] [stdout]   |                                                                     ^ not found in this scope
[INFO] [stdout]   |
[INFO] [stdout] help: you might be missing a type parameter
[INFO] [stdout]   |
[INFO] [stdout] 3 | fn reload<T>(old_position: C, new_position: C, old_value: T) -> Option<T>
[INFO] [stdout]   |          +++
[INFO] [stdout] 
[INFO] [stdout] error: aborting due to 6 previous errors
[INFO] [stdout] 
[INFO] [stdout] For more information about this error, try `rustc --explain E0412`.
[INFO] [stdout] Couldn't compile the test.
[INFO] [stdout] ---- src/rollgrid3d.rs - rollgrid3d::RollGrid3D<T>::try_reposition (line 602) stdout ----
[INFO] [stdout] error: expected one of `!`, `+`, `::`, `where`, or `{`, found `}`
[INFO] [stdout]  --> src/rollgrid3d.rs:604:1
[INFO] [stdout]   |
[INFO] [stdout] 3 | fn reload(old_position: C, new_position: C, old_value: T) -> Result<(), Option<T>>
[INFO] [stdout]   |    ------ while parsing this `fn`                                                 - expected one of `!`, `+`, `::`, `where`, or `{`
[INFO] [stdout] 4 | } _doctest_main_src_rollgrid3d_rs_602_0() }
[INFO] [stdout]   | ^ unexpected token
[INFO] [stdout] 
[INFO] [stdout] error: free function without a body
[INFO] [stdout]  --> src/rollgrid3d.rs:603:1
[INFO] [stdout]   |
[INFO] [stdout] 3 | fn reload(old_position: C, new_position: C, old_value: T) -> Result<(), Option<T>>
[INFO] [stdout]   | ^^^^^^^^^^^^^^^^^^^^^^^^^^^^^^^^^^^^^^^^^^^^^^^^^^^^^^^^^^^^^^^^^^^^^^^^^^^^^^^^^^- help: provide a definition for the function: `{ <body> }`
[INFO] [stdout] 
[INFO] [stdout] error[E0412]: cannot find type `C` in this scope
[INFO] [stdout]  --> src/rollgrid3d.rs:603:25
[INFO] [stdout]   |
[INFO] [stdout] 3 | fn reload(old_position: C, new_position: C, old_value: T) -> Result<(), Option<T>>
[INFO] [stdout]   |                         ^ not found in this scope
[INFO] [stdout]   |
[INFO] [stdout] help: you might be missing a type parameter
[INFO] [stdout]   |
[INFO] [stdout] 3 | fn reload<C>(old_position: C, new_position: C, old_value: T) -> Result<(), Option<T>>
[INFO] [stdout]   |          +++
[INFO] [stdout] 
[INFO] [stdout] error[E0412]: cannot find type `C` in this scope
[INFO] [stdout]  --> src/rollgrid3d.rs:603:42
[INFO] [stdout]   |
[INFO] [stdout] 3 | fn reload(old_position: C, new_position: C, old_value: T) -> Result<(), Option<T>>
[INFO] [stdout]   |                                          ^ not found in this scope
[INFO] [stdout]   |
[INFO] [stdout] help: you might be missing a type parameter
[INFO] [stdout]   |
[INFO] [stdout] 3 | fn reload<C>(old_position: C, new_position: C, old_value: T) -> Result<(), Option<T>>
[INFO] [stdout]   |          +++
[INFO] [stdout] 
[INFO] [stdout] error[E0412]: cannot find type `T` in this scope
[INFO] [stdout]  --> src/rollgrid3d.rs:603:56
[INFO] [stdout]   |
[INFO] [stdout] 3 | fn reload(old_position: C, new_position: C, old_value: T) -> Result<(), Option<T>>
[INFO] [stdout]   |                                                        ^ not found in this scope
[INFO] [stdout]   |
[INFO] [stdout] help: you might be missing a type parameter
[INFO] [stdout]   |
[INFO] [stdout] 3 | fn reload<T>(old_position: C, new_position: C, old_value: T) -> Result<(), Option<T>>
[INFO] [stdout]   |          +++
[INFO] [stdout] 
[INFO] [stdout] error[E0412]: cannot find type `T` in this scope
[INFO] [stdout]  --> src/rollgrid3d.rs:603:80
[INFO] [stdout]   |
[INFO] [stdout] 3 | fn reload(old_position: C, new_position: C, old_value: T) -> Result<(), Option<T>>
[INFO] [stdout]   |                                                                                ^ not found in this scope
[INFO] [stdout]   |
[INFO] [stdout] help: you might be missing a type parameter
[INFO] [stdout]   |
[INFO] [stdout] 3 | fn reload<T>(old_position: C, new_position: C, old_value: T) -> Result<(), Option<T>>
[INFO] [stdout]   |          +++
[INFO] [stdout] 
[INFO] [stdout] error: aborting due to 6 previous errors
[INFO] [stdout] 
[INFO] [stdout] For more information about this error, try `rustc --explain E0412`.
[INFO] [stdout] Couldn't compile the test.
[INFO] [stdout] ---- src/rollgrid2d.rs - rollgrid2d::RollGrid2D<T>::translate (line 458) stdout ----
[INFO] [stdout] error: expected one of `!`, `+`, `::`, `where`, or `{`, found `}`
[INFO] [stdout]  --> src/rollgrid2d.rs:460:1
[INFO] [stdout]   |
[INFO] [stdout] 3 | fn reload(old_position: C, new_position: C, old_value: T) -> Option<T>
[INFO] [stdout]   |    ------ while parsing this `fn`                                     - expected one of `!`, `+`, `::`, `where`, or `{`
[INFO] [stdout] 4 | } _doctest_main_src_rollgrid2d_rs_458_0() }
[INFO] [stdout]   | ^ unexpected token
[INFO] [stdout] 
[INFO] [stdout] error: free function without a body
[INFO] [stdout]  --> src/rollgrid2d.rs:459:1
[INFO] [stdout]   |
[INFO] [stdout] 3 | fn reload(old_position: C, new_position: C, old_value: T) -> Option<T>
[INFO] [stdout]   | ^^^^^^^^^^^^^^^^^^^^^^^^^^^^^^^^^^^^^^^^^^^^^^^^^^^^^^^^^^^^^^^^^^^^^^- help: provide a definition for the function: `{ <body> }`
[INFO] [stdout] 
[INFO] [stdout] error[E0412]: cannot find type `C` in this scope
[INFO] [stdout]  --> src/rollgrid2d.rs:459:25
[INFO] [stdout]   |
[INFO] [stdout] 3 | fn reload(old_position: C, new_position: C, old_value: T) -> Option<T>
[INFO] [stdout]   |                         ^ not found in this scope
[INFO] [stdout]   |
[INFO] [stdout] help: you might be missing a type parameter
[INFO] [stdout]   |
[INFO] [stdout] 3 | fn reload<C>(old_position: C, new_position: C, old_value: T) -> Option<T>
[INFO] [stdout]   |          +++
[INFO] [stdout] 
[INFO] [stdout] error[E0412]: cannot find type `C` in this scope
[INFO] [stdout]  --> src/rollgrid2d.rs:459:42
[INFO] [stdout]   |
[INFO] [stdout] 3 | fn reload(old_position: C, new_position: C, old_value: T) -> Option<T>
[INFO] [stdout]   |                                          ^ not found in this scope
[INFO] [stdout]   |
[INFO] [stdout] help: you might be missing a type parameter
[INFO] [stdout]   |
[INFO] [stdout] 3 | fn reload<C>(old_position: C, new_position: C, old_value: T) -> Option<T>
[INFO] [stdout]   |          +++
[INFO] [stdout] 
[INFO] [stdout] error[E0412]: cannot find type `T` in this scope
[INFO] [stdout]  --> src/rollgrid2d.rs:459:56
[INFO] [stdout]   |
[INFO] [stdout] 3 | fn reload(old_position: C, new_position: C, old_value: T) -> Option<T>
[INFO] [stdout]   |                                                        ^ not found in this scope
[INFO] [stdout]   |
[INFO] [stdout] help: you might be missing a type parameter
[INFO] [stdout]   |
[INFO] [stdout] 3 | fn reload<T>(old_position: C, new_position: C, old_value: T) -> Option<T>
[INFO] [stdout]   |          +++
[INFO] [stdout] 
[INFO] [stdout] error[E0412]: cannot find type `T` in this scope
[INFO] [stdout]  --> src/rollgrid2d.rs:459:69
[INFO] [stdout]   |
[INFO] [stdout] 3 | fn reload(old_position: C, new_position: C, old_value: T) -> Option<T>
[INFO] [stdout]   |                                                                     ^ not found in this scope
[INFO] [stdout]   |
[INFO] [stdout] help: you might be missing a type parameter
[INFO] [stdout]   |
[INFO] [stdout] 3 | fn reload<T>(old_position: C, new_position: C, old_value: T) -> Option<T>
[INFO] [stdout]   |          +++
[INFO] [stdout] 
[INFO] [stdout] error: aborting due to 6 previous errors
[INFO] [stdout] 
[INFO] [stdout] For more information about this error, try `rustc --explain E0412`.
[INFO] [stdout] Couldn't compile the test.
[INFO] [stdout] ---- src/rollgrid3d.rs - rollgrid3d::RollGrid3D<T>::try_resize_and_reposition (line 263) stdout ----
[INFO] [stdout] error[E0425]: cannot find value `grid` in this scope
[INFO] [stdout]  --> src/rollgrid3d.rs:264:1
[INFO] [stdout]   |
[INFO] [stdout] 3 | grid.try_resize_and_reposition(3, 3, 3, (4, 4, 4), |action| {
[INFO] [stdout]   | ^^^^ not found in this scope
[INFO] [stdout] 
[INFO] [stdout] error[E0433]: failed to resolve: use of undeclared type `CellManage`
[INFO] [stdout]  --> src/rollgrid3d.rs:266:9
[INFO] [stdout]   |
[INFO] [stdout] 5 |         CellManage::Load(pos) => {
[INFO] [stdout]   |         ^^^^^^^^^^ use of undeclared type `CellManage`
[INFO] [stdout]   |
[INFO] [stdout] help: consider importing this enum
[INFO] [stdout]   |
[INFO] [stdout] 2 + use rollgrid::CellManage;
[INFO] [stdout]   |
[INFO] [stdout] 
[INFO] [stdout] error[E0433]: failed to resolve: use of undeclared type `CellManage`
[INFO] [stdout]   --> src/rollgrid3d.rs:273:9
[INFO] [stdout]    |
[INFO] [stdout] 12 |         CellManage::Unload(pos, old) => {
[INFO] [stdout]    |         ^^^^^^^^^^ use of undeclared type `CellManage`
[INFO] [stdout]    |
[INFO] [stdout] help: consider importing this enum
[INFO] [stdout]    |
[INFO] [stdout] 2  + use rollgrid::CellManage;
[INFO] [stdout]    |
[INFO] [stdout] 
[INFO] [stdout] error: aborting due to 3 previous errors
[INFO] [stdout] 
[INFO] [stdout] Some errors have detailed explanations: E0425, E0433.
[INFO] [stdout] For more information about an error, try `rustc --explain E0425`.
[INFO] [stdout] Couldn't compile the test.
[INFO] [stdout] ---- src/rollgrid2d.rs - rollgrid2d::RollGrid2D<T>::resize_and_reposition (line 219) stdout ----
[INFO] [stdout] error[E0425]: cannot find value `grid` in this scope
[INFO] [stdout]  --> src/rollgrid2d.rs:220:1
[INFO] [stdout]   |
[INFO] [stdout] 3 | grid.resize_and_reposition(3, 3, (4, 4), |action| {
[INFO] [stdout]   | ^^^^ not found in this scope
[INFO] [stdout] 
[INFO] [stdout] error[E0433]: failed to resolve: use of undeclared type `CellManage`
[INFO] [stdout]  --> src/rollgrid2d.rs:222:9
[INFO] [stdout]   |
[INFO] [stdout] 5 |         CellManage::Load(pos) => {
[INFO] [stdout]   |         ^^^^^^^^^^ use of undeclared type `CellManage`
[INFO] [stdout]   |
[INFO] [stdout] help: consider importing this enum
[INFO] [stdout]   |
[INFO] [stdout] 2 + use rollgrid::CellManage;
[INFO] [stdout]   |
[INFO] [stdout] 
[INFO] [stdout] error[E0433]: failed to resolve: use of undeclared type `CellManage`
[INFO] [stdout]   --> src/rollgrid2d.rs:227:9
[INFO] [stdout]    |
[INFO] [stdout] 10 |         CellManage::Unload(pos, old) => {
[INFO] [stdout]    |         ^^^^^^^^^^ use of undeclared type `CellManage`
[INFO] [stdout]    |
[INFO] [stdout] help: consider importing this enum
[INFO] [stdout]    |
[INFO] [stdout] 2  + use rollgrid::CellManage;
[INFO] [stdout]    |
[INFO] [stdout] 
[INFO] [stdout] error: aborting due to 3 previous errors
[INFO] [stdout] 
[INFO] [stdout] Some errors have detailed explanations: E0425, E0433.
[INFO] [stdout] For more information about an error, try `rustc --explain E0425`.
[INFO] [stdout] Couldn't compile the test.
[INFO] [stdout] ---- src/rollgrid3d.rs - rollgrid3d::RollGrid3D<T>::resize_and_reposition (line 419) stdout ----
[INFO] [stdout] error[E0425]: cannot find value `grid` in this scope
[INFO] [stdout]  --> src/rollgrid3d.rs:420:1
[INFO] [stdout]   |
[INFO] [stdout] 3 | grid.resize_and_reposition(3, 3, 3, (4, 4, 4), |action| {
[INFO] [stdout]   | ^^^^ not found in this scope
[INFO] [stdout] 
[INFO] [stdout] error[E0433]: failed to resolve: use of undeclared type `CellManage`
[INFO] [stdout]  --> src/rollgrid3d.rs:422:9
[INFO] [stdout]   |
[INFO] [stdout] 5 |         CellManage::Load(pos) => {
[INFO] [stdout]   |         ^^^^^^^^^^ use of undeclared type `CellManage`
[INFO] [stdout]   |
[INFO] [stdout] help: consider importing this enum
[INFO] [stdout]   |
[INFO] [stdout] 2 + use rollgrid::CellManage;
[INFO] [stdout]   |
[INFO] [stdout] 
[INFO] [stdout] error[E0433]: failed to resolve: use of undeclared type `CellManage`
[INFO] [stdout]   --> src/rollgrid3d.rs:429:9
[INFO] [stdout]    |
[INFO] [stdout] 12 |         CellManage::Unload(pos, old) => {
[INFO] [stdout]    |         ^^^^^^^^^^ use of undeclared type `CellManage`
[INFO] [stdout]    |
[INFO] [stdout] help: consider importing this enum
[INFO] [stdout]    |
[INFO] [stdout] 2  + use rollgrid::CellManage;
[INFO] [stdout]    |
[INFO] [stdout] 
[INFO] [stdout] error: aborting due to 3 previous errors
[INFO] [stdout] 
[INFO] [stdout] Some errors have detailed explanations: E0425, E0433.
[INFO] [stdout] For more information about an error, try `rustc --explain E0425`.
[INFO] [stdout] Couldn't compile the test.
[INFO] [stdout] ---- src/rollgrid2d.rs - rollgrid2d::RollGrid2D<T>::reposition (line 488) stdout ----
[INFO] [stdout] error: expected one of `!`, `+`, `::`, `where`, or `{`, found `}`
[INFO] [stdout]  --> src/rollgrid2d.rs:490:1
[INFO] [stdout]   |
[INFO] [stdout] 3 | fn reload(old_position: C, new_position: C, old_value: T) -> Option<T>
[INFO] [stdout]   |    ------ while parsing this `fn`                                     - expected one of `!`, `+`, `::`, `where`, or `{`
[INFO] [stdout] 4 | } _doctest_main_src_rollgrid2d_rs_488_0() }
[INFO] [stdout]   | ^ unexpected token
[INFO] [stdout] 
[INFO] [stdout] error: free function without a body
[INFO] [stdout]  --> src/rollgrid2d.rs:489:1
[INFO] [stdout]   |
[INFO] [stdout] 3 | fn reload(old_position: C, new_position: C, old_value: T) -> Option<T>
[INFO] [stdout]   | ^^^^^^^^^^^^^^^^^^^^^^^^^^^^^^^^^^^^^^^^^^^^^^^^^^^^^^^^^^^^^^^^^^^^^^- help: provide a definition for the function: `{ <body> }`
[INFO] [stdout] 
[INFO] [stdout] error[E0412]: cannot find type `C` in this scope
[INFO] [stdout]  --> src/rollgrid2d.rs:489:25
[INFO] [stdout]   |
[INFO] [stdout] 3 | fn reload(old_position: C, new_position: C, old_value: T) -> Option<T>
[INFO] [stdout]   |                         ^ not found in this scope
[INFO] [stdout]   |
[INFO] [stdout] help: you might be missing a type parameter
[INFO] [stdout]   |
[INFO] [stdout] 3 | fn reload<C>(old_position: C, new_position: C, old_value: T) -> Option<T>
[INFO] [stdout]   |          +++
[INFO] [stdout] 
[INFO] [stdout] error[E0412]: cannot find type `C` in this scope
[INFO] [stdout]  --> src/rollgrid2d.rs:489:42
[INFO] [stdout]   |
[INFO] [stdout] 3 | fn reload(old_position: C, new_position: C, old_value: T) -> Option<T>
[INFO] [stdout]   |                                          ^ not found in this scope
[INFO] [stdout]   |
[INFO] [stdout] help: you might be missing a type parameter
[INFO] [stdout]   |
[INFO] [stdout] 3 | fn reload<C>(old_position: C, new_position: C, old_value: T) -> Option<T>
[INFO] [stdout]   |          +++
[INFO] [stdout] 
[INFO] [stdout] error[E0412]: cannot find type `T` in this scope
[INFO] [stdout]  --> src/rollgrid2d.rs:489:56
[INFO] [stdout]   |
[INFO] [stdout] 3 | fn reload(old_position: C, new_position: C, old_value: T) -> Option<T>
[INFO] [stdout]   |                                                        ^ not found in this scope
[INFO] [stdout]   |
[INFO] [stdout] help: you might be missing a type parameter
[INFO] [stdout]   |
[INFO] [stdout] 3 | fn reload<T>(old_position: C, new_position: C, old_value: T) -> Option<T>
[INFO] [stdout]   |          +++
[INFO] [stdout] 
[INFO] [stdout] error[E0412]: cannot find type `T` in this scope
[INFO] [stdout]  --> src/rollgrid2d.rs:489:69
[INFO] [stdout]   |
[INFO] [stdout] 3 | fn reload(old_position: C, new_position: C, old_value: T) -> Option<T>
[INFO] [stdout]   |                                                                     ^ not found in this scope
[INFO] [stdout]   |
[INFO] [stdout] help: you might be missing a type parameter
[INFO] [stdout]   |
[INFO] [stdout] 3 | fn reload<T>(old_position: C, new_position: C, old_value: T) -> Option<T>
[INFO] [stdout]   |          +++
[INFO] [stdout] 
[INFO] [stdout] error: aborting due to 6 previous errors
[INFO] [stdout] 
[INFO] [stdout] For more information about this error, try `rustc --explain E0412`.
[INFO] [stdout] Couldn't compile the test.
[INFO] [stdout] ---- src/rollgrid2d.rs - rollgrid2d::RollGrid2D<T>::try_reposition (line 621) stdout ----
[INFO] [stdout] error: expected one of `!`, `+`, `::`, `where`, or `{`, found `}`
[INFO] [stdout]  --> src/rollgrid2d.rs:623:1
[INFO] [stdout]   |
[INFO] [stdout] 3 | fn reload(old_position: C, new_position: C, old_value: T) -> Result<(), Option<T>>
[INFO] [stdout]   |    ------ while parsing this `fn`                                                 - expected one of `!`, `+`, `::`, `where`, or `{`
[INFO] [stdout] 4 | } _doctest_main_src_rollgrid2d_rs_621_0() }
[INFO] [stdout]   | ^ unexpected token
[INFO] [stdout] 
[INFO] [stdout] error: free function without a body
[INFO] [stdout]  --> src/rollgrid2d.rs:622:1
[INFO] [stdout]   |
[INFO] [stdout] 3 | fn reload(old_position: C, new_position: C, old_value: T) -> Result<(), Option<T>>
[INFO] [stdout]   | ^^^^^^^^^^^^^^^^^^^^^^^^^^^^^^^^^^^^^^^^^^^^^^^^^^^^^^^^^^^^^^^^^^^^^^^^^^^^^^^^^^- help: provide a definition for the function: `{ <body> }`
[INFO] [stdout] 
[INFO] [stdout] error[E0412]: cannot find type `C` in this scope
[INFO] [stdout]  --> src/rollgrid2d.rs:622:25
[INFO] [stdout]   |
[INFO] [stdout] 3 | fn reload(old_position: C, new_position: C, old_value: T) -> Result<(), Option<T>>
[INFO] [stdout]   |                         ^ not found in this scope
[INFO] [stdout]   |
[INFO] [stdout] help: you might be missing a type parameter
[INFO] [stdout]   |
[INFO] [stdout] 3 | fn reload<C>(old_position: C, new_position: C, old_value: T) -> Result<(), Option<T>>
[INFO] [stdout]   |          +++
[INFO] [stdout] 
[INFO] [stdout] error[E0412]: cannot find type `C` in this scope
[INFO] [stdout]  --> src/rollgrid2d.rs:622:42
[INFO] [stdout]   |
[INFO] [stdout] 3 | fn reload(old_position: C, new_position: C, old_value: T) -> Result<(), Option<T>>
[INFO] [stdout]   |                                          ^ not found in this scope
[INFO] [stdout]   |
[INFO] [stdout] help: you might be missing a type parameter
[INFO] [stdout]   |
[INFO] [stdout] 3 | fn reload<C>(old_position: C, new_position: C, old_value: T) -> Result<(), Option<T>>
[INFO] [stdout]   |          +++
[INFO] [stdout] 
[INFO] [stdout] error[E0412]: cannot find type `T` in this scope
[INFO] [stdout]  --> src/rollgrid2d.rs:622:56
[INFO] [stdout]   |
[INFO] [stdout] 3 | fn reload(old_position: C, new_position: C, old_value: T) -> Result<(), Option<T>>
[INFO] [stdout]   |                                                        ^ not found in this scope
[INFO] [stdout]   |
[INFO] [stdout] help: you might be missing a type parameter
[INFO] [stdout]   |
[INFO] [stdout] 3 | fn reload<T>(old_position: C, new_position: C, old_value: T) -> Result<(), Option<T>>
[INFO] [stdout]   |          +++
[INFO] [stdout] 
[INFO] [stdout] error[E0412]: cannot find type `T` in this scope
[INFO] [stdout]  --> src/rollgrid2d.rs:622:80
[INFO] [stdout]   |
[INFO] [stdout] 3 | fn reload(old_position: C, new_position: C, old_value: T) -> Result<(), Option<T>>
[INFO] [stdout]   |                                                                                ^ not found in this scope
[INFO] [stdout]   |
[INFO] [stdout] help: you might be missing a type parameter
[INFO] [stdout]   |
[INFO] [stdout] 3 | fn reload<T>(old_position: C, new_position: C, old_value: T) -> Result<(), Option<T>>
[INFO] [stdout]   |          +++
[INFO] [stdout] 
[INFO] [stdout] error: aborting due to 6 previous errors
[INFO] [stdout] 
[INFO] [stdout] For more information about this error, try `rustc --explain E0412`.
[INFO] [stdout] Couldn't compile the test.
[INFO] [stdout] 
[INFO] [stdout] failures:
[INFO] [stdout]     src/rollgrid2d.rs - rollgrid2d::RollGrid2D<T>::reposition (line 488)
[INFO] [stdout]     src/rollgrid2d.rs - rollgrid2d::RollGrid2D<T>::resize_and_reposition (line 219)
[INFO] [stdout]     src/rollgrid2d.rs - rollgrid2d::RollGrid2D<T>::translate (line 458)
[INFO] [stdout]     src/rollgrid2d.rs - rollgrid2d::RollGrid2D<T>::try_reposition (line 621)
[INFO] [stdout]     src/rollgrid2d.rs - rollgrid2d::RollGrid2D<T>::try_resize_and_reposition (line 336)
[INFO] [stdout]     src/rollgrid2d.rs - rollgrid2d::RollGrid2D<T>::try_translate (line 473)
[INFO] [stdout]     src/rollgrid3d.rs - rollgrid3d::RollGrid3D<T>::resize_and_reposition (line 419)
[INFO] [stdout]     src/rollgrid3d.rs - rollgrid3d::RollGrid3D<T>::try_reposition (line 602)
[INFO] [stdout]     src/rollgrid3d.rs - rollgrid3d::RollGrid3D<T>::try_resize_and_reposition (line 263)
[INFO] [stdout] 
[INFO] [stdout] test result: FAILED. 0 passed; 9 failed; 0 ignored; 0 measured; 0 filtered out; finished in 0.16s
[INFO] [stdout] 
[INFO] running `Command { std: "docker" "inspect" "1daa98c213ddbf7b06cab1e828916afb49668f7327f58fd2a42aa4a35db5bc85", kill_on_drop: false }`
[INFO] running `Command { std: "docker" "rm" "-f" "1daa98c213ddbf7b06cab1e828916afb49668f7327f58fd2a42aa4a35db5bc85", kill_on_drop: false }`
[INFO] [stdout] 1daa98c213ddbf7b06cab1e828916afb49668f7327f58fd2a42aa4a35db5bc85
