[INFO] cloning repository https://github.com/ErisianArchitect/hexahedron
[INFO] running `Command { std: "git" "-c" "credential.helper=" "-c" "credential.helper=/workspace/cargo-home/bin/git-credential-null" "clone" "--bare" "https://github.com/ErisianArchitect/hexahedron" "/workspace/cache/git-repos/https%3A%2F%2Fgithub.com%2FErisianArchitect%2Fhexahedron", kill_on_drop: false }`
[INFO] [stderr] Cloning into bare repository '/workspace/cache/git-repos/https%3A%2F%2Fgithub.com%2FErisianArchitect%2Fhexahedron'...
[INFO] running `Command { std: "git" "rev-parse" "HEAD", kill_on_drop: false }`
[INFO] [stdout] 95d2fa7582790ff7b79c7ab0d4d67e96258bbef8
[INFO] testing ErisianArchitect/hexahedron against 1.83.0 for beta-1.84.0-4-retry
[INFO] running `Command { std: "git" "clone" "/workspace/cache/git-repos/https%3A%2F%2Fgithub.com%2FErisianArchitect%2Fhexahedron" "/workspace/builds/worker-6-tc1/source", kill_on_drop: false }`
[INFO] [stderr] Cloning into '/workspace/builds/worker-6-tc1/source'...
[INFO] [stderr] done.
[INFO] validating manifest of git repo https://github.com/ErisianArchitect/hexahedron on toolchain 1.83.0
[INFO] running `Command { std: CARGO_HOME="/workspace/cargo-home" RUSTUP_HOME="/workspace/rustup-home" "/workspace/cargo-home/bin/cargo" "+1.83.0" "metadata" "--manifest-path" "Cargo.toml" "--no-deps", kill_on_drop: false }`
[INFO] started tweaking git repo https://github.com/ErisianArchitect/hexahedron
[INFO] finished tweaking git repo https://github.com/ErisianArchitect/hexahedron
[INFO] tweaked toml for git repo https://github.com/ErisianArchitect/hexahedron written to /workspace/builds/worker-6-tc1/source/Cargo.toml
[INFO] crate git repo https://github.com/ErisianArchitect/hexahedron already has a lockfile, it will not be regenerated
[INFO] running `Command { std: CARGO_HOME="/workspace/cargo-home" RUSTUP_HOME="/workspace/rustup-home" "/workspace/cargo-home/bin/cargo" "+1.83.0" "fetch" "--manifest-path" "Cargo.toml", kill_on_drop: false }`
[INFO] [stderr]     Updating crates.io index
[INFO] [stderr]     Updating git repository `https://github.com/ErisianArchitect/spin-sleep.git`
[INFO] [stderr]  Downloading crates ...
[INFO] [stderr]   Downloaded splines v4.4.0
[INFO] [stderr]   Downloaded rollgrid v0.3.1
[INFO] [stderr]   Downloaded noise v0.9.0
[INFO] [stderr]   Downloaded glam v0.29.2
[INFO] running `Command { std: "docker" "create" "-v" "/var/lib/crater-agent-workspace/builds/worker-6-tc1/target:/opt/rustwide/target:rw,Z" "-v" "/var/lib/crater-agent-workspace/builds/worker-6-tc1/source:/opt/rustwide/workdir:ro,Z" "-v" "/var/lib/crater-agent-workspace/cargo-home:/opt/rustwide/cargo-home:ro,Z" "-v" "/var/lib/crater-agent-workspace/rustup-home:/opt/rustwide/rustup-home:ro,Z" "-e" "SOURCE_DIR=/opt/rustwide/workdir" "-e" "CARGO_TARGET_DIR=/opt/rustwide/target" "-e" "CARGO_HOME=/opt/rustwide/cargo-home" "-e" "RUSTUP_HOME=/opt/rustwide/rustup-home" "-w" "/opt/rustwide/workdir" "-m" "1610612736" "--user" "0:0" "--network" "none" "ghcr.io/rust-lang/crates-build-env/linux@sha256:f3a9d4ad9d972b27faf3965f35b62e55ba32bbce8f20bc8fe909558a86702fde" "/opt/rustwide/cargo-home/bin/cargo" "+1.83.0" "metadata" "--no-deps" "--format-version=1", kill_on_drop: false }`
[INFO] [stdout] 96dbc43cbbee2ebed915074cd2a2ceb9871988b878086b466dceda6ac5040037
[INFO] running `Command { std: "docker" "start" "-a" "96dbc43cbbee2ebed915074cd2a2ceb9871988b878086b466dceda6ac5040037", kill_on_drop: false }`
[INFO] running `Command { std: "docker" "inspect" "96dbc43cbbee2ebed915074cd2a2ceb9871988b878086b466dceda6ac5040037", kill_on_drop: false }`
[INFO] running `Command { std: "docker" "rm" "-f" "96dbc43cbbee2ebed915074cd2a2ceb9871988b878086b466dceda6ac5040037", kill_on_drop: false }`
[INFO] [stdout] 96dbc43cbbee2ebed915074cd2a2ceb9871988b878086b466dceda6ac5040037
[INFO] running `Command { std: "docker" "create" "-v" "/var/lib/crater-agent-workspace/builds/worker-6-tc1/target:/opt/rustwide/target:rw,Z" "-v" "/var/lib/crater-agent-workspace/builds/worker-6-tc1/source:/opt/rustwide/workdir:ro,Z" "-v" "/var/lib/crater-agent-workspace/cargo-home:/opt/rustwide/cargo-home:ro,Z" "-v" "/var/lib/crater-agent-workspace/rustup-home:/opt/rustwide/rustup-home:ro,Z" "-e" "SOURCE_DIR=/opt/rustwide/workdir" "-e" "CARGO_TARGET_DIR=/opt/rustwide/target" "-e" "CARGO_INCREMENTAL=0" "-e" "RUST_BACKTRACE=full" "-e" "RUSTFLAGS=--cap-lints=warn" "-e" "RUSTDOCFLAGS=--cap-lints=warn" "-e" "CARGO_HOME=/opt/rustwide/cargo-home" "-e" "RUSTUP_HOME=/opt/rustwide/rustup-home" "-w" "/opt/rustwide/workdir" "-m" "1610612736" "--user" "0:0" "--network" "none" "ghcr.io/rust-lang/crates-build-env/linux@sha256:f3a9d4ad9d972b27faf3965f35b62e55ba32bbce8f20bc8fe909558a86702fde" "/opt/rustwide/cargo-home/bin/cargo" "+1.83.0" "build" "--frozen" "--message-format=json", kill_on_drop: false }`
[INFO] [stdout] 4a55facd0a962938b7ef2a887f04bbd5ccb259698e1c36ac62ef4b6d1ae57183
[INFO] running `Command { std: "docker" "start" "-a" "4a55facd0a962938b7ef2a887f04bbd5ccb259698e1c36ac62ef4b6d1ae57183", kill_on_drop: false }`
[INFO] [stderr]    Compiling proc-macro2 v1.0.92
[INFO] [stderr]    Compiling unicode-ident v1.0.14
[INFO] [stderr]    Compiling cfg-if v1.0.0
[INFO] [stderr]    Compiling autocfg v1.4.0
[INFO] [stderr]    Compiling libc v0.2.168
[INFO] [stderr]    Compiling crossbeam-utils v0.8.20
[INFO] [stderr]    Compiling version_check v0.9.5
[INFO] [stderr]    Compiling serde v1.0.215
[INFO] [stderr]    Compiling simd-adler32 v0.3.7
[INFO] [stderr]    Compiling rayon-core v1.12.1
[INFO] [stderr]    Compiling either v1.13.0
[INFO] [stderr]    Compiling byteorder v1.5.0
[INFO] [stderr]    Compiling memchr v2.7.4
[INFO] [stderr]    Compiling typenum v1.17.0
[INFO] [stderr]    Compiling anyhow v1.0.94
[INFO] [stderr]    Compiling adler2 v2.0.0
[INFO] [stderr]    Compiling once_cell v1.20.2
[INFO] [stderr]    Compiling smallvec v1.13.2
[INFO] [stderr]    Compiling miniz_oxide v0.8.0
[INFO] [stderr]    Compiling aligned-vec v0.5.0
[INFO] [stderr]    Compiling built v0.7.5
[INFO] [stderr]    Compiling thiserror v1.0.69
[INFO] [stderr]    Compiling paste v1.0.15
[INFO] [stderr]    Compiling arrayvec v0.7.6
[INFO] [stderr]    Compiling minimal-lexical v0.2.1
[INFO] [stderr]    Compiling crc32fast v1.4.2
[INFO] [stderr]    Compiling log v0.4.22
[INFO] [stderr]    Compiling generic-array v0.14.7
[INFO] [stderr]    Compiling num-traits v0.2.19
[INFO] [stderr]    Compiling lock_api v0.4.12
[INFO] [stderr]    Compiling itertools v0.12.1
[INFO] [stderr]    Compiling quick-error v2.0.1
[INFO] [stderr]    Compiling nom v7.1.3
[INFO] [stderr]    Compiling parking_lot_core v0.9.10
[INFO] [stderr]    Compiling rav1e v0.7.1
[INFO] [stderr]    Compiling imgref v1.11.0
[INFO] [stderr]    Compiling bitstream-io v2.6.0
[INFO] [stderr]    Compiling flate2 v1.0.35
[INFO] [stderr]    Compiling crossbeam-epoch v0.9.18
[INFO] [stderr]    Compiling new_debug_unreachable v1.0.6
[INFO] [stderr]    Compiling serde_json v1.0.133
[INFO] [stderr]    Compiling noop_proc_macro v0.3.0
[INFO] [stderr]    Compiling weezl v0.1.8
[INFO] [stderr]    Compiling quote v1.0.37
[INFO] [stderr]    Compiling crossbeam-deque v0.8.5
[INFO] [stderr]    Compiling getrandom v0.2.15
[INFO] [stderr]    Compiling loop9 v0.1.5
[INFO] [stderr]    Compiling avif-serialize v0.8.2
[INFO] [stderr]    Compiling ahash v0.8.11
[INFO] [stderr]    Compiling zune-inflate v0.2.54
[INFO] [stderr]    Compiling syn v2.0.90
[INFO] [stderr]    Compiling rand_core v0.6.4
[INFO] [stderr]    Compiling fdeflate v0.3.7
[INFO] [stderr]    Compiling half v2.4.1
[INFO] [stderr]    Compiling bitflags v1.3.2
[INFO] [stderr]    Compiling simd_helpers v0.1.0
[INFO] [stderr]    Compiling ryu v1.0.18
[INFO] [stderr]    Compiling byteorder-lite v0.1.0
[INFO] [stderr]    Compiling scopeguard v1.2.0
[INFO] [stderr]    Compiling rgb v0.8.50
[INFO] [stderr]    Compiling lebe v0.5.2
[INFO] [stderr]    Compiling itoa v1.0.14
[INFO] [stderr]    Compiling num-integer v0.1.46
[INFO] [stderr]    Compiling rayon v1.10.0
[INFO] [stderr]    Compiling v_frame v0.3.8
[INFO] [stderr]    Compiling jpeg-decoder v0.3.1
[INFO] [stderr]    Compiling color_quant v1.1.0
[INFO] [stderr]    Compiling inflections v1.1.1
[INFO] [stderr]    Compiling zune-core v0.4.12
[INFO] [stderr]    Compiling bit_field v0.10.2
[INFO] [stderr]    Compiling crypto-common v0.1.6
[INFO] [stderr]    Compiling block-buffer v0.10.4
[INFO] [stderr]    Compiling gif v0.13.1
[INFO] [stderr]    Compiling image-webp v0.2.0
[INFO] [stderr]    Compiling png v0.17.15
[INFO] [stderr]    Compiling exr v1.73.0
[INFO] [stderr]    Compiling num-bigint v0.4.6
[INFO] [stderr]    Compiling digest v0.10.7
[INFO] [stderr]    Compiling zune-jpeg v0.4.13
[INFO] [stderr]    Compiling rand_xorshift v0.3.0
[INFO] [stderr]    Compiling mio v1.0.3
[INFO] [stderr]    Compiling parking_lot v0.12.3
[INFO] [stderr]    Compiling signal-hook-registry v1.4.2
[INFO] [stderr]    Compiling socket2 v0.5.8
[INFO] [stderr]    Compiling iana-time-zone v0.1.61
[INFO] [stderr]    Compiling tiff v0.9.1
[INFO] [stderr]    Compiling cpufeatures v0.2.16
[INFO] [stderr]    Compiling bytes v1.9.0
[INFO] [stderr]    Compiling urlencoding v2.1.3
[INFO] [stderr]    Compiling lazy_static v1.5.0
[INFO] [stderr]    Compiling pin-project-lite v0.2.15
[INFO] [stderr]    Compiling base64 v0.13.1
[INFO] [stderr]    Compiling allocator-api2 v0.2.21
[INFO] [stderr]    Compiling sha2 v0.10.8
[INFO] [stderr]    Compiling chrono v0.4.39
[INFO] [stderr]    Compiling itertools v0.13.0
[INFO] [stderr]    Compiling tap v1.0.1
[INFO] [stderr]    Compiling spin_sleep v1.3.0 (https://github.com/ErisianArchitect/spin-sleep.git#3ad5f445)
[INFO] [stderr]    Compiling num-rational v0.4.2
[INFO] [stderr]    Compiling av1-grain v0.2.3
[INFO] [stderr]    Compiling maybe-rayon v0.1.1
[INFO] [stderr]    Compiling serde_derive v1.0.215
[INFO] [stderr]    Compiling zerocopy-derive v0.7.35
[INFO] [stderr]    Compiling profiling-procmacros v1.0.16
[INFO] [stderr]    Compiling thiserror-impl v1.0.69
[INFO] [stderr]    Compiling num-derive v0.4.2
[INFO] [stderr]    Compiling bytemuck_derive v1.8.0
[INFO] [stderr]    Compiling arg_enum_proc_macro v0.3.4
[INFO] [stderr]    Compiling gltf-derive v1.4.1
[INFO] [stderr]    Compiling tokio-macros v2.4.0
[INFO] [stderr]    Compiling profiling v1.0.16
[INFO] [stderr]    Compiling tokio v1.42.0
[INFO] [stderr]    Compiling zerocopy v0.7.35
[INFO] [stderr]    Compiling bytemuck v1.20.0
[INFO] [stderr]    Compiling qoi v0.4.1
[INFO] [stderr]    Compiling ppv-lite86 v0.2.20
[INFO] [stderr]    Compiling rand_chacha v0.3.1
[INFO] [stderr]    Compiling rand v0.8.5
[INFO] [stderr]    Compiling noise v0.9.0
[INFO] [stderr]    Compiling glam v0.29.2
[INFO] [stderr]    Compiling hashbrown v0.14.5
[INFO] [stderr]    Compiling rollgrid v0.3.1
[INFO] [stderr]    Compiling ravif v0.11.11
[INFO] [stderr]    Compiling image v0.25.5
[INFO] [stderr]    Compiling gltf-json v1.4.1
[INFO] [stderr]    Compiling gltf v1.4.1
[INFO] [stderr]    Compiling splines v4.4.0
[INFO] [stderr]    Compiling hexahedron v0.1.0 (/opt/rustwide/workdir)
[INFO] [stdout] warning: unused import: `std::fmt::Write`
[INFO] [stdout]  --> bin/codegen.rs:2:5
[INFO] [stdout]   |
[INFO] [stdout] 2 | use std::fmt::Write;
[INFO] [stdout]   |     ^^^^^^^^^^^^^^^
[INFO] [stdout]   |
[INFO] [stdout]   = note: `#[warn(unused_imports)]` on by default
[INFO] [stdout] 
[INFO] [stdout] 
[INFO] [stdout] warning: function `up_and_forward_angle` is never used
[INFO] [stdout]    --> bin/codegen.rs:119:4
[INFO] [stdout]     |
[INFO] [stdout] 119 | fn up_and_forward_angle(up: Direction, forward: Direction) -> Option<i32> {
[INFO] [stdout]     |    ^^^^^^^^^^^^^^^^^^^^
[INFO] [stdout]     |
[INFO] [stdout]     = note: `#[warn(dead_code)]` on by default
[INFO] [stdout] 
[INFO] [stdout] 
[INFO] [stderr]     Finished `dev` profile [unoptimized + debuginfo] target(s) in 22.56s
[INFO] running `Command { std: "docker" "inspect" "4a55facd0a962938b7ef2a887f04bbd5ccb259698e1c36ac62ef4b6d1ae57183", kill_on_drop: false }`
[INFO] running `Command { std: "docker" "rm" "-f" "4a55facd0a962938b7ef2a887f04bbd5ccb259698e1c36ac62ef4b6d1ae57183", kill_on_drop: false }`
[INFO] [stdout] 4a55facd0a962938b7ef2a887f04bbd5ccb259698e1c36ac62ef4b6d1ae57183
[INFO] running `Command { std: "docker" "create" "-v" "/var/lib/crater-agent-workspace/builds/worker-6-tc1/target:/opt/rustwide/target:rw,Z" "-v" "/var/lib/crater-agent-workspace/builds/worker-6-tc1/source:/opt/rustwide/workdir:ro,Z" "-v" "/var/lib/crater-agent-workspace/cargo-home:/opt/rustwide/cargo-home:ro,Z" "-v" "/var/lib/crater-agent-workspace/rustup-home:/opt/rustwide/rustup-home:ro,Z" "-e" "SOURCE_DIR=/opt/rustwide/workdir" "-e" "CARGO_TARGET_DIR=/opt/rustwide/target" "-e" "CARGO_INCREMENTAL=0" "-e" "RUST_BACKTRACE=full" "-e" "RUSTFLAGS=--cap-lints=warn" "-e" "RUSTDOCFLAGS=--cap-lints=warn" "-e" "CARGO_HOME=/opt/rustwide/cargo-home" "-e" "RUSTUP_HOME=/opt/rustwide/rustup-home" "-w" "/opt/rustwide/workdir" "-m" "1610612736" "--user" "0:0" "--network" "none" "ghcr.io/rust-lang/crates-build-env/linux@sha256:f3a9d4ad9d972b27faf3965f35b62e55ba32bbce8f20bc8fe909558a86702fde" "/opt/rustwide/cargo-home/bin/cargo" "+1.83.0" "test" "--frozen" "--no-run" "--message-format=json", kill_on_drop: false }`
[INFO] [stdout] ca834714526415fe7efa9bfa0353bd29ec1eab26b3a81d5024f54fdd7e5ce8f4
[INFO] running `Command { std: "docker" "start" "-a" "ca834714526415fe7efa9bfa0353bd29ec1eab26b3a81d5024f54fdd7e5ce8f4", kill_on_drop: false }`
[INFO] [stderr]    Compiling hexahedron v0.1.0 (/opt/rustwide/workdir)
[INFO] [stdout] warning: unused import: `std::fmt::Write`
[INFO] [stdout]  --> bin/codegen.rs:2:5
[INFO] [stdout]   |
[INFO] [stdout] 2 | use std::fmt::Write;
[INFO] [stdout]   |     ^^^^^^^^^^^^^^^
[INFO] [stdout]   |
[INFO] [stdout]   = note: `#[warn(unused_imports)]` on by default
[INFO] [stdout] 
[INFO] [stdout] 
[INFO] [stdout] warning: function `up_and_forward_angle` is never used
[INFO] [stdout]    --> bin/codegen.rs:119:4
[INFO] [stdout]     |
[INFO] [stdout] 119 | fn up_and_forward_angle(up: Direction, forward: Direction) -> Option<i32> {
[INFO] [stdout]     |    ^^^^^^^^^^^^^^^^^^^^
[INFO] [stdout]     |
[INFO] [stdout]     = note: `#[warn(dead_code)]` on by default
[INFO] [stdout] 
[INFO] [stdout] 
[INFO] [stderr]     Finished `test` profile [unoptimized + debuginfo] target(s) in 5.20s
[INFO] running `Command { std: "docker" "inspect" "ca834714526415fe7efa9bfa0353bd29ec1eab26b3a81d5024f54fdd7e5ce8f4", kill_on_drop: false }`
[INFO] running `Command { std: "docker" "rm" "-f" "ca834714526415fe7efa9bfa0353bd29ec1eab26b3a81d5024f54fdd7e5ce8f4", kill_on_drop: false }`
[INFO] [stdout] ca834714526415fe7efa9bfa0353bd29ec1eab26b3a81d5024f54fdd7e5ce8f4
[INFO] running `Command { std: "docker" "create" "-v" "/var/lib/crater-agent-workspace/builds/worker-6-tc1/target:/opt/rustwide/target:rw,Z" "-v" "/var/lib/crater-agent-workspace/builds/worker-6-tc1/source:/opt/rustwide/workdir:ro,Z" "-v" "/var/lib/crater-agent-workspace/cargo-home:/opt/rustwide/cargo-home:ro,Z" "-v" "/var/lib/crater-agent-workspace/rustup-home:/opt/rustwide/rustup-home:ro,Z" "-e" "SOURCE_DIR=/opt/rustwide/workdir" "-e" "CARGO_TARGET_DIR=/opt/rustwide/target" "-e" "CARGO_INCREMENTAL=0" "-e" "RUST_BACKTRACE=full" "-e" "RUSTFLAGS=--cap-lints=warn" "-e" "RUSTDOCFLAGS=--cap-lints=warn" "-e" "CARGO_HOME=/opt/rustwide/cargo-home" "-e" "RUSTUP_HOME=/opt/rustwide/rustup-home" "-w" "/opt/rustwide/workdir" "-m" "1610612736" "--user" "0:0" "--network" "none" "ghcr.io/rust-lang/crates-build-env/linux@sha256:f3a9d4ad9d972b27faf3965f35b62e55ba32bbce8f20bc8fe909558a86702fde" "/opt/rustwide/cargo-home/bin/cargo" "+1.83.0" "test" "--frozen", kill_on_drop: false }`
[INFO] [stdout] 49ea7ed3b0676b8fcc3c1cb7f4f37b3b31080bdd82d8fa90ef8104856b6ba09a
[INFO] running `Command { std: "docker" "start" "-a" "49ea7ed3b0676b8fcc3c1cb7f4f37b3b31080bdd82d8fa90ef8104856b6ba09a", kill_on_drop: false }`
[INFO] [stderr] warning: unused import: `std::fmt::Write`
[INFO] [stderr]  --> bin/codegen.rs:2:5
[INFO] [stderr]   |
[INFO] [stderr] 2 | use std::fmt::Write;
[INFO] [stderr]   |     ^^^^^^^^^^^^^^^
[INFO] [stderr]   |
[INFO] [stderr]   = note: `#[warn(unused_imports)]` on by default
[INFO] [stderr] 
[INFO] [stderr] warning: function `up_and_forward_angle` is never used
[INFO] [stderr]    --> bin/codegen.rs:119:4
[INFO] [stderr]     |
[INFO] [stderr] 119 | fn up_and_forward_angle(up: Direction, forward: Direction) -> Option<i32> {
[INFO] [stderr]     |    ^^^^^^^^^^^^^^^^^^^^
[INFO] [stderr]     |
[INFO] [stderr]     = note: `#[warn(dead_code)]` on by default
[INFO] [stderr] 
[INFO] [stderr] warning: `hexahedron` (bin "codegen" test) generated 2 warnings (run `cargo fix --bin "codegen" --tests` to apply 1 suggestion)
[INFO] [stderr]     Finished `test` profile [unoptimized + debuginfo] target(s) in 0.17s
[INFO] [stderr]      Running unittests src/lib.rs (/opt/rustwide/target/debug/deps/hexahedron-32b8ed2e5fd713f2)
[INFO] [stdout] 
[INFO] [stdout] running 18 tests
[INFO] [stdout] test collections::update_queue::tests::update_queue_test ... ok
[INFO] [stdout] test io::region::region_coord::tests::coord_test ... ok
[INFO] [stdout] test io::tests::axis_write_read_test ... ok
[INFO] [stdout] test io::region::sector_manager::tests::sector_manager_test ... ok
[INFO] [stdout] test macros::tests::pipeline_test ... ok
[INFO] [stdout] test math::bit::tests::delete_bitmask_test ... ok
[INFO] [stdout] test math::tests::minmax_test ... ok
[INFO] [stdout] test rendering::color::testing_sandbox::sandbox ... ok
[INFO] [stdout] test rendering::color::testing_sandbox::check_color_indices ... ok
[INFO] [stdout] test util::change::tests::change_tracker_test ... ok
[INFO] [stdout] test util::extensions::tests::bool_ext_test ... ok
[INFO] [stdout] test util::extensions::tests::num_iter_tests ... ok
[INFO] [stdout] test util::iter::tests::once_test ... ok
[INFO] [stdout] test voxel::block::block_state::tests::blockstate_test ... ok
[INFO] [stdout] test voxel::block::block_registry::tests::registry_test ... ok
[INFO] [stdout] test voxel::face_flags::tests::display_test ... ok
[INFO] [stdout] test voxel::world::section::section::tests::section_test ... ok
[INFO] [stdout] test rendering::color::testing_sandbox::sandbox_2 ... ok
[INFO] [stdout] 
[INFO] [stdout] test result: ok. 18 passed; 0 failed; 0 ignored; 0 measured; 0 filtered out; finished in 0.00s
[INFO] [stdout] 
[INFO] [stderr]      Running unittests bin/calc.rs (/opt/rustwide/target/debug/deps/calc-1c459bab7aac80e2)
[INFO] [stdout] 
[INFO] [stdout] running 0 tests
[INFO] [stdout] 
[INFO] [stdout] test result: ok. 0 passed; 0 failed; 0 ignored; 0 measured; 0 filtered out; finished in 0.00s
[INFO] [stdout] 
[INFO] [stderr]      Running unittests bin/codegen.rs (/opt/rustwide/target/debug/deps/codegen-1038b9e85a28001d)
[INFO] [stdout] 
[INFO] [stdout] running 0 tests
[INFO] [stdout] 
[INFO] [stdout] test result: ok. 0 passed; 0 failed; 0 ignored; 0 measured; 0 filtered out; finished in 0.00s
[INFO] [stdout] 
[INFO] [stderr]      Running unittests bin/netbox/main.rs (/opt/rustwide/target/debug/deps/netbox-72460bd02940b7ab)
[INFO] [stdout] 
[INFO] [stdout] running 0 tests
[INFO] [stdout] 
[INFO] [stdout] test result: ok. 0 passed; 0 failed; 0 ignored; 0 measured; 0 filtered out; finished in 0.00s
[INFO] [stdout] 
[INFO] [stderr]      Running unittests bin/sandbox/main.rs (/opt/rustwide/target/debug/deps/sandbox-13e3150951a22c32)
[INFO] [stdout] 
[INFO] [stdout] running 8 tests
[INFO] [stdout] test arg_injection::experiment ... ok
[INFO] [stdout] test invoke::scheduler::testing_sandbox::sandbox ... ok
[INFO] [stdout] test invoke::context::tests::invoke_context_test ... ok
[INFO] [stdout] test invoke::scheduler_context::testing_sandbox::sandbox ... ok
[INFO] [stdout] test invoke::variadic_callback::testing_sandbox::sandbox ... ok
[INFO] [stdout] test scheduler::tests::experiment ... ok
[INFO] [stdout] test scheduler::tests::extract_arc_test ... ok
[INFO] [stdout] test scheduler::tests::size_check ... ok
[INFO] [stdout] 
[INFO] [stdout] test result: ok. 8 passed; 0 failed; 0 ignored; 0 measured; 0 filtered out; finished in 0.00s
[INFO] [stdout] 
[INFO] [stderr]    Doc-tests hexahedron
[INFO] [stdout] 
[INFO] [stdout] running 4 tests
[INFO] [stdout] test src/io/region/region_file.rs - io::region::region_file (line 17) - compile ... ok
[INFO] [stdout] test src/macros.rs - macros::for_each_int_type (line 1) - compile ... FAILED
[INFO] [stdout] test src/voxel/block/block_state.rs - voxel::block::block_state::blockstate (line 52) ... FAILED
[INFO] [stdout] test src/voxel/direction.rs - voxel::direction::Direction::FLOOD (line 52) - compile ... FAILED
[INFO] [stdout] 
[INFO] [stdout] failures:
[INFO] [stdout] 
[INFO] [stdout] ---- src/macros.rs - macros::for_each_int_type (line 1) stdout ----
[INFO] [stdout] error: expected `;`, found `for_each_int_type`
[INFO] [stdout]   --> src/macros.rs:7:29
[INFO] [stdout]    |
[INFO] [stdout] 8  | for_each_int_type!(num_impl)
[INFO] [stdout]    |                             ^ help: add `;` here
[INFO] [stdout] 9  | // or
[INFO] [stdout] 10 | for_each_int_type!(signed; num_impl)
[INFO] [stdout]    | ----------------- unexpected token
[INFO] [stdout] 
[INFO] [stdout] error: expected `;`, found `for_each_int_type`
[INFO] [stdout]   --> src/macros.rs:9:37
[INFO] [stdout]    |
[INFO] [stdout] 10 | for_each_int_type!(signed; num_impl)
[INFO] [stdout]    |                                     ^ help: add `;` here
[INFO] [stdout] 11 | // or
[INFO] [stdout] 12 | for_each_int_type!(unsigned; num_impl)
[INFO] [stdout]    | ----------------- unexpected token
[INFO] [stdout] 
[INFO] [stdout] error: cannot find macro `for_each_int_type` in this scope
[INFO] [stdout]   --> src/macros.rs:11:1
[INFO] [stdout]    |
[INFO] [stdout] 12 | for_each_int_type!(unsigned; num_impl)
[INFO] [stdout]    | ^^^^^^^^^^^^^^^^^
[INFO] [stdout]    |
[INFO] [stdout] help: consider importing this macro
[INFO] [stdout]    |
[INFO] [stdout] 2  + use hexahedron::for_each_int_type;
[INFO] [stdout]    |
[INFO] [stdout] 
[INFO] [stdout] error: aborting due to 3 previous errors
[INFO] [stdout] 
[INFO] [stdout] Couldn't compile the test.
[INFO] [stdout] ---- src/voxel/block/block_state.rs - voxel::block::block_state::blockstate (line 52) stdout ----
[INFO] [stdout] error: cannot find macro `blockstate` in this scope
[INFO] [stdout]  --> src/voxel/block/block_state.rs:53:13
[INFO] [stdout]   |
[INFO] [stdout] 3 | let state = blockstate!(block_name[
[INFO] [stdout]   |             ^^^^^^^^^^
[INFO] [stdout]   |
[INFO] [stdout] help: consider importing this macro
[INFO] [stdout]   |
[INFO] [stdout] 2 + use hexahedron::blockstate;
[INFO] [stdout]   |
[INFO] [stdout] 
[INFO] [stdout] error: aborting due to 1 previous error
[INFO] [stdout] 
[INFO] [stdout] Couldn't compile the test.
[INFO] [stdout] ---- src/voxel/direction.rs - voxel::direction::Direction::FLOOD (line 52) stdout ----
[INFO] [stdout] error[E0425]: cannot find value `PosY` in this scope
[INFO] [stdout]  --> src/voxel/direction.rs:53:2
[INFO] [stdout]   |
[INFO] [stdout] 3 | [PosY, NegY, PosX, NegX, PosZ, NegZ]
[INFO] [stdout]   |  ^^^^ not found in this scope
[INFO] [stdout]   |
[INFO] [stdout] help: consider importing this unit variant
[INFO] [stdout]   |
[INFO] [stdout] 2 + use hexahedron::prelude::Direction::PosY;
[INFO] [stdout]   |
[INFO] [stdout] 
[INFO] [stdout] error[E0425]: cannot find value `NegY` in this scope
[INFO] [stdout]  --> src/voxel/direction.rs:53:8
[INFO] [stdout]   |
[INFO] [stdout] 3 | [PosY, NegY, PosX, NegX, PosZ, NegZ]
[INFO] [stdout]   |        ^^^^ not found in this scope
[INFO] [stdout]   |
[INFO] [stdout] help: consider importing this unit variant
[INFO] [stdout]   |
[INFO] [stdout] 2 + use hexahedron::prelude::Direction::NegY;
[INFO] [stdout]   |
[INFO] [stdout] 
[INFO] [stdout] error[E0425]: cannot find value `PosX` in this scope
[INFO] [stdout]  --> src/voxel/direction.rs:53:14
[INFO] [stdout]   |
[INFO] [stdout] 3 | [PosY, NegY, PosX, NegX, PosZ, NegZ]
[INFO] [stdout]   |              ^^^^ not found in this scope
[INFO] [stdout]   |
[INFO] [stdout] help: consider importing this unit variant
[INFO] [stdout]   |
[INFO] [stdout] 2 + use hexahedron::prelude::Direction::PosX;
[INFO] [stdout]   |
[INFO] [stdout] 
[INFO] [stdout] error[E0425]: cannot find value `NegX` in this scope
[INFO] [stdout]  --> src/voxel/direction.rs:53:20
[INFO] [stdout]   |
[INFO] [stdout] 3 | [PosY, NegY, PosX, NegX, PosZ, NegZ]
[INFO] [stdout]   |                    ^^^^ not found in this scope
[INFO] [stdout]   |
[INFO] [stdout] help: consider importing this unit variant
[INFO] [stdout]   |
[INFO] [stdout] 2 + use hexahedron::prelude::Direction::NegX;
[INFO] [stdout]   |
[INFO] [stdout] 
[INFO] [stdout] error[E0425]: cannot find value `PosZ` in this scope
[INFO] [stdout]  --> src/voxel/direction.rs:53:26
[INFO] [stdout]   |
[INFO] [stdout] 3 | [PosY, NegY, PosX, NegX, PosZ, NegZ]
[INFO] [stdout]   |                          ^^^^ not found in this scope
[INFO] [stdout]   |
[INFO] [stdout] help: consider importing this unit variant
[INFO] [stdout]   |
[INFO] [stdout] 2 + use hexahedron::prelude::Direction::PosZ;
[INFO] [stdout]   |
[INFO] [stdout] 
[INFO] [stdout] error[E0425]: cannot find value `NegZ` in this scope
[INFO] [stdout]  --> src/voxel/direction.rs:53:32
[INFO] [stdout]   |
[INFO] [stdout] 3 | [PosY, NegY, PosX, NegX, PosZ, NegZ]
[INFO] [stdout]   |                                ^^^^ not found in this scope
[INFO] [stdout]   |
[INFO] [stdout] help: consider importing this unit variant
[INFO] [stdout]   |
[INFO] [stdout] 2 + use hexahedron::prelude::Direction::NegZ;
[INFO] [stdout]   |
[INFO] [stdout] 
[INFO] [stdout] error: aborting due to 6 previous errors
[INFO] [stdout] 
[INFO] [stdout] For more information about this error, try `rustc --explain E0425`.
[INFO] [stdout] Couldn't compile the test.
[INFO] [stdout] 
[INFO] [stdout] failures:
[INFO] [stdout]     src/macros.rs - macros::for_each_int_type (line 1)
[INFO] [stdout]     src/voxel/block/block_state.rs - voxel::block::block_state::blockstate (line 52)
[INFO] [stdout]     src/voxel/direction.rs - voxel::direction::Direction::FLOOD (line 52)
[INFO] [stdout] 
[INFO] [stdout] test result: FAILED. 1 passed; 3 failed; 0 ignored; 0 measured; 0 filtered out; finished in 0.09s
[INFO] [stdout] 
[INFO] [stderr] error: doctest failed, to rerun pass `--doc`
[INFO] running `Command { std: "docker" "inspect" "49ea7ed3b0676b8fcc3c1cb7f4f37b3b31080bdd82d8fa90ef8104856b6ba09a", kill_on_drop: false }`
[INFO] running `Command { std: "docker" "rm" "-f" "49ea7ed3b0676b8fcc3c1cb7f4f37b3b31080bdd82d8fa90ef8104856b6ba09a", kill_on_drop: false }`
[INFO] [stdout] 49ea7ed3b0676b8fcc3c1cb7f4f37b3b31080bdd82d8fa90ef8104856b6ba09a
