[INFO] cloning repository https://github.com/EpicKiwi/rust-ud3tn
[INFO] running `Command { std: "git" "-c" "credential.helper=" "-c" "credential.helper=/workspace/cargo-home/bin/git-credential-null" "clone" "--bare" "https://github.com/EpicKiwi/rust-ud3tn" "/workspace/cache/git-repos/https%3A%2F%2Fgithub.com%2FEpicKiwi%2Frust-ud3tn", kill_on_drop: false }`
[INFO] [stderr] Cloning into bare repository '/workspace/cache/git-repos/https%3A%2F%2Fgithub.com%2FEpicKiwi%2Frust-ud3tn'...
[INFO] running `Command { std: "git" "rev-parse" "HEAD", kill_on_drop: false }`
[INFO] [stdout] 54195da390b0be96629ce677d3f5fe992bbbd9c2
[INFO] testing EpicKiwi/rust-ud3tn against 1.83.0 for beta-1.84.0-4-retry
[INFO] running `Command { std: "git" "clone" "/workspace/cache/git-repos/https%3A%2F%2Fgithub.com%2FEpicKiwi%2Frust-ud3tn" "/workspace/builds/worker-6-tc1/source", kill_on_drop: false }`
[INFO] [stderr] Cloning into '/workspace/builds/worker-6-tc1/source'...
[INFO] [stderr] done.
[INFO] validating manifest of git repo https://github.com/EpicKiwi/rust-ud3tn on toolchain 1.83.0
[INFO] running `Command { std: CARGO_HOME="/workspace/cargo-home" RUSTUP_HOME="/workspace/rustup-home" "/workspace/cargo-home/bin/cargo" "+1.83.0" "metadata" "--manifest-path" "Cargo.toml" "--no-deps", kill_on_drop: false }`
[INFO] started tweaking git repo https://github.com/EpicKiwi/rust-ud3tn
[INFO] finished tweaking git repo https://github.com/EpicKiwi/rust-ud3tn
[INFO] tweaked toml for git repo https://github.com/EpicKiwi/rust-ud3tn written to /workspace/builds/worker-6-tc1/source/Cargo.toml
[INFO] crate git repo https://github.com/EpicKiwi/rust-ud3tn already has a lockfile, it will not be regenerated
[INFO] running `Command { std: CARGO_HOME="/workspace/cargo-home" RUSTUP_HOME="/workspace/rustup-home" "/workspace/cargo-home/bin/cargo" "+1.83.0" "fetch" "--manifest-path" "Cargo.toml", kill_on_drop: false }`
[INFO] [stderr]     Updating crates.io index
[INFO] [stderr]  Downloading crates ...
[INFO] [stderr]   Downloaded inquire v0.6.2
[INFO] [stderr]   Downloaded newline-converter v0.2.2
[INFO] [stderr]   Downloaded crossterm v0.25.0
[INFO] [stderr]   Downloaded signal-hook v0.3.15
[INFO] running `Command { std: "docker" "create" "-v" "/var/lib/crater-agent-workspace/builds/worker-6-tc1/target:/opt/rustwide/target:rw,Z" "-v" "/var/lib/crater-agent-workspace/builds/worker-6-tc1/source:/opt/rustwide/workdir:ro,Z" "-v" "/var/lib/crater-agent-workspace/cargo-home:/opt/rustwide/cargo-home:ro,Z" "-v" "/var/lib/crater-agent-workspace/rustup-home:/opt/rustwide/rustup-home:ro,Z" "-e" "SOURCE_DIR=/opt/rustwide/workdir" "-e" "CARGO_TARGET_DIR=/opt/rustwide/target" "-e" "CARGO_HOME=/opt/rustwide/cargo-home" "-e" "RUSTUP_HOME=/opt/rustwide/rustup-home" "-w" "/opt/rustwide/workdir" "-m" "1610612736" "--user" "0:0" "--network" "none" "ghcr.io/rust-lang/crates-build-env/linux@sha256:f3a9d4ad9d972b27faf3965f35b62e55ba32bbce8f20bc8fe909558a86702fde" "/opt/rustwide/cargo-home/bin/cargo" "+1.83.0" "metadata" "--no-deps" "--format-version=1", kill_on_drop: false }`
[INFO] [stdout] 14fbcaff23876614ca3ebe1d5dce2020fb0f4f989d5b9b8a802499995c7e1595
[INFO] running `Command { std: "docker" "start" "-a" "14fbcaff23876614ca3ebe1d5dce2020fb0f4f989d5b9b8a802499995c7e1595", kill_on_drop: false }`
[INFO] running `Command { std: "docker" "inspect" "14fbcaff23876614ca3ebe1d5dce2020fb0f4f989d5b9b8a802499995c7e1595", kill_on_drop: false }`
[INFO] running `Command { std: "docker" "rm" "-f" "14fbcaff23876614ca3ebe1d5dce2020fb0f4f989d5b9b8a802499995c7e1595", kill_on_drop: false }`
[INFO] [stdout] 14fbcaff23876614ca3ebe1d5dce2020fb0f4f989d5b9b8a802499995c7e1595
[INFO] running `Command { std: "docker" "create" "-v" "/var/lib/crater-agent-workspace/builds/worker-6-tc1/target:/opt/rustwide/target:rw,Z" "-v" "/var/lib/crater-agent-workspace/builds/worker-6-tc1/source:/opt/rustwide/workdir:ro,Z" "-v" "/var/lib/crater-agent-workspace/cargo-home:/opt/rustwide/cargo-home:ro,Z" "-v" "/var/lib/crater-agent-workspace/rustup-home:/opt/rustwide/rustup-home:ro,Z" "-e" "SOURCE_DIR=/opt/rustwide/workdir" "-e" "CARGO_TARGET_DIR=/opt/rustwide/target" "-e" "CARGO_INCREMENTAL=0" "-e" "RUST_BACKTRACE=full" "-e" "RUSTFLAGS=--cap-lints=warn" "-e" "RUSTDOCFLAGS=--cap-lints=warn" "-e" "CARGO_HOME=/opt/rustwide/cargo-home" "-e" "RUSTUP_HOME=/opt/rustwide/rustup-home" "-w" "/opt/rustwide/workdir" "-m" "1610612736" "--user" "0:0" "--network" "none" "ghcr.io/rust-lang/crates-build-env/linux@sha256:f3a9d4ad9d972b27faf3965f35b62e55ba32bbce8f20bc8fe909558a86702fde" "/opt/rustwide/cargo-home/bin/cargo" "+1.83.0" "build" "--frozen" "--message-format=json", kill_on_drop: false }`
[INFO] [stdout] cbaf2eb693d05be65508952543a2cb085340da8c8f46922cb8ce2f5659ecda68
[INFO] running `Command { std: "docker" "start" "-a" "cbaf2eb693d05be65508952543a2cb085340da8c8f46922cb8ce2f5659ecda68", kill_on_drop: false }`
[INFO] [stderr]    Compiling proc-macro2 v1.0.64
[INFO] [stderr]    Compiling unicode-ident v1.0.10
[INFO] [stderr]    Compiling quote v1.0.29
[INFO] [stderr]    Compiling thiserror v1.0.43
[INFO] [stderr]    Compiling syn v2.0.25
[INFO] [stderr]    Compiling thiserror-impl v1.0.43
[INFO] [stderr]    Compiling ud3tn-aap v0.2.2 (/opt/rustwide/workdir)
[INFO] [stderr]     Finished `dev` profile [unoptimized + debuginfo] target(s) in 6.35s
[INFO] running `Command { std: "docker" "inspect" "cbaf2eb693d05be65508952543a2cb085340da8c8f46922cb8ce2f5659ecda68", kill_on_drop: false }`
[INFO] running `Command { std: "docker" "rm" "-f" "cbaf2eb693d05be65508952543a2cb085340da8c8f46922cb8ce2f5659ecda68", kill_on_drop: false }`
[INFO] [stdout] cbaf2eb693d05be65508952543a2cb085340da8c8f46922cb8ce2f5659ecda68
[INFO] running `Command { std: "docker" "create" "-v" "/var/lib/crater-agent-workspace/builds/worker-6-tc1/target:/opt/rustwide/target:rw,Z" "-v" "/var/lib/crater-agent-workspace/builds/worker-6-tc1/source:/opt/rustwide/workdir:ro,Z" "-v" "/var/lib/crater-agent-workspace/cargo-home:/opt/rustwide/cargo-home:ro,Z" "-v" "/var/lib/crater-agent-workspace/rustup-home:/opt/rustwide/rustup-home:ro,Z" "-e" "SOURCE_DIR=/opt/rustwide/workdir" "-e" "CARGO_TARGET_DIR=/opt/rustwide/target" "-e" "CARGO_INCREMENTAL=0" "-e" "RUST_BACKTRACE=full" "-e" "RUSTFLAGS=--cap-lints=warn" "-e" "RUSTDOCFLAGS=--cap-lints=warn" "-e" "CARGO_HOME=/opt/rustwide/cargo-home" "-e" "RUSTUP_HOME=/opt/rustwide/rustup-home" "-w" "/opt/rustwide/workdir" "-m" "1610612736" "--user" "0:0" "--network" "none" "ghcr.io/rust-lang/crates-build-env/linux@sha256:f3a9d4ad9d972b27faf3965f35b62e55ba32bbce8f20bc8fe909558a86702fde" "/opt/rustwide/cargo-home/bin/cargo" "+1.83.0" "test" "--frozen" "--no-run" "--message-format=json", kill_on_drop: false }`
[INFO] [stdout] 04b3a4c2d48c469fbff75513a8c3d584ce29620c68026f20b82b980f6f346808
[INFO] running `Command { std: "docker" "start" "-a" "04b3a4c2d48c469fbff75513a8c3d584ce29620c68026f20b82b980f6f346808", kill_on_drop: false }`
[INFO] [stderr]    Compiling libc v0.2.147
[INFO] [stderr]    Compiling autocfg v1.1.0
[INFO] [stderr]    Compiling parking_lot_core v0.9.8
[INFO] [stderr]    Compiling signal-hook v0.3.15
[INFO] [stderr]    Compiling smallvec v1.11.0
[INFO] [stderr]    Compiling cfg-if v1.0.0
[INFO] [stderr]    Compiling scopeguard v1.1.0
[INFO] [stderr]    Compiling log v0.4.19
[INFO] [stderr]    Compiling tinyvec_macros v0.1.1
[INFO] [stderr]    Compiling percent-encoding v2.3.0
[INFO] [stderr]    Compiling tinyvec v1.6.0
[INFO] [stderr]    Compiling bitflags v1.3.2
[INFO] [stderr]    Compiling unicode-segmentation v1.10.1
[INFO] [stderr]    Compiling unicode-bidi v0.3.13
[INFO] [stderr]    Compiling form_urlencoded v1.2.0
[INFO] [stderr]    Compiling lazy_static v1.4.0
[INFO] [stderr]    Compiling dyn-clone v1.0.11
[INFO] [stderr]    Compiling unicode-width v0.1.10
[INFO] [stderr]    Compiling lock_api v0.4.10
[INFO] [stderr]    Compiling newline-converter v0.2.2
[INFO] [stderr]    Compiling signal-hook-registry v1.4.1
[INFO] [stderr]    Compiling mio v0.8.8
[INFO] [stderr]    Compiling unicode-normalization v0.1.22
[INFO] [stderr]    Compiling parking_lot v0.12.1
[INFO] [stderr]    Compiling signal-hook-mio v0.2.3
[INFO] [stderr]    Compiling crossterm v0.25.0
[INFO] [stderr]    Compiling idna v0.4.0
[INFO] [stderr]    Compiling url v2.4.0
[INFO] [stderr]    Compiling inquire v0.6.2
[INFO] [stderr]    Compiling ud3tn-aap v0.2.2 (/opt/rustwide/workdir)
[INFO] [stderr]     Finished `test` profile [unoptimized + debuginfo] target(s) in 9.29s
[INFO] running `Command { std: "docker" "inspect" "04b3a4c2d48c469fbff75513a8c3d584ce29620c68026f20b82b980f6f346808", kill_on_drop: false }`
[INFO] running `Command { std: "docker" "rm" "-f" "04b3a4c2d48c469fbff75513a8c3d584ce29620c68026f20b82b980f6f346808", kill_on_drop: false }`
[INFO] [stdout] 04b3a4c2d48c469fbff75513a8c3d584ce29620c68026f20b82b980f6f346808
[INFO] running `Command { std: "docker" "create" "-v" "/var/lib/crater-agent-workspace/builds/worker-6-tc1/target:/opt/rustwide/target:rw,Z" "-v" "/var/lib/crater-agent-workspace/builds/worker-6-tc1/source:/opt/rustwide/workdir:ro,Z" "-v" "/var/lib/crater-agent-workspace/cargo-home:/opt/rustwide/cargo-home:ro,Z" "-v" "/var/lib/crater-agent-workspace/rustup-home:/opt/rustwide/rustup-home:ro,Z" "-e" "SOURCE_DIR=/opt/rustwide/workdir" "-e" "CARGO_TARGET_DIR=/opt/rustwide/target" "-e" "CARGO_INCREMENTAL=0" "-e" "RUST_BACKTRACE=full" "-e" "RUSTFLAGS=--cap-lints=warn" "-e" "RUSTDOCFLAGS=--cap-lints=warn" "-e" "CARGO_HOME=/opt/rustwide/cargo-home" "-e" "RUSTUP_HOME=/opt/rustwide/rustup-home" "-w" "/opt/rustwide/workdir" "-m" "1610612736" "--user" "0:0" "--network" "none" "ghcr.io/rust-lang/crates-build-env/linux@sha256:f3a9d4ad9d972b27faf3965f35b62e55ba32bbce8f20bc8fe909558a86702fde" "/opt/rustwide/cargo-home/bin/cargo" "+1.83.0" "test" "--frozen", kill_on_drop: false }`
[INFO] [stdout] 90835c034bcc567e6347e4210a06a85f740d3fcc416f7b92cefac42959589bf6
[INFO] running `Command { std: "docker" "start" "-a" "90835c034bcc567e6347e4210a06a85f740d3fcc416f7b92cefac42959589bf6", kill_on_drop: false }`
[INFO] [stderr]     Finished `test` profile [unoptimized + debuginfo] target(s) in 0.06s
[INFO] [stderr]      Running unittests src/lib.rs (/opt/rustwide/target/debug/deps/ud3tn_aap-34620638115956c4)
[INFO] [stdout] 
[INFO] [stdout] running 21 tests
[INFO] [stdout] test config::tests::serialize_add ... ok
[INFO] [stdout] test config::tests::serialize_delete ... ok
[INFO] [stdout] test config::tests::serialize_replace ... ok
[INFO] [stdout] test message::tests::test_bundle_cancelled_parse ... ok
[INFO] [stdout] test message::tests::test_ack_parse ... ok
[INFO] [stdout] test message::tests::test_bundle_cancelled_to_bytes ... ok
[INFO] [stdout] test message::tests::test_nack_parse ... ok
[INFO] [stdout] test message::tests::test_recv_bundle_parse ... ok
[INFO] [stdout] test message::tests::test_ping_to_bytes ... ok
[INFO] [stdout] test message::tests::test_register_parse ... ok
[INFO] [stdout] test message::tests::test_recv_bundle_to_bytes ... ok
[INFO] [stdout] test message::tests::test_nack_to_bytes ... ok
[INFO] [stdout] test message::tests::test_ack_to_bytes ... ok
[INFO] [stdout] test message::tests::test_send_bundle_parse ... ok
[INFO] [stdout] test message::tests::test_ping_parse ... ok
[INFO] [stdout] test message::tests::test_send_bundle_to_bytes ... ok
[INFO] [stdout] test message::tests::test_sendconfirm_parse ... ok
[INFO] [stderr]    Doc-tests ud3tn_aap
[INFO] [stdout] test message::tests::test_sendconfirm_to_bytes ... ok
[INFO] [stdout] test message::tests::test_welcome_parse ... ok
[INFO] [stdout] test message::tests::test_welcome_to_bytes ... ok
[INFO] [stdout] test message::tests::test_register_to_bytes ... ok
[INFO] [stdout] 
[INFO] [stdout] test result: ok. 21 passed; 0 failed; 0 ignored; 0 measured; 0 filtered out; finished in 0.01s
[INFO] [stdout] 
[INFO] [stdout] 
[INFO] [stdout] running 3 tests
[INFO] [stdout] test src/lib.rs - Agent (line 28) - compile ... FAILED
[INFO] [stdout] test src/../README.md - (line 11) - compile ... FAILED
[INFO] [stdout] test src/lib.rs - Agent (line 40) - compile ... FAILED
[INFO] [stdout] 
[INFO] [stdout] failures:
[INFO] [stdout] 
[INFO] [stdout] ---- src/lib.rs - Agent (line 28) stdout ----
[INFO] [stdout] error[E0599]: no function or associated item named `connect` found for struct `Agent` in the current scope
[INFO] [stdout]   --> src/lib.rs:33:25
[INFO] [stdout]    |
[INFO] [stdout] 8  | let connection = Agent::connect(
[INFO] [stdout]    |                         ^^^^^^^ function or associated item not found in `Agent`
[INFO] [stdout]    |
[INFO] [stdout] note: if you're trying to build a new `Agent` consider using one of the following associated functions:
[INFO] [stdout]       Agent::connect_unix
[INFO] [stdout]       Agent::connect_stream
[INFO] [stdout]   --> /opt/rustwide/workdir/src/lib.rs:70:5
[INFO] [stdout]    |
[INFO] [stdout] 70 |       pub fn connect_unix(unix_sock_path: &Path, agent_id: String) -> Result<Self, Error> {
[INFO] [stdout]    |       ^^^^^^^^^^^^^^^^^^^^^^^^^^^^^^^^^^^^^^^^^^^^^^^^^^^^^^^^^^^^^^^^^^^^^^^^^^^^^^^^^^^
[INFO] [stdout] ...
[INFO] [stdout] 82 | /     pub fn connect_stream(
[INFO] [stdout] 83 | |         stream: Box<dyn Ud3tnAapStream>,
[INFO] [stdout] 84 | |         agent_id: String
[INFO] [stdout] 85 | |     ) -> Result<Self, Error> {
[INFO] [stdout]    | |____________________________^
[INFO] [stdout] help: there is an associated function `connect_unix` with a similar name
[INFO] [stdout]    |
[INFO] [stdout] 8  | let connection = Agent::connect_unix(
[INFO] [stdout]    |                         ~~~~~~~~~~~~
[INFO] [stdout] 
[INFO] [stdout] error: aborting due to 1 previous error
[INFO] [stdout] 
[INFO] [stdout] For more information about this error, try `rustc --explain E0599`.
[INFO] [stdout] Couldn't compile the test.
[INFO] [stdout] ---- src/../README.md - (line 11) stdout ----
[INFO] [stdout] error[E0599]: no function or associated item named `connect` found for struct `Agent` in the current scope
[INFO] [stdout]   --> src/../README.md:16:29
[INFO] [stdout]    |
[INFO] [stdout] 8  | let mut connection = Agent::connect(
[INFO] [stdout]    |                             ^^^^^^^ function or associated item not found in `Agent`
[INFO] [stdout]    |
[INFO] [stdout] note: if you're trying to build a new `Agent` consider using one of the following associated functions:
[INFO] [stdout]       Agent::connect_unix
[INFO] [stdout]       Agent::connect_stream
[INFO] [stdout]   --> /opt/rustwide/workdir/src/lib.rs:70:5
[INFO] [stdout]    |
[INFO] [stdout] 70 |       pub fn connect_unix(unix_sock_path: &Path, agent_id: String) -> Result<Self, Error> {
[INFO] [stdout]    |       ^^^^^^^^^^^^^^^^^^^^^^^^^^^^^^^^^^^^^^^^^^^^^^^^^^^^^^^^^^^^^^^^^^^^^^^^^^^^^^^^^^^
[INFO] [stdout] ...
[INFO] [stdout] 82 | /     pub fn connect_stream(
[INFO] [stdout] 83 | |         stream: Box<dyn Ud3tnAapStream>,
[INFO] [stdout] 84 | |         agent_id: String
[INFO] [stdout] 85 | |     ) -> Result<Self, Error> {
[INFO] [stdout]    | |____________________________^
[INFO] [stdout] help: there is an associated function `connect_unix` with a similar name
[INFO] [stdout]    |
[INFO] [stdout] 8  | let mut connection = Agent::connect_unix(
[INFO] [stdout]    |                             ~~~~~~~~~~~~
[INFO] [stdout] 
[INFO] [stdout] error: aborting due to 1 previous error
[INFO] [stdout] 
[INFO] [stdout] For more information about this error, try `rustc --explain E0599`.
[INFO] [stdout] Couldn't compile the test.
[INFO] [stdout] ---- src/lib.rs - Agent (line 40) stdout ----
[INFO] [stdout] error[E0599]: no function or associated item named `connect` found for struct `Agent` in the current scope
[INFO] [stdout]   --> src/lib.rs:45:25
[INFO] [stdout]    |
[INFO] [stdout] 8  | let connection = Agent::connect(
[INFO] [stdout]    |                         ^^^^^^^ function or associated item not found in `Agent`
[INFO] [stdout]    |
[INFO] [stdout] note: if you're trying to build a new `Agent` consider using one of the following associated functions:
[INFO] [stdout]       Agent::connect_unix
[INFO] [stdout]       Agent::connect_stream
[INFO] [stdout]   --> /opt/rustwide/workdir/src/lib.rs:70:5
[INFO] [stdout]    |
[INFO] [stdout] 70 |       pub fn connect_unix(unix_sock_path: &Path, agent_id: String) -> Result<Self, Error> {
[INFO] [stdout]    |       ^^^^^^^^^^^^^^^^^^^^^^^^^^^^^^^^^^^^^^^^^^^^^^^^^^^^^^^^^^^^^^^^^^^^^^^^^^^^^^^^^^^
[INFO] [stdout] ...
[INFO] [stdout] 82 | /     pub fn connect_stream(
[INFO] [stdout] 83 | |         stream: Box<dyn Ud3tnAapStream>,
[INFO] [stdout] 84 | |         agent_id: String
[INFO] [stdout] 85 | |     ) -> Result<Self, Error> {
[INFO] [stdout]    | |____________________________^
[INFO] [stdout] help: there is an associated function `connect_unix` with a similar name
[INFO] [stdout]    |
[INFO] [stdout] 8  | let connection = Agent::connect_unix(
[INFO] [stdout]    |                         ~~~~~~~~~~~~
[INFO] [stdout] 
[INFO] [stdout] error: aborting due to 1 previous error
[INFO] [stdout] 
[INFO] [stdout] For more information about this error, try `rustc --explain E0599`.
[INFO] [stdout] Couldn't compile the test.
[INFO] [stdout] 
[INFO] [stdout] failures:
[INFO] [stdout]     src/../README.md - (line 11)
[INFO] [stdout]     src/lib.rs - Agent (line 28)
[INFO] [stdout]     src/lib.rs - Agent (line 40)
[INFO] [stdout] 
[INFO] [stdout] test result: FAILED. 0 passed; 3 failed; 0 ignored; 0 measured; 0 filtered out; finished in 0.17s
[INFO] [stdout] 
[INFO] [stderr] error: doctest failed, to rerun pass `--doc`
[INFO] running `Command { std: "docker" "inspect" "90835c034bcc567e6347e4210a06a85f740d3fcc416f7b92cefac42959589bf6", kill_on_drop: false }`
[INFO] running `Command { std: "docker" "rm" "-f" "90835c034bcc567e6347e4210a06a85f740d3fcc416f7b92cefac42959589bf6", kill_on_drop: false }`
[INFO] [stdout] 90835c034bcc567e6347e4210a06a85f740d3fcc416f7b92cefac42959589bf6
