[INFO] cloning repository https://github.com/Emilija99/contract
[INFO] running `Command { std: "git" "-c" "credential.helper=" "-c" "credential.helper=/workspace/cargo-home/bin/git-credential-null" "clone" "--bare" "https://github.com/Emilija99/contract" "/workspace/cache/git-repos/https%3A%2F%2Fgithub.com%2FEmilija99%2Fcontract", kill_on_drop: false }`
[INFO] [stderr] Cloning into bare repository '/workspace/cache/git-repos/https%3A%2F%2Fgithub.com%2FEmilija99%2Fcontract'...
[INFO] running `Command { std: "git" "rev-parse" "HEAD", kill_on_drop: false }`
[INFO] [stdout] 77af1d2dabb96a3cf68760823f2ec6729ec3b93b
[INFO] testing Emilija99/contract against 1.83.0 for beta-1.84.0-4-retry
[INFO] running `Command { std: "git" "clone" "/workspace/cache/git-repos/https%3A%2F%2Fgithub.com%2FEmilija99%2Fcontract" "/workspace/builds/worker-2-tc1/source", kill_on_drop: false }`
[INFO] [stderr] Cloning into '/workspace/builds/worker-2-tc1/source'...
[INFO] [stderr] done.
[INFO] [stderr] Updating files:   6% (438/7295)
Updating files:   7% (511/7295)
Updating files:   8% (584/7295)
Updating files:   9% (657/7295)
Updating files:  10% (730/7295)
Updating files:  11% (803/7295)
Updating files:  12% (876/7295)
Updating files:  13% (949/7295)
Updating files:  14% (1022/7295)
Updating files:  15% (1095/7295)
Updating files:  16% (1168/7295)
Updating files:  17% (1241/7295)
Updating files:  18% (1314/7295)
Updating files:  19% (1387/7295)
Updating files:  20% (1459/7295)
Updating files:  21% (1532/7295)
Updating files:  22% (1605/7295)
Updating files:  23% (1678/7295)
Updating files:  24% (1751/7295)
Updating files:  25% (1824/7295)
Updating files:  26% (1897/7295)
Updating files:  27% (1970/7295)
Updating files:  28% (2043/7295)
Updating files:  29% (2116/7295)
Updating files:  30% (2189/7295)
Updating files:  31% (2262/7295)
Updating files:  32% (2335/7295)
Updating files:  33% (2408/7295)
Updating files:  34% (2481/7295)
Updating files:  35% (2554/7295)
Updating files:  36% (2627/7295)
Updating files:  37% (2700/7295)
Updating files:  38% (2773/7295)
Updating files:  39% (2846/7295)
Updating files:  40% (2918/7295)
Updating files:  41% (2991/7295)
Updating files:  42% (3064/7295)
Updating files:  43% (3137/7295)
Updating files:  44% (3210/7295)
Updating files:  45% (3283/7295)
Updating files:  46% (3356/7295)
Updating files:  47% (3429/7295)
Updating files:  48% (3502/7295)
Updating files:  49% (3575/7295)
Updating files:  50% (3648/7295)
Updating files:  51% (3721/7295)
Updating files:  52% (3794/7295)
Updating files:  53% (3867/7295)
Updating files:  54% (3940/7295)
Updating files:  55% (4013/7295)
Updating files:  56% (4086/7295)
Updating files:  57% (4159/7295)
Updating files:  58% (4232/7295)
Updating files:  59% (4305/7295)
Updating files:  59% (4311/7295)
Updating files:  60% (4377/7295)
Updating files:  61% (4450/7295)
Updating files:  62% (4523/7295)
Updating files:  63% (4596/7295)
Updating files:  64% (4669/7295)
Updating files:  65% (4742/7295)
Updating files:  66% (4815/7295)
Updating files:  67% (4888/7295)
Updating files:  68% (4961/7295)
Updating files:  69% (5034/7295)
Updating files:  70% (5107/7295)
Updating files:  71% (5180/7295)
Updating files:  72% (5253/7295)
Updating files:  73% (5326/7295)
Updating files:  74% (5399/7295)
Updating files:  75% (5472/7295)
Updating files:  76% (5545/7295)
Updating files:  77% (5618/7295)
Updating files:  78% (5691/7295)
Updating files:  79% (5764/7295)
Updating files:  80% (5836/7295)
Updating files:  81% (5909/7295)
Updating files:  82% (5982/7295)
Updating files:  83% (6055/7295)
Updating files:  84% (6128/7295)
Updating files:  85% (6201/7295)
Updating files:  86% (6274/7295)
Updating files:  87% (6347/7295)
Updating files:  88% (6420/7295)
Updating files:  89% (6493/7295)
Updating files:  90% (6566/7295)
Updating files:  90% (6588/7295)
Updating files:  91% (6639/7295)
Updating files:  92% (6712/7295)
Updating files:  93% (6785/7295)
Updating files:  94% (6858/7295)
Updating files:  95% (6931/7295)
Updating files:  95% (6942/7295)
Updating files:  96% (7004/7295)
Updating files:  97% (7077/7295)
Updating files:  98% (7150/7295)
Updating files:  99% (7223/7295)
Updating files: 100% (7295/7295)
Updating files: 100% (7295/7295), done.
[INFO] validating manifest of git repo https://github.com/Emilija99/contract on toolchain 1.83.0
[INFO] running `Command { std: CARGO_HOME="/workspace/cargo-home" RUSTUP_HOME="/workspace/rustup-home" "/workspace/cargo-home/bin/cargo" "+1.83.0" "metadata" "--manifest-path" "Cargo.toml" "--no-deps", kill_on_drop: false }`
[INFO] started tweaking git repo https://github.com/Emilija99/contract
[INFO] finished tweaking git repo https://github.com/Emilija99/contract
[INFO] tweaked toml for git repo https://github.com/Emilija99/contract written to /workspace/builds/worker-2-tc1/source/Cargo.toml
[INFO] crate git repo https://github.com/Emilija99/contract already has a lockfile, it will not be regenerated
[INFO] running `Command { std: CARGO_HOME="/workspace/cargo-home" RUSTUP_HOME="/workspace/rustup-home" "/workspace/cargo-home/bin/cargo" "+1.83.0" "fetch" "--manifest-path" "Cargo.toml", kill_on_drop: false }`
[INFO] [stderr]     Updating crates.io index
[INFO] [stderr]  Downloading crates ...
[INFO] [stderr]   Downloaded secret-toolkit v0.2.0
[INFO] [stderr]   Downloaded secret-cosmwasm-std v0.10.0
[INFO] [stderr]   Downloaded secret-toolkit-storage v0.2.0
[INFO] [stderr]   Downloaded secret-toolkit-utils v0.2.0
[INFO] [stderr]   Downloaded secret-toolkit-serialization v0.2.0
[INFO] [stderr]   Downloaded secret-toolkit-snip721 v0.2.0
[INFO] [stderr]   Downloaded secret-toolkit-snip20 v0.2.0
[INFO] [stderr]   Downloaded cosmwasm-schema v0.9.4
[INFO] running `Command { std: "docker" "create" "-v" "/var/lib/crater-agent-workspace/builds/worker-2-tc1/target:/opt/rustwide/target:rw,Z" "-v" "/var/lib/crater-agent-workspace/builds/worker-2-tc1/source:/opt/rustwide/workdir:ro,Z" "-v" "/var/lib/crater-agent-workspace/cargo-home:/opt/rustwide/cargo-home:ro,Z" "-v" "/var/lib/crater-agent-workspace/rustup-home:/opt/rustwide/rustup-home:ro,Z" "-e" "SOURCE_DIR=/opt/rustwide/workdir" "-e" "CARGO_TARGET_DIR=/opt/rustwide/target" "-e" "CARGO_HOME=/opt/rustwide/cargo-home" "-e" "RUSTUP_HOME=/opt/rustwide/rustup-home" "-w" "/opt/rustwide/workdir" "-m" "1610612736" "--user" "0:0" "--network" "none" "ghcr.io/rust-lang/crates-build-env/linux@sha256:f3a9d4ad9d972b27faf3965f35b62e55ba32bbce8f20bc8fe909558a86702fde" "/opt/rustwide/cargo-home/bin/cargo" "+1.83.0" "metadata" "--no-deps" "--format-version=1", kill_on_drop: false }`
[INFO] [stdout] 9f60c3fca9f3c50cd9db23a8a6ddccb912069024c8c2a2030fb02e6bbe336b38
[INFO] running `Command { std: "docker" "start" "-a" "9f60c3fca9f3c50cd9db23a8a6ddccb912069024c8c2a2030fb02e6bbe336b38", kill_on_drop: false }`
[INFO] running `Command { std: "docker" "inspect" "9f60c3fca9f3c50cd9db23a8a6ddccb912069024c8c2a2030fb02e6bbe336b38", kill_on_drop: false }`
[INFO] running `Command { std: "docker" "rm" "-f" "9f60c3fca9f3c50cd9db23a8a6ddccb912069024c8c2a2030fb02e6bbe336b38", kill_on_drop: false }`
[INFO] [stdout] 9f60c3fca9f3c50cd9db23a8a6ddccb912069024c8c2a2030fb02e6bbe336b38
[INFO] running `Command { std: "docker" "create" "-v" "/var/lib/crater-agent-workspace/builds/worker-2-tc1/target:/opt/rustwide/target:rw,Z" "-v" "/var/lib/crater-agent-workspace/builds/worker-2-tc1/source:/opt/rustwide/workdir:ro,Z" "-v" "/var/lib/crater-agent-workspace/cargo-home:/opt/rustwide/cargo-home:ro,Z" "-v" "/var/lib/crater-agent-workspace/rustup-home:/opt/rustwide/rustup-home:ro,Z" "-e" "SOURCE_DIR=/opt/rustwide/workdir" "-e" "CARGO_TARGET_DIR=/opt/rustwide/target" "-e" "CARGO_INCREMENTAL=0" "-e" "RUST_BACKTRACE=full" "-e" "RUSTFLAGS=--cap-lints=warn" "-e" "RUSTDOCFLAGS=--cap-lints=warn" "-e" "CARGO_HOME=/opt/rustwide/cargo-home" "-e" "RUSTUP_HOME=/opt/rustwide/rustup-home" "-w" "/opt/rustwide/workdir" "-m" "1610612736" "--user" "0:0" "--network" "none" "ghcr.io/rust-lang/crates-build-env/linux@sha256:f3a9d4ad9d972b27faf3965f35b62e55ba32bbce8f20bc8fe909558a86702fde" "/opt/rustwide/cargo-home/bin/cargo" "+1.83.0" "build" "--frozen" "--message-format=json", kill_on_drop: false }`
[INFO] [stdout] b86e1dbdd3eaa6a19ffb7a92de58a3b1b8bf4fd7c4e41e591bad2b30db71a673
[INFO] running `Command { std: "docker" "start" "-a" "b86e1dbdd3eaa6a19ffb7a92de58a3b1b8bf4fd7c4e41e591bad2b30db71a673", kill_on_drop: false }`
[INFO] [stderr]    Compiling proc-macro2 v1.0.36
[INFO] [stderr]    Compiling unicode-xid v0.2.2
[INFO] [stderr]    Compiling syn v1.0.85
[INFO] [stderr]    Compiling serde_derive v1.0.133
[INFO] [stderr]    Compiling serde v1.0.133
[INFO] [stderr]    Compiling serde_json v1.0.74
[INFO] [stderr]    Compiling itoa v1.0.1
[INFO] [stderr]    Compiling schemars v0.7.6
[INFO] [stderr]    Compiling ryu v1.0.9
[INFO] [stderr]    Compiling base64 v0.11.0
[INFO] [stderr]    Compiling byteorder v1.4.3
[INFO] [stderr]    Compiling quote v1.0.14
[INFO] [stderr]    Compiling serde_derive_internals v0.25.0
[INFO] [stderr]    Compiling schemars_derive v0.7.6
[INFO] [stderr]    Compiling snafu-derive v0.6.10
[INFO] [stderr]    Compiling snafu v0.6.10
[INFO] [stderr]    Compiling serde-json-wasm v0.2.3
[INFO] [stderr]    Compiling bincode2 v2.0.1
[INFO] [stderr]    Compiling secret-cosmwasm-std v0.10.0
[INFO] [stderr]    Compiling secret-toolkit-utils v0.2.0
[INFO] [stderr]    Compiling secret-cosmwasm-storage v0.10.0
[INFO] [stderr]    Compiling secret-toolkit-serialization v0.2.0
[INFO] [stderr]    Compiling secret-toolkit-snip20 v0.2.0
[INFO] [stderr]    Compiling secret-toolkit-snip721 v0.2.0
[INFO] [stderr]    Compiling secret-toolkit-storage v0.2.0
[INFO] [stderr]    Compiling secret-toolkit v0.2.0
[INFO] [stderr]    Compiling sample-project v0.1.0 (/opt/rustwide/workdir/contracts/rock)
[INFO] [stdout] warning: unused import: `Coin`
[INFO] [stdout]  --> contracts/rock/src/msg.rs:1:20
[INFO] [stdout]   |
[INFO] [stdout] 1 | use cosmwasm_std::{Coin, Uint128, HumanAddr, Binary};
[INFO] [stdout]   |                    ^^^^
[INFO] [stdout]   |
[INFO] [stdout]   = note: `#[warn(unused_imports)]` on by default
[INFO] [stdout] 
[INFO] [stdout] 
[INFO] [stdout] warning: unused import: `_serde_json::ser::State`
[INFO] [stdout]  --> contracts/rock/src/state.rs:3:28
[INFO] [stdout]   |
[INFO] [stdout] 3 | use schemars::{JsonSchema, _serde_json::ser::State};
[INFO] [stdout]   |                            ^^^^^^^^^^^^^^^^^^^^^^^
[INFO] [stdout] 
[INFO] [stdout] 
[INFO] [stdout] warning: unused imports: `CosmosMsg`, `WasmMsg`, and `to_binary`
[INFO] [stdout]   --> contracts/rock/src/state.rs:14:17
[INFO] [stdout]    |
[INFO] [stdout] 14 |     from_slice, to_binary, to_vec, Api, CanonicalAddr, CosmosMsg, Extern, HandleResponse,
[INFO] [stdout]    |                 ^^^^^^^^^                              ^^^^^^^^^
[INFO] [stdout] 15 |     HumanAddr, InitResponse, Querier, StdError, StdResult, Storage, Uint128, WasmMsg,
[INFO] [stdout]    |                                                                              ^^^^^^^
[INFO] [stdout] 
[INFO] [stdout] 
[INFO] [stdout] warning: unused import: `Snip20Msg`
[INFO] [stdout]   --> contracts/rock/src/state.rs:22:24
[INFO] [stdout]    |
[INFO] [stdout] 22 | use crate::msg::{Move, Snip20Msg};
[INFO] [stdout]    |                        ^^^^^^^^^
[INFO] [stdout] 
[INFO] [stdout] 
[INFO] [stdout] warning: unused variable: `memo`
[INFO] [stdout]   --> contracts/rock/src/contract.rs:37:13
[INFO] [stdout]    |
[INFO] [stdout] 37 |             memo,
[INFO] [stdout]    |             ^^^^ help: try ignoring the field: `memo: _`
[INFO] [stdout]    |
[INFO] [stdout]    = note: `#[warn(unused_variables)]` on by default
[INFO] [stdout] 
[INFO] [stdout] 
[INFO] [stderr]     Finished `dev` profile [unoptimized + debuginfo] target(s) in 10.26s
[INFO] running `Command { std: "docker" "inspect" "b86e1dbdd3eaa6a19ffb7a92de58a3b1b8bf4fd7c4e41e591bad2b30db71a673", kill_on_drop: false }`
[INFO] running `Command { std: "docker" "rm" "-f" "b86e1dbdd3eaa6a19ffb7a92de58a3b1b8bf4fd7c4e41e591bad2b30db71a673", kill_on_drop: false }`
[INFO] [stdout] b86e1dbdd3eaa6a19ffb7a92de58a3b1b8bf4fd7c4e41e591bad2b30db71a673
[INFO] running `Command { std: "docker" "create" "-v" "/var/lib/crater-agent-workspace/builds/worker-2-tc1/target:/opt/rustwide/target:rw,Z" "-v" "/var/lib/crater-agent-workspace/builds/worker-2-tc1/source:/opt/rustwide/workdir:ro,Z" "-v" "/var/lib/crater-agent-workspace/cargo-home:/opt/rustwide/cargo-home:ro,Z" "-v" "/var/lib/crater-agent-workspace/rustup-home:/opt/rustwide/rustup-home:ro,Z" "-e" "SOURCE_DIR=/opt/rustwide/workdir" "-e" "CARGO_TARGET_DIR=/opt/rustwide/target" "-e" "CARGO_INCREMENTAL=0" "-e" "RUST_BACKTRACE=full" "-e" "RUSTFLAGS=--cap-lints=warn" "-e" "RUSTDOCFLAGS=--cap-lints=warn" "-e" "CARGO_HOME=/opt/rustwide/cargo-home" "-e" "RUSTUP_HOME=/opt/rustwide/rustup-home" "-w" "/opt/rustwide/workdir" "-m" "1610612736" "--user" "0:0" "--network" "none" "ghcr.io/rust-lang/crates-build-env/linux@sha256:f3a9d4ad9d972b27faf3965f35b62e55ba32bbce8f20bc8fe909558a86702fde" "/opt/rustwide/cargo-home/bin/cargo" "+1.83.0" "test" "--frozen" "--no-run" "--message-format=json", kill_on_drop: false }`
[INFO] [stdout] 1f263276369fc949832bb9c9a646d2e6442c48d88e8ca9421968c843120e5a73
[INFO] running `Command { std: "docker" "start" "-a" "1f263276369fc949832bb9c9a646d2e6442c48d88e8ca9421968c843120e5a73", kill_on_drop: false }`
[INFO] [stderr]    Compiling cosmwasm-schema v0.9.4
[INFO] [stdout] warning: unused import: `Coin`
[INFO] [stdout]  --> contracts/rock/src/msg.rs:1:20
[INFO] [stdout]   |
[INFO] [stdout] 1 | use cosmwasm_std::{Coin, Uint128, HumanAddr, Binary};
[INFO] [stdout]   |                    ^^^^
[INFO] [stdout]   |
[INFO] [stdout]   = note: `#[warn(unused_imports)]` on by default
[INFO] [stdout] 
[INFO] [stdout] 
[INFO] [stdout] warning: unused import: `_serde_json::ser::State`
[INFO] [stdout]  --> contracts/rock/src/state.rs:3:28
[INFO] [stdout]   |
[INFO] [stdout] 3 | use schemars::{JsonSchema, _serde_json::ser::State};
[INFO] [stdout]   |                            ^^^^^^^^^^^^^^^^^^^^^^^
[INFO] [stdout] 
[INFO] [stdout] 
[INFO] [stdout] warning: unused imports: `CosmosMsg`, `WasmMsg`, and `to_binary`
[INFO] [stdout]   --> contracts/rock/src/state.rs:14:17
[INFO] [stdout]    |
[INFO] [stdout] 14 |     from_slice, to_binary, to_vec, Api, CanonicalAddr, CosmosMsg, Extern, HandleResponse,
[INFO] [stdout]    |                 ^^^^^^^^^                              ^^^^^^^^^
[INFO] [stdout] 15 |     HumanAddr, InitResponse, Querier, StdError, StdResult, Storage, Uint128, WasmMsg,
[INFO] [stdout]    |                                                                              ^^^^^^^
[INFO] [stdout] 
[INFO] [stdout] 
[INFO] [stdout] warning: unused import: `Snip20Msg`
[INFO] [stdout]   --> contracts/rock/src/state.rs:22:24
[INFO] [stdout]    |
[INFO] [stdout] 22 | use crate::msg::{Move, Snip20Msg};
[INFO] [stdout]    |                        ^^^^^^^^^
[INFO] [stdout] 
[INFO] [stdout] 
[INFO] [stdout] warning: unused variable: `memo`
[INFO] [stdout]   --> contracts/rock/src/contract.rs:37:13
[INFO] [stdout]    |
[INFO] [stdout] 37 |             memo,
[INFO] [stdout]    |             ^^^^ help: try ignoring the field: `memo: _`
[INFO] [stdout]    |
[INFO] [stdout]    = note: `#[warn(unused_variables)]` on by default
[INFO] [stdout] 
[INFO] [stdout] 
[INFO] [stderr]    Compiling sample-project v0.1.0 (/opt/rustwide/workdir/contracts/rock)
[INFO] [stdout] warning: unused import: `Coin`
[INFO] [stdout]  --> contracts/rock/src/msg.rs:1:20
[INFO] [stdout]   |
[INFO] [stdout] 1 | use cosmwasm_std::{Coin, Uint128, HumanAddr, Binary};
[INFO] [stdout]   |                    ^^^^
[INFO] [stdout]   |
[INFO] [stdout]   = note: `#[warn(unused_imports)]` on by default
[INFO] [stdout] 
[INFO] [stdout] 
[INFO] [stdout] warning: unused import: `_serde_json::ser::State`
[INFO] [stdout]  --> contracts/rock/src/state.rs:3:28
[INFO] [stdout]   |
[INFO] [stdout] 3 | use schemars::{JsonSchema, _serde_json::ser::State};
[INFO] [stdout]   |                            ^^^^^^^^^^^^^^^^^^^^^^^
[INFO] [stdout] 
[INFO] [stdout] 
[INFO] [stdout] warning: unused imports: `CosmosMsg`, `WasmMsg`, and `to_binary`
[INFO] [stdout]   --> contracts/rock/src/state.rs:14:17
[INFO] [stdout]    |
[INFO] [stdout] 14 |     from_slice, to_binary, to_vec, Api, CanonicalAddr, CosmosMsg, Extern, HandleResponse,
[INFO] [stdout]    |                 ^^^^^^^^^                              ^^^^^^^^^
[INFO] [stdout] 15 |     HumanAddr, InitResponse, Querier, StdError, StdResult, Storage, Uint128, WasmMsg,
[INFO] [stdout]    |                                                                              ^^^^^^^
[INFO] [stdout] 
[INFO] [stdout] 
[INFO] [stdout] warning: unused import: `Snip20Msg`
[INFO] [stdout]   --> contracts/rock/src/state.rs:22:24
[INFO] [stdout]    |
[INFO] [stdout] 22 | use crate::msg::{Move, Snip20Msg};
[INFO] [stdout]    |                        ^^^^^^^^^
[INFO] [stdout] 
[INFO] [stdout] 
[INFO] [stdout] warning: unreachable expression
[INFO] [stdout]    --> contracts/rock/src/contract.rs:156:24
[INFO] [stdout]     |
[INFO] [stdout] 155 |             snip_addr: todo!(),
[INFO] [stdout]     |                        ------- any code following this expression is unreachable
[INFO] [stdout] 156 |             snip_hash: todo!(),
[INFO] [stdout]     |                        ^^^^^^^ unreachable expression
[INFO] [stdout]     |
[INFO] [stdout]     = note: `#[warn(unreachable_code)]` on by default
[INFO] [stdout]     = note: this warning originates in the macro `todo` (in Nightly builds, run with -Z macro-backtrace for more info)
[INFO] [stdout] 
[INFO] [stdout] 
[INFO] [stdout] warning: unreachable expression
[INFO] [stdout]    --> contracts/rock/src/contract.rs:171:24
[INFO] [stdout]     |
[INFO] [stdout] 170 |             snip_addr: todo!(),
[INFO] [stdout]     |                        ------- any code following this expression is unreachable
[INFO] [stdout] 171 |             snip_hash: todo!(),
[INFO] [stdout]     |                        ^^^^^^^ unreachable expression
[INFO] [stdout]     |
[INFO] [stdout]     = note: this warning originates in the macro `todo` (in Nightly builds, run with -Z macro-backtrace for more info)
[INFO] [stdout] 
[INFO] [stdout] 
[INFO] [stdout] warning: unreachable expression
[INFO] [stdout]    --> contracts/rock/src/contract.rs:210:24
[INFO] [stdout]     |
[INFO] [stdout] 209 |             snip_addr: todo!(),
[INFO] [stdout]     |                        ------- any code following this expression is unreachable
[INFO] [stdout] 210 |             snip_hash: todo!(),
[INFO] [stdout]     |                        ^^^^^^^ unreachable expression
[INFO] [stdout]     |
[INFO] [stdout]     = note: this warning originates in the macro `todo` (in Nightly builds, run with -Z macro-backtrace for more info)
[INFO] [stdout] 
[INFO] [stdout] 
[INFO] [stdout] warning: unused variable: `memo`
[INFO] [stdout]   --> contracts/rock/src/contract.rs:37:13
[INFO] [stdout]    |
[INFO] [stdout] 37 |             memo,
[INFO] [stdout]    |             ^^^^ help: try ignoring the field: `memo: _`
[INFO] [stdout]    |
[INFO] [stdout]    = note: `#[warn(unused_variables)]` on by default
[INFO] [stdout] 
[INFO] [stdout] 
[INFO] [stdout] warning: unused variable: `deps`
[INFO] [stdout]    --> contracts/rock/src/contract.rs:152:14
[INFO] [stdout]     |
[INFO] [stdout] 152 |         let  deps = mock_dependencies(20, &[]);
[INFO] [stdout]     |              ^^^^ help: if this is intentional, prefix it with an underscore: `_deps`
[INFO] [stdout] 
[INFO] [stdout] 
[INFO] [stdout] warning: unused variable: `msg`
[INFO] [stdout]    --> contracts/rock/src/contract.rs:154:13
[INFO] [stdout]     |
[INFO] [stdout] 154 |         let msg = InitMsg {
[INFO] [stdout]     |             ^^^ help: if this is intentional, prefix it with an underscore: `_msg`
[INFO] [stdout] 
[INFO] [stdout] 
[INFO] [stdout] warning: unused variable: `deps`
[INFO] [stdout]    --> contracts/rock/src/contract.rs:167:17
[INFO] [stdout]     |
[INFO] [stdout] 167 |         let mut deps = mock_dependencies(20, &coins(2, "token"));
[INFO] [stdout]     |                 ^^^^ help: if this is intentional, prefix it with an underscore: `_deps`
[INFO] [stdout] 
[INFO] [stdout] 
[INFO] [stdout] warning: unused variable: `msg`
[INFO] [stdout]    --> contracts/rock/src/contract.rs:169:13
[INFO] [stdout]     |
[INFO] [stdout] 169 |         let msg = InitMsg {
[INFO] [stdout]     |             ^^^ help: if this is intentional, prefix it with an underscore: `_msg`
[INFO] [stdout] 
[INFO] [stdout] 
[INFO] [stdout] warning: variable does not need to be mutable
[INFO] [stdout]    --> contracts/rock/src/contract.rs:167:13
[INFO] [stdout]     |
[INFO] [stdout] 167 |         let mut deps = mock_dependencies(20, &coins(2, "token"));
[INFO] [stdout]     |             ----^^^^
[INFO] [stdout]     |             |
[INFO] [stdout]     |             help: remove this `mut`
[INFO] [stdout]     |
[INFO] [stdout]     = note: `#[warn(unused_mut)]` on by default
[INFO] [stdout] 
[INFO] [stdout] 
[INFO] [stdout] warning: unused variable: `deps`
[INFO] [stdout]    --> contracts/rock/src/contract.rs:206:17
[INFO] [stdout]     |
[INFO] [stdout] 206 |         let mut deps = mock_dependencies(20, &coins(2, "token"));
[INFO] [stdout]     |                 ^^^^ help: if this is intentional, prefix it with an underscore: `_deps`
[INFO] [stdout] 
[INFO] [stdout] 
[INFO] [stdout] warning: unused variable: `msg`
[INFO] [stdout]    --> contracts/rock/src/contract.rs:208:13
[INFO] [stdout]     |
[INFO] [stdout] 208 |         let msg = InitMsg {
[INFO] [stdout]     |             ^^^ help: if this is intentional, prefix it with an underscore: `_msg`
[INFO] [stdout] 
[INFO] [stdout] 
[INFO] [stdout] warning: variable does not need to be mutable
[INFO] [stdout]    --> contracts/rock/src/contract.rs:206:13
[INFO] [stdout]     |
[INFO] [stdout] 206 |         let mut deps = mock_dependencies(20, &coins(2, "token"));
[INFO] [stdout]     |             ----^^^^
[INFO] [stdout]     |             |
[INFO] [stdout]     |             help: remove this `mut`
[INFO] [stdout] 
[INFO] [stdout] 
[INFO] [stderr]     Finished `test` profile [unoptimized + debuginfo] target(s) in 0.73s
[INFO] running `Command { std: "docker" "inspect" "1f263276369fc949832bb9c9a646d2e6442c48d88e8ca9421968c843120e5a73", kill_on_drop: false }`
[INFO] running `Command { std: "docker" "rm" "-f" "1f263276369fc949832bb9c9a646d2e6442c48d88e8ca9421968c843120e5a73", kill_on_drop: false }`
[INFO] [stdout] 1f263276369fc949832bb9c9a646d2e6442c48d88e8ca9421968c843120e5a73
[INFO] running `Command { std: "docker" "create" "-v" "/var/lib/crater-agent-workspace/builds/worker-2-tc1/target:/opt/rustwide/target:rw,Z" "-v" "/var/lib/crater-agent-workspace/builds/worker-2-tc1/source:/opt/rustwide/workdir:ro,Z" "-v" "/var/lib/crater-agent-workspace/cargo-home:/opt/rustwide/cargo-home:ro,Z" "-v" "/var/lib/crater-agent-workspace/rustup-home:/opt/rustwide/rustup-home:ro,Z" "-e" "SOURCE_DIR=/opt/rustwide/workdir" "-e" "CARGO_TARGET_DIR=/opt/rustwide/target" "-e" "CARGO_INCREMENTAL=0" "-e" "RUST_BACKTRACE=full" "-e" "RUSTFLAGS=--cap-lints=warn" "-e" "RUSTDOCFLAGS=--cap-lints=warn" "-e" "CARGO_HOME=/opt/rustwide/cargo-home" "-e" "RUSTUP_HOME=/opt/rustwide/rustup-home" "-w" "/opt/rustwide/workdir" "-m" "1610612736" "--user" "0:0" "--network" "none" "ghcr.io/rust-lang/crates-build-env/linux@sha256:f3a9d4ad9d972b27faf3965f35b62e55ba32bbce8f20bc8fe909558a86702fde" "/opt/rustwide/cargo-home/bin/cargo" "+1.83.0" "test" "--frozen", kill_on_drop: false }`
[INFO] [stdout] 8db9207524ece1aa82a2c2cbc3844554cbef824bdf8a939c4e4498adf0b0e1e2
[INFO] running `Command { std: "docker" "start" "-a" "8db9207524ece1aa82a2c2cbc3844554cbef824bdf8a939c4e4498adf0b0e1e2", kill_on_drop: false }`
[INFO] [stderr] warning: unused import: `Coin`
[INFO] [stderr]  --> contracts/rock/src/msg.rs:1:20
[INFO] [stderr]   |
[INFO] [stderr] 1 | use cosmwasm_std::{Coin, Uint128, HumanAddr, Binary};
[INFO] [stderr]   |                    ^^^^
[INFO] [stderr]   |
[INFO] [stderr]   = note: `#[warn(unused_imports)]` on by default
[INFO] [stderr] 
[INFO] [stderr] warning: unused import: `_serde_json::ser::State`
[INFO] [stderr]  --> contracts/rock/src/state.rs:3:28
[INFO] [stderr]   |
[INFO] [stderr] 3 | use schemars::{JsonSchema, _serde_json::ser::State};
[INFO] [stderr]   |                            ^^^^^^^^^^^^^^^^^^^^^^^
[INFO] [stderr] 
[INFO] [stderr] warning: unused imports: `CosmosMsg`, `WasmMsg`, and `to_binary`
[INFO] [stderr]   --> contracts/rock/src/state.rs:14:17
[INFO] [stderr]    |
[INFO] [stderr] 14 |     from_slice, to_binary, to_vec, Api, CanonicalAddr, CosmosMsg, Extern, HandleResponse,
[INFO] [stderr]    |                 ^^^^^^^^^                              ^^^^^^^^^
[INFO] [stderr] 15 |     HumanAddr, InitResponse, Querier, StdError, StdResult, Storage, Uint128, WasmMsg,
[INFO] [stderr]    |                                                                              ^^^^^^^
[INFO] [stderr] 
[INFO] [stderr] warning: unused import: `Snip20Msg`
[INFO] [stderr]   --> contracts/rock/src/state.rs:22:24
[INFO] [stderr]    |
[INFO] [stderr] 22 | use crate::msg::{Move, Snip20Msg};
[INFO] [stderr]    |                        ^^^^^^^^^
[INFO] [stderr] 
[INFO] [stderr] warning: unused variable: `memo`
[INFO] [stderr]   --> contracts/rock/src/contract.rs:37:13
[INFO] [stderr]    |
[INFO] [stderr] 37 |             memo,
[INFO] [stderr]    |             ^^^^ help: try ignoring the field: `memo: _`
[INFO] [stderr]    |
[INFO] [stderr]    = note: `#[warn(unused_variables)]` on by default
[INFO] [stderr] 
[INFO] [stderr] warning: unreachable expression
[INFO] [stderr]    --> contracts/rock/src/contract.rs:156:24
[INFO] [stderr]     |
[INFO] [stderr] 155 |             snip_addr: todo!(),
[INFO] [stderr]     |                        ------- any code following this expression is unreachable
[INFO] [stderr] 156 |             snip_hash: todo!(),
[INFO] [stderr]     |                        ^^^^^^^ unreachable expression
[INFO] [stderr]     |
[INFO] [stderr]     = note: `#[warn(unreachable_code)]` on by default
[INFO] [stderr]     = note: this warning originates in the macro `todo` (in Nightly builds, run with -Z macro-backtrace for more info)
[INFO] [stderr] 
[INFO] [stderr] warning: unreachable expression
[INFO] [stderr]    --> contracts/rock/src/contract.rs:171:24
[INFO] [stderr]     |
[INFO] [stderr] 170 |             snip_addr: todo!(),
[INFO] [stderr]     |                        ------- any code following this expression is unreachable
[INFO] [stderr] 171 |             snip_hash: todo!(),
[INFO] [stderr]     |                        ^^^^^^^ unreachable expression
[INFO] [stderr]     |
[INFO] [stderr]     = note: this warning originates in the macro `todo` (in Nightly builds, run with -Z macro-backtrace for more info)
[INFO] [stderr] 
[INFO] [stderr] warning: unreachable expression
[INFO] [stderr]    --> contracts/rock/src/contract.rs:210:24
[INFO] [stderr]     |
[INFO] [stderr] 209 |             snip_addr: todo!(),
[INFO] [stderr]     |                        ------- any code following this expression is unreachable
[INFO] [stderr] 210 |             snip_hash: todo!(),
[INFO] [stderr]     |                        ^^^^^^^ unreachable expression
[INFO] [stderr]     |
[INFO] [stderr]     = note: this warning originates in the macro `todo` (in Nightly builds, run with -Z macro-backtrace for more info)
[INFO] [stderr] 
[INFO] [stderr] warning: unused variable: `deps`
[INFO] [stderr]    --> contracts/rock/src/contract.rs:152:14
[INFO] [stderr]     |
[INFO] [stderr] 152 |         let  deps = mock_dependencies(20, &[]);
[INFO] [stderr]     |              ^^^^ help: if this is intentional, prefix it with an underscore: `_deps`
[INFO] [stderr] 
[INFO] [stderr] warning: unused variable: `msg`
[INFO] [stderr]    --> contracts/rock/src/contract.rs:154:13
[INFO] [stderr]     |
[INFO] [stderr] 154 |         let msg = InitMsg {
[INFO] [stderr]     |             ^^^ help: if this is intentional, prefix it with an underscore: `_msg`
[INFO] [stderr] 
[INFO] [stderr] warning: unused variable: `deps`
[INFO] [stderr]    --> contracts/rock/src/contract.rs:167:17
[INFO] [stderr]     |
[INFO] [stderr] 167 |         let mut deps = mock_dependencies(20, &coins(2, "token"));
[INFO] [stderr]     |                 ^^^^ help: if this is intentional, prefix it with an underscore: `_deps`
[INFO] [stderr] 
[INFO] [stderr] warning: unused variable: `msg`
[INFO] [stderr]    --> contracts/rock/src/contract.rs:169:13
[INFO] [stderr]     |
[INFO] [stderr] 169 |         let msg = InitMsg {
[INFO] [stderr]     |             ^^^ help: if this is intentional, prefix it with an underscore: `_msg`
[INFO] [stderr] 
[INFO] [stderr] warning: variable does not need to be mutable
[INFO] [stderr]    --> contracts/rock/src/contract.rs:167:13
[INFO] [stderr]     |
[INFO] [stderr] 167 |         let mut deps = mock_dependencies(20, &coins(2, "token"));
[INFO] [stderr]     |             ----^^^^
[INFO] [stderr]     |             |
[INFO] [stderr]     |             help: remove this `mut`
[INFO] [stderr]     |
[INFO] [stderr]     = note: `#[warn(unused_mut)]` on by default
[INFO] [stderr] 
[INFO] [stderr] warning: unused variable: `deps`
[INFO] [stderr]    --> contracts/rock/src/contract.rs:206:17
[INFO] [stderr]     |
[INFO] [stderr] 206 |         let mut deps = mock_dependencies(20, &coins(2, "token"));
[INFO] [stderr]     |                 ^^^^ help: if this is intentional, prefix it with an underscore: `_deps`
[INFO] [stderr] 
[INFO] [stderr] warning: unused variable: `msg`
[INFO] [stderr]    --> contracts/rock/src/contract.rs:208:13
[INFO] [stderr]     |
[INFO] [stderr] 208 |         let msg = InitMsg {
[INFO] [stderr]     |             ^^^ help: if this is intentional, prefix it with an underscore: `_msg`
[INFO] [stderr] 
[INFO] [stderr] warning: variable does not need to be mutable
[INFO] [stderr]    --> contracts/rock/src/contract.rs:206:13
[INFO] [stderr]     |
[INFO] [stderr] 206 |         let mut deps = mock_dependencies(20, &coins(2, "token"));
[INFO] [stderr]     |             ----^^^^
[INFO] [stderr]     |             |
[INFO] [stderr]     |             help: remove this `mut`
[INFO] [stderr] 
[INFO] [stderr] warning: `sample-project` (lib) generated 5 warnings (run `cargo fix --lib -p sample-project` to apply 4 suggestions)
[INFO] [stderr] warning: `sample-project` (lib test) generated 16 warnings (5 duplicates) (run `cargo fix --lib -p sample-project --tests` to apply 2 suggestions)
[INFO] [stderr]     Finished `test` profile [unoptimized + debuginfo] target(s) in 0.02s
[INFO] [stderr]      Running unittests src/lib.rs (/opt/rustwide/target/debug/deps/sample_project-049f2e8caf4f7d6d)
[INFO] [stdout] 
[INFO] [stdout] running 3 tests
[INFO] [stdout] test contract::tests::play ... FAILED
[INFO] [stdout] test contract::tests::proper_initialization ... FAILED
[INFO] [stdout] test contract::tests::create_room ... FAILED
[INFO] [stdout] 
[INFO] [stdout] failures:
[INFO] [stdout] 
[INFO] [stdout] ---- contract::tests::play stdout ----
[INFO] [stdout] thread 'contract::tests::play' panicked at contracts/rock/src/contract.rs:209:24:
[INFO] [stdout] not yet implemented
[INFO] [stdout] stack backtrace:
[INFO] [stdout]    0:     0x61061e1543aa - std::backtrace_rs::backtrace::libunwind::trace::h5a5b8284f2d0c266
[INFO] [stdout]                                at /rustc/90b35a6239c3d8bdabc530a6a0816f7ff89a0aaf/library/std/src/../../backtrace/src/backtrace/libunwind.rs:116:5
[INFO] [stdout]    1:     0x61061e1543aa - std::backtrace_rs::backtrace::trace_unsynchronized::h76d4f1c9b0b875e3
[INFO] [stdout]                                at /rustc/90b35a6239c3d8bdabc530a6a0816f7ff89a0aaf/library/std/src/../../backtrace/src/backtrace/mod.rs:66:5
[INFO] [stdout]    2:     0x61061e1543aa - std::sys::backtrace::_print_fmt::hc4546b8364a537c6
[INFO] [stdout]                                at /rustc/90b35a6239c3d8bdabc530a6a0816f7ff89a0aaf/library/std/src/sys/backtrace.rs:66:9
[INFO] [stdout]    3:     0x61061e1543aa - <std::sys::backtrace::BacktraceLock::print::DisplayBacktrace as core::fmt::Display>::fmt::h5b6bd5631a6d1f6b
[INFO] [stdout]                                at /rustc/90b35a6239c3d8bdabc530a6a0816f7ff89a0aaf/library/std/src/sys/backtrace.rs:39:26
[INFO] [stdout]    4:     0x61061e179663 - core::fmt::rt::Argument::fmt::h270f6602a2b96f62
[INFO] [stdout]                                at /rustc/90b35a6239c3d8bdabc530a6a0816f7ff89a0aaf/library/core/src/fmt/rt.rs:177:76
[INFO] [stdout]    5:     0x61061e179663 - core::fmt::write::h7550c97b06c86515
[INFO] [stdout]                                at /rustc/90b35a6239c3d8bdabc530a6a0816f7ff89a0aaf/library/core/src/fmt/mod.rs:1186:21
[INFO] [stdout]    6:     0x61061e151573 - std::io::Write::write_fmt::h509ff860e5956e5e
[INFO] [stdout]                                at /rustc/90b35a6239c3d8bdabc530a6a0816f7ff89a0aaf/library/std/src/io/mod.rs:1839:15
[INFO] [stdout]    7:     0x61061e1541f2 - std::sys::backtrace::BacktraceLock::print::h2395ccd2c84ba3aa
[INFO] [stdout]                                at /rustc/90b35a6239c3d8bdabc530a6a0816f7ff89a0aaf/library/std/src/sys/backtrace.rs:42:9
[INFO] [stdout]    8:     0x61061e15580a - std::panicking::default_hook::{{closure}}::he19d4c7230e07961
[INFO] [stdout]                                at /rustc/90b35a6239c3d8bdabc530a6a0816f7ff89a0aaf/library/std/src/panicking.rs:268:22
[INFO] [stdout]    9:     0x61061e155614 - std::panicking::default_hook::hf614597d3c67bbdb
[INFO] [stdout]                                at /rustc/90b35a6239c3d8bdabc530a6a0816f7ff89a0aaf/library/std/src/panicking.rs:292:9
[INFO] [stdout]   10:     0x61061e115019 - <alloc::boxed::Box<F,A> as core::ops::function::Fn<Args>>::call::h39b51ce4599c23d1
[INFO] [stdout]                                at /rustc/90b35a6239c3d8bdabc530a6a0816f7ff89a0aaf/library/alloc/src/boxed.rs:2468:9
[INFO] [stdout]   11:     0x61061e115019 - test::test_main::{{closure}}::he977ae839a582784
[INFO] [stdout]                                at /rustc/90b35a6239c3d8bdabc530a6a0816f7ff89a0aaf/library/test/src/lib.rs:133:21
[INFO] [stdout]   12:     0x61061e155ea8 - <alloc::boxed::Box<F,A> as core::ops::function::Fn<Args>>::call::h9455091b6b06f9fb
[INFO] [stdout]                                at /rustc/90b35a6239c3d8bdabc530a6a0816f7ff89a0aaf/library/alloc/src/boxed.rs:2468:9
[INFO] [stdout]   13:     0x61061e155ea8 - std::panicking::rust_panic_with_hook::h8942133a8b252070
[INFO] [stdout]                                at /rustc/90b35a6239c3d8bdabc530a6a0816f7ff89a0aaf/library/std/src/panicking.rs:809:13
[INFO] [stdout]   14:     0x61061e155c36 - std::panicking::begin_panic_handler::{{closure}}::hb5f5963570096b29
[INFO] [stdout]                                at /rustc/90b35a6239c3d8bdabc530a6a0816f7ff89a0aaf/library/std/src/panicking.rs:667:13
[INFO] [stdout]   15:     0x61061e154889 - std::sys::backtrace::__rust_end_short_backtrace::h6208cedc1922feda
[INFO] [stdout]                                at /rustc/90b35a6239c3d8bdabc530a6a0816f7ff89a0aaf/library/std/src/sys/backtrace.rs:170:18
[INFO] [stdout]   16:     0x61061e1558fc - rust_begin_unwind
[INFO] [stdout]                                at /rustc/90b35a6239c3d8bdabc530a6a0816f7ff89a0aaf/library/std/src/panicking.rs:665:5
[INFO] [stdout]   17:     0x61061e0dba60 - core::panicking::panic_fmt::h0c3082644d1bf418
[INFO] [stdout]                                at /rustc/90b35a6239c3d8bdabc530a6a0816f7ff89a0aaf/library/core/src/panicking.rs:74:14
[INFO] [stdout]   18:     0x61061e0dbaec - core::panicking::panic::h957f98c65a3b3074
[INFO] [stdout]                                at /rustc/90b35a6239c3d8bdabc530a6a0816f7ff89a0aaf/library/core/src/panicking.rs:148:5
[INFO] [stdout]   19:     0x61061e0dccf5 - sample_project::contract::tests::play::h483c2767e769a9b2
[INFO] [stdout]                                at /opt/rustwide/workdir/contracts/rock/src/contract.rs:209:24
[INFO] [stdout]   20:     0x61061e0dcbf7 - sample_project::contract::tests::play::{{closure}}::hc0aa15d9ea638c3f
[INFO] [stdout]                                at /opt/rustwide/workdir/contracts/rock/src/contract.rs:205:14
[INFO] [stdout]   21:     0x61061e0dc446 - core::ops::function::FnOnce::call_once::h1cb82011aa0590a4
[INFO] [stdout]                                at /rustc/90b35a6239c3d8bdabc530a6a0816f7ff89a0aaf/library/core/src/ops/function.rs:250:5
[INFO] [stdout]   22:     0x61061e1199db - core::ops::function::FnOnce::call_once::h109cf8051a59b34e
[INFO] [stdout]                                at /rustc/90b35a6239c3d8bdabc530a6a0816f7ff89a0aaf/library/core/src/ops/function.rs:250:5
[INFO] [stdout]   23:     0x61061e1199db - test::__rust_begin_short_backtrace::hf4fff89d377446ba
[INFO] [stdout]                                at /rustc/90b35a6239c3d8bdabc530a6a0816f7ff89a0aaf/library/test/src/lib.rs:621:18
[INFO] [stdout]   24:     0x61061e119217 - test::run_test_in_process::{{closure}}::h0e39181dd7ee5a43
[INFO] [stdout]                                at /rustc/90b35a6239c3d8bdabc530a6a0816f7ff89a0aaf/library/test/src/lib.rs:644:60
[INFO] [stdout]   25:     0x61061e119217 - <core::panic::unwind_safe::AssertUnwindSafe<F> as core::ops::function::FnOnce<()>>::call_once::hc5a66a30f0bdfd1f
[INFO] [stdout]                                at /rustc/90b35a6239c3d8bdabc530a6a0816f7ff89a0aaf/library/core/src/panic/unwind_safe.rs:272:9
[INFO] [stdout]   26:     0x61061e119217 - std::panicking::try::do_call::h873b7cf639554a5e
[INFO] [stdout]                                at /rustc/90b35a6239c3d8bdabc530a6a0816f7ff89a0aaf/library/std/src/panicking.rs:557:40
[INFO] [stdout]   27:     0x61061e119217 - std::panicking::try::hdb19862fad9c8bd1
[INFO] [stdout]                                at /rustc/90b35a6239c3d8bdabc530a6a0816f7ff89a0aaf/library/std/src/panicking.rs:520:19
[INFO] [stdout]   28:     0x61061e119217 - std::panic::catch_unwind::h281fe732d236d260
[INFO] [stdout]                                at /rustc/90b35a6239c3d8bdabc530a6a0816f7ff89a0aaf/library/std/src/panic.rs:358:14
[INFO] [stdout]   29:     0x61061e119217 - test::run_test_in_process::h949b6df8457ed338
[INFO] [stdout]                                at /rustc/90b35a6239c3d8bdabc530a6a0816f7ff89a0aaf/library/test/src/lib.rs:644:27
[INFO] [stdout]   30:     0x61061e119217 - test::run_test::{{closure}}::h52c556a6d4740e10
[INFO] [stdout]                                at /rustc/90b35a6239c3d8bdabc530a6a0816f7ff89a0aaf/library/test/src/lib.rs:565:43
[INFO] [stdout]   31:     0x61061e0de4f4 - test::run_test::{{closure}}::h4237f6381c45ccb9
[INFO] [stdout]                                at /rustc/90b35a6239c3d8bdabc530a6a0816f7ff89a0aaf/library/test/src/lib.rs:595:41
[INFO] [stdout]   32:     0x61061e0de4f4 - std::sys::backtrace::__rust_begin_short_backtrace::h505c97a579eca628
[INFO] [stdout]                                at /rustc/90b35a6239c3d8bdabc530a6a0816f7ff89a0aaf/library/std/src/sys/backtrace.rs:154:18
[INFO] [stdout]   33:     0x61061e0e1bbe - std::thread::Builder::spawn_unchecked_::{{closure}}::{{closure}}::h9e86b2e2bc107ea3
[INFO] [stdout]                                at /rustc/90b35a6239c3d8bdabc530a6a0816f7ff89a0aaf/library/std/src/thread/mod.rs:538:17
[INFO] [stdout]   34:     0x61061e0e1bbe - <core::panic::unwind_safe::AssertUnwindSafe<F> as core::ops::function::FnOnce<()>>::call_once::h8b06ddb275ff4a25
[INFO] [stdout]                                at /rustc/90b35a6239c3d8bdabc530a6a0816f7ff89a0aaf/library/core/src/panic/unwind_safe.rs:272:9
[INFO] [stdout]   35:     0x61061e0e1bbe - std::panicking::try::do_call::hb26ecd7cd9a9355d
[INFO] [stdout]                                at /rustc/90b35a6239c3d8bdabc530a6a0816f7ff89a0aaf/library/std/src/panicking.rs:557:40
[INFO] [stdout]   36:     0x61061e0e1bbe - std::panicking::try::h8ddeca9d705f9069
[INFO] [stdout]                                at /rustc/90b35a6239c3d8bdabc530a6a0816f7ff89a0aaf/library/std/src/panicking.rs:520:19
[INFO] [stdout]   37:     0x61061e0e1bbe - std::panic::catch_unwind::h49e1c33078844c46
[INFO] [stdout]                                at /rustc/90b35a6239c3d8bdabc530a6a0816f7ff89a0aaf/library/std/src/panic.rs:358:14
[INFO] [stdout]   38:     0x61061e0e1bbe - std::thread::Builder::spawn_unchecked_::{{closure}}::h6073db6ff56ad35d
[INFO] [stdout]                                at /rustc/90b35a6239c3d8bdabc530a6a0816f7ff89a0aaf/library/std/src/thread/mod.rs:537:30
[INFO] [stdout]   39:     0x61061e0e1bbe - core::ops::function::FnOnce::call_once{{vtable.shim}}::h2c5a5f3779c774f1
[INFO] [stdout]                                at /rustc/90b35a6239c3d8bdabc530a6a0816f7ff89a0aaf/library/core/src/ops/function.rs:250:5
[INFO] [stdout]   40:     0x61061e159bfb - <alloc::boxed::Box<F,A> as core::ops::function::FnOnce<Args>>::call_once::hf75717d9f28faebf
[INFO] [stdout]                                at /rustc/90b35a6239c3d8bdabc530a6a0816f7ff89a0aaf/library/alloc/src/boxed.rs:2454:9
[INFO] [stdout]   41:     0x61061e159bfb - <alloc::boxed::Box<F,A> as core::ops::function::FnOnce<Args>>::call_once::h7bd883a5f3c5f3c1
[INFO] [stdout]                                at /rustc/90b35a6239c3d8bdabc530a6a0816f7ff89a0aaf/library/alloc/src/boxed.rs:2454:9
[INFO] [stdout]   42:     0x61061e159bfb - std::sys::pal::unix::thread::Thread::new::thread_start::hcc78f3943333fa94
[INFO] [stdout]                                at /rustc/90b35a6239c3d8bdabc530a6a0816f7ff89a0aaf/library/std/src/sys/pal/unix/thread.rs:105:17
[INFO] [stdout]   43:     0x7735824e1ac3 - <unknown>
[INFO] [stdout]   44:     0x773582572a04 - clone
[INFO] [stdout]   45:                0x0 - <unknown>
[INFO] [stdout] 
[INFO] [stdout] ---- contract::tests::proper_initialization stdout ----
[INFO] [stdout] thread 'contract::tests::proper_initialization' panicked at contracts/rock/src/contract.rs:155:24:
[INFO] [stdout] not yet implemented
[INFO] [stdout] stack backtrace:
[INFO] [stdout]    0:     0x61061e1543aa - std::backtrace_rs::backtrace::libunwind::trace::h5a5b8284f2d0c266
[INFO] [stdout]                                at /rustc/90b35a6239c3d8bdabc530a6a0816f7ff89a0aaf/library/std/src/../../backtrace/src/backtrace/libunwind.rs:116:5
[INFO] [stdout]    1:     0x61061e1543aa - std::backtrace_rs::backtrace::trace_unsynchronized::h76d4f1c9b0b875e3
[INFO] [stdout]                                at /rustc/90b35a6239c3d8bdabc530a6a0816f7ff89a0aaf/library/std/src/../../backtrace/src/backtrace/mod.rs:66:5
[INFO] [stdout]    2:     0x61061e1543aa - std::sys::backtrace::_print_fmt::hc4546b8364a537c6
[INFO] [stdout]                                at /rustc/90b35a6239c3d8bdabc530a6a0816f7ff89a0aaf/library/std/src/sys/backtrace.rs:66:9
[INFO] [stdout]    3:     0x61061e1543aa - <std::sys::backtrace::BacktraceLock::print::DisplayBacktrace as core::fmt::Display>::fmt::h5b6bd5631a6d1f6b
[INFO] [stdout]                                at /rustc/90b35a6239c3d8bdabc530a6a0816f7ff89a0aaf/library/std/src/sys/backtrace.rs:39:26
[INFO] [stdout]    4:     0x61061e179663 - core::fmt::rt::Argument::fmt::h270f6602a2b96f62
[INFO] [stdout]                                at /rustc/90b35a6239c3d8bdabc530a6a0816f7ff89a0aaf/library/core/src/fmt/rt.rs:177:76
[INFO] [stdout]    5:     0x61061e179663 - core::fmt::write::h7550c97b06c86515
[INFO] [stdout]                                at /rustc/90b35a6239c3d8bdabc530a6a0816f7ff89a0aaf/library/core/src/fmt/mod.rs:1186:21
[INFO] [stdout]    6:     0x61061e151573 - std::io::Write::write_fmt::h509ff860e5956e5e
[INFO] [stdout]                                at /rustc/90b35a6239c3d8bdabc530a6a0816f7ff89a0aaf/library/std/src/io/mod.rs:1839:15
[INFO] [stdout]    7:     0x61061e1541f2 - std::sys::backtrace::BacktraceLock::print::h2395ccd2c84ba3aa
[INFO] [stdout]                                at /rustc/90b35a6239c3d8bdabc530a6a0816f7ff89a0aaf/library/std/src/sys/backtrace.rs:42:9
[INFO] [stdout]    8:     0x61061e15580a - std::panicking::default_hook::{{closure}}::he19d4c7230e07961
[INFO] [stdout]                                at /rustc/90b35a6239c3d8bdabc530a6a0816f7ff89a0aaf/library/std/src/panicking.rs:268:22
[INFO] [stdout]    9:     0x61061e155614 - std::panicking::default_hook::hf614597d3c67bbdb
[INFO] [stdout]                                at /rustc/90b35a6239c3d8bdabc530a6a0816f7ff89a0aaf/library/std/src/panicking.rs:292:9
[INFO] [stdout]   10:     0x61061e115019 - <alloc::boxed::Box<F,A> as core::ops::function::Fn<Args>>::call::h39b51ce4599c23d1
[INFO] [stdout]                                at /rustc/90b35a6239c3d8bdabc530a6a0816f7ff89a0aaf/library/alloc/src/boxed.rs:2468:9
[INFO] [stdout]   11:     0x61061e115019 - test::test_main::{{closure}}::he977ae839a582784
[INFO] [stdout]                                at /rustc/90b35a6239c3d8bdabc530a6a0816f7ff89a0aaf/library/test/src/lib.rs:133:21
[INFO] [stdout]   12:     0x61061e155ea8 - <alloc::boxed::Box<F,A> as core::ops::function::Fn<Args>>::call::h9455091b6b06f9fb
[INFO] [stdout]                                at /rustc/90b35a6239c3d8bdabc530a6a0816f7ff89a0aaf/library/alloc/src/boxed.rs:2468:9
[INFO] [stdout]   13:     0x61061e155ea8 - std::panicking::rust_panic_with_hook::h8942133a8b252070
[INFO] [stdout]                                at /rustc/90b35a6239c3d8bdabc530a6a0816f7ff89a0aaf/library/std/src/panicking.rs:809:13
[INFO] [stdout]   14:     0x61061e155c36 - std::panicking::begin_panic_handler::{{closure}}::hb5f5963570096b29
[INFO] [stdout]                                at /rustc/90b35a6239c3d8bdabc530a6a0816f7ff89a0aaf/library/std/src/panicking.rs:667:13
[INFO] [stdout]   15:     0x61061e154889 - std::sys::backtrace::__rust_end_short_backtrace::h6208cedc1922feda
[INFO] [stdout]                                at /rustc/90b35a6239c3d8bdabc530a6a0816f7ff89a0aaf/library/std/src/sys/backtrace.rs:170:18
[INFO] [stdout]   16:     0x61061e1558fc - rust_begin_unwind
[INFO] [stdout]                                at /rustc/90b35a6239c3d8bdabc530a6a0816f7ff89a0aaf/library/std/src/panicking.rs:665:5
[INFO] [stdout]   17:     0x61061e0dba60 - core::panicking::panic_fmt::h0c3082644d1bf418
[INFO] [stdout]                                at /rustc/90b35a6239c3d8bdabc530a6a0816f7ff89a0aaf/library/core/src/panicking.rs:74:14
[INFO] [stdout]   18:     0x61061e0dbaec - core::panicking::panic::h957f98c65a3b3074
[INFO] [stdout]                                at /rustc/90b35a6239c3d8bdabc530a6a0816f7ff89a0aaf/library/core/src/panicking.rs:148:5
[INFO] [stdout]   19:     0x61061e0dca6b - sample_project::contract::tests::proper_initialization::hec527bd2c4f6fcae
[INFO] [stdout]                                at /opt/rustwide/workdir/contracts/rock/src/contract.rs:155:24
[INFO] [stdout]   20:     0x61061e0dca17 - sample_project::contract::tests::proper_initialization::{{closure}}::hff7395731ae58711
[INFO] [stdout]                                at /opt/rustwide/workdir/contracts/rock/src/contract.rs:151:31
[INFO] [stdout]   21:     0x61061e0dc486 - core::ops::function::FnOnce::call_once::h2cf04a8898617049
[INFO] [stdout]                                at /rustc/90b35a6239c3d8bdabc530a6a0816f7ff89a0aaf/library/core/src/ops/function.rs:250:5
[INFO] [stdout]   22:     0x61061e1199db - core::ops::function::FnOnce::call_once::h109cf8051a59b34e
[INFO] [stdout]                                at /rustc/90b35a6239c3d8bdabc530a6a0816f7ff89a0aaf/library/core/src/ops/function.rs:250:5
[INFO] [stdout]   23:     0x61061e1199db - test::__rust_begin_short_backtrace::hf4fff89d377446ba
[INFO] [stdout]                                at /rustc/90b35a6239c3d8bdabc530a6a0816f7ff89a0aaf/library/test/src/lib.rs:621:18
[INFO] [stdout]   24:     0x61061e119217 - test::run_test_in_process::{{closure}}::h0e39181dd7ee5a43
[INFO] [stdout]                                at /rustc/90b35a6239c3d8bdabc530a6a0816f7ff89a0aaf/library/test/src/lib.rs:644:60
[INFO] [stdout]   25:     0x61061e119217 - <core::panic::unwind_safe::AssertUnwindSafe<F> as core::ops::function::FnOnce<()>>::call_once::hc5a66a30f0bdfd1f
[INFO] [stdout]                                at /rustc/90b35a6239c3d8bdabc530a6a0816f7ff89a0aaf/library/core/src/panic/unwind_safe.rs:272:9
[INFO] [stdout]   26:     0x61061e119217 - std::panicking::try::do_call::h873b7cf639554a5e
[INFO] [stdout]                                at /rustc/90b35a6239c3d8bdabc530a6a0816f7ff89a0aaf/library/std/src/panicking.rs:557:40
[INFO] [stdout]   27:     0x61061e119217 - std::panicking::try::hdb19862fad9c8bd1
[INFO] [stdout]                                at /rustc/90b35a6239c3d8bdabc530a6a0816f7ff89a0aaf/library/std/src/panicking.rs:520:19
[INFO] [stdout]   28:     0x61061e119217 - std::panic::catch_unwind::h281fe732d236d260
[INFO] [stdout]                                at /rustc/90b35a6239c3d8bdabc530a6a0816f7ff89a0aaf/library/std/src/panic.rs:358:14
[INFO] [stdout]   29:     0x61061e119217 - test::run_test_in_process::h949b6df8457ed338
[INFO] [stdout]                                at /rustc/90b35a6239c3d8bdabc530a6a0816f7ff89a0aaf/library/test/src/lib.rs:644:27
[INFO] [stdout]   30:     0x61061e119217 - test::run_test::{{closure}}::h52c556a6d4740e10
[INFO] [stdout]                                at /rustc/90b35a6239c3d8bdabc530a6a0816f7ff89a0aaf/library/test/src/lib.rs:565:43
[INFO] [stdout]   31:     0x61061e0de4f4 - test::run_test::{{closure}}::h4237f6381c45ccb9
[INFO] [stdout]                                at /rustc/90b35a6239c3d8bdabc530a6a0816f7ff89a0aaf/library/test/src/lib.rs:595:41
[INFO] [stdout]   32:     0x61061e0de4f4 - std::sys::backtrace::__rust_begin_short_backtrace::h505c97a579eca628
[INFO] [stdout]                                at /rustc/90b35a6239c3d8bdabc530a6a0816f7ff89a0aaf/library/std/src/sys/backtrace.rs:154:18
[INFO] [stdout]   33:     0x61061e0e1bbe - std::thread::Builder::spawn_unchecked_::{{closure}}::{{closure}}::h9e86b2e2bc107ea3
[INFO] [stdout]                                at /rustc/90b35a6239c3d8bdabc530a6a0816f7ff89a0aaf/library/std/src/thread/mod.rs:538:17
[INFO] [stdout]   34:     0x61061e0e1bbe - <core::panic::unwind_safe::AssertUnwindSafe<F> as core::ops::function::FnOnce<()>>::call_once::h8b06ddb275ff4a25
[INFO] [stdout]                                at /rustc/90b35a6239c3d8bdabc530a6a0816f7ff89a0aaf/library/core/src/panic/unwind_safe.rs:272:9
[INFO] [stdout]   35:     0x61061e0e1bbe - std::panicking::try::do_call::hb26ecd7cd9a9355d
[INFO] [stdout]                                at /rustc/90b35a6239c3d8bdabc530a6a0816f7ff89a0aaf/library/std/src/panicking.rs:557:40
[INFO] [stdout]   36:     0x61061e0e1bbe - std::panicking::try::h8ddeca9d705f9069
[INFO] [stdout]                                at /rustc/90b35a6239c3d8bdabc530a6a0816f7ff89a0aaf/library/std/src/panicking.rs:520:19
[INFO] [stdout]   37:     0x61061e0e1bbe - std::panic::catch_unwind::h49e1c33078844c46
[INFO] [stdout]                                at /rustc/90b35a6239c3d8bdabc530a6a0816f7ff89a0aaf/library/std/src/panic.rs:358:14
[INFO] [stdout]   38:     0x61061e0e1bbe - std::thread::Builder::spawn_unchecked_::{{closure}}::h6073db6ff56ad35d
[INFO] [stdout]                                at /rustc/90b35a6239c3d8bdabc530a6a0816f7ff89a0aaf/library/std/src/thread/mod.rs:537:30
[INFO] [stdout]   39:     0x61061e0e1bbe - core::ops::function::FnOnce::call_once{{vtable.shim}}::h2c5a5f3779c774f1
[INFO] [stdout]                                at /rustc/90b35a6239c3d8bdabc530a6a0816f7ff89a0aaf/library/core/src/ops/function.rs:250:5
[INFO] [stdout]   40:     0x61061e159bfb - <alloc::boxed::Box<F,A> as core::ops::function::FnOnce<Args>>::call_once::hf75717d9f28faebf
[INFO] [stdout]                                at /rustc/90b35a6239c3d8bdabc530a6a0816f7ff89a0aaf/library/alloc/src/boxed.rs:2454:9
[INFO] [stdout]   41:     0x61061e159bfb - <alloc::boxed::Box<F,A> as core::ops::function::FnOnce<Args>>::call_once::h7bd883a5f3c5f3c1
[INFO] [stdout]                                at /rustc/90b35a6239c3d8bdabc530a6a0816f7ff89a0aaf/library/alloc/src/boxed.rs:2454:9
[INFO] [stdout]   42:     0x61061e159bfb - std::sys::pal::unix::thread::Thread::new::thread_start::hcc78f3943333fa94
[INFO] [stdout]                                at /rustc/90b35a6239c3d8bdabc530a6a0816f7ff89a0aaf/library/std/src/sys/pal/unix/thread.rs:105:17
[INFO] [stdout]   43:     0x7735824e1ac3 - <unknown>
[INFO] [stdout]   44:     0x773582572a04 - clone
[INFO] [stdout]   45:                0x0 - <unknown>
[INFO] [stdout] 
[INFO] [stdout] ---- contract::tests::create_room stdout ----
[INFO] [stdout] thread 'contract::tests::create_room' panicked at contracts/rock/src/contract.rs:170:24:
[INFO] [stdout] not yet implemented
[INFO] [stdout] stack backtrace:
[INFO] [stdout]    0:     0x61061e1543aa - std::backtrace_rs::backtrace::libunwind::trace::h5a5b8284f2d0c266
[INFO] [stdout]                                at /rustc/90b35a6239c3d8bdabc530a6a0816f7ff89a0aaf/library/std/src/../../backtrace/src/backtrace/libunwind.rs:116:5
[INFO] [stdout]    1:     0x61061e1543aa - std::backtrace_rs::backtrace::trace_unsynchronized::h76d4f1c9b0b875e3
[INFO] [stdout]                                at /rustc/90b35a6239c3d8bdabc530a6a0816f7ff89a0aaf/library/std/src/../../backtrace/src/backtrace/mod.rs:66:5
[INFO] [stdout]    2:     0x61061e1543aa - std::sys::backtrace::_print_fmt::hc4546b8364a537c6
[INFO] [stdout]                                at /rustc/90b35a6239c3d8bdabc530a6a0816f7ff89a0aaf/library/std/src/sys/backtrace.rs:66:9
[INFO] [stdout]    3:     0x61061e1543aa - <std::sys::backtrace::BacktraceLock::print::DisplayBacktrace as core::fmt::Display>::fmt::h5b6bd5631a6d1f6b
[INFO] [stdout]                                at /rustc/90b35a6239c3d8bdabc530a6a0816f7ff89a0aaf/library/std/src/sys/backtrace.rs:39:26
[INFO] [stdout]    4:     0x61061e179663 - core::fmt::rt::Argument::fmt::h270f6602a2b96f62
[INFO] [stdout]                                at /rustc/90b35a6239c3d8bdabc530a6a0816f7ff89a0aaf/library/core/src/fmt/rt.rs:177:76
[INFO] [stdout]    5:     0x61061e179663 - core::fmt::write::h7550c97b06c86515
[INFO] [stdout]                                at /rustc/90b35a6239c3d8bdabc530a6a0816f7ff89a0aaf/library/core/src/fmt/mod.rs:1186:21
[INFO] [stdout]    6:     0x61061e151573 - std::io::Write::write_fmt::h509ff860e5956e5e
[INFO] [stdout]                                at /rustc/90b35a6239c3d8bdabc530a6a0816f7ff89a0aaf/library/std/src/io/mod.rs:1839:15
[INFO] [stdout]    7:     0x61061e1541f2 - std::sys::backtrace::BacktraceLock::print::h2395ccd2c84ba3aa
[INFO] [stdout]                                at /rustc/90b35a6239c3d8bdabc530a6a0816f7ff89a0aaf/library/std/src/sys/backtrace.rs:42:9
[INFO] [stdout]    8:     0x61061e15580a - std::panicking::default_hook::{{closure}}::he19d4c7230e07961
[INFO] [stdout]                                at /rustc/90b35a6239c3d8bdabc530a6a0816f7ff89a0aaf/library/std/src/panicking.rs:268:22
[INFO] [stdout]    9:     0x61061e155614 - std::panicking::default_hook::hf614597d3c67bbdb
[INFO] [stdout]                                at /rustc/90b35a6239c3d8bdabc530a6a0816f7ff89a0aaf/library/std/src/panicking.rs:292:9
[INFO] [stdout]   10:     0x61061e115019 - <alloc::boxed::Box<F,A> as core::ops::function::Fn<Args>>::call::h39b51ce4599c23d1
[INFO] [stdout]                                at /rustc/90b35a6239c3d8bdabc530a6a0816f7ff89a0aaf/library/alloc/src/boxed.rs:2468:9
[INFO] [stdout]   11:     0x61061e115019 - test::test_main::{{closure}}::he977ae839a582784
[INFO] [stdout]                                at /rustc/90b35a6239c3d8bdabc530a6a0816f7ff89a0aaf/library/test/src/lib.rs:133:21
[INFO] [stdout]   12:     0x61061e155ea8 - <alloc::boxed::Box<F,A> as core::ops::function::Fn<Args>>::call::h9455091b6b06f9fb
[INFO] [stdout]                                at /rustc/90b35a6239c3d8bdabc530a6a0816f7ff89a0aaf/library/alloc/src/boxed.rs:2468:9
[INFO] [stdout]   13:     0x61061e155ea8 - std::panicking::rust_panic_with_hook::h8942133a8b252070
[INFO] [stdout]                                at /rustc/90b35a6239c3d8bdabc530a6a0816f7ff89a0aaf/library/std/src/panicking.rs:809:13
[INFO] [stdout]   14:     0x61061e155c36 - std::panicking::begin_panic_handler::{{closure}}::hb5f5963570096b29
[INFO] [stdout]                                at /rustc/90b35a6239c3d8bdabc530a6a0816f7ff89a0aaf/library/std/src/panicking.rs:667:13
[INFO] [stdout]   15:     0x61061e154889 - std::sys::backtrace::__rust_end_short_backtrace::h6208cedc1922feda
[INFO] [stdout]                                at /rustc/90b35a6239c3d8bdabc530a6a0816f7ff89a0aaf/library/std/src/sys/backtrace.rs:170:18
[INFO] [stdout]   16:     0x61061e1558fc - rust_begin_unwind
[INFO] [stdout]                                at /rustc/90b35a6239c3d8bdabc530a6a0816f7ff89a0aaf/library/std/src/panicking.rs:665:5
[INFO] [stdout]   17:     0x61061e0dba60 - core::panicking::panic_fmt::h0c3082644d1bf418
[INFO] [stdout]                                at /rustc/90b35a6239c3d8bdabc530a6a0816f7ff89a0aaf/library/core/src/panicking.rs:74:14
[INFO] [stdout]   18:     0x61061e0dbaec - core::panicking::panic::h957f98c65a3b3074
[INFO] [stdout]                                at /rustc/90b35a6239c3d8bdabc530a6a0816f7ff89a0aaf/library/core/src/panicking.rs:148:5
[INFO] [stdout]   19:     0x61061e0dcbc5 - sample_project::contract::tests::create_room::hcb1881759bbb718c
[INFO] [stdout]                                at /opt/rustwide/workdir/contracts/rock/src/contract.rs:170:24
[INFO] [stdout]   20:     0x61061e0dcac7 - sample_project::contract::tests::create_room::{{closure}}::h6d517652f9308b33
[INFO] [stdout]                                at /opt/rustwide/workdir/contracts/rock/src/contract.rs:166:21
[INFO] [stdout]   21:     0x61061e0dc4d6 - core::ops::function::FnOnce::call_once::h4b646f32c2e771f0
[INFO] [stdout]                                at /rustc/90b35a6239c3d8bdabc530a6a0816f7ff89a0aaf/library/core/src/ops/function.rs:250:5
[INFO] [stdout]   22:     0x61061e1199db - core::ops::function::FnOnce::call_once::h109cf8051a59b34e
[INFO] [stdout]                                at /rustc/90b35a6239c3d8bdabc530a6a0816f7ff89a0aaf/library/core/src/ops/function.rs:250:5
[INFO] [stdout]   23:     0x61061e1199db - test::__rust_begin_short_backtrace::hf4fff89d377446ba
[INFO] [stdout]                                at /rustc/90b35a6239c3d8bdabc530a6a0816f7ff89a0aaf/library/test/src/lib.rs:621:18
[INFO] [stdout]   24:     0x61061e119217 - test::run_test_in_process::{{closure}}::h0e39181dd7ee5a43
[INFO] [stdout]                                at /rustc/90b35a6239c3d8bdabc530a6a0816f7ff89a0aaf/library/test/src/lib.rs:644:60
[INFO] [stdout]   25:     0x61061e119217 - <core::panic::unwind_safe::AssertUnwindSafe<F> as core::ops::function::FnOnce<()>>::call_once::hc5a66a30f0bdfd1f
[INFO] [stdout]                                at /rustc/90b35a6239c3d8bdabc530a6a0816f7ff89a0aaf/library/core/src/panic/unwind_safe.rs:272:9
[INFO] [stdout]   26:     0x61061e119217 - std::panicking::try::do_call::h873b7cf639554a5e
[INFO] [stdout]                                at /rustc/90b35a6239c3d8bdabc530a6a0816f7ff89a0aaf/library/std/src/panicking.rs:557:40
[INFO] [stdout]   27:     0x61061e119217 - std::panicking::try::hdb19862fad9c8bd1
[INFO] [stdout]                                at /rustc/90b35a6239c3d8bdabc530a6a0816f7ff89a0aaf/library/std/src/panicking.rs:520:19
[INFO] [stdout]   28:     0x61061e119217 - std::panic::catch_unwind::h281fe732d236d260
[INFO] [stdout]                                at /rustc/90b35a6239c3d8bdabc530a6a0816f7ff89a0aaf/library/std/src/panic.rs:358:14
[INFO] [stdout]   29:     0x61061e119217 - test::run_test_in_process::h949b6df8457ed338
[INFO] [stdout]                                at /rustc/90b35a6239c3d8bdabc530a6a0816f7ff89a0aaf/library/test/src/lib.rs:644:27
[INFO] [stdout]   30:     0x61061e119217 - test::run_test::{{closure}}::h52c556a6d4740e10
[INFO] [stdout]                                at /rustc/90b35a6239c3d8bdabc530a6a0816f7ff89a0aaf/library/test/src/lib.rs:565:43
[INFO] [stdout]   31:     0x61061e0de4f4 - test::run_test::{{closure}}::h4237f6381c45ccb9
[INFO] [stdout]                                at /rustc/90b35a6239c3d8bdabc530a6a0816f7ff89a0aaf/library/test/src/lib.rs:595:41
[INFO] [stdout]   32:     0x61061e0de4f4 - std::sys::backtrace::__rust_begin_short_backtrace::h505c97a579eca628
[INFO] [stdout]                                at /rustc/90b35a6239c3d8bdabc530a6a0816f7ff89a0aaf/library/std/src/sys/backtrace.rs:154:18
[INFO] [stdout]   33:     0x61061e0e1bbe - std::thread::Builder::spawn_unchecked_::{{closure}}::{{closure}}::h9e86b2e2bc107ea3
[INFO] [stdout]                                at /rustc/90b35a6239c3d8bdabc530a6a0816f7ff89a0aaf/library/std/src/thread/mod.rs:538:17
[INFO] [stdout]   34:     0x61061e0e1bbe - <core::panic::unwind_safe::AssertUnwindSafe<F> as core::ops::function::FnOnce<()>>::call_once::h8b06ddb275ff4a25
[INFO] [stdout]                                at /rustc/90b35a6239c3d8bdabc530a6a0816f7ff89a0aaf/library/core/src/panic/unwind_safe.rs:272:9
[INFO] [stdout]   35:     0x61061e0e1bbe - std::panicking::try::do_call::hb26ecd7cd9a9355d
[INFO] [stdout]                                at /rustc/90b35a6239c3d8bdabc530a6a0816f7ff89a0aaf/library/std/src/panicking.rs:557:40
[INFO] [stdout]   36:     0x61061e0e1bbe - std::panicking::try::h8ddeca9d705f9069
[INFO] [stdout]                                at /rustc/90b35a6239c3d8bdabc530a6a0816f7ff89a0aaf/library/std/src/panicking.rs:520:19
[INFO] [stdout]   37:     0x61061e0e1bbe - std::panic::catch_unwind::h49e1c33078844c46
[INFO] [stdout]                                at /rustc/90b35a6239c3d8bdabc530a6a0816f7ff89a0aaf/library/std/src/panic.rs:358:14
[INFO] [stdout]   38:     0x61061e0e1bbe - std::thread::Builder::spawn_unchecked_::{{closure}}::h6073db6ff56ad35d
[INFO] [stdout]                                at /rustc/90b35a6239c3d8bdabc530a6a0816f7ff89a0aaf/library/std/src/thread/mod.rs:537:30
[INFO] [stdout]   39:     0x61061e0e1bbe - core::ops::function::FnOnce::call_once{{vtable.shim}}::h2c5a5f3779c774f1
[INFO] [stdout]                                at /rustc/90b35a6239c3d8bdabc530a6a0816f7ff89a0aaf/library/core/src/ops/function.rs:250:5
[INFO] [stdout]   40:     0x61061e159bfb - <alloc::boxed::Box<F,A> as core::ops::function::FnOnce<Args>>::call_once::hf75717d9f28faebf
[INFO] [stdout]                                at /rustc/90b35a6239c3d8bdabc530a6a0816f7ff89a0aaf/library/alloc/src/boxed.rs:2454:9
[INFO] [stdout]   41:     0x61061e159bfb - <alloc::boxed::Box<F,A> as core::ops::function::FnOnce<Args>>::call_once::h7bd883a5f3c5f3c1
[INFO] [stdout]                                at /rustc/90b35a6239c3d8bdabc530a6a0816f7ff89a0aaf/library/alloc/src/boxed.rs:2454:9
[INFO] [stdout]   42:     0x61061e159bfb - std::sys::pal::unix::thread::Thread::new::thread_start::hcc78f3943333fa94
[INFO] [stdout]                                at /rustc/90b35a6239c3d8bdabc530a6a0816f7ff89a0aaf/library/std/src/sys/pal/unix/thread.rs:105:17
[INFO] [stdout]   43:     0x7735824e1ac3 - <unknown>
[INFO] [stdout]   44:     0x773582572a04 - clone
[INFO] [stdout]   45:                0x0 - <unknown>
[INFO] [stdout] 
[INFO] [stdout] 
[INFO] [stdout] failures:
[INFO] [stdout]     contract::tests::create_room
[INFO] [stdout]     contract::tests::play
[INFO] [stdout]     contract::tests::proper_initialization
[INFO] [stdout] 
[INFO] [stdout] test result: FAILED. 0 passed; 3 failed; 0 ignored; 0 measured; 0 filtered out; finished in 0.01s
[INFO] [stdout] 
[INFO] [stderr] error: test failed, to rerun pass `--lib`
[INFO] running `Command { std: "docker" "inspect" "8db9207524ece1aa82a2c2cbc3844554cbef824bdf8a939c4e4498adf0b0e1e2", kill_on_drop: false }`
[INFO] running `Command { std: "docker" "rm" "-f" "8db9207524ece1aa82a2c2cbc3844554cbef824bdf8a939c4e4498adf0b0e1e2", kill_on_drop: false }`
[INFO] [stdout] 8db9207524ece1aa82a2c2cbc3844554cbef824bdf8a939c4e4498adf0b0e1e2
